This is the mail archive of the
gcc-testresults@gcc.gnu.org
mailing list for the GCC project.
Results for 4.4.3 20091120 (prerelease) [gcc-4_4-branch revision 154367] (GCC) testsuite on x86_64-unknown-linux-gnu
- From: hjl at gnu-33 dot sc dot intel dot com (H.J. Lu (Intel64))
- To: gcc-testresults at gcc dot gnu dot org
- Date: Fri, 20 Nov 2009 10:29:58 -0800
- Subject: Results for 4.4.3 20091120 (prerelease) [gcc-4_4-branch revision 154367] (GCC) testsuite on x86_64-unknown-linux-gnu
LAST_UPDATED: Fri Nov 20 15:10:09 UTC 2009 (revision 154367)
Native configuration is x86_64-unknown-linux-gnu
=== gcc tests ===
Running target unix/-m32
FAIL: gcc.c-torture/compile/limits-exprparen.c -O0 (test for excess errors)
FAIL: gcc.c-torture/compile/limits-exprparen.c -O1 (test for excess errors)
FAIL: gcc.c-torture/compile/limits-exprparen.c -O2 (test for excess errors)
FAIL: gcc.c-torture/compile/limits-exprparen.c -O3 -fomit-frame-pointer (test for excess errors)
FAIL: gcc.c-torture/compile/limits-exprparen.c -O3 -g (test for excess errors)
FAIL: gcc.c-torture/compile/limits-exprparen.c -Os (test for excess errors)
FAIL: c-c++-common/pr41935.c -Wc++-compat (test for warnings, line 52)
FAIL: c-c++-common/pr41935.c -Wc++-compat (test for warnings, line 56)
FAIL: c-c++-common/pr41935.c -Wc++-compat (test for warnings, line 60)
FAIL: c-c++-common/pr41935.c -Wc++-compat (test for warnings, line 62)
FAIL: c-c++-common/pr41935.c -Wc++-compat (test for warnings, line 63)
FAIL: c-c++-common/pr41935.c -Wc++-compat (test for warnings, line 64)
FAIL: c-c++-common/pr41935.c -Wc++-compat (test for warnings, line 65)
FAIL: c-c++-common/pr41935.c -Wc++-compat (test for warnings, line 68)
=== gcc Summary for unix/-m32 ===
Running target unix
FAIL: gcc.c-torture/compile/limits-exprparen.c -O0 (test for excess errors)
FAIL: gcc.c-torture/compile/limits-exprparen.c -O1 (test for excess errors)
FAIL: gcc.c-torture/compile/limits-exprparen.c -O2 (test for excess errors)
FAIL: gcc.c-torture/compile/limits-exprparen.c -O3 -fomit-frame-pointer (test for excess errors)
FAIL: gcc.c-torture/compile/limits-exprparen.c -O3 -g (test for excess errors)
FAIL: gcc.c-torture/compile/limits-exprparen.c -Os (test for excess errors)
FAIL: c-c++-common/pr41935.c -Wc++-compat (test for warnings, line 52)
FAIL: c-c++-common/pr41935.c -Wc++-compat (test for warnings, line 56)
FAIL: c-c++-common/pr41935.c -Wc++-compat (test for warnings, line 60)
FAIL: c-c++-common/pr41935.c -Wc++-compat (test for warnings, line 62)
FAIL: c-c++-common/pr41935.c -Wc++-compat (test for warnings, line 63)
FAIL: c-c++-common/pr41935.c -Wc++-compat (test for warnings, line 64)
FAIL: c-c++-common/pr41935.c -Wc++-compat (test for warnings, line 65)
FAIL: c-c++-common/pr41935.c -Wc++-compat (test for warnings, line 68)
FAIL: gcc.dg/tree-prof/bb-reorg.c compilation, -fprofile-use -D_PROFILE_USE
UNRESOLVED: gcc.dg/tree-prof/bb-reorg.c execution, -fprofile-use -D_PROFILE_USE
FAIL: gcc.dg/tree-prof/pr34999.c compilation, -fprofile-use -D_PROFILE_USE
UNRESOLVED: gcc.dg/tree-prof/pr34999.c execution, -fprofile-use -D_PROFILE_USE
=== gcc Summary for unix ===
=== gcc Summary ===
# of expected passes 114611
# of unexpected failures 30
# of expected failures 385
# of unresolved testcases 2
# of unsupported tests 1166
/export/gnu/import/svn/gcc-test/bld/gcc/xgcc version 4.4.3 20091120 (prerelease) [gcc-4_4-branch revision 154367] (GCC)
=== gfortran tests ===
Running target unix/-m32
FAIL: gfortran.dg/missing_optional_dummy_6.f90 -O0 scan-tree-dump-times original "scalar2 \\(slr1" 1
FAIL: gfortran.dg/missing_optional_dummy_6.f90 -O0 scan-tree-dump-times original "= es1 != 0B" 1
FAIL: gfortran.dg/missing_optional_dummy_6.f90 -O0 scan-tree-dump-times original "explicit_shape2 \\(es1" 1
FAIL: gfortran.dg/missing_optional_dummy_6.f90 -O0 scan-tree-dump-times original "= as1 != 0B" 2
FAIL: gfortran.dg/missing_optional_dummy_6.f90 -O1 scan-tree-dump-times original "scalar2 \\(slr1" 1
FAIL: gfortran.dg/missing_optional_dummy_6.f90 -O1 scan-tree-dump-times original "= es1 != 0B" 1
FAIL: gfortran.dg/missing_optional_dummy_6.f90 -O1 scan-tree-dump-times original "explicit_shape2 \\(es1" 1
FAIL: gfortran.dg/missing_optional_dummy_6.f90 -O1 scan-tree-dump-times original "= as1 != 0B" 2
FAIL: gfortran.dg/missing_optional_dummy_6.f90 -O2 scan-tree-dump-times original "scalar2 \\(slr1" 1
FAIL: gfortran.dg/missing_optional_dummy_6.f90 -O2 scan-tree-dump-times original "= es1 != 0B" 1
FAIL: gfortran.dg/missing_optional_dummy_6.f90 -O2 scan-tree-dump-times original "explicit_shape2 \\(es1" 1
FAIL: gfortran.dg/missing_optional_dummy_6.f90 -O2 scan-tree-dump-times original "= as1 != 0B" 2
FAIL: gfortran.dg/missing_optional_dummy_6.f90 -O3 -fomit-frame-pointer scan-tree-dump-times original "scalar2 \\(slr1" 1
FAIL: gfortran.dg/missing_optional_dummy_6.f90 -O3 -fomit-frame-pointer scan-tree-dump-times original "= es1 != 0B" 1
FAIL: gfortran.dg/missing_optional_dummy_6.f90 -O3 -fomit-frame-pointer scan-tree-dump-times original "explicit_shape2 \\(es1" 1
FAIL: gfortran.dg/missing_optional_dummy_6.f90 -O3 -fomit-frame-pointer scan-tree-dump-times original "= as1 != 0B" 2
FAIL: gfortran.dg/missing_optional_dummy_6.f90 -O3 -fomit-frame-pointer -funroll-loops scan-tree-dump-times original "scalar2 \\(slr1" 1
FAIL: gfortran.dg/missing_optional_dummy_6.f90 -O3 -fomit-frame-pointer -funroll-loops scan-tree-dump-times original "= es1 != 0B" 1
FAIL: gfortran.dg/missing_optional_dummy_6.f90 -O3 -fomit-frame-pointer -funroll-loops scan-tree-dump-times original "explicit_shape2 \\(es1" 1
FAIL: gfortran.dg/missing_optional_dummy_6.f90 -O3 -fomit-frame-pointer -funroll-loops scan-tree-dump-times original "= as1 != 0B" 2
FAIL: gfortran.dg/missing_optional_dummy_6.f90 -O3 -fomit-frame-pointer -funroll-all-loops -finline-functions scan-tree-dump-times original "scalar2 \\(slr1" 1
FAIL: gfortran.dg/missing_optional_dummy_6.f90 -O3 -fomit-frame-pointer -funroll-all-loops -finline-functions scan-tree-dump-times original "= es1 != 0B" 1
FAIL: gfortran.dg/missing_optional_dummy_6.f90 -O3 -fomit-frame-pointer -funroll-all-loops -finline-functions scan-tree-dump-times original "explicit_shape2 \\(es1" 1
FAIL: gfortran.dg/missing_optional_dummy_6.f90 -O3 -fomit-frame-pointer -funroll-all-loops -finline-functions scan-tree-dump-times original "= as1 != 0B" 2
FAIL: gfortran.dg/missing_optional_dummy_6.f90 -O3 -g scan-tree-dump-times original "scalar2 \\(slr1" 1
FAIL: gfortran.dg/missing_optional_dummy_6.f90 -O3 -g scan-tree-dump-times original "= es1 != 0B" 1
FAIL: gfortran.dg/missing_optional_dummy_6.f90 -O3 -g scan-tree-dump-times original "explicit_shape2 \\(es1" 1
FAIL: gfortran.dg/missing_optional_dummy_6.f90 -O3 -g scan-tree-dump-times original "= as1 != 0B" 2
FAIL: gfortran.dg/missing_optional_dummy_6.f90 -Os scan-tree-dump-times original "scalar2 \\(slr1" 1
FAIL: gfortran.dg/missing_optional_dummy_6.f90 -Os scan-tree-dump-times original "= es1 != 0B" 1
FAIL: gfortran.dg/missing_optional_dummy_6.f90 -Os scan-tree-dump-times original "explicit_shape2 \\(es1" 1
FAIL: gfortran.dg/missing_optional_dummy_6.f90 -Os scan-tree-dump-times original "= as1 != 0B" 2
=== gfortran Summary for unix/-m32 ===
# of expected passes 3996
Running target unix
FAIL: gfortran.dg/missing_optional_dummy_6.f90 -O0 scan-tree-dump-times original "scalar2 \\(slr1" 1
FAIL: gfortran.dg/missing_optional_dummy_6.f90 -O0 scan-tree-dump-times original "= es1 != 0B" 1
FAIL: gfortran.dg/missing_optional_dummy_6.f90 -O0 scan-tree-dump-times original "explicit_shape2 \\(es1" 1
FAIL: gfortran.dg/missing_optional_dummy_6.f90 -O0 scan-tree-dump-times original "= as1 != 0B" 2
FAIL: gfortran.dg/missing_optional_dummy_6.f90 -O1 scan-tree-dump-times original "scalar2 \\(slr1" 1
FAIL: gfortran.dg/missing_optional_dummy_6.f90 -O1 scan-tree-dump-times original "= es1 != 0B" 1
FAIL: gfortran.dg/missing_optional_dummy_6.f90 -O1 scan-tree-dump-times original "explicit_shape2 \\(es1" 1
FAIL: gfortran.dg/missing_optional_dummy_6.f90 -O1 scan-tree-dump-times original "= as1 != 0B" 2
FAIL: gfortran.dg/missing_optional_dummy_6.f90 -O2 scan-tree-dump-times original "scalar2 \\(slr1" 1
FAIL: gfortran.dg/missing_optional_dummy_6.f90 -O2 scan-tree-dump-times original "= es1 != 0B" 1
FAIL: gfortran.dg/missing_optional_dummy_6.f90 -O2 scan-tree-dump-times original "explicit_shape2 \\(es1" 1
FAIL: gfortran.dg/missing_optional_dummy_6.f90 -O2 scan-tree-dump-times original "= as1 != 0B" 2
FAIL: gfortran.dg/missing_optional_dummy_6.f90 -O3 -fomit-frame-pointer scan-tree-dump-times original "scalar2 \\(slr1" 1
FAIL: gfortran.dg/missing_optional_dummy_6.f90 -O3 -fomit-frame-pointer scan-tree-dump-times original "= es1 != 0B" 1
FAIL: gfortran.dg/missing_optional_dummy_6.f90 -O3 -fomit-frame-pointer scan-tree-dump-times original "explicit_shape2 \\(es1" 1
FAIL: gfortran.dg/missing_optional_dummy_6.f90 -O3 -fomit-frame-pointer scan-tree-dump-times original "= as1 != 0B" 2
FAIL: gfortran.dg/missing_optional_dummy_6.f90 -O3 -fomit-frame-pointer -funroll-loops scan-tree-dump-times original "scalar2 \\(slr1" 1
FAIL: gfortran.dg/missing_optional_dummy_6.f90 -O3 -fomit-frame-pointer -funroll-loops scan-tree-dump-times original "= es1 != 0B" 1
FAIL: gfortran.dg/missing_optional_dummy_6.f90 -O3 -fomit-frame-pointer -funroll-loops scan-tree-dump-times original "explicit_shape2 \\(es1" 1
FAIL: gfortran.dg/missing_optional_dummy_6.f90 -O3 -fomit-frame-pointer -funroll-loops scan-tree-dump-times original "= as1 != 0B" 2
FAIL: gfortran.dg/missing_optional_dummy_6.f90 -O3 -fomit-frame-pointer -funroll-all-loops -finline-functions scan-tree-dump-times original "scalar2 \\(slr1" 1
FAIL: gfortran.dg/missing_optional_dummy_6.f90 -O3 -fomit-frame-pointer -funroll-all-loops -finline-functions scan-tree-dump-times original "= es1 != 0B" 1
FAIL: gfortran.dg/missing_optional_dummy_6.f90 -O3 -fomit-frame-pointer -funroll-all-loops -finline-functions scan-tree-dump-times original "explicit_shape2 \\(es1" 1
FAIL: gfortran.dg/missing_optional_dummy_6.f90 -O3 -fomit-frame-pointer -funroll-all-loops -finline-functions scan-tree-dump-times original "= as1 != 0B" 2
FAIL: gfortran.dg/missing_optional_dummy_6.f90 -O3 -g scan-tree-dump-times original "scalar2 \\(slr1" 1
FAIL: gfortran.dg/missing_optional_dummy_6.f90 -O3 -g scan-tree-dump-times original "= es1 != 0B" 1
FAIL: gfortran.dg/missing_optional_dummy_6.f90 -O3 -g scan-tree-dump-times original "explicit_shape2 \\(es1" 1
FAIL: gfortran.dg/missing_optional_dummy_6.f90 -O3 -g scan-tree-dump-times original "= as1 != 0B" 2
FAIL: gfortran.dg/missing_optional_dummy_6.f90 -Os scan-tree-dump-times original "scalar2 \\(slr1" 1
FAIL: gfortran.dg/missing_optional_dummy_6.f90 -Os scan-tree-dump-times original "= es1 != 0B" 1
FAIL: gfortran.dg/missing_optional_dummy_6.f90 -Os scan-tree-dump-times original "explicit_shape2 \\(es1" 1
FAIL: gfortran.dg/missing_optional_dummy_6.f90 -Os scan-tree-dump-times original "= as1 != 0B" 2
=== gfortran Summary for unix ===
# of expected passes 3996
=== gfortran Summary ===
# of expected passes 59733
# of unexpected failures 64
# of expected failures 28
# of unsupported tests 149
/export/gnu/import/svn/gcc-test/bld/gcc/testsuite/gfortran/../../gfortran version 4.4.3 20091120 (prerelease) [gcc-4_4-branch revision 154367] (GCC)
=== g++ tests ===
Running target unix/-m32
FAIL: g++.dg/template/crash92.C (test for errors, line 3)
FAIL: g++.dg/template/crash92.C (test for errors, line 5)
FAIL: c-c++-common/pr41935.c (test for warnings, line 52)
FAIL: c-c++-common/pr41935.c (test for warnings, line 56)
FAIL: c-c++-common/pr41935.c (test for warnings, line 60)
FAIL: c-c++-common/pr41935.c (test for warnings, line 62)
FAIL: c-c++-common/pr41935.c (test for warnings, line 63)
FAIL: c-c++-common/pr41935.c (test for warnings, line 64)
FAIL: c-c++-common/pr41935.c (test for warnings, line 65)
FAIL: c-c++-common/pr41935.c (test for warnings, line 68)
=== g++ Summary for unix/-m32 ===
# of expected passes 6803
# of expected failures 30
# of unsupported tests 10
Running target unix
FAIL: g++.dg/template/crash92.C (test for errors, line 3)
FAIL: g++.dg/template/crash92.C (test for errors, line 5)
FAIL: c-c++-common/pr41935.c (test for warnings, line 52)
FAIL: c-c++-common/pr41935.c (test for warnings, line 56)
FAIL: c-c++-common/pr41935.c (test for warnings, line 60)
FAIL: c-c++-common/pr41935.c (test for warnings, line 62)
FAIL: c-c++-common/pr41935.c (test for warnings, line 63)
FAIL: c-c++-common/pr41935.c (test for warnings, line 64)
FAIL: c-c++-common/pr41935.c (test for warnings, line 65)
FAIL: c-c++-common/pr41935.c (test for warnings, line 68)
=== g++ Summary for unix ===
# of expected passes 6756
# of expected failures 30
# of unsupported tests 20
=== g++ Summary ===
# of expected passes 39779
# of unexpected failures 20
# of expected failures 312
# of unsupported tests 348
/export/gnu/import/svn/gcc-test/bld/gcc/testsuite/g++/../../g++ version 4.4.3 20091120 (prerelease) [gcc-4_4-branch revision 154367] (GCC)
=== objc tests ===
Running target unix/-m32
=== objc Summary for unix/-m32 ===
# of expected passes 2
Running target unix
=== objc Summary for unix ===
# of expected passes 2
=== objc Summary ===
# of expected passes 3740
# of expected failures 22
# of unsupported tests 48
/export/gnu/import/svn/gcc-test/bld/gcc/xgcc version 4.4.3 20091120 (prerelease) [gcc-4_4-branch revision 154367] (GCC)
=== libffi tests ===
Running target unix/-m32
=== libffi Summary for unix/-m32 ===
# of expected passes 24
Running target unix
=== libffi Summary for unix ===
# of expected passes 24
=== libffi Summary ===
# of expected passes 2778
# of unsupported tests 20
=== libgomp tests ===
Running target unix/-m32
=== libgomp Summary for unix/-m32 ===
# of expected passes 1399
Running target unix
=== libgomp Summary for unix ===
# of expected passes 1399
=== libgomp Summary ===
# of expected passes 4816
=== libjava tests ===
Running target unix/-m32
=== libjava Summary for unix/-m32 ===
Running target unix
=== libjava Summary for unix ===
=== libjava Summary ===
# of expected passes 5148
=== libmudflap tests ===
Running target unix/-m32
FAIL: libmudflap.c++/pass41-frag.cxx execution test
FAIL: libmudflap.c++/pass41-frag.cxx (-static) execution test
FAIL: libmudflap.c++/pass41-frag.cxx (-O2) execution test
FAIL: libmudflap.c++/pass41-frag.cxx (-O3) execution test
FAIL: libmudflap.cth/pass39-frag.c (-static -DSTATIC) (rerun 6) execution test
FAIL: libmudflap.cth/pass39-frag.c (-static -DSTATIC) (rerun 6) output pattern test
=== libmudflap Summary for unix/-m32 ===
# of expected passes 350
# of unexpected failures 2
Running target unix
FAIL: libmudflap.c++/pass41-frag.cxx execution test
FAIL: libmudflap.c++/pass41-frag.cxx (-static) execution test
FAIL: libmudflap.c++/pass41-frag.cxx (-O2) execution test
FAIL: libmudflap.c++/pass41-frag.cxx (-O3) execution test
=== libmudflap Summary for unix ===
# of expected passes 352
=== libmudflap Summary ===
# of expected passes 3778
# of unexpected failures 10
=== libstdc++ tests ===
Running target unix/-m32
XPASS: 26_numerics/headers/cmath/c99_classification_macros_c.cc (test for excess errors)
=== libstdc++ Summary for unix/-m32 ===
# of expected passes 6509
# of unexpected successes 1
# of expected failures 79
# of unsupported tests 18
Running target unix
XPASS: 26_numerics/headers/cmath/c99_classification_macros_c.cc (test for excess errors)
=== libstdc++ Summary for unix ===
# of expected passes 6518
# of unexpected successes 1
# of expected failures 79
# of unsupported tests 13
=== libstdc++ Summary ===
# of expected passes 13029
# of unexpected successes 2
# of expected failures 158
# of unsupported tests 31
Compiler version: 4.4.3 20091120 (prerelease) [gcc-4_4-branch revision 154367] (GCC)
Platform: x86_64-unknown-linux-gnu
configure flags: --enable-clocale=gnu --with-system-zlib --enable-shared --with-demangler-in-ld