This is the mail archive of the
gcc-testresults@gcc.gnu.org
mailing list for the GCC project.
Results for 4.5.0 20091119 (experimental) [trunk revision 154312] (Debian 20091118-1) testsuite on i486-pc-linux-gnu
- From: Matthias Klose <doko at debian dot org>
- To: gcc-testresults at gcc dot gnu dot org
- Cc: debian-gcc at lists dot debian dot org
- Date: Fri, 20 Nov 2009 17:54:50 +0000
- Subject: Results for 4.5.0 20091119 (experimental) [trunk revision 154312] (Debian 20091118-1) testsuite on i486-pc-linux-gnu
- Reply-to: Matthias Klose <doko at debian dot org>
LAST_UPDATED: Thu Nov 19 00:48:48 UTC 2009 (revision 154312)
Target: i486-linux-gnu
gcc version 4.5.0 20091119 (experimental) [trunk revision 154312] (Debian 20091118-1)
=== acats tests ===
=== acats Summary ===
# of expected passes 2321
# of unexpected failures 0
Native configuration is i486-pc-linux-gnu
=== g++ tests ===
Running target unix
FAIL: g++.dg/compat/eh/unexpected1 cp_compat_x_tst.o-cp_compat_y_tst.o execute
FAIL: g++.dg/eh/unexpected1.C execution test
FAIL: g++.dg/lto/20081109 cp_lto_20081109_0.o-cp_lto_20081109_1.o execute -O2 -fwhopr
FAIL: g++.dg/lto/20081118-1 cp_lto_20081118-1_0.o-cp_lto_20081118-1_1.o link
UNRESOLVED: g++.dg/lto/20081118-1 cp_lto_20081118-1_0.o-cp_lto_20081118-1_1.o execute -O0 -fwhopr
FAIL: g++.dg/lto/20081118-1 cp_lto_20081118-1_0.o-cp_lto_20081118-1_1.o link
UNRESOLVED: g++.dg/lto/20081118-1 cp_lto_20081118-1_0.o-cp_lto_20081118-1_1.o execute -O2 -fwhopr
FAIL: g++.dg/lto/20081118-1 cp_lto_20081118-1_0.o-cp_lto_20081118-1_1.o link
UNRESOLVED: g++.dg/lto/20081118-1 cp_lto_20081118-1_0.o-cp_lto_20081118-1_1.o execute -O0 -flto
FAIL: g++.dg/lto/20081118-1 cp_lto_20081118-1_0.o-cp_lto_20081118-1_1.o link
UNRESOLVED: g++.dg/lto/20081118-1 cp_lto_20081118-1_0.o-cp_lto_20081118-1_1.o execute -O2 -flto
FAIL: g++.dg/lto/20090106 cp_lto_20090106_0.o-cp_lto_20090106_0.o link
UNRESOLVED: g++.dg/lto/20090106 cp_lto_20090106_0.o-cp_lto_20090106_0.o execute -O0 -fwhopr
FAIL: g++.dg/lto/20090106 cp_lto_20090106_0.o-cp_lto_20090106_0.o link
UNRESOLVED: g++.dg/lto/20090106 cp_lto_20090106_0.o-cp_lto_20090106_0.o execute -O0 -flto
FAIL: g++.dg/torture/stackalign/unwind-2.C -O1 execution test
FAIL: g++.dg/torture/stackalign/unwind-2.C -O2 execution test
FAIL: g++.dg/torture/stackalign/unwind-2.C -O2 -flto execution test
FAIL: g++.dg/torture/stackalign/unwind-2.C -O2 -fwhopr execution test
FAIL: g++.dg/torture/stackalign/eh-alloca-1.C -O2 -flto (test for excess errors)
UNRESOLVED: g++.dg/torture/stackalign/eh-alloca-1.C -O2 -flto compilation failed to produce executable
FAIL: g++.dg/torture/stackalign/eh-alloca-1.C -O2 -fwhopr (test for excess errors)
UNRESOLVED: g++.dg/torture/stackalign/eh-alloca-1.C -O2 -fwhopr compilation failed to produce executable
FAIL: g++.dg/torture/stackalign/eh-fastcall-1.C -O2 -flto (test for excess errors)
UNRESOLVED: g++.dg/torture/stackalign/eh-fastcall-1.C -O2 -flto compilation failed to produce executable
FAIL: g++.dg/torture/stackalign/eh-fastcall-1.C -O2 -fwhopr (test for excess errors)
UNRESOLVED: g++.dg/torture/stackalign/eh-fastcall-1.C -O2 -fwhopr compilation failed to produce executable
FAIL: g++.dg/torture/stackalign/eh-global-1.C -O2 -flto (test for excess errors)
UNRESOLVED: g++.dg/torture/stackalign/eh-global-1.C -O2 -flto compilation failed to produce executable
FAIL: g++.dg/torture/stackalign/eh-global-1.C -O2 -fwhopr (test for excess errors)
UNRESOLVED: g++.dg/torture/stackalign/eh-global-1.C -O2 -fwhopr compilation failed to produce executable
FAIL: g++.dg/torture/stackalign/eh-inline-1.C -O2 -flto (test for excess errors)
UNRESOLVED: g++.dg/torture/stackalign/eh-inline-1.C -O2 -flto compilation failed to produce executable
FAIL: g++.dg/torture/stackalign/eh-inline-1.C -O2 -fwhopr (test for excess errors)
UNRESOLVED: g++.dg/torture/stackalign/eh-inline-1.C -O2 -fwhopr compilation failed to produce executable
FAIL: g++.dg/torture/stackalign/eh-inline-2.C -O2 -flto (test for excess errors)
UNRESOLVED: g++.dg/torture/stackalign/eh-inline-2.C -O2 -flto compilation failed to produce executable
FAIL: g++.dg/torture/stackalign/eh-inline-2.C -O2 -fwhopr (test for excess errors)
UNRESOLVED: g++.dg/torture/stackalign/eh-inline-2.C -O2 -fwhopr compilation failed to produce executable
FAIL: g++.dg/torture/stackalign/eh-vararg-1.C -O2 -flto (test for excess errors)
UNRESOLVED: g++.dg/torture/stackalign/eh-vararg-1.C -O2 -flto compilation failed to produce executable
FAIL: g++.dg/torture/stackalign/eh-vararg-1.C -O2 -fwhopr (test for excess errors)
UNRESOLVED: g++.dg/torture/stackalign/eh-vararg-1.C -O2 -fwhopr compilation failed to produce executable
FAIL: g++.dg/torture/stackalign/eh-vararg-2.C -O2 -flto (test for excess errors)
UNRESOLVED: g++.dg/torture/stackalign/eh-vararg-2.C -O2 -flto compilation failed to produce executable
FAIL: g++.dg/torture/stackalign/eh-vararg-2.C -O2 -fwhopr (test for excess errors)
UNRESOLVED: g++.dg/torture/stackalign/eh-vararg-2.C -O2 -fwhopr compilation failed to produce executable
FAIL: g++.dg/torture/stackalign/throw-1.C -O2 -flto (test for excess errors)
UNRESOLVED: g++.dg/torture/stackalign/throw-1.C -O2 -flto compilation failed to produce executable
FAIL: g++.dg/torture/stackalign/throw-1.C -O2 -fwhopr (test for excess errors)
UNRESOLVED: g++.dg/torture/stackalign/throw-1.C -O2 -fwhopr compilation failed to produce executable
FAIL: g++.dg/torture/stackalign/throw-2.C -O2 -flto (test for excess errors)
UNRESOLVED: g++.dg/torture/stackalign/throw-2.C -O2 -flto compilation failed to produce executable
FAIL: g++.dg/torture/stackalign/throw-2.C -O2 -fwhopr (test for excess errors)
UNRESOLVED: g++.dg/torture/stackalign/throw-2.C -O2 -fwhopr compilation failed to produce executable
FAIL: g++.dg/torture/stackalign/throw-3.C -O2 -flto (test for excess errors)
UNRESOLVED: g++.dg/torture/stackalign/throw-3.C -O2 -flto compilation failed to produce executable
FAIL: g++.dg/torture/stackalign/throw-3.C -O2 -fwhopr (test for excess errors)
UNRESOLVED: g++.dg/torture/stackalign/throw-3.C -O2 -fwhopr compilation failed to produce executable
FAIL: g++.dg/torture/stackalign/throw-4.C -O2 -flto (test for excess errors)
UNRESOLVED: g++.dg/torture/stackalign/throw-4.C -O2 -flto compilation failed to produce executable
FAIL: g++.dg/torture/stackalign/throw-4.C -O2 -fwhopr (test for excess errors)
UNRESOLVED: g++.dg/torture/stackalign/throw-4.C -O2 -fwhopr compilation failed to produce executable
FAIL: g++.old-deja/g++.abi/cxa_vec.C execution test
FAIL: g++.old-deja/g++.eh/spec2.C execution test
FAIL: g++.old-deja/g++.eh/spec3.C execution test
FAIL: g++.old-deja/g++.eh/spec4.C execution test
FAIL: g++.old-deja/g++.mike/eh33.C execution test
FAIL: g++.old-deja/g++.mike/eh50.C execution test
FAIL: g++.old-deja/g++.mike/eh51.C execution test
=== g++ Summary for unix ===
# of expected passes 22133
# of unexpected failures 42
# of expected failures 152
# of unresolved testcases 28
# of unsupported tests 174
Running target unix/-m64
FAIL: g++.dg/compat/eh/unexpected1 cp_compat_x_tst.o-cp_compat_y_tst.o execute "-O0","-fwhopr"
FAIL: g++.dg/compat/eh/unexpected1 cp_compat_x_tst.o-cp_compat_y_tst.o execute "-O2","-fwhopr"
FAIL: g++.dg/compat/eh/unexpected1 cp_compat_x_tst.o-cp_compat_y_tst.o execute "-O0","-flto"
FAIL: g++.dg/compat/eh/unexpected1 cp_compat_x_tst.o-cp_compat_y_tst.o execute "-O2","-flto"
FAIL: g++.dg/eh/unexpected1.C execution test
FAIL: g++.dg/lto/20081118-1 cp_lto_20081118-1_0.o-cp_lto_20081118-1_1.o link
UNRESOLVED: g++.dg/lto/20081118-1 cp_lto_20081118-1_0.o-cp_lto_20081118-1_1.o execute -O0 -fwhopr
FAIL: g++.dg/lto/20081118-1 cp_lto_20081118-1_0.o-cp_lto_20081118-1_1.o link
UNRESOLVED: g++.dg/lto/20081118-1 cp_lto_20081118-1_0.o-cp_lto_20081118-1_1.o execute -O2 -fwhopr
FAIL: g++.dg/lto/20081118-1 cp_lto_20081118-1_0.o-cp_lto_20081118-1_1.o link
UNRESOLVED: g++.dg/lto/20081118-1 cp_lto_20081118-1_0.o-cp_lto_20081118-1_1.o execute -O0 -flto
FAIL: g++.dg/lto/20081118-1 cp_lto_20081118-1_0.o-cp_lto_20081118-1_1.o link
UNRESOLVED: g++.dg/lto/20081118-1 cp_lto_20081118-1_0.o-cp_lto_20081118-1_1.o execute -O2 -flto
FAIL: g++.dg/lto/20090106 cp_lto_20090106_0.o-cp_lto_20090106_0.o link
UNRESOLVED: g++.dg/lto/20090106 cp_lto_20090106_0.o-cp_lto_20090106_0.o execute -O0 -fwhopr
FAIL: g++.dg/lto/20090106 cp_lto_20090106_0.o-cp_lto_20090106_0.o link
UNRESOLVED: g++.dg/lto/20090106 cp_lto_20090106_0.o-cp_lto_20090106_0.o execute -O0 -flto
FAIL: g++.dg/torture/stackalign/eh-alloca-1.C -O2 -flto (test for excess errors)
UNRESOLVED: g++.dg/torture/stackalign/eh-alloca-1.C -O2 -flto compilation failed to produce executable
FAIL: g++.dg/torture/stackalign/eh-alloca-1.C -O2 -fwhopr (test for excess errors)
UNRESOLVED: g++.dg/torture/stackalign/eh-alloca-1.C -O2 -fwhopr compilation failed to produce executable
FAIL: g++.dg/torture/stackalign/eh-global-1.C -O2 -flto (test for excess errors)
UNRESOLVED: g++.dg/torture/stackalign/eh-global-1.C -O2 -flto compilation failed to produce executable
FAIL: g++.dg/torture/stackalign/eh-global-1.C -O2 -fwhopr (test for excess errors)
UNRESOLVED: g++.dg/torture/stackalign/eh-global-1.C -O2 -fwhopr compilation failed to produce executable
FAIL: g++.dg/torture/stackalign/eh-inline-1.C -O2 -flto (test for excess errors)
UNRESOLVED: g++.dg/torture/stackalign/eh-inline-1.C -O2 -flto compilation failed to produce executable
FAIL: g++.dg/torture/stackalign/eh-inline-1.C -O2 -fwhopr (test for excess errors)
UNRESOLVED: g++.dg/torture/stackalign/eh-inline-1.C -O2 -fwhopr compilation failed to produce executable
FAIL: g++.dg/torture/stackalign/eh-inline-2.C -O2 -flto (test for excess errors)
UNRESOLVED: g++.dg/torture/stackalign/eh-inline-2.C -O2 -flto compilation failed to produce executable
FAIL: g++.dg/torture/stackalign/eh-inline-2.C -O2 -fwhopr (test for excess errors)
UNRESOLVED: g++.dg/torture/stackalign/eh-inline-2.C -O2 -fwhopr compilation failed to produce executable
FAIL: g++.dg/torture/stackalign/eh-vararg-1.C -O2 -flto (test for excess errors)
UNRESOLVED: g++.dg/torture/stackalign/eh-vararg-1.C -O2 -flto compilation failed to produce executable
FAIL: g++.dg/torture/stackalign/eh-vararg-1.C -O2 -fwhopr (test for excess errors)
UNRESOLVED: g++.dg/torture/stackalign/eh-vararg-1.C -O2 -fwhopr compilation failed to produce executable
FAIL: g++.dg/torture/stackalign/eh-vararg-2.C -O2 -flto (test for excess errors)
UNRESOLVED: g++.dg/torture/stackalign/eh-vararg-2.C -O2 -flto compilation failed to produce executable
FAIL: g++.dg/torture/stackalign/eh-vararg-2.C -O2 -fwhopr (test for excess errors)
UNRESOLVED: g++.dg/torture/stackalign/eh-vararg-2.C -O2 -fwhopr compilation failed to produce executable
FAIL: g++.dg/torture/stackalign/throw-1.C -O2 -flto (test for excess errors)
UNRESOLVED: g++.dg/torture/stackalign/throw-1.C -O2 -flto compilation failed to produce executable
FAIL: g++.dg/torture/stackalign/throw-1.C -O2 -fwhopr (test for excess errors)
UNRESOLVED: g++.dg/torture/stackalign/throw-1.C -O2 -fwhopr compilation failed to produce executable
FAIL: g++.dg/torture/stackalign/throw-2.C -O2 -flto (test for excess errors)
UNRESOLVED: g++.dg/torture/stackalign/throw-2.C -O2 -flto compilation failed to produce executable
FAIL: g++.dg/torture/stackalign/throw-2.C -O2 -fwhopr (test for excess errors)
UNRESOLVED: g++.dg/torture/stackalign/throw-2.C -O2 -fwhopr compilation failed to produce executable
FAIL: g++.dg/torture/stackalign/throw-3.C -O2 -flto (test for excess errors)
UNRESOLVED: g++.dg/torture/stackalign/throw-3.C -O2 -flto compilation failed to produce executable
FAIL: g++.dg/torture/stackalign/throw-3.C -O2 -fwhopr (test for excess errors)
UNRESOLVED: g++.dg/torture/stackalign/throw-3.C -O2 -fwhopr compilation failed to produce executable
FAIL: g++.dg/torture/stackalign/throw-4.C -O2 -flto (test for excess errors)
UNRESOLVED: g++.dg/torture/stackalign/throw-4.C -O2 -flto compilation failed to produce executable
FAIL: g++.dg/torture/stackalign/throw-4.C -O2 -fwhopr (test for excess errors)
UNRESOLVED: g++.dg/torture/stackalign/throw-4.C -O2 -fwhopr compilation failed to produce executable
FAIL: g++.old-deja/g++.abi/cxa_vec.C execution test
FAIL: g++.old-deja/g++.eh/spec2.C execution test
FAIL: g++.old-deja/g++.eh/spec3.C execution test
FAIL: g++.old-deja/g++.eh/spec4.C execution test
FAIL: g++.old-deja/g++.mike/eh33.C execution test
FAIL: g++.old-deja/g++.mike/eh50.C execution test
FAIL: g++.old-deja/g++.mike/eh51.C execution test
=== g++ Summary for unix/-m64 ===
# of expected passes 22598
# of unexpected failures 38
# of expected failures 152
# of unresolved testcases 26
# of unsupported tests 363
=== g++ Summary ===
# of expected passes 44731
# of unexpected failures 80
# of expected failures 304
# of unresolved testcases 54
# of unsupported tests 537
/scratch/packages/gcc/snap/gcc-snapshot-20091118/build/gcc/testsuite/g++/../../g++ version 4.5.0 20091119 (experimental) [trunk revision 154312] (Debian 20091118-1)
=== gcc tests ===
Running target unix
FAIL: gcc.c-torture/execute/builtins/memmove-2.c compilation, -O2 -fwhopr
UNRESOLVED: gcc.c-torture/execute/builtins/memmove-2.c execution, -O2 -fwhopr
FAIL: gcc.c-torture/execute/builtins/sprintf-chk.c execution, -O2 -fwhopr
FAIL: gcc.c-torture/execute/builtins/stpcpy-chk.c execution, -O2 -fwhopr
FAIL: gcc.c-torture/execute/builtins/strcpy-chk.c execution, -O2 -fwhopr
XPASS: gcc.dg/Warray-bounds.c (test for warnings, line 59)
XPASS: gcc.dg/Warray-bounds.c (test for warnings, line 65)
XPASS: gcc.dg/Wunreachable-8.c (test for bogus messages, line 7)
FAIL: gcc.dg/pr34668-1.c (internal compiler error)
FAIL: gcc.dg/pr34668-1.c (test for excess errors)
FAIL: gcc.dg/graphite/id-15.c (test for excess errors)
FAIL: gcc.dg/lto/20081112 c_lto_20081112_0.o-c_lto_20081112_1.o link
UNRESOLVED: gcc.dg/lto/20081112 c_lto_20081112_0.o-c_lto_20081112_1.o execute -O2 -fwhopr
FAIL: gcc.dg/lto/20081202-2 c_lto_20081202-2_0.o-c_lto_20081202-2_1.o link
UNRESOLVED: gcc.dg/lto/20081202-2 c_lto_20081202-2_0.o-c_lto_20081202-2_1.o execute -fwhopr -O3
FAIL: gcc.dg/lto/20081222 c_lto_20081222_1.o assemble, -O0 -fwhopr
FAIL: gcc.dg/lto/20081222 c_lto_20081222_0.o-c_lto_20081222_1.o link
UNRESOLVED: gcc.dg/lto/20081222 c_lto_20081222_0.o-c_lto_20081222_1.o execute -O0 -fwhopr
FAIL: gcc.dg/lto/20081222 c_lto_20081222_1.o assemble, -O2 -fwhopr
FAIL: gcc.dg/lto/20081222 c_lto_20081222_0.o-c_lto_20081222_1.o link
UNRESOLVED: gcc.dg/lto/20081222 c_lto_20081222_0.o-c_lto_20081222_1.o execute -O2 -fwhopr
FAIL: gcc.dg/lto/20081222 c_lto_20081222_1.o assemble, -O0 -flto
FAIL: gcc.dg/lto/20081222 c_lto_20081222_0.o-c_lto_20081222_1.o link
UNRESOLVED: gcc.dg/lto/20081222 c_lto_20081222_0.o-c_lto_20081222_1.o execute -O0 -flto
FAIL: gcc.dg/lto/20081222 c_lto_20081222_1.o assemble, -O2 -flto
FAIL: gcc.dg/lto/20081222 c_lto_20081222_0.o-c_lto_20081222_1.o link
UNRESOLVED: gcc.dg/lto/20081222 c_lto_20081222_0.o-c_lto_20081222_1.o execute -O2 -flto
FAIL: gcc.dg/lto/20090218-1 c_lto_20090218-1_0.o-c_lto_20090218-1_1.o link
UNRESOLVED: gcc.dg/lto/20090218-1 c_lto_20090218-1_0.o-c_lto_20090218-1_1.o execute -O0 -fwhopr
XPASS: gcc.dg/struct/wo_prof_array_through_pointer.c scan-ipa-dump ipa_struct_reorg "Number of structures to transform is 1"
FAIL: gcc.dg/struct/wo_prof_double_malloc.c (internal compiler error)
FAIL: gcc.dg/struct/wo_prof_double_malloc.c (test for excess errors)
UNRESOLVED: gcc.dg/struct/wo_prof_double_malloc.c compilation failed to produce executable
FAIL: gcc.dg/torture/builtin-math-7.c -O2 -flto execution test
FAIL: gcc.dg/torture/builtin-math-7.c -O2 -fwhopr execution test
FAIL: gcc.target/i386/pr37275.c (test for excess errors)
=== gcc Summary for unix ===
# of expected passes 70414
# of unexpected successes 4
# of unexpected failures 23
# of expected failures 182
# of unresolved testcases 9
# of unsupported tests 596
Running target unix/-m64
FAIL: gcc.c-torture/execute/builtins/memmove-2.c compilation, -O2 -fwhopr
UNRESOLVED: gcc.c-torture/execute/builtins/memmove-2.c execution, -O2 -fwhopr
FAIL: gcc.c-torture/execute/builtins/sprintf-chk.c execution, -O2 -fwhopr
FAIL: gcc.c-torture/execute/builtins/stpcpy-chk.c execution, -O2 -fwhopr
FAIL: gcc.c-torture/execute/builtins/strcpy-chk.c execution, -O2 -fwhopr
XPASS: gcc.dg/Warray-bounds.c (test for warnings, line 59)
XPASS: gcc.dg/Warray-bounds.c (test for warnings, line 65)
XPASS: gcc.dg/Wunreachable-8.c (test for bogus messages, line 7)
FAIL: gcc.dg/pr34668-1.c (internal compiler error)
FAIL: gcc.dg/pr34668-1.c (test for excess errors)
FAIL: gcc.dg/lto/20081112 c_lto_20081112_0.o-c_lto_20081112_1.o link
UNRESOLVED: gcc.dg/lto/20081112 c_lto_20081112_0.o-c_lto_20081112_1.o execute -O2 -fwhopr
FAIL: gcc.dg/lto/20081202-2 c_lto_20081202-2_0.o-c_lto_20081202-2_1.o link
UNRESOLVED: gcc.dg/lto/20081202-2 c_lto_20081202-2_0.o-c_lto_20081202-2_1.o execute -fwhopr -O3
FAIL: gcc.dg/lto/20081222 c_lto_20081222_1.o assemble, -O0 -fwhopr
FAIL: gcc.dg/lto/20081222 c_lto_20081222_0.o-c_lto_20081222_1.o link
UNRESOLVED: gcc.dg/lto/20081222 c_lto_20081222_0.o-c_lto_20081222_1.o execute -O0 -fwhopr
FAIL: gcc.dg/lto/20081222 c_lto_20081222_1.o assemble, -O2 -fwhopr
FAIL: gcc.dg/lto/20081222 c_lto_20081222_0.o-c_lto_20081222_1.o link
UNRESOLVED: gcc.dg/lto/20081222 c_lto_20081222_0.o-c_lto_20081222_1.o execute -O2 -fwhopr
FAIL: gcc.dg/lto/20081222 c_lto_20081222_1.o assemble, -O0 -flto
FAIL: gcc.dg/lto/20081222 c_lto_20081222_0.o-c_lto_20081222_1.o link
UNRESOLVED: gcc.dg/lto/20081222 c_lto_20081222_0.o-c_lto_20081222_1.o execute -O0 -flto
FAIL: gcc.dg/lto/20081222 c_lto_20081222_1.o assemble, -O2 -flto
FAIL: gcc.dg/lto/20081222 c_lto_20081222_0.o-c_lto_20081222_1.o link
UNRESOLVED: gcc.dg/lto/20081222 c_lto_20081222_0.o-c_lto_20081222_1.o execute -O2 -flto
FAIL: gcc.dg/lto/20090218-1 c_lto_20090218-1_0.o-c_lto_20090218-1_1.o link
UNRESOLVED: gcc.dg/lto/20090218-1 c_lto_20090218-1_0.o-c_lto_20090218-1_1.o execute -O0 -fwhopr
XPASS: gcc.dg/struct/wo_prof_array_through_pointer.c scan-ipa-dump ipa_struct_reorg "Number of structures to transform is 1"
FAIL: gcc.dg/struct/wo_prof_double_malloc.c (internal compiler error)
FAIL: gcc.dg/struct/wo_prof_double_malloc.c (test for excess errors)
UNRESOLVED: gcc.dg/struct/wo_prof_double_malloc.c compilation failed to produce executable
FAIL: gcc.dg/torture/builtin-math-7.c -O2 -flto execution test
FAIL: gcc.dg/torture/builtin-math-7.c -O2 -fwhopr execution test
=== gcc Summary for unix/-m64 ===
# of expected passes 70890
# of unexpected successes 4
# of unexpected failures 21
# of expected failures 181
# of unresolved testcases 9
# of unsupported tests 950
=== gcc Summary ===
# of expected passes 141304
# of unexpected failures 44
# of unexpected successes 8
# of expected failures 363
# of unresolved testcases 18
# of unsupported tests 1546
/scratch/packages/gcc/snap/gcc-snapshot-20091118/build/gcc/xgcc version 4.5.0 20091119 (experimental) [trunk revision 154312] (Debian 20091118-1)
=== gfortran tests ===
Running target unix
FAIL: gfortran.dg/lto/pr40725 f_lto_pr40725_0.o-f_lto_pr40725_1.o execute -O2 -fwhopr
FAIL: gfortran.dg/lto/pr40725 f_lto_pr40725_0.o-f_lto_pr40725_1.o execute -O2 -flto
=== gfortran Summary for unix ===
# of expected passes 33035
# of unexpected failures 2
# of expected failures 27
# of unsupported tests 135
Running target unix/-m64
FAIL: gfortran.dg/lto/pr40725 f_lto_pr40725_0.o-f_lto_pr40725_1.o execute -O2 -fwhopr
FAIL: gfortran.dg/lto/pr40725 f_lto_pr40725_0.o-f_lto_pr40725_1.o execute -O2 -flto
=== gfortran Summary for unix/-m64 ===
# of expected passes 33180
# of unexpected failures 2
# of expected failures 27
# of unsupported tests 67
=== gfortran Summary ===
# of expected passes 66215
# of unexpected failures 4
# of expected failures 54
# of unsupported tests 202
/scratch/packages/gcc/snap/gcc-snapshot-20091118/build/gcc/testsuite/gfortran/../../gfortran version 4.5.0 20091119 (experimental) [trunk revision 154312] (Debian 20091118-1)
=== gnat tests ===
Running target unix
=== gnat Summary for unix ===
# of expected passes 743
# of expected failures 5
Running target unix/-m64
UNRESOLVED: gnat.dg/abstract_with_anonymous_result.adb compilation failed to produce executable
UNRESOLVED: gnat.dg/access4.adb compilation failed to produce executable
UNRESOLVED: gnat.dg/access_discr2.adb compilation failed to produce executable
UNRESOLVED: gnat.dg/access_test.adb compilation failed to produce executable
UNRESOLVED: gnat.dg/addr2.adb compilation failed to produce executable
UNRESOLVED: gnat.dg/address_conversion.adb compilation failed to produce executable
UNRESOLVED: gnat.dg/aggr1.adb compilation failed to produce executable
UNRESOLVED: gnat.dg/aggr3.adb compilation failed to produce executable
UNRESOLVED: gnat.dg/aliased_prefix_accessibility.adb compilation failed to produce executable
FAIL: gnat.dg/aliasing1.adb scan-tree-dump-not optimized "__gnat_rcheck": dump file does not exist
FAIL: gnat.dg/aliasing2.adb scan-tree-dump-not optimized "__gnat_rcheck": dump file does not exist
UNRESOLVED: gnat.dg/aliasing3.adb compilation failed to produce executable
UNRESOLVED: gnat.dg/align_check.adb compilation failed to produce executable
UNRESOLVED: gnat.dg/align_max.adb compilation failed to produce executable
UNRESOLVED: gnat.dg/aligned_vla.adb compilation failed to produce executable
UNRESOLVED: gnat.dg/alignment1.adb compilation failed to produce executable
UNRESOLVED: gnat.dg/alignment2.adb compilation failed to produce executable
FAIL: gnat.dg/alignment4.adb scan-tree-dump-not gimple ".F": dump file does not exist
FAIL: gnat.dg/alignment5.adb scan-tree-dump-not gimple ".F": dump file does not exist
FAIL: gnat.dg/alignment6.adb scan-tree-dump-not gimple "VIEW_CONVERT_EXPR": dump file does not exist
UNRESOLVED: gnat.dg/alignment7.adb compilation failed to produce executable
UNRESOLVED: gnat.dg/alignment8.adb compilation failed to produce executable
UNRESOLVED: gnat.dg/alignment9.adb compilation failed to produce executable
UNRESOLVED: gnat.dg/allocator_maxalign1.adb compilation failed to produce executable
FAIL: gnat.dg/ancestor_type.adb (test for errors, line 8)
UNRESOLVED: gnat.dg/array10.adb compilation failed to produce executable
FAIL: gnat.dg/array11.adb (test for warnings, line 8)
FAIL: gnat.dg/array11.adb (test for warnings, line 9)
FAIL: gnat.dg/array11.adb (test for warnings, line 12)
UNRESOLVED: gnat.dg/array12.adb compilation failed to produce executable
UNRESOLVED: gnat.dg/array3.adb compilation failed to produce executable
UNRESOLVED: gnat.dg/array4.adb compilation failed to produce executable
UNRESOLVED: gnat.dg/array5.adb compilation failed to produce executable
UNRESOLVED: gnat.dg/array6.adb compilation failed to produce executable
UNRESOLVED: gnat.dg/array9.adb compilation failed to produce executable
UNRESOLVED: gnat.dg/assert1.adb compilation failed to produce executable
UNRESOLVED: gnat.dg/assign_from_packed.adb compilation failed to produce executable
FAIL: gnat.dg/atomic2.adb (test for warnings, line 7)
UNRESOLVED: gnat.dg/biased_uc.adb compilation failed to produce executable
UNRESOLVED: gnat.dg/bip_aggregate_bug.adb compilation failed to produce executable
UNRESOLVED: gnat.dg/bit_packed_array3.adb compilation failed to produce executable
UNRESOLVED: gnat.dg/blkextract_from_reg.adb compilation failed to produce executable
UNRESOLVED: gnat.dg/bltins.adb compilation failed to produce executable
UNRESOLVED: gnat.dg/boolean_bitfield.adb compilation failed to produce executable
UNRESOLVED: gnat.dg/boolean_expr2.adb compilation failed to produce executable
UNRESOLVED: gnat.dg/capture_value.adb compilation failed to produce executable
UNRESOLVED: gnat.dg/check_displace_generation.adb compilation failed to produce executable
UNRESOLVED: gnat.dg/check_elaboration_code.adb compilation failed to produce executable
UNRESOLVED: gnat.dg/compose.adb compilation failed to produce executable
UNRESOLVED: gnat.dg/concat1.adb compilation failed to produce executable
UNRESOLVED: gnat.dg/concat_length.adb compilation failed to produce executable
UNRESOLVED: gnat.dg/conv_bug.adb compilation failed to produce executable
UNRESOLVED: gnat.dg/conv_decimal.adb compilation failed to produce executable
UNRESOLVED: gnat.dg/conv_real.adb compilation failed to produce executable
UNRESOLVED: gnat.dg/curr_task.adb compilation failed to produce executable
FAIL: gnat.dg/deferred_const1.adb (test for warnings, line 8)
UNRESOLVED: gnat.dg/deferred_const2.adb compilation failed to produce executable
UNRESOLVED: gnat.dg/deferred_const3.adb compilation failed to produce executable
UNRESOLVED: gnat.dg/derived_aggregate.adb compilation failed to produce executable
UNRESOLVED: gnat.dg/discr4.adb compilation failed to produce executable
UNRESOLVED: gnat.dg/dispatch1.adb compilation failed to produce executable
UNRESOLVED: gnat.dg/dispatch2.adb compilation failed to produce executable
UNRESOLVED: gnat.dg/elim2.adb compilation failed to produce executable
UNRESOLVED: gnat.dg/empty_vector_length.adb compilation failed to produce executable
UNRESOLVED: gnat.dg/entry_queues.adb compilation failed to produce executable
UNRESOLVED: gnat.dg/enum1.adb compilation failed to produce executable
UNRESOLVED: gnat.dg/enum2.adb compilation failed to produce executable
UNRESOLVED: gnat.dg/exp0_eval.adb compilation failed to produce executable
UNRESOLVED: gnat.dg/expect1.adb compilation failed to produce executable
UNRESOLVED: gnat.dg/fixce.adb compilation failed to produce executable
UNRESOLVED: gnat.dg/fixedpnt.adb compilation failed to produce executable
FAIL: gnat.dg/frame_overflow.adb (test for errors, line 14)
FAIL: gnat.dg/frame_overflow.adb (test for errors, line 17)
FAIL: gnat.dg/frame_overflow.adb (test for errors, line 24)
UNRESOLVED: gnat.dg/generic_dispatch.adb compilation failed to produce executable
UNRESOLVED: gnat.dg/gnat_malloc.adb compilation failed to produce executable
UNRESOLVED: gnat.dg/handle_and_return.adb compilation failed to produce executable
UNRESOLVED: gnat.dg/handle_raise_from_pure.adb compilation failed to produce executable
UNRESOLVED: gnat.dg/hyper_flat.adb compilation failed to produce executable
UNRESOLVED: gnat.dg/in_out_parameter.adb compilation failed to produce executable
XPASS: gnat.dg/incomplete2.adb (test for excess errors)
UNRESOLVED: gnat.dg/init_scalar1.adb compilation failed to produce executable
UNRESOLVED: gnat.dg/inline_tagged.adb compilation failed to produce executable
UNRESOLVED: gnat.dg/interface1.adb compilation failed to produce executable
UNRESOLVED: gnat.dg/interface2.adb compilation failed to produce executable
UNRESOLVED: gnat.dg/interface3.adb compilation failed to produce executable
UNRESOLVED: gnat.dg/interface_conv.adb compilation failed to produce executable
UNRESOLVED: gnat.dg/iprot_test.adb compilation failed to produce executable
UNRESOLVED: gnat.dg/kill_value.adb compilation failed to produce executable
UNRESOLVED: gnat.dg/lhs_view_convert.adb compilation failed to produce executable
UNRESOLVED: gnat.dg/loop_boolean.adb compilation failed to produce executable
UNRESOLVED: gnat.dg/loop_optimization3.adb compilation failed to produce executable
UNRESOLVED: gnat.dg/loop_optimization4.adb compilation failed to produce executable
UNRESOLVED: gnat.dg/md5_test.adb compilation failed to produce executable
UNRESOLVED: gnat.dg/misaligned_nest.adb compilation failed to produce executable
UNRESOLVED: gnat.dg/misaligned_param.adb compilation failed to produce executable
UNRESOLVED: gnat.dg/missing_acc_check.adb compilation failed to produce executable
UNRESOLVED: gnat.dg/modular1.adb compilation failed to produce executable
UNRESOLVED: gnat.dg/modular2.adb compilation failed to produce executable
UNRESOLVED: gnat.dg/mutable1.adb compilation failed to produce executable
UNRESOLVED: gnat.dg/named_test.adb compilation failed to produce executable
UNRESOLVED: gnat.dg/nat1r.adb compilation failed to produce executable
UNRESOLVED: gnat.dg/nested_controlled_alloc.adb compilation failed to produce executable
UNRESOLVED: gnat.dg/nested_proc1.adb compilation failed to produce executable
UNRESOLVED: gnat.dg/nested_return_test.adb compilation failed to produce executable
UNRESOLVED: gnat.dg/no_final.adb compilation failed to produce executable
UNRESOLVED: gnat.dg/not_null.adb compilation failed to produce executable
FAIL: gnat.dg/notnot.adb (test for warnings, line 6)
UNRESOLVED: gnat.dg/null_pointer_deref1.adb compilation failed to produce executable
UNRESOLVED: gnat.dg/null_pointer_deref2.adb compilation failed to produce executable
FAIL: gnat.dg/object_overflow.adb (test for warnings, line 8)
ERROR: gnat.dg/oconst1.adb: error executing dg-final: couldn't open "oconst1.s": no such file or directory
UNRESOLVED: gnat.dg/oconst1.adb: error executing dg-final: couldn't open "oconst1.s": no such file or directory
ERROR: gnat.dg/oconst2.adb: error executing dg-final: couldn't open "oconst2.s": no such file or directory
UNRESOLVED: gnat.dg/oconst2.adb: error executing dg-final: couldn't open "oconst2.s": no such file or directory
ERROR: gnat.dg/oconst3.adb: error executing dg-final: couldn't open "oconst3.s": no such file or directory
UNRESOLVED: gnat.dg/oconst3.adb: error executing dg-final: couldn't open "oconst3.s": no such file or directory
ERROR: gnat.dg/oconst4.adb: error executing dg-final: couldn't open "oconst4.s": no such file or directory
UNRESOLVED: gnat.dg/oconst4.adb: error executing dg-final: couldn't open "oconst4.s": no such file or directory
ERROR: gnat.dg/oconst5.adb: error executing dg-final: couldn't open "oconst5.s": no such file or directory
UNRESOLVED: gnat.dg/oconst5.adb: error executing dg-final: couldn't open "oconst5.s": no such file or directory
FAIL: gnat.dg/old_errors.adb (test for errors, line 7)
FAIL: gnat.dg/old_errors.adb (test for errors, line 16)
FAIL: gnat.dg/old_errors.adb (test for errors, line 28)
FAIL: gnat.dg/old_errors.adb (test for errors, line 34)
FAIL: gnat.dg/old_errors.adb (test for errors, line 38)
FAIL: gnat.dg/old_errors.adb (test for warnings, line 40)
FAIL: gnat.dg/old_errors.adb (test for errors, line 44)
UNRESOLVED: gnat.dg/opt2.adb compilation failed to produce executable
UNRESOLVED: gnat.dg/opt4.adb compilation failed to produce executable
UNRESOLVED: gnat.dg/opt5.adb compilation failed to produce executable
UNRESOLVED: gnat.dg/outer_agg_bitfield_constructor.adb compilation failed to produce executable
UNRESOLVED: gnat.dg/overflow_sum.adb compilation failed to produce executable
UNRESOLVED: gnat.dg/pack10.adb compilation failed to produce executable
UNRESOLVED: gnat.dg/pack11.adb compilation failed to produce executable
UNRESOLVED: gnat.dg/pack12.adb compilation failed to produce executable
UNRESOLVED: gnat.dg/pack3.adb compilation failed to produce executable
UNRESOLVED: gnat.dg/pack4.adb compilation failed to produce executable
FAIL: gnat.dg/pack8.adb (test for errors, line 19)
FAIL: gnat.dg/pack9.adb scan-tree-dump-not optimized "__gnat_rcheck": dump file does not exist
UNRESOLVED: gnat.dg/packed_subtype.adb compilation failed to produce executable
UNRESOLVED: gnat.dg/pointer_conversion.adb compilation failed to produce executable
UNRESOLVED: gnat.dg/prot_def.adb compilation failed to produce executable
UNRESOLVED: gnat.dg/protected_self_ref1.adb compilation failed to produce executable
FAIL: gnat.dg/protected_self_ref2.adb (test for errors, line 12)
UNRESOLVED: gnat.dg/quote.adb compilation failed to produce executable
UNRESOLVED: gnat.dg/range_check.adb compilation failed to produce executable
UNRESOLVED: gnat.dg/regpat1.adb compilation failed to produce executable
UNRESOLVED: gnat.dg/release_unc_maxalign.adb compilation failed to produce executable
UNRESOLVED: gnat.dg/renaming2.adb compilation failed to produce executable
UNRESOLVED: gnat.dg/renaming3.adb compilation failed to produce executable
UNRESOLVED: gnat.dg/rep_clause4.adb compilation failed to produce executable
UNRESOLVED: gnat.dg/requeue1.adb compilation failed to produce executable
UNRESOLVED: gnat.dg/scalar_mode_agg_compare.adb compilation failed to produce executable
UNRESOLVED: gnat.dg/self_aggregate_with_array.adb compilation failed to produce executable
UNRESOLVED: gnat.dg/self_aggregate_with_call.adb compilation failed to produce executable
UNRESOLVED: gnat.dg/self_aggregate_with_pointer.adb compilation failed to produce executable
UNRESOLVED: gnat.dg/self_aggregate_with_zeros.adb compilation failed to produce executable
UNRESOLVED: gnat.dg/sizetype.adb compilation failed to produce executable
UNRESOLVED: gnat.dg/slice3.adb compilation failed to produce executable
UNRESOLVED: gnat.dg/slice4.adb compilation failed to produce executable
FAIL: gnat.dg/slice5.adb (test for warnings, line 15)
FAIL: gnat.dg/slice5.adb (test for warnings, line 21)
UNRESOLVED: gnat.dg/small_alignment.adb compilation failed to produce executable
UNRESOLVED: gnat.dg/socket1.adb compilation failed to produce executable
UNRESOLVED: gnat.dg/sort2.adb compilation failed to produce executable
UNRESOLVED: gnat.dg/spipaterr.adb compilation failed to produce executable
UNRESOLVED: gnat.dg/sse_nolib.adb compilation failed to produce executable
UNRESOLVED: gnat.dg/stack_check1.adb compilation failed to produce executable
UNRESOLVED: gnat.dg/stack_check2.adb compilation failed to produce executable
UNRESOLVED: gnat.dg/string_slice.adb compilation failed to produce executable
FAIL: gnat.dg/subp_elim_errors.adb (test for errors, line 25)
FAIL: gnat.dg/subp_elim_errors.adb (test for errors, line 27)
FAIL: gnat.dg/subp_elim_errors.adb (test for errors, line 29)
FAIL: gnat.dg/subp_elim_errors.adb (test for errors, line 31)
UNRESOLVED: gnat.dg/tag1.adb compilation failed to produce executable
UNRESOLVED: gnat.dg/tagged_alloc_free.adb compilation failed to produce executable
UNRESOLVED: gnat.dg/tail_call.adb compilation failed to produce executable
UNRESOLVED: gnat.dg/task_stack_align.adb compilation failed to produce executable
UNRESOLVED: gnat.dg/test_8bitlong_overflow.adb compilation failed to produce executable
UNRESOLVED: gnat.dg/test_address_null_init.adb compilation failed to produce executable
UNRESOLVED: gnat.dg/test_allocator_maxalign2.adb compilation failed to produce executable
UNRESOLVED: gnat.dg/test_bounded.adb compilation failed to produce executable
UNRESOLVED: gnat.dg/test_delay.adb compilation failed to produce executable
UNRESOLVED: gnat.dg/test_direct_io.adb compilation failed to produce executable
UNRESOLVED: gnat.dg/test_enum_io.adb compilation failed to produce executable
UNRESOLVED: gnat.dg/test_fixed_io.adb compilation failed to produce executable
UNRESOLVED: gnat.dg/test_iface_aggr.adb compilation failed to produce executable
UNRESOLVED: gnat.dg/test_ifaces.adb compilation failed to produce executable
UNRESOLVED: gnat.dg/test_image.adb compilation failed to produce executable
UNRESOLVED: gnat.dg/test_nested_subtype_byref.adb compilation failed to produce executable
UNRESOLVED: gnat.dg/test_oalign.adb compilation failed to produce executable
UNRESOLVED: gnat.dg/test_oconst.adb compilation failed to produce executable
UNRESOLVED: gnat.dg/test_prefix1.adb compilation failed to produce executable
UNRESOLVED: gnat.dg/test_prio.adb compilation failed to produce executable
UNRESOLVED: gnat.dg/test_raise_from_pure.adb compilation failed to produce executable
UNRESOLVED: gnat.dg/test_self.adb compilation failed to produce executable
UNRESOLVED: gnat.dg/test_self_ref.adb compilation failed to produce executable
UNRESOLVED: gnat.dg/test_table1.adb compilation failed to produce executable
UNRESOLVED: gnat.dg/test_tamdt.adb compilation failed to produce executable
UNRESOLVED: gnat.dg/test_time_stamp.adb compilation failed to produce executable
UNRESOLVED: gnat.dg/test_version.adb compilation failed to produce executable
UNRESOLVED: gnat.dg/testint.adb compilation failed to produce executable
UNRESOLVED: gnat.dg/tfren.adb compilation failed to produce executable
UNRESOLVED: gnat.dg/timer_cancel.adb compilation failed to produce executable
UNRESOLVED: gnat.dg/timing_events.adb compilation failed to produce executable
ERROR: gnat.dg/trampoline1.adb: error executing dg-final: couldn't open "trampoline1.s": no such file or directory
UNRESOLVED: gnat.dg/trampoline1.adb: error executing dg-final: couldn't open "trampoline1.s": no such file or directory
UNRESOLVED: gnat.dg/trampoline2.adb compilation failed to produce executable
UNRESOLVED: gnat.dg/tree_static_use.adb compilation failed to produce executable
UNRESOLVED: gnat.dg/unc_memfree.adb compilation failed to produce executable
UNRESOLVED: gnat.dg/unchecked_convert1.adb compilation failed to produce executable
UNRESOLVED: gnat.dg/unchecked_convert2.adb compilation failed to produce executable
UNRESOLVED: gnat.dg/unchecked_convert3.adb compilation failed to produce executable
UNRESOLVED: gnat.dg/unchecked_union1.adb compilation failed to produce executable
FAIL: gnat.dg/uninit_func.adb (test for warnings, line 5)
UNRESOLVED: gnat.dg/valid1.adb compilation failed to produce executable
ERROR: gnat.dg/volatile3.adb: error executing dg-final: couldn't open "volatile3.s": no such file or directory
UNRESOLVED: gnat.dg/volatile3.adb: error executing dg-final: couldn't open "volatile3.s": no such file or directory
UNRESOLVED: gnat.dg/warn1.adb compilation failed to produce executable
FAIL: gnat.dg/warn4.adb (test for warnings, line 14)
FAIL: gnat.dg/warn4.adb (test for warnings, line 14)
UNRESOLVED: gnat.dg/wide_test.adb compilation failed to produce executable
FAIL: gnat.dg/specs/abstract_private.ads (test for errors, line 12)
FAIL: gnat.dg/specs/access_constant.ads (test for errors, line 10)
FAIL: gnat.dg/specs/access_constant_decl.ads (test for errors, line 9)
FAIL: gnat.dg/specs/addr1.ads (test for warnings, line 30)
FAIL: gnat.dg/specs/alignment2.ads (test for warnings, line 12)
FAIL: gnat.dg/specs/alignment2.ads (test for warnings, line 18)
FAIL: gnat.dg/specs/alignment2.ads (test for warnings, line 36)
FAIL: gnat.dg/specs/alignment2.ads (test for warnings, line 40)
XPASS: gnat.dg/specs/fe_inlining_helper.ads (test for excess errors)
FAIL: gnat.dg/specs/import_abstract.ads (test for errors, line 5)
FAIL: gnat.dg/specs/integer_value.ads (test for errors, line 4)
FAIL: gnat.dg/specs/linker_section.ads (test for errors, line 6)
FAIL: gnat.dg/specs/linker_section.ads (test for errors, line 10)
FAIL: gnat.dg/specs/oversize.ads (test for errors, line 18)
FAIL: gnat.dg/specs/oversize.ads (test for errors, line 25)
FAIL: gnat.dg/specs/oversize.ads (test for errors, line 33)
FAIL: gnat.dg/specs/oversize.ads (test for errors, line 44)
XPASS: gnat.dg/specs/pack3_pkg.ads (test for excess errors)
FAIL: gnat.dg/specs/renamings.ads (test for errors, line 9)
FAIL: gnat.dg/specs/renamings.ads (test for errors, line 13)
FAIL: gnat.dg/specs/size_clause2.ads (test for errors, line 40)
FAIL: gnat.dg/specs/size_clause3.ads (test for errors, line 17)
FAIL: gnat.dg/specs/size_clause3.ads (test for errors, line 47)
ERROR: gnat.dg/specs/static_initializer.ads: error executing dg-final: couldn't open "static_initializer.s": no such file or directory
UNRESOLVED: gnat.dg/specs/static_initializer.ads: error executing dg-final: couldn't open "static_initializer.s": no such file or directory
ERROR: gnat.dg/specs/static_initializer2.ads: error executing dg-final: couldn't open "static_initializer2.s": no such file or directory
UNRESOLVED: gnat.dg/specs/static_initializer2.ads: error executing dg-final: couldn't open "static_initializer2.s": no such file or directory
FAIL: gnat.dg/specs/storage.ads (test for errors, line 6)
FAIL: gnat.dg/specs/tag2.ads (test for errors, line 11)
FAIL: gnat.dg/specs/tag2.ads (test for errors, line 12)
FAIL: gnat.dg/specs/tag2.ads (test for errors, line 13)
FAIL: gnat.dg/specs/variant_part.ads (test for errors, line 4)
XPASS: gnat.dg/specs/varsize_return_pkg1.ads (test for excess errors)
XPASS: gnat.dg/specs/varsize_return_pkg2.ads (test for excess errors)
=== gnat Summary for unix/-m64 ===
# of expected passes 500
# of unexpected failures 61
# of unexpected successes 5
# of unresolved testcases 182
=== gnat Summary ===
# of expected passes 1243
# of unexpected failures 61
# of unexpected successes 5
# of expected failures 5
# of unresolved testcases 182
=== obj-c++ tests ===
Running target unix
UNRESOLVED: obj-c++.dg/lookup-2.mm compilation failed to produce executable
UNRESOLVED: obj-c++.dg/try-catch-2.mm compilation failed to produce executable
UNRESOLVED: obj-c++.dg/try-catch-9.mm compilation failed to produce executable
=== obj-c++ Summary for unix ===
# of expected passes 438
# of expected failures 10
# of unresolved testcases 3
# of unsupported tests 13
Running target unix/-m64
UNRESOLVED: obj-c++.dg/lookup-2.mm compilation failed to produce executable
UNRESOLVED: obj-c++.dg/try-catch-2.mm compilation failed to produce executable
UNRESOLVED: obj-c++.dg/try-catch-9.mm compilation failed to produce executable
=== obj-c++ Summary for unix/-m64 ===
# of expected passes 430
# of expected failures 18
# of unresolved testcases 3
# of unsupported tests 13
=== obj-c++ Summary ===
# of expected passes 868
# of expected failures 28
# of unresolved testcases 6
# of unsupported tests 26
/scratch/packages/gcc/snap/gcc-snapshot-20091118/build/gcc/testsuite/obj-c++/../../g++ version 4.5.0 20091119 (experimental) [trunk revision 154312] (Debian 20091118-1)
=== objc tests ===
Running target unix
=== objc Summary for unix ===
# of expected passes 1875
# of expected failures 7
# of unsupported tests 24
Running target unix/-m64
FAIL: objc/execute/forward-1.m execution, -O0 -fgnu-runtime
FAIL: objc/execute/forward-1.m execution, -O1 -fgnu-runtime
FAIL: objc/execute/forward-1.m execution, -O2 -fgnu-runtime
FAIL: objc/execute/forward-1.m execution, -O3 -fomit-frame-pointer -fgnu-runtime
FAIL: objc/execute/forward-1.m execution, -O3 -fomit-frame-pointer -funroll-loops -fgnu-runtime
FAIL: objc/execute/forward-1.m execution, -O3 -fomit-frame-pointer -funroll-all-loops -finline-functions -fgnu-runtime
FAIL: objc/execute/forward-1.m execution, -O3 -g -fgnu-runtime
FAIL: objc/execute/forward-1.m execution, -Os -fgnu-runtime
=== objc Summary for unix/-m64 ===
# of expected passes 1867
# of unexpected failures 8
# of expected failures 7
# of unsupported tests 24
=== objc Summary ===
# of expected passes 3742
# of unexpected failures 8
# of expected failures 14
# of unsupported tests 48
/scratch/packages/gcc/snap/gcc-snapshot-20091118/build/gcc/xgcc version 4.5.0 20091119 (experimental) [trunk revision 154312] (Debian 20091118-1)
=== libffi tests ===
Running target unix
=== libffi Summary for unix ===
# of expected passes 1604
# of expected failures 15
# of unsupported tests 15
Running target unix/-m64
FAIL: libffi.call/closure_fn0.c -O0 -W -Wall (test for excess errors)
UNRESOLVED: libffi.call/closure_fn0.c -O0 -W -Wall compilation failed to produce executable
FAIL: libffi.call/closure_fn1.c -O0 -W -Wall (test for excess errors)
UNRESOLVED: libffi.call/closure_fn1.c -O0 -W -Wall compilation failed to produce executable
FAIL: libffi.call/closure_fn2.c -O0 -W -Wall (test for excess errors)
UNRESOLVED: libffi.call/closure_fn2.c -O0 -W -Wall compilation failed to produce executable
FAIL: libffi.call/closure_fn3.c -O0 -W -Wall (test for excess errors)
UNRESOLVED: libffi.call/closure_fn3.c -O0 -W -Wall compilation failed to produce executable
FAIL: libffi.call/closure_fn4.c -O0 -W -Wall (test for excess errors)
UNRESOLVED: libffi.call/closure_fn4.c -O0 -W -Wall compilation failed to produce executable
FAIL: libffi.call/closure_fn5.c -O0 -W -Wall (test for excess errors)
UNRESOLVED: libffi.call/closure_fn5.c -O0 -W -Wall compilation failed to produce executable
FAIL: libffi.call/closure_fn6.c -O0 -W -Wall (test for excess errors)
UNRESOLVED: libffi.call/closure_fn6.c -O0 -W -Wall compilation failed to produce executable
FAIL: libffi.call/closure_loc_fn0.c -O0 -W -Wall (test for excess errors)
UNRESOLVED: libffi.call/closure_loc_fn0.c -O0 -W -Wall compilation failed to produce executable
FAIL: libffi.call/cls_12byte.c -O0 -W -Wall (test for excess errors)
UNRESOLVED: libffi.call/cls_12byte.c -O0 -W -Wall compilation failed to produce executable
FAIL: libffi.call/cls_16byte.c -O0 -W -Wall (test for excess errors)
UNRESOLVED: libffi.call/cls_16byte.c -O0 -W -Wall compilation failed to produce executable
FAIL: libffi.call/cls_18byte.c -O0 -W -Wall (test for excess errors)
UNRESOLVED: libffi.call/cls_18byte.c -O0 -W -Wall compilation failed to produce executable
FAIL: libffi.call/cls_19byte.c -O0 -W -Wall (test for excess errors)
UNRESOLVED: libffi.call/cls_19byte.c -O0 -W -Wall compilation failed to produce executable
FAIL: libffi.call/cls_1_1byte.c -O0 -W -Wall (test for excess errors)
UNRESOLVED: libffi.call/cls_1_1byte.c -O0 -W -Wall compilation failed to produce executable
FAIL: libffi.call/cls_20byte.c -O0 -W -Wall (test for excess errors)
UNRESOLVED: libffi.call/cls_20byte.c -O0 -W -Wall compilation failed to produce executable
FAIL: libffi.call/cls_20byte1.c -O0 -W -Wall (test for excess errors)
UNRESOLVED: libffi.call/cls_20byte1.c -O0 -W -Wall compilation failed to produce executable
FAIL: libffi.call/cls_24byte.c -O0 -W -Wall (test for excess errors)
UNRESOLVED: libffi.call/cls_24byte.c -O0 -W -Wall compilation failed to produce executable
FAIL: libffi.call/cls_2byte.c -O0 -W -Wall (test for excess errors)
UNRESOLVED: libffi.call/cls_2byte.c -O0 -W -Wall compilation failed to produce executable
FAIL: libffi.call/cls_3_1byte.c -O0 -W -Wall (test for excess errors)
UNRESOLVED: libffi.call/cls_3_1byte.c -O0 -W -Wall compilation failed to produce executable
FAIL: libffi.call/cls_3byte1.c -O0 -W -Wall (test for excess errors)
UNRESOLVED: libffi.call/cls_3byte1.c -O0 -W -Wall compilation failed to produce executable
FAIL: libffi.call/cls_3byte2.c -O0 -W -Wall (test for excess errors)
UNRESOLVED: libffi.call/cls_3byte2.c -O0 -W -Wall compilation failed to produce executable
FAIL: libffi.call/cls_4_1byte.c -O0 -W -Wall (test for excess errors)
UNRESOLVED: libffi.call/cls_4_1byte.c -O0 -W -Wall compilation failed to produce executable
FAIL: libffi.call/cls_4byte.c -O0 -W -Wall (test for excess errors)
UNRESOLVED: libffi.call/cls_4byte.c -O0 -W -Wall compilation failed to produce executable
FAIL: libffi.call/cls_5_1_byte.c -O0 -W -Wall (test for excess errors)
UNRESOLVED: libffi.call/cls_5_1_byte.c -O0 -W -Wall compilation failed to produce executable
FAIL: libffi.call/cls_5byte.c -O0 -W -Wall (test for excess errors)
UNRESOLVED: libffi.call/cls_5byte.c -O0 -W -Wall compilation failed to produce executable
FAIL: libffi.call/cls_64byte.c -O0 -W -Wall (test for excess errors)
UNRESOLVED: libffi.call/cls_64byte.c -O0 -W -Wall compilation failed to produce executable
FAIL: libffi.call/cls_6_1_byte.c -O0 -W -Wall (test for excess errors)
UNRESOLVED: libffi.call/cls_6_1_byte.c -O0 -W -Wall compilation failed to produce executable
FAIL: libffi.call/cls_6byte.c -O0 -W -Wall (test for excess errors)
UNRESOLVED: libffi.call/cls_6byte.c -O0 -W -Wall compilation failed to produce executable
FAIL: libffi.call/cls_7_1_byte.c -O0 -W -Wall (test for excess errors)
UNRESOLVED: libffi.call/cls_7_1_byte.c -O0 -W -Wall compilation failed to produce executable
FAIL: libffi.call/cls_7byte.c -O0 -W -Wall (test for excess errors)
UNRESOLVED: libffi.call/cls_7byte.c -O0 -W -Wall compilation failed to produce executable
FAIL: libffi.call/cls_8byte.c -O0 -W -Wall (test for excess errors)
UNRESOLVED: libffi.call/cls_8byte.c -O0 -W -Wall compilation failed to produce executable
FAIL: libffi.call/cls_9byte1.c -O0 -W -Wall (test for excess errors)
UNRESOLVED: libffi.call/cls_9byte1.c -O0 -W -Wall compilation failed to produce executable
FAIL: libffi.call/cls_9byte2.c -O0 -W -Wall (test for excess errors)
UNRESOLVED: libffi.call/cls_9byte2.c -O0 -W -Wall compilation failed to produce executable
FAIL: libffi.call/cls_align_double.c -O0 -W -Wall (test for excess errors)
UNRESOLVED: libffi.call/cls_align_double.c -O0 -W -Wall compilation failed to produce executable
FAIL: libffi.call/cls_align_float.c -O0 -W -Wall (test for excess errors)
UNRESOLVED: libffi.call/cls_align_float.c -O0 -W -Wall compilation failed to produce executable
FAIL: libffi.call/cls_align_longdouble.c -O0 -W -Wall (test for excess errors)
UNRESOLVED: libffi.call/cls_align_longdouble.c -O0 -W -Wall compilation failed to produce executable
FAIL: libffi.call/cls_align_longdouble_split.c -O0 -W -Wall (test for excess errors)
UNRESOLVED: libffi.call/cls_align_longdouble_split.c -O0 -W -Wall compilation failed to produce executable
FAIL: libffi.call/cls_align_longdouble_split2.c -O0 -W -Wall (test for excess errors)
UNRESOLVED: libffi.call/cls_align_longdouble_split2.c -O0 -W -Wall compilation failed to produce executable
FAIL: libffi.call/cls_align_pointer.c -O0 -W -Wall (test for excess errors)
UNRESOLVED: libffi.call/cls_align_pointer.c -O0 -W -Wall compilation failed to produce executable
FAIL: libffi.call/cls_align_sint16.c -O0 -W -Wall (test for excess errors)
UNRESOLVED: libffi.call/cls_align_sint16.c -O0 -W -Wall compilation failed to produce executable
FAIL: libffi.call/cls_align_sint32.c -O0 -W -Wall (test for excess errors)
UNRESOLVED: libffi.call/cls_align_sint32.c -O0 -W -Wall compilation failed to produce executable
FAIL: libffi.call/cls_align_sint64.c -O0 -W -Wall (test for excess errors)
UNRESOLVED: libffi.call/cls_align_sint64.c -O0 -W -Wall compilation failed to produce executable
FAIL: libffi.call/cls_align_uint16.c -O0 -W -Wall (test for excess errors)
UNRESOLVED: libffi.call/cls_align_uint16.c -O0 -W -Wall compilation failed to produce executable
FAIL: libffi.call/cls_align_uint32.c -O0 -W -Wall (test for excess errors)
UNRESOLVED: libffi.call/cls_align_uint32.c -O0 -W -Wall compilation failed to produce executable
FAIL: libffi.call/cls_align_uint64.c -O0 -W -Wall (test for excess errors)
UNRESOLVED: libffi.call/cls_align_uint64.c -O0 -W -Wall compilation failed to produce executable
FAIL: libffi.call/cls_dbls_struct.c -O0 -W -Wall (test for excess errors)
UNRESOLVED: libffi.call/cls_dbls_struct.c -O0 -W -Wall compilation failed to produce executable
FAIL: libffi.call/cls_double.c -O0 -W -Wall (test for excess errors)
UNRESOLVED: libffi.call/cls_double.c -O0 -W -Wall compilation failed to produce executable
FAIL: libffi.call/cls_double_va.c -O0 -W -Wall (test for excess errors)
UNRESOLVED: libffi.call/cls_double_va.c -O0 -W -Wall compilation failed to produce executable
FAIL: libffi.call/cls_float.c -O0 -W -Wall (test for excess errors)
UNRESOLVED: libffi.call/cls_float.c -O0 -W -Wall compilation failed to produce executable
FAIL: libffi.call/cls_longdouble.c -O0 -W -Wall (test for excess errors)
UNRESOLVED: libffi.call/cls_longdouble.c -O0 -W -Wall compilation failed to produce executable
FAIL: libffi.call/cls_longdouble_va.c -O0 -W -Wall (test for excess errors)
UNRESOLVED: libffi.call/cls_longdouble_va.c -O0 -W -Wall compilation failed to produce executable
FAIL: libffi.call/cls_multi_schar.c -O0 -W -Wall (test for excess errors)
UNRESOLVED: libffi.call/cls_multi_schar.c -O0 -W -Wall compilation failed to produce executable
FAIL: libffi.call/cls_multi_sshort.c -O0 -W -Wall (test for excess errors)
UNRESOLVED: libffi.call/cls_multi_sshort.c -O0 -W -Wall compilation failed to produce executable
FAIL: libffi.call/cls_multi_sshortchar.c -O0 -W -Wall (test for excess errors)
UNRESOLVED: libffi.call/cls_multi_sshortchar.c -O0 -W -Wall compilation failed to produce executable
FAIL: libffi.call/cls_multi_uchar.c -O0 -W -Wall (test for excess errors)
UNRESOLVED: libffi.call/cls_multi_uchar.c -O0 -W -Wall compilation failed to produce executable
FAIL: libffi.call/cls_multi_ushort.c -O0 -W -Wall (test for excess errors)
UNRESOLVED: libffi.call/cls_multi_ushort.c -O0 -W -Wall compilation failed to produce executable
FAIL: libffi.call/cls_multi_ushortchar.c -O0 -W -Wall (test for excess errors)
UNRESOLVED: libffi.call/cls_multi_ushortchar.c -O0 -W -Wall compilation failed to produce executable
FAIL: libffi.call/cls_pointer.c -O0 -W -Wall (test for excess errors)
UNRESOLVED: libffi.call/cls_pointer.c -O0 -W -Wall compilation failed to produce executable
FAIL: libffi.call/cls_pointer_stack.c -O0 -W -Wall (test for excess errors)
UNRESOLVED: libffi.call/cls_pointer_stack.c -O0 -W -Wall compilation failed to produce executable
FAIL: libffi.call/cls_schar.c -O0 -W -Wall (test for excess errors)
UNRESOLVED: libffi.call/cls_schar.c -O0 -W -Wall compilation failed to produce executable
FAIL: libffi.call/cls_sint.c -O0 -W -Wall (test for excess errors)
UNRESOLVED: libffi.call/cls_sint.c -O0 -W -Wall compilation failed to produce executable
FAIL: libffi.call/cls_sshort.c -O0 -W -Wall (test for excess errors)
UNRESOLVED: libffi.call/cls_sshort.c -O0 -W -Wall compilation failed to produce executable
FAIL: libffi.call/cls_uchar.c -O0 -W -Wall (test for excess errors)
UNRESOLVED: libffi.call/cls_uchar.c -O0 -W -Wall compilation failed to produce executable
FAIL: libffi.call/cls_uint.c -O0 -W -Wall (test for excess errors)
UNRESOLVED: libffi.call/cls_uint.c -O0 -W -Wall compilation failed to produce executable
FAIL: libffi.call/cls_ulonglong.c -O0 -W -Wall (test for excess errors)
UNRESOLVED: libffi.call/cls_ulonglong.c -O0 -W -Wall compilation failed to produce executable
FAIL: libffi.call/cls_ushort.c -O0 -W -Wall (test for excess errors)
UNRESOLVED: libffi.call/cls_ushort.c -O0 -W -Wall compilation failed to produce executable
FAIL: libffi.call/err_bad_abi.c -O0 -W -Wall (test for excess errors)
UNRESOLVED: libffi.call/err_bad_abi.c -O0 -W -Wall compilation failed to produce executable
FAIL: libffi.call/err_bad_typedef.c -O0 -W -Wall (test for excess errors)
UNRESOLVED: libffi.call/err_bad_typedef.c -O0 -W -Wall compilation failed to produce executable
FAIL: libffi.call/float.c -O0 -W -Wall (test for excess errors)
UNRESOLVED: libffi.call/float.c -O0 -W -Wall compilation failed to produce executable
FAIL: libffi.call/float1.c -O0 -W -Wall (test for excess errors)
UNRESOLVED: libffi.call/float1.c -O0 -W -Wall compilation failed to produce executable
FAIL: libffi.call/float2.c -O0 -W -Wall (test for excess errors)
UNRESOLVED: libffi.call/float2.c -O0 -W -Wall compilation failed to produce executable
FAIL: libffi.call/float3.c -O0 -W -Wall (test for excess errors)
UNRESOLVED: libffi.call/float3.c -O0 -W -Wall compilation failed to produce executable
FAIL: libffi.call/float4.c -O0 -W -Wall (test for excess errors)
UNRESOLVED: libffi.call/float4.c -O0 -W -Wall compilation failed to produce executable
FAIL: libffi.call/many.c -O0 -W -Wall (test for excess errors)
UNRESOLVED: libffi.call/many.c -O0 -W -Wall compilation failed to produce executable
FAIL: libffi.call/negint.c -O0 -W -Wall (test for excess errors)
UNRESOLVED: libffi.call/negint.c -O0 -W -Wall compilation failed to produce executable
FAIL: libffi.call/nested_struct.c -O0 -W -Wall (test for excess errors)
UNRESOLVED: libffi.call/nested_struct.c -O0 -W -Wall compilation failed to produce executable
FAIL: libffi.call/nested_struct1.c -O0 -W -Wall (test for excess errors)
UNRESOLVED: libffi.call/nested_struct1.c -O0 -W -Wall compilation failed to produce executable
FAIL: libffi.call/nested_struct10.c -O0 -W -Wall (test for excess errors)
UNRESOLVED: libffi.call/nested_struct10.c -O0 -W -Wall compilation failed to produce executable
FAIL: libffi.call/nested_struct2.c -O0 -W -Wall (test for excess errors)
UNRESOLVED: libffi.call/nested_struct2.c -O0 -W -Wall compilation failed to produce executable
FAIL: libffi.call/nested_struct3.c -O0 -W -Wall (test for excess errors)
UNRESOLVED: libffi.call/nested_struct3.c -O0 -W -Wall compilation failed to produce executable
FAIL: libffi.call/nested_struct4.c -O0 -W -Wall (test for excess errors)
UNRESOLVED: libffi.call/nested_struct4.c -O0 -W -Wall compilation failed to produce executable
FAIL: libffi.call/nested_struct5.c -O0 -W -Wall (test for excess errors)
UNRESOLVED: libffi.call/nested_struct5.c -O0 -W -Wall compilation failed to produce executable
FAIL: libffi.call/nested_struct6.c -O0 -W -Wall (test for excess errors)
UNRESOLVED: libffi.call/nested_struct6.c -O0 -W -Wall compilation failed to produce executable
FAIL: libffi.call/nested_struct7.c -O0 -W -Wall (test for excess errors)
UNRESOLVED: libffi.call/nested_struct7.c -O0 -W -Wall compilation failed to produce executable
FAIL: libffi.call/nested_struct8.c -O0 -W -Wall (test for excess errors)
UNRESOLVED: libffi.call/nested_struct8.c -O0 -W -Wall compilation failed to produce executable
FAIL: libffi.call/nested_struct9.c -O0 -W -Wall (test for excess errors)
UNRESOLVED: libffi.call/nested_struct9.c -O0 -W -Wall compilation failed to produce executable
FAIL: libffi.call/problem1.c -O0 -W -Wall (test for excess errors)
UNRESOLVED: libffi.call/problem1.c -O0 -W -Wall compilation failed to produce executable
FAIL: libffi.call/promotion.c -O0 -W -Wall (test for excess errors)
UNRESOLVED: libffi.call/promotion.c -O0 -W -Wall compilation failed to produce executable
FAIL: libffi.call/pyobjc-tc.c -O0 -W -Wall (test for excess errors)
UNRESOLVED: libffi.call/pyobjc-tc.c -O0 -W -Wall compilation failed to produce executable
FAIL: libffi.call/return_dbl.c -O0 -W -Wall (test for excess errors)
UNRESOLVED: libffi.call/return_dbl.c -O0 -W -Wall compilation failed to produce executable
FAIL: libffi.call/return_dbl1.c -O0 -W -Wall (test for excess errors)
UNRESOLVED: libffi.call/return_dbl1.c -O0 -W -Wall compilation failed to produce executable
FAIL: libffi.call/return_dbl2.c -O0 -W -Wall (test for excess errors)
UNRESOLVED: libffi.call/return_dbl2.c -O0 -W -Wall compilation failed to produce executable
FAIL: libffi.call/return_fl.c -O0 -W -Wall (test for excess errors)
UNRESOLVED: libffi.call/return_fl.c -O0 -W -Wall compilation failed to produce executable
FAIL: libffi.call/return_fl1.c -O0 -W -Wall (test for excess errors)
UNRESOLVED: libffi.call/return_fl1.c -O0 -W -Wall compilation failed to produce executable
FAIL: libffi.call/return_fl2.c -O0 -W -Wall (test for excess errors)
UNRESOLVED: libffi.call/return_fl2.c -O0 -W -Wall compilation failed to produce executable
FAIL: libffi.call/return_fl3.c -O0 -W -Wall (test for excess errors)
UNRESOLVED: libffi.call/return_fl3.c -O0 -W -Wall compilation failed to produce executable
FAIL: libffi.call/return_ldl.c -O0 -W -Wall (test for excess errors)
UNRESOLVED: libffi.call/return_ldl.c -O0 -W -Wall compilation failed to produce executable
FAIL: libffi.call/return_ll.c -O0 -W -Wall (test for excess errors)
UNRESOLVED: libffi.call/return_ll.c -O0 -W -Wall compilation failed to produce executable
FAIL: libffi.call/return_ll1.c -O0 -W -Wall (test for excess errors)
UNRESOLVED: libffi.call/return_ll1.c -O0 -W -Wall compilation failed to produce executable
FAIL: libffi.call/return_sc.c -O0 -W -Wall (test for excess errors)
UNRESOLVED: libffi.call/return_sc.c -O0 -W -Wall compilation failed to produce executable
FAIL: libffi.call/return_sl.c -O0 -W -Wall (test for excess errors)
UNRESOLVED: libffi.call/return_sl.c -O0 -W -Wall compilation failed to produce executable
FAIL: libffi.call/return_uc.c -O0 -W -Wall (test for excess errors)
UNRESOLVED: libffi.call/return_uc.c -O0 -W -Wall compilation failed to produce executable
FAIL: libffi.call/return_ul.c -O0 -W -Wall (test for excess errors)
UNRESOLVED: libffi.call/return_ul.c -O0 -W -Wall compilation failed to produce executable
FAIL: libffi.call/stret_large.c -O0 -W -Wall (test for excess errors)
UNRESOLVED: libffi.call/stret_large.c -O0 -W -Wall compilation failed to produce executable
FAIL: libffi.call/stret_large2.c -O0 -W -Wall (test for excess errors)
UNRESOLVED: libffi.call/stret_large2.c -O0 -W -Wall compilation failed to produce executable
FAIL: libffi.call/stret_medium.c -O0 -W -Wall (test for excess errors)
UNRESOLVED: libffi.call/stret_medium.c -O0 -W -Wall compilation failed to produce executable
FAIL: libffi.call/stret_medium2.c -O0 -W -Wall (test for excess errors)
UNRESOLVED: libffi.call/stret_medium2.c -O0 -W -Wall compilation failed to produce executable
FAIL: libffi.call/strlen.c -O0 -W -Wall (test for excess errors)
UNRESOLVED: libffi.call/strlen.c -O0 -W -Wall compilation failed to produce executable
FAIL: libffi.call/struct1.c -O0 -W -Wall (test for excess errors)
UNRESOLVED: libffi.call/struct1.c -O0 -W -Wall compilation failed to produce executable
FAIL: libffi.call/struct2.c -O0 -W -Wall (test for excess errors)
UNRESOLVED: libffi.call/struct2.c -O0 -W -Wall compilation failed to produce executable
FAIL: libffi.call/struct3.c -O0 -W -Wall (test for excess errors)
UNRESOLVED: libffi.call/struct3.c -O0 -W -Wall compilation failed to produce executable
FAIL: libffi.call/struct4.c -O0 -W -Wall (test for excess errors)
UNRESOLVED: libffi.call/struct4.c -O0 -W -Wall compilation failed to produce executable
FAIL: libffi.call/struct5.c -O0 -W -Wall (test for excess errors)
UNRESOLVED: libffi.call/struct5.c -O0 -W -Wall compilation failed to produce executable
FAIL: libffi.call/struct6.c -O0 -W -Wall (test for excess errors)
UNRESOLVED: libffi.call/struct6.c -O0 -W -Wall compilation failed to produce executable
FAIL: libffi.call/struct7.c -O0 -W -Wall (test for excess errors)
UNRESOLVED: libffi.call/struct7.c -O0 -W -Wall compilation failed to produce executable
FAIL: libffi.call/struct8.c -O0 -W -Wall (test for excess errors)
UNRESOLVED: libffi.call/struct8.c -O0 -W -Wall compilation failed to produce executable
FAIL: libffi.call/struct9.c -O0 -W -Wall (test for excess errors)
UNRESOLVED: libffi.call/struct9.c -O0 -W -Wall compilation failed to produce executable
FAIL: libffi.call/testclosure.c -O0 -W -Wall (test for excess errors)
UNRESOLVED: libffi.call/testclosure.c -O0 -W -Wall compilation failed to produce executable
FAIL: libffi.call/closure_fn0.c -O2 (test for excess errors)
UNRESOLVED: libffi.call/closure_fn0.c -O2 compilation failed to produce executable
FAIL: libffi.call/closure_fn1.c -O2 (test for excess errors)
UNRESOLVED: libffi.call/closure_fn1.c -O2 compilation failed to produce executable
FAIL: libffi.call/closure_fn2.c -O2 (test for excess errors)
UNRESOLVED: libffi.call/closure_fn2.c -O2 compilation failed to produce executable
FAIL: libffi.call/closure_fn3.c -O2 (test for excess errors)
UNRESOLVED: libffi.call/closure_fn3.c -O2 compilation failed to produce executable
FAIL: libffi.call/closure_fn4.c -O2 (test for excess errors)
UNRESOLVED: libffi.call/closure_fn4.c -O2 compilation failed to produce executable
FAIL: libffi.call/closure_fn5.c -O2 (test for excess errors)
UNRESOLVED: libffi.call/closure_fn5.c -O2 compilation failed to produce executable
FAIL: libffi.call/closure_fn6.c -O2 (test for excess errors)
UNRESOLVED: libffi.call/closure_fn6.c -O2 compilation failed to produce executable
FAIL: libffi.call/closure_loc_fn0.c -O2 (test for excess errors)
UNRESOLVED: libffi.call/closure_loc_fn0.c -O2 compilation failed to produce executable
FAIL: libffi.call/cls_12byte.c -O2 (test for excess errors)
UNRESOLVED: libffi.call/cls_12byte.c -O2 compilation failed to produce executable
FAIL: libffi.call/cls_16byte.c -O2 (test for excess errors)
UNRESOLVED: libffi.call/cls_16byte.c -O2 compilation failed to produce executable
FAIL: libffi.call/cls_18byte.c -O2 (test for excess errors)
UNRESOLVED: libffi.call/cls_18byte.c -O2 compilation failed to produce executable
FAIL: libffi.call/cls_19byte.c -O2 (test for excess errors)
UNRESOLVED: libffi.call/cls_19byte.c -O2 compilation failed to produce executable
FAIL: libffi.call/cls_1_1byte.c -O2 (test for excess errors)
UNRESOLVED: libffi.call/cls_1_1byte.c -O2 compilation failed to produce executable
FAIL: libffi.call/cls_20byte.c -O2 (test for excess errors)
UNRESOLVED: libffi.call/cls_20byte.c -O2 compilation failed to produce executable
FAIL: libffi.call/cls_20byte1.c -O2 (test for excess errors)
UNRESOLVED: libffi.call/cls_20byte1.c -O2 compilation failed to produce executable
FAIL: libffi.call/cls_24byte.c -O2 (test for excess errors)
UNRESOLVED: libffi.call/cls_24byte.c -O2 compilation failed to produce executable
FAIL: libffi.call/cls_2byte.c -O2 (test for excess errors)
UNRESOLVED: libffi.call/cls_2byte.c -O2 compilation failed to produce executable
FAIL: libffi.call/cls_3_1byte.c -O2 (test for excess errors)
UNRESOLVED: libffi.call/cls_3_1byte.c -O2 compilation failed to produce executable
FAIL: libffi.call/cls_3byte1.c -O2 (test for excess errors)
UNRESOLVED: libffi.call/cls_3byte1.c -O2 compilation failed to produce executable
FAIL: libffi.call/cls_3byte2.c -O2 (test for excess errors)
UNRESOLVED: libffi.call/cls_3byte2.c -O2 compilation failed to produce executable
FAIL: libffi.call/cls_4_1byte.c -O2 (test for excess errors)
UNRESOLVED: libffi.call/cls_4_1byte.c -O2 compilation failed to produce executable
FAIL: libffi.call/cls_4byte.c -O2 (test for excess errors)
UNRESOLVED: libffi.call/cls_4byte.c -O2 compilation failed to produce executable
FAIL: libffi.call/cls_5_1_byte.c -O2 (test for excess errors)
UNRESOLVED: libffi.call/cls_5_1_byte.c -O2 compilation failed to produce executable
FAIL: libffi.call/cls_5byte.c -O2 (test for excess errors)
UNRESOLVED: libffi.call/cls_5byte.c -O2 compilation failed to produce executable
FAIL: libffi.call/cls_64byte.c -O2 (test for excess errors)
UNRESOLVED: libffi.call/cls_64byte.c -O2 compilation failed to produce executable
FAIL: libffi.call/cls_6_1_byte.c -O2 (test for excess errors)
UNRESOLVED: libffi.call/cls_6_1_byte.c -O2 compilation failed to produce executable
FAIL: libffi.call/cls_6byte.c -O2 (test for excess errors)
UNRESOLVED: libffi.call/cls_6byte.c -O2 compilation failed to produce executable
FAIL: libffi.call/cls_7_1_byte.c -O2 (test for excess errors)
UNRESOLVED: libffi.call/cls_7_1_byte.c -O2 compilation failed to produce executable
FAIL: libffi.call/cls_7byte.c -O2 (test for excess errors)
UNRESOLVED: libffi.call/cls_7byte.c -O2 compilation failed to produce executable
FAIL: libffi.call/cls_8byte.c -O2 (test for excess errors)
UNRESOLVED: libffi.call/cls_8byte.c -O2 compilation failed to produce executable
FAIL: libffi.call/cls_9byte1.c -O2 (test for excess errors)
UNRESOLVED: libffi.call/cls_9byte1.c -O2 compilation failed to produce executable
FAIL: libffi.call/cls_9byte2.c -O2 (test for excess errors)
UNRESOLVED: libffi.call/cls_9byte2.c -O2 compilation failed to produce executable
FAIL: libffi.call/cls_align_double.c -O2 (test for excess errors)
UNRESOLVED: libffi.call/cls_align_double.c -O2 compilation failed to produce executable
FAIL: libffi.call/cls_align_float.c -O2 (test for excess errors)
UNRESOLVED: libffi.call/cls_align_float.c -O2 compilation failed to produce executable
FAIL: libffi.call/cls_align_longdouble.c -O2 (test for excess errors)
UNRESOLVED: libffi.call/cls_align_longdouble.c -O2 compilation failed to produce executable
FAIL: libffi.call/cls_align_longdouble_split.c -O2 (test for excess errors)
UNRESOLVED: libffi.call/cls_align_longdouble_split.c -O2 compilation failed to produce executable
FAIL: libffi.call/cls_align_longdouble_split2.c -O2 (test for excess errors)
UNRESOLVED: libffi.call/cls_align_longdouble_split2.c -O2 compilation failed to produce executable
FAIL: libffi.call/cls_align_pointer.c -O2 (test for excess errors)
UNRESOLVED: libffi.call/cls_align_pointer.c -O2 compilation failed to produce executable
FAIL: libffi.call/cls_align_sint16.c -O2 (test for excess errors)
UNRESOLVED: libffi.call/cls_align_sint16.c -O2 compilation failed to produce executable
FAIL: libffi.call/cls_align_sint32.c -O2 (test for excess errors)
UNRESOLVED: libffi.call/cls_align_sint32.c -O2 compilation failed to produce executable
FAIL: libffi.call/cls_align_sint64.c -O2 (test for excess errors)
UNRESOLVED: libffi.call/cls_align_sint64.c -O2 compilation failed to produce executable
FAIL: libffi.call/cls_align_uint16.c -O2 (test for excess errors)
UNRESOLVED: libffi.call/cls_align_uint16.c -O2 compilation failed to produce executable
FAIL: libffi.call/cls_align_uint32.c -O2 (test for excess errors)
UNRESOLVED: libffi.call/cls_align_uint32.c -O2 compilation failed to produce executable
FAIL: libffi.call/cls_align_uint64.c -O2 (test for excess errors)
UNRESOLVED: libffi.call/cls_align_uint64.c -O2 compilation failed to produce executable
FAIL: libffi.call/cls_dbls_struct.c -O2 (test for excess errors)
UNRESOLVED: libffi.call/cls_dbls_struct.c -O2 compilation failed to produce executable
FAIL: libffi.call/cls_double.c -O2 (test for excess errors)
UNRESOLVED: libffi.call/cls_double.c -O2 compilation failed to produce executable
FAIL: libffi.call/cls_double_va.c -O2 (test for excess errors)
UNRESOLVED: libffi.call/cls_double_va.c -O2 compilation failed to produce executable
FAIL: libffi.call/cls_float.c -O2 (test for excess errors)
UNRESOLVED: libffi.call/cls_float.c -O2 compilation failed to produce executable
FAIL: libffi.call/cls_longdouble.c -O2 (test for excess errors)
UNRESOLVED: libffi.call/cls_longdouble.c -O2 compilation failed to produce executable
FAIL: libffi.call/cls_longdouble_va.c -O2 (test for excess errors)
UNRESOLVED: libffi.call/cls_longdouble_va.c -O2 compilation failed to produce executable
FAIL: libffi.call/cls_multi_schar.c -O2 (test for excess errors)
UNRESOLVED: libffi.call/cls_multi_schar.c -O2 compilation failed to produce executable
FAIL: libffi.call/cls_multi_sshort.c -O2 (test for excess errors)
UNRESOLVED: libffi.call/cls_multi_sshort.c -O2 compilation failed to produce executable
FAIL: libffi.call/cls_multi_sshortchar.c -O2 (test for excess errors)
UNRESOLVED: libffi.call/cls_multi_sshortchar.c -O2 compilation failed to produce executable
FAIL: libffi.call/cls_multi_uchar.c -O2 (test for excess errors)
UNRESOLVED: libffi.call/cls_multi_uchar.c -O2 compilation failed to produce executable
FAIL: libffi.call/cls_multi_ushort.c -O2 (test for excess errors)
UNRESOLVED: libffi.call/cls_multi_ushort.c -O2 compilation failed to produce executable
FAIL: libffi.call/cls_multi_ushortchar.c -O2 (test for excess errors)
UNRESOLVED: libffi.call/cls_multi_ushortchar.c -O2 compilation failed to produce executable
FAIL: libffi.call/cls_pointer.c -O2 (test for excess errors)
UNRESOLVED: libffi.call/cls_pointer.c -O2 compilation failed to produce executable
FAIL: libffi.call/cls_pointer_stack.c -O2 (test for excess errors)
UNRESOLVED: libffi.call/cls_pointer_stack.c -O2 compilation failed to produce executable
FAIL: libffi.call/cls_schar.c -O2 (test for excess errors)
UNRESOLVED: libffi.call/cls_schar.c -O2 compilation failed to produce executable
FAIL: libffi.call/cls_sint.c -O2 (test for excess errors)
UNRESOLVED: libffi.call/cls_sint.c -O2 compilation failed to produce executable
FAIL: libffi.call/cls_sshort.c -O2 (test for excess errors)
UNRESOLVED: libffi.call/cls_sshort.c -O2 compilation failed to produce executable
FAIL: libffi.call/cls_uchar.c -O2 (test for excess errors)
UNRESOLVED: libffi.call/cls_uchar.c -O2 compilation failed to produce executable
FAIL: libffi.call/cls_uint.c -O2 (test for excess errors)
UNRESOLVED: libffi.call/cls_uint.c -O2 compilation failed to produce executable
FAIL: libffi.call/cls_ulonglong.c -O2 (test for excess errors)
UNRESOLVED: libffi.call/cls_ulonglong.c -O2 compilation failed to produce executable
FAIL: libffi.call/cls_ushort.c -O2 (test for excess errors)
UNRESOLVED: libffi.call/cls_ushort.c -O2 compilation failed to produce executable
FAIL: libffi.call/err_bad_abi.c -O2 (test for excess errors)
UNRESOLVED: libffi.call/err_bad_abi.c -O2 compilation failed to produce executable
FAIL: libffi.call/err_bad_typedef.c -O2 (test for excess errors)
UNRESOLVED: libffi.call/err_bad_typedef.c -O2 compilation failed to produce executable
FAIL: libffi.call/float.c -O2 (test for excess errors)
UNRESOLVED: libffi.call/float.c -O2 compilation failed to produce executable
FAIL: libffi.call/float1.c -O2 (test for excess errors)
UNRESOLVED: libffi.call/float1.c -O2 compilation failed to produce executable
FAIL: libffi.call/float2.c -O2 (test for excess errors)
UNRESOLVED: libffi.call/float2.c -O2 compilation failed to produce executable
FAIL: libffi.call/float3.c -O2 (test for excess errors)
UNRESOLVED: libffi.call/float3.c -O2 compilation failed to produce executable
FAIL: libffi.call/float4.c -O2 (test for excess errors)
UNRESOLVED: libffi.call/float4.c -O2 compilation failed to produce executable
FAIL: libffi.call/many.c -O2 (test for excess errors)
UNRESOLVED: libffi.call/many.c -O2 compilation failed to produce executable
FAIL: libffi.call/negint.c -O2 (test for excess errors)
UNRESOLVED: libffi.call/negint.c -O2 compilation failed to produce executable
FAIL: libffi.call/nested_struct.c -O2 (test for excess errors)
UNRESOLVED: libffi.call/nested_struct.c -O2 compilation failed to produce executable
FAIL: libffi.call/nested_struct1.c -O2 (test for excess errors)
UNRESOLVED: libffi.call/nested_struct1.c -O2 compilation failed to produce executable
FAIL: libffi.call/nested_struct10.c -O2 (test for excess errors)
UNRESOLVED: libffi.call/nested_struct10.c -O2 compilation failed to produce executable
FAIL: libffi.call/nested_struct2.c -O2 (test for excess errors)
UNRESOLVED: libffi.call/nested_struct2.c -O2 compilation failed to produce executable
FAIL: libffi.call/nested_struct3.c -O2 (test for excess errors)
UNRESOLVED: libffi.call/nested_struct3.c -O2 compilation failed to produce executable
FAIL: libffi.call/nested_struct4.c -O2 (test for excess errors)
UNRESOLVED: libffi.call/nested_struct4.c -O2 compilation failed to produce executable
FAIL: libffi.call/nested_struct5.c -O2 (test for excess errors)
UNRESOLVED: libffi.call/nested_struct5.c -O2 compilation failed to produce executable
FAIL: libffi.call/nested_struct6.c -O2 (test for excess errors)
UNRESOLVED: libffi.call/nested_struct6.c -O2 compilation failed to produce executable
FAIL: libffi.call/nested_struct7.c -O2 (test for excess errors)
UNRESOLVED: libffi.call/nested_struct7.c -O2 compilation failed to produce executable
FAIL: libffi.call/nested_struct8.c -O2 (test for excess errors)
UNRESOLVED: libffi.call/nested_struct8.c -O2 compilation failed to produce executable
FAIL: libffi.call/nested_struct9.c -O2 (test for excess errors)
UNRESOLVED: libffi.call/nested_struct9.c -O2 compilation failed to produce executable
FAIL: libffi.call/problem1.c -O2 (test for excess errors)
UNRESOLVED: libffi.call/problem1.c -O2 compilation failed to produce executable
FAIL: libffi.call/promotion.c -O2 (test for excess errors)
UNRESOLVED: libffi.call/promotion.c -O2 compilation failed to produce executable
FAIL: libffi.call/pyobjc-tc.c -O2 (test for excess errors)
UNRESOLVED: libffi.call/pyobjc-tc.c -O2 compilation failed to produce executable
FAIL: libffi.call/return_dbl.c -O2 (test for excess errors)
UNRESOLVED: libffi.call/return_dbl.c -O2 compilation failed to produce executable
FAIL: libffi.call/return_dbl1.c -O2 (test for excess errors)
UNRESOLVED: libffi.call/return_dbl1.c -O2 compilation failed to produce executable
FAIL: libffi.call/return_dbl2.c -O2 (test for excess errors)
UNRESOLVED: libffi.call/return_dbl2.c -O2 compilation failed to produce executable
FAIL: libffi.call/return_fl.c -O2 (test for excess errors)
UNRESOLVED: libffi.call/return_fl.c -O2 compilation failed to produce executable
FAIL: libffi.call/return_fl1.c -O2 (test for excess errors)
UNRESOLVED: libffi.call/return_fl1.c -O2 compilation failed to produce executable
FAIL: libffi.call/return_fl2.c -O2 (test for excess errors)
UNRESOLVED: libffi.call/return_fl2.c -O2 compilation failed to produce executable
FAIL: libffi.call/return_fl3.c -O2 (test for excess errors)
UNRESOLVED: libffi.call/return_fl3.c -O2 compilation failed to produce executable
FAIL: libffi.call/return_ldl.c -O2 (test for excess errors)
UNRESOLVED: libffi.call/return_ldl.c -O2 compilation failed to produce executable
FAIL: libffi.call/return_ll.c -O2 (test for excess errors)
UNRESOLVED: libffi.call/return_ll.c -O2 compilation failed to produce executable
FAIL: libffi.call/return_ll1.c -O2 (test for excess errors)
UNRESOLVED: libffi.call/return_ll1.c -O2 compilation failed to produce executable
FAIL: libffi.call/return_sc.c -O2 (test for excess errors)
UNRESOLVED: libffi.call/return_sc.c -O2 compilation failed to produce executable
FAIL: libffi.call/return_sl.c -O2 (test for excess errors)
UNRESOLVED: libffi.call/return_sl.c -O2 compilation failed to produce executable
FAIL: libffi.call/return_uc.c -O2 (test for excess errors)
UNRESOLVED: libffi.call/return_uc.c -O2 compilation failed to produce executable
FAIL: libffi.call/return_ul.c -O2 (test for excess errors)
UNRESOLVED: libffi.call/return_ul.c -O2 compilation failed to produce executable
FAIL: libffi.call/stret_large.c -O2 (test for excess errors)
UNRESOLVED: libffi.call/stret_large.c -O2 compilation failed to produce executable
FAIL: libffi.call/stret_large2.c -O2 (test for excess errors)
UNRESOLVED: libffi.call/stret_large2.c -O2 compilation failed to produce executable
FAIL: libffi.call/stret_medium.c -O2 (test for excess errors)
UNRESOLVED: libffi.call/stret_medium.c -O2 compilation failed to produce executable
FAIL: libffi.call/stret_medium2.c -O2 (test for excess errors)
UNRESOLVED: libffi.call/stret_medium2.c -O2 compilation failed to produce executable
FAIL: libffi.call/strlen.c -O2 (test for excess errors)
UNRESOLVED: libffi.call/strlen.c -O2 compilation failed to produce executable
FAIL: libffi.call/struct1.c -O2 (test for excess errors)
UNRESOLVED: libffi.call/struct1.c -O2 compilation failed to produce executable
FAIL: libffi.call/struct2.c -O2 (test for excess errors)
UNRESOLVED: libffi.call/struct2.c -O2 compilation failed to produce executable
FAIL: libffi.call/struct3.c -O2 (test for excess errors)
UNRESOLVED: libffi.call/struct3.c -O2 compilation failed to produce executable
FAIL: libffi.call/struct4.c -O2 (test for excess errors)
UNRESOLVED: libffi.call/struct4.c -O2 compilation failed to produce executable
FAIL: libffi.call/struct5.c -O2 (test for excess errors)
UNRESOLVED: libffi.call/struct5.c -O2 compilation failed to produce executable
FAIL: libffi.call/struct6.c -O2 (test for excess errors)
UNRESOLVED: libffi.call/struct6.c -O2 compilation failed to produce executable
FAIL: libffi.call/struct7.c -O2 (test for excess errors)
UNRESOLVED: libffi.call/struct7.c -O2 compilation failed to produce executable
FAIL: libffi.call/struct8.c -O2 (test for excess errors)
UNRESOLVED: libffi.call/struct8.c -O2 compilation failed to produce executable
FAIL: libffi.call/struct9.c -O2 (test for excess errors)
UNRESOLVED: libffi.call/struct9.c -O2 compilation failed to produce executable
FAIL: libffi.call/testclosure.c -O2 (test for excess errors)
UNRESOLVED: libffi.call/testclosure.c -O2 compilation failed to produce executable
FAIL: libffi.call/closure_fn0.c -O3 (test for excess errors)
UNRESOLVED: libffi.call/closure_fn0.c -O3 compilation failed to produce executable
FAIL: libffi.call/closure_fn1.c -O3 (test for excess errors)
UNRESOLVED: libffi.call/closure_fn1.c -O3 compilation failed to produce executable
FAIL: libffi.call/closure_fn2.c -O3 (test for excess errors)
UNRESOLVED: libffi.call/closure_fn2.c -O3 compilation failed to produce executable
FAIL: libffi.call/closure_fn3.c -O3 (test for excess errors)
UNRESOLVED: libffi.call/closure_fn3.c -O3 compilation failed to produce executable
FAIL: libffi.call/closure_fn4.c -O3 (test for excess errors)
UNRESOLVED: libffi.call/closure_fn4.c -O3 compilation failed to produce executable
FAIL: libffi.call/closure_fn5.c -O3 (test for excess errors)
UNRESOLVED: libffi.call/closure_fn5.c -O3 compilation failed to produce executable
FAIL: libffi.call/closure_fn6.c -O3 (test for excess errors)
UNRESOLVED: libffi.call/closure_fn6.c -O3 compilation failed to produce executable
FAIL: libffi.call/closure_loc_fn0.c -O3 (test for excess errors)
UNRESOLVED: libffi.call/closure_loc_fn0.c -O3 compilation failed to produce executable
FAIL: libffi.call/cls_12byte.c -O3 (test for excess errors)
UNRESOLVED: libffi.call/cls_12byte.c -O3 compilation failed to produce executable
FAIL: libffi.call/cls_16byte.c -O3 (test for excess errors)
UNRESOLVED: libffi.call/cls_16byte.c -O3 compilation failed to produce executable
FAIL: libffi.call/cls_18byte.c -O3 (test for excess errors)
UNRESOLVED: libffi.call/cls_18byte.c -O3 compilation failed to produce executable
FAIL: libffi.call/cls_19byte.c -O3 (test for excess errors)
UNRESOLVED: libffi.call/cls_19byte.c -O3 compilation failed to produce executable
FAIL: libffi.call/cls_1_1byte.c -O3 (test for excess errors)
UNRESOLVED: libffi.call/cls_1_1byte.c -O3 compilation failed to produce executable
FAIL: libffi.call/cls_20byte.c -O3 (test for excess errors)
UNRESOLVED: libffi.call/cls_20byte.c -O3 compilation failed to produce executable
FAIL: libffi.call/cls_20byte1.c -O3 (test for excess errors)
UNRESOLVED: libffi.call/cls_20byte1.c -O3 compilation failed to produce executable
FAIL: libffi.call/cls_24byte.c -O3 (test for excess errors)
UNRESOLVED: libffi.call/cls_24byte.c -O3 compilation failed to produce executable
FAIL: libffi.call/cls_2byte.c -O3 (test for excess errors)
UNRESOLVED: libffi.call/cls_2byte.c -O3 compilation failed to produce executable
FAIL: libffi.call/cls_3_1byte.c -O3 (test for excess errors)
UNRESOLVED: libffi.call/cls_3_1byte.c -O3 compilation failed to produce executable
FAIL: libffi.call/cls_3byte1.c -O3 (test for excess errors)
UNRESOLVED: libffi.call/cls_3byte1.c -O3 compilation failed to produce executable
FAIL: libffi.call/cls_3byte2.c -O3 (test for excess errors)
UNRESOLVED: libffi.call/cls_3byte2.c -O3 compilation failed to produce executable
FAIL: libffi.call/cls_4_1byte.c -O3 (test for excess errors)
UNRESOLVED: libffi.call/cls_4_1byte.c -O3 compilation failed to produce executable
FAIL: libffi.call/cls_4byte.c -O3 (test for excess errors)
UNRESOLVED: libffi.call/cls_4byte.c -O3 compilation failed to produce executable
FAIL: libffi.call/cls_5_1_byte.c -O3 (test for excess errors)
UNRESOLVED: libffi.call/cls_5_1_byte.c -O3 compilation failed to produce executable
FAIL: libffi.call/cls_5byte.c -O3 (test for excess errors)
UNRESOLVED: libffi.call/cls_5byte.c -O3 compilation failed to produce executable
FAIL: libffi.call/cls_64byte.c -O3 (test for excess errors)
UNRESOLVED: libffi.call/cls_64byte.c -O3 compilation failed to produce executable
FAIL: libffi.call/cls_6_1_byte.c -O3 (test for excess errors)
UNRESOLVED: libffi.call/cls_6_1_byte.c -O3 compilation failed to produce executable
FAIL: libffi.call/cls_6byte.c -O3 (test for excess errors)
UNRESOLVED: libffi.call/cls_6byte.c -O3 compilation failed to produce executable
FAIL: libffi.call/cls_7_1_byte.c -O3 (test for excess errors)
UNRESOLVED: libffi.call/cls_7_1_byte.c -O3 compilation failed to produce executable
FAIL: libffi.call/cls_7byte.c -O3 (test for excess errors)
UNRESOLVED: libffi.call/cls_7byte.c -O3 compilation failed to produce executable
FAIL: libffi.call/cls_8byte.c -O3 (test for excess errors)
UNRESOLVED: libffi.call/cls_8byte.c -O3 compilation failed to produce executable
FAIL: libffi.call/cls_9byte1.c -O3 (test for excess errors)
UNRESOLVED: libffi.call/cls_9byte1.c -O3 compilation failed to produce executable
FAIL: libffi.call/cls_9byte2.c -O3 (test for excess errors)
UNRESOLVED: libffi.call/cls_9byte2.c -O3 compilation failed to produce executable
FAIL: libffi.call/cls_align_double.c -O3 (test for excess errors)
UNRESOLVED: libffi.call/cls_align_double.c -O3 compilation failed to produce executable
FAIL: libffi.call/cls_align_float.c -O3 (test for excess errors)
UNRESOLVED: libffi.call/cls_align_float.c -O3 compilation failed to produce executable
FAIL: libffi.call/cls_align_longdouble.c -O3 (test for excess errors)
UNRESOLVED: libffi.call/cls_align_longdouble.c -O3 compilation failed to produce executable
FAIL: libffi.call/cls_align_longdouble_split.c -O3 (test for excess errors)
UNRESOLVED: libffi.call/cls_align_longdouble_split.c -O3 compilation failed to produce executable
FAIL: libffi.call/cls_align_longdouble_split2.c -O3 (test for excess errors)
UNRESOLVED: libffi.call/cls_align_longdouble_split2.c -O3 compilation failed to produce executable
FAIL: libffi.call/cls_align_pointer.c -O3 (test for excess errors)
UNRESOLVED: libffi.call/cls_align_pointer.c -O3 compilation failed to produce executable
FAIL: libffi.call/cls_align_sint16.c -O3 (test for excess errors)
UNRESOLVED: libffi.call/cls_align_sint16.c -O3 compilation failed to produce executable
FAIL: libffi.call/cls_align_sint32.c -O3 (test for excess errors)
UNRESOLVED: libffi.call/cls_align_sint32.c -O3 compilation failed to produce executable
FAIL: libffi.call/cls_align_sint64.c -O3 (test for excess errors)
UNRESOLVED: libffi.call/cls_align_sint64.c -O3 compilation failed to produce executable
FAIL: libffi.call/cls_align_uint16.c -O3 (test for excess errors)
UNRESOLVED: libffi.call/cls_align_uint16.c -O3 compilation failed to produce executable
FAIL: libffi.call/cls_align_uint32.c -O3 (test for excess errors)
UNRESOLVED: libffi.call/cls_align_uint32.c -O3 compilation failed to produce executable
FAIL: libffi.call/cls_align_uint64.c -O3 (test for excess errors)
UNRESOLVED: libffi.call/cls_align_uint64.c -O3 compilation failed to produce executable
FAIL: libffi.call/cls_dbls_struct.c -O3 (test for excess errors)
UNRESOLVED: libffi.call/cls_dbls_struct.c -O3 compilation failed to produce executable
FAIL: libffi.call/cls_double.c -O3 (test for excess errors)
UNRESOLVED: libffi.call/cls_double.c -O3 compilation failed to produce executable
FAIL: libffi.call/cls_double_va.c -O3 (test for excess errors)
UNRESOLVED: libffi.call/cls_double_va.c -O3 compilation failed to produce executable
FAIL: libffi.call/cls_float.c -O3 (test for excess errors)
UNRESOLVED: libffi.call/cls_float.c -O3 compilation failed to produce executable
FAIL: libffi.call/cls_longdouble.c -O3 (test for excess errors)
UNRESOLVED: libffi.call/cls_longdouble.c -O3 compilation failed to produce executable
FAIL: libffi.call/cls_longdouble_va.c -O3 (test for excess errors)
UNRESOLVED: libffi.call/cls_longdouble_va.c -O3 compilation failed to produce executable
FAIL: libffi.call/cls_multi_schar.c -O3 (test for excess errors)
UNRESOLVED: libffi.call/cls_multi_schar.c -O3 compilation failed to produce executable
FAIL: libffi.call/cls_multi_sshort.c -O3 (test for excess errors)
UNRESOLVED: libffi.call/cls_multi_sshort.c -O3 compilation failed to produce executable
FAIL: libffi.call/cls_multi_sshortchar.c -O3 (test for excess errors)
UNRESOLVED: libffi.call/cls_multi_sshortchar.c -O3 compilation failed to produce executable
FAIL: libffi.call/cls_multi_uchar.c -O3 (test for excess errors)
UNRESOLVED: libffi.call/cls_multi_uchar.c -O3 compilation failed to produce executable
FAIL: libffi.call/cls_multi_ushort.c -O3 (test for excess errors)
UNRESOLVED: libffi.call/cls_multi_ushort.c -O3 compilation failed to produce executable
FAIL: libffi.call/cls_multi_ushortchar.c -O3 (test for excess errors)
UNRESOLVED: libffi.call/cls_multi_ushortchar.c -O3 compilation failed to produce executable
FAIL: libffi.call/cls_pointer.c -O3 (test for excess errors)
UNRESOLVED: libffi.call/cls_pointer.c -O3 compilation failed to produce executable
FAIL: libffi.call/cls_pointer_stack.c -O3 (test for excess errors)
UNRESOLVED: libffi.call/cls_pointer_stack.c -O3 compilation failed to produce executable
FAIL: libffi.call/cls_schar.c -O3 (test for excess errors)
UNRESOLVED: libffi.call/cls_schar.c -O3 compilation failed to produce executable
FAIL: libffi.call/cls_sint.c -O3 (test for excess errors)
UNRESOLVED: libffi.call/cls_sint.c -O3 compilation failed to produce executable
FAIL: libffi.call/cls_sshort.c -O3 (test for excess errors)
UNRESOLVED: libffi.call/cls_sshort.c -O3 compilation failed to produce executable
FAIL: libffi.call/cls_uchar.c -O3 (test for excess errors)
UNRESOLVED: libffi.call/cls_uchar.c -O3 compilation failed to produce executable
FAIL: libffi.call/cls_uint.c -O3 (test for excess errors)
UNRESOLVED: libffi.call/cls_uint.c -O3 compilation failed to produce executable
FAIL: libffi.call/cls_ulonglong.c -O3 (test for excess errors)
UNRESOLVED: libffi.call/cls_ulonglong.c -O3 compilation failed to produce executable
FAIL: libffi.call/cls_ushort.c -O3 (test for excess errors)
UNRESOLVED: libffi.call/cls_ushort.c -O3 compilation failed to produce executable
FAIL: libffi.call/err_bad_abi.c -O3 (test for excess errors)
UNRESOLVED: libffi.call/err_bad_abi.c -O3 compilation failed to produce executable
FAIL: libffi.call/err_bad_typedef.c -O3 (test for excess errors)
UNRESOLVED: libffi.call/err_bad_typedef.c -O3 compilation failed to produce executable
FAIL: libffi.call/float.c -O3 (test for excess errors)
UNRESOLVED: libffi.call/float.c -O3 compilation failed to produce executable
FAIL: libffi.call/float1.c -O3 (test for excess errors)
UNRESOLVED: libffi.call/float1.c -O3 compilation failed to produce executable
FAIL: libffi.call/float2.c -O3 (test for excess errors)
UNRESOLVED: libffi.call/float2.c -O3 compilation failed to produce executable
FAIL: libffi.call/float3.c -O3 (test for excess errors)
UNRESOLVED: libffi.call/float3.c -O3 compilation failed to produce executable
FAIL: libffi.call/float4.c -O3 (test for excess errors)
UNRESOLVED: libffi.call/float4.c -O3 compilation failed to produce executable
FAIL: libffi.call/many.c -O3 (test for excess errors)
UNRESOLVED: libffi.call/many.c -O3 compilation failed to produce executable
FAIL: libffi.call/negint.c -O3 (test for excess errors)
UNRESOLVED: libffi.call/negint.c -O3 compilation failed to produce executable
FAIL: libffi.call/nested_struct.c -O3 (test for excess errors)
UNRESOLVED: libffi.call/nested_struct.c -O3 compilation failed to produce executable
FAIL: libffi.call/nested_struct1.c -O3 (test for excess errors)
UNRESOLVED: libffi.call/nested_struct1.c -O3 compilation failed to produce executable
FAIL: libffi.call/nested_struct10.c -O3 (test for excess errors)
UNRESOLVED: libffi.call/nested_struct10.c -O3 compilation failed to produce executable
FAIL: libffi.call/nested_struct2.c -O3 (test for excess errors)
UNRESOLVED: libffi.call/nested_struct2.c -O3 compilation failed to produce executable
FAIL: libffi.call/nested_struct3.c -O3 (test for excess errors)
UNRESOLVED: libffi.call/nested_struct3.c -O3 compilation failed to produce executable
FAIL: libffi.call/nested_struct4.c -O3 (test for excess errors)
UNRESOLVED: libffi.call/nested_struct4.c -O3 compilation failed to produce executable
FAIL: libffi.call/nested_struct5.c -O3 (test for excess errors)
UNRESOLVED: libffi.call/nested_struct5.c -O3 compilation failed to produce executable
FAIL: libffi.call/nested_struct6.c -O3 (test for excess errors)
UNRESOLVED: libffi.call/nested_struct6.c -O3 compilation failed to produce executable
FAIL: libffi.call/nested_struct7.c -O3 (test for excess errors)
UNRESOLVED: libffi.call/nested_struct7.c -O3 compilation failed to produce executable
FAIL: libffi.call/nested_struct8.c -O3 (test for excess errors)
UNRESOLVED: libffi.call/nested_struct8.c -O3 compilation failed to produce executable
FAIL: libffi.call/nested_struct9.c -O3 (test for excess errors)
UNRESOLVED: libffi.call/nested_struct9.c -O3 compilation failed to produce executable
FAIL: libffi.call/problem1.c -O3 (test for excess errors)
UNRESOLVED: libffi.call/problem1.c -O3 compilation failed to produce executable
FAIL: libffi.call/promotion.c -O3 (test for excess errors)
UNRESOLVED: libffi.call/promotion.c -O3 compilation failed to produce executable
FAIL: libffi.call/pyobjc-tc.c -O3 (test for excess errors)
UNRESOLVED: libffi.call/pyobjc-tc.c -O3 compilation failed to produce executable
FAIL: libffi.call/return_dbl.c -O3 (test for excess errors)
UNRESOLVED: libffi.call/return_dbl.c -O3 compilation failed to produce executable
FAIL: libffi.call/return_dbl1.c -O3 (test for excess errors)
UNRESOLVED: libffi.call/return_dbl1.c -O3 compilation failed to produce executable
FAIL: libffi.call/return_dbl2.c -O3 (test for excess errors)
UNRESOLVED: libffi.call/return_dbl2.c -O3 compilation failed to produce executable
FAIL: libffi.call/return_fl.c -O3 (test for excess errors)
UNRESOLVED: libffi.call/return_fl.c -O3 compilation failed to produce executable
FAIL: libffi.call/return_fl1.c -O3 (test for excess errors)
UNRESOLVED: libffi.call/return_fl1.c -O3 compilation failed to produce executable
FAIL: libffi.call/return_fl2.c -O3 (test for excess errors)
UNRESOLVED: libffi.call/return_fl2.c -O3 compilation failed to produce executable
FAIL: libffi.call/return_fl3.c -O3 (test for excess errors)
UNRESOLVED: libffi.call/return_fl3.c -O3 compilation failed to produce executable
FAIL: libffi.call/return_ldl.c -O3 (test for excess errors)
UNRESOLVED: libffi.call/return_ldl.c -O3 compilation failed to produce executable
FAIL: libffi.call/return_ll.c -O3 (test for excess errors)
UNRESOLVED: libffi.call/return_ll.c -O3 compilation failed to produce executable
FAIL: libffi.call/return_ll1.c -O3 (test for excess errors)
UNRESOLVED: libffi.call/return_ll1.c -O3 compilation failed to produce executable
FAIL: libffi.call/return_sc.c -O3 (test for excess errors)
UNRESOLVED: libffi.call/return_sc.c -O3 compilation failed to produce executable
FAIL: libffi.call/return_sl.c -O3 (test for excess errors)
UNRESOLVED: libffi.call/return_sl.c -O3 compilation failed to produce executable
FAIL: libffi.call/return_uc.c -O3 (test for excess errors)
UNRESOLVED: libffi.call/return_uc.c -O3 compilation failed to produce executable
FAIL: libffi.call/return_ul.c -O3 (test for excess errors)
UNRESOLVED: libffi.call/return_ul.c -O3 compilation failed to produce executable
FAIL: libffi.call/stret_large.c -O3 (test for excess errors)
UNRESOLVED: libffi.call/stret_large.c -O3 compilation failed to produce executable
FAIL: libffi.call/stret_large2.c -O3 (test for excess errors)
UNRESOLVED: libffi.call/stret_large2.c -O3 compilation failed to produce executable
FAIL: libffi.call/stret_medium.c -O3 (test for excess errors)
UNRESOLVED: libffi.call/stret_medium.c -O3 compilation failed to produce executable
FAIL: libffi.call/stret_medium2.c -O3 (test for excess errors)
UNRESOLVED: libffi.call/stret_medium2.c -O3 compilation failed to produce executable
FAIL: libffi.call/strlen.c -O3 (test for excess errors)
UNRESOLVED: libffi.call/strlen.c -O3 compilation failed to produce executable
FAIL: libffi.call/struct1.c -O3 (test for excess errors)
UNRESOLVED: libffi.call/struct1.c -O3 compilation failed to produce executable
FAIL: libffi.call/struct2.c -O3 (test for excess errors)
UNRESOLVED: libffi.call/struct2.c -O3 compilation failed to produce executable
FAIL: libffi.call/struct3.c -O3 (test for excess errors)
UNRESOLVED: libffi.call/struct3.c -O3 compilation failed to produce executable
FAIL: libffi.call/struct4.c -O3 (test for excess errors)
UNRESOLVED: libffi.call/struct4.c -O3 compilation failed to produce executable
FAIL: libffi.call/struct5.c -O3 (test for excess errors)
UNRESOLVED: libffi.call/struct5.c -O3 compilation failed to produce executable
FAIL: libffi.call/struct6.c -O3 (test for excess errors)
UNRESOLVED: libffi.call/struct6.c -O3 compilation failed to produce executable
FAIL: libffi.call/struct7.c -O3 (test for excess errors)
UNRESOLVED: libffi.call/struct7.c -O3 compilation failed to produce executable
FAIL: libffi.call/struct8.c -O3 (test for excess errors)
UNRESOLVED: libffi.call/struct8.c -O3 compilation failed to produce executable
FAIL: libffi.call/struct9.c -O3 (test for excess errors)
UNRESOLVED: libffi.call/struct9.c -O3 compilation failed to produce executable
FAIL: libffi.call/testclosure.c -O3 (test for excess errors)
UNRESOLVED: libffi.call/testclosure.c -O3 compilation failed to produce executable
FAIL: libffi.call/closure_fn0.c -Os (test for excess errors)
UNRESOLVED: libffi.call/closure_fn0.c -Os compilation failed to produce executable
FAIL: libffi.call/closure_fn1.c -Os (test for excess errors)
UNRESOLVED: libffi.call/closure_fn1.c -Os compilation failed to produce executable
FAIL: libffi.call/closure_fn2.c -Os (test for excess errors)
UNRESOLVED: libffi.call/closure_fn2.c -Os compilation failed to produce executable
FAIL: libffi.call/closure_fn3.c -Os (test for excess errors)
UNRESOLVED: libffi.call/closure_fn3.c -Os compilation failed to produce executable
FAIL: libffi.call/closure_fn4.c -Os (test for excess errors)
UNRESOLVED: libffi.call/closure_fn4.c -Os compilation failed to produce executable
FAIL: libffi.call/closure_fn5.c -Os (test for excess errors)
UNRESOLVED: libffi.call/closure_fn5.c -Os compilation failed to produce executable
FAIL: libffi.call/closure_fn6.c -Os (test for excess errors)
UNRESOLVED: libffi.call/closure_fn6.c -Os compilation failed to produce executable
FAIL: libffi.call/closure_loc_fn0.c -Os (test for excess errors)
UNRESOLVED: libffi.call/closure_loc_fn0.c -Os compilation failed to produce executable
FAIL: libffi.call/cls_12byte.c -Os (test for excess errors)
UNRESOLVED: libffi.call/cls_12byte.c -Os compilation failed to produce executable
FAIL: libffi.call/cls_16byte.c -Os (test for excess errors)
UNRESOLVED: libffi.call/cls_16byte.c -Os compilation failed to produce executable
FAIL: libffi.call/cls_18byte.c -Os (test for excess errors)
UNRESOLVED: libffi.call/cls_18byte.c -Os compilation failed to produce executable
FAIL: libffi.call/cls_19byte.c -Os (test for excess errors)
UNRESOLVED: libffi.call/cls_19byte.c -Os compilation failed to produce executable
FAIL: libffi.call/cls_1_1byte.c -Os (test for excess errors)
UNRESOLVED: libffi.call/cls_1_1byte.c -Os compilation failed to produce executable
FAIL: libffi.call/cls_20byte.c -Os (test for excess errors)
UNRESOLVED: libffi.call/cls_20byte.c -Os compilation failed to produce executable
FAIL: libffi.call/cls_20byte1.c -Os (test for excess errors)
UNRESOLVED: libffi.call/cls_20byte1.c -Os compilation failed to produce executable
FAIL: libffi.call/cls_24byte.c -Os (test for excess errors)
UNRESOLVED: libffi.call/cls_24byte.c -Os compilation failed to produce executable
FAIL: libffi.call/cls_2byte.c -Os (test for excess errors)
UNRESOLVED: libffi.call/cls_2byte.c -Os compilation failed to produce executable
FAIL: libffi.call/cls_3_1byte.c -Os (test for excess errors)
UNRESOLVED: libffi.call/cls_3_1byte.c -Os compilation failed to produce executable
FAIL: libffi.call/cls_3byte1.c -Os (test for excess errors)
UNRESOLVED: libffi.call/cls_3byte1.c -Os compilation failed to produce executable
FAIL: libffi.call/cls_3byte2.c -Os (test for excess errors)
UNRESOLVED: libffi.call/cls_3byte2.c -Os compilation failed to produce executable
FAIL: libffi.call/cls_4_1byte.c -Os (test for excess errors)
UNRESOLVED: libffi.call/cls_4_1byte.c -Os compilation failed to produce executable
FAIL: libffi.call/cls_4byte.c -Os (test for excess errors)
UNRESOLVED: libffi.call/cls_4byte.c -Os compilation failed to produce executable
FAIL: libffi.call/cls_5_1_byte.c -Os (test for excess errors)
UNRESOLVED: libffi.call/cls_5_1_byte.c -Os compilation failed to produce executable
FAIL: libffi.call/cls_5byte.c -Os (test for excess errors)
UNRESOLVED: libffi.call/cls_5byte.c -Os compilation failed to produce executable
FAIL: libffi.call/cls_64byte.c -Os (test for excess errors)
UNRESOLVED: libffi.call/cls_64byte.c -Os compilation failed to produce executable
FAIL: libffi.call/cls_6_1_byte.c -Os (test for excess errors)
UNRESOLVED: libffi.call/cls_6_1_byte.c -Os compilation failed to produce executable
FAIL: libffi.call/cls_6byte.c -Os (test for excess errors)
UNRESOLVED: libffi.call/cls_6byte.c -Os compilation failed to produce executable
FAIL: libffi.call/cls_7_1_byte.c -Os (test for excess errors)
UNRESOLVED: libffi.call/cls_7_1_byte.c -Os compilation failed to produce executable
FAIL: libffi.call/cls_7byte.c -Os (test for excess errors)
UNRESOLVED: libffi.call/cls_7byte.c -Os compilation failed to produce executable
FAIL: libffi.call/cls_8byte.c -Os (test for excess errors)
UNRESOLVED: libffi.call/cls_8byte.c -Os compilation failed to produce executable
FAIL: libffi.call/cls_9byte1.c -Os (test for excess errors)
UNRESOLVED: libffi.call/cls_9byte1.c -Os compilation failed to produce executable
FAIL: libffi.call/cls_9byte2.c -Os (test for excess errors)
UNRESOLVED: libffi.call/cls_9byte2.c -Os compilation failed to produce executable
FAIL: libffi.call/cls_align_double.c -Os (test for excess errors)
UNRESOLVED: libffi.call/cls_align_double.c -Os compilation failed to produce executable
FAIL: libffi.call/cls_align_float.c -Os (test for excess errors)
UNRESOLVED: libffi.call/cls_align_float.c -Os compilation failed to produce executable
FAIL: libffi.call/cls_align_longdouble.c -Os (test for excess errors)
UNRESOLVED: libffi.call/cls_align_longdouble.c -Os compilation failed to produce executable
FAIL: libffi.call/cls_align_longdouble_split.c -Os (test for excess errors)
UNRESOLVED: libffi.call/cls_align_longdouble_split.c -Os compilation failed to produce executable
FAIL: libffi.call/cls_align_longdouble_split2.c -Os (test for excess errors)
UNRESOLVED: libffi.call/cls_align_longdouble_split2.c -Os compilation failed to produce executable
FAIL: libffi.call/cls_align_pointer.c -Os (test for excess errors)
UNRESOLVED: libffi.call/cls_align_pointer.c -Os compilation failed to produce executable
FAIL: libffi.call/cls_align_sint16.c -Os (test for excess errors)
UNRESOLVED: libffi.call/cls_align_sint16.c -Os compilation failed to produce executable
FAIL: libffi.call/cls_align_sint32.c -Os (test for excess errors)
UNRESOLVED: libffi.call/cls_align_sint32.c -Os compilation failed to produce executable
FAIL: libffi.call/cls_align_sint64.c -Os (test for excess errors)
UNRESOLVED: libffi.call/cls_align_sint64.c -Os compilation failed to produce executable
FAIL: libffi.call/cls_align_uint16.c -Os (test for excess errors)
UNRESOLVED: libffi.call/cls_align_uint16.c -Os compilation failed to produce executable
FAIL: libffi.call/cls_align_uint32.c -Os (test for excess errors)
UNRESOLVED: libffi.call/cls_align_uint32.c -Os compilation failed to produce executable
FAIL: libffi.call/cls_align_uint64.c -Os (test for excess errors)
UNRESOLVED: libffi.call/cls_align_uint64.c -Os compilation failed to produce executable
FAIL: libffi.call/cls_dbls_struct.c -Os (test for excess errors)
UNRESOLVED: libffi.call/cls_dbls_struct.c -Os compilation failed to produce executable
FAIL: libffi.call/cls_double.c -Os (test for excess errors)
UNRESOLVED: libffi.call/cls_double.c -Os compilation failed to produce executable
FAIL: libffi.call/cls_double_va.c -Os (test for excess errors)
UNRESOLVED: libffi.call/cls_double_va.c -Os compilation failed to produce executable
FAIL: libffi.call/cls_float.c -Os (test for excess errors)
UNRESOLVED: libffi.call/cls_float.c -Os compilation failed to produce executable
FAIL: libffi.call/cls_longdouble.c -Os (test for excess errors)
UNRESOLVED: libffi.call/cls_longdouble.c -Os compilation failed to produce executable
FAIL: libffi.call/cls_longdouble_va.c -Os (test for excess errors)
UNRESOLVED: libffi.call/cls_longdouble_va.c -Os compilation failed to produce executable
FAIL: libffi.call/cls_multi_schar.c -Os (test for excess errors)
UNRESOLVED: libffi.call/cls_multi_schar.c -Os compilation failed to produce executable
FAIL: libffi.call/cls_multi_sshort.c -Os (test for excess errors)
UNRESOLVED: libffi.call/cls_multi_sshort.c -Os compilation failed to produce executable
FAIL: libffi.call/cls_multi_sshortchar.c -Os (test for excess errors)
UNRESOLVED: libffi.call/cls_multi_sshortchar.c -Os compilation failed to produce executable
FAIL: libffi.call/cls_multi_uchar.c -Os (test for excess errors)
UNRESOLVED: libffi.call/cls_multi_uchar.c -Os compilation failed to produce executable
FAIL: libffi.call/cls_multi_ushort.c -Os (test for excess errors)
UNRESOLVED: libffi.call/cls_multi_ushort.c -Os compilation failed to produce executable
FAIL: libffi.call/cls_multi_ushortchar.c -Os (test for excess errors)
UNRESOLVED: libffi.call/cls_multi_ushortchar.c -Os compilation failed to produce executable
FAIL: libffi.call/cls_pointer.c -Os (test for excess errors)
UNRESOLVED: libffi.call/cls_pointer.c -Os compilation failed to produce executable
FAIL: libffi.call/cls_pointer_stack.c -Os (test for excess errors)
UNRESOLVED: libffi.call/cls_pointer_stack.c -Os compilation failed to produce executable
FAIL: libffi.call/cls_schar.c -Os (test for excess errors)
UNRESOLVED: libffi.call/cls_schar.c -Os compilation failed to produce executable
FAIL: libffi.call/cls_sint.c -Os (test for excess errors)
UNRESOLVED: libffi.call/cls_sint.c -Os compilation failed to produce executable
FAIL: libffi.call/cls_sshort.c -Os (test for excess errors)
UNRESOLVED: libffi.call/cls_sshort.c -Os compilation failed to produce executable
FAIL: libffi.call/cls_uchar.c -Os (test for excess errors)
UNRESOLVED: libffi.call/cls_uchar.c -Os compilation failed to produce executable
FAIL: libffi.call/cls_uint.c -Os (test for excess errors)
UNRESOLVED: libffi.call/cls_uint.c -Os compilation failed to produce executable
FAIL: libffi.call/cls_ulonglong.c -Os (test for excess errors)
UNRESOLVED: libffi.call/cls_ulonglong.c -Os compilation failed to produce executable
FAIL: libffi.call/cls_ushort.c -Os (test for excess errors)
UNRESOLVED: libffi.call/cls_ushort.c -Os compilation failed to produce executable
FAIL: libffi.call/err_bad_abi.c -Os (test for excess errors)
UNRESOLVED: libffi.call/err_bad_abi.c -Os compilation failed to produce executable
FAIL: libffi.call/err_bad_typedef.c -Os (test for excess errors)
UNRESOLVED: libffi.call/err_bad_typedef.c -Os compilation failed to produce executable
FAIL: libffi.call/float.c -Os (test for excess errors)
UNRESOLVED: libffi.call/float.c -Os compilation failed to produce executable
FAIL: libffi.call/float1.c -Os (test for excess errors)
UNRESOLVED: libffi.call/float1.c -Os compilation failed to produce executable
FAIL: libffi.call/float2.c -Os (test for excess errors)
UNRESOLVED: libffi.call/float2.c -Os compilation failed to produce executable
FAIL: libffi.call/float3.c -Os (test for excess errors)
UNRESOLVED: libffi.call/float3.c -Os compilation failed to produce executable
FAIL: libffi.call/float4.c -Os (test for excess errors)
UNRESOLVED: libffi.call/float4.c -Os compilation failed to produce executable
FAIL: libffi.call/many.c -Os (test for excess errors)
UNRESOLVED: libffi.call/many.c -Os compilation failed to produce executable
FAIL: libffi.call/negint.c -Os (test for excess errors)
UNRESOLVED: libffi.call/negint.c -Os compilation failed to produce executable
FAIL: libffi.call/nested_struct.c -Os (test for excess errors)
UNRESOLVED: libffi.call/nested_struct.c -Os compilation failed to produce executable
FAIL: libffi.call/nested_struct1.c -Os (test for excess errors)
UNRESOLVED: libffi.call/nested_struct1.c -Os compilation failed to produce executable
FAIL: libffi.call/nested_struct10.c -Os (test for excess errors)
UNRESOLVED: libffi.call/nested_struct10.c -Os compilation failed to produce executable
FAIL: libffi.call/nested_struct2.c -Os (test for excess errors)
UNRESOLVED: libffi.call/nested_struct2.c -Os compilation failed to produce executable
FAIL: libffi.call/nested_struct3.c -Os (test for excess errors)
UNRESOLVED: libffi.call/nested_struct3.c -Os compilation failed to produce executable
FAIL: libffi.call/nested_struct4.c -Os (test for excess errors)
UNRESOLVED: libffi.call/nested_struct4.c -Os compilation failed to produce executable
FAIL: libffi.call/nested_struct5.c -Os (test for excess errors)
UNRESOLVED: libffi.call/nested_struct5.c -Os compilation failed to produce executable
FAIL: libffi.call/nested_struct6.c -Os (test for excess errors)
UNRESOLVED: libffi.call/nested_struct6.c -Os compilation failed to produce executable
FAIL: libffi.call/nested_struct7.c -Os (test for excess errors)
UNRESOLVED: libffi.call/nested_struct7.c -Os compilation failed to produce executable
FAIL: libffi.call/nested_struct8.c -Os (test for excess errors)
UNRESOLVED: libffi.call/nested_struct8.c -Os compilation failed to produce executable
FAIL: libffi.call/nested_struct9.c -Os (test for excess errors)
UNRESOLVED: libffi.call/nested_struct9.c -Os compilation failed to produce executable
FAIL: libffi.call/problem1.c -Os (test for excess errors)
UNRESOLVED: libffi.call/problem1.c -Os compilation failed to produce executable
FAIL: libffi.call/promotion.c -Os (test for excess errors)
UNRESOLVED: libffi.call/promotion.c -Os compilation failed to produce executable
FAIL: libffi.call/pyobjc-tc.c -Os (test for excess errors)
UNRESOLVED: libffi.call/pyobjc-tc.c -Os compilation failed to produce executable
FAIL: libffi.call/return_dbl.c -Os (test for excess errors)
UNRESOLVED: libffi.call/return_dbl.c -Os compilation failed to produce executable
FAIL: libffi.call/return_dbl1.c -Os (test for excess errors)
UNRESOLVED: libffi.call/return_dbl1.c -Os compilation failed to produce executable
FAIL: libffi.call/return_dbl2.c -Os (test for excess errors)
UNRESOLVED: libffi.call/return_dbl2.c -Os compilation failed to produce executable
FAIL: libffi.call/return_fl.c -Os (test for excess errors)
UNRESOLVED: libffi.call/return_fl.c -Os compilation failed to produce executable
FAIL: libffi.call/return_fl1.c -Os (test for excess errors)
UNRESOLVED: libffi.call/return_fl1.c -Os compilation failed to produce executable
FAIL: libffi.call/return_fl2.c -Os (test for excess errors)
UNRESOLVED: libffi.call/return_fl2.c -Os compilation failed to produce executable
FAIL: libffi.call/return_fl3.c -Os (test for excess errors)
UNRESOLVED: libffi.call/return_fl3.c -Os compilation failed to produce executable
FAIL: libffi.call/return_ldl.c -Os (test for excess errors)
UNRESOLVED: libffi.call/return_ldl.c -Os compilation failed to produce executable
FAIL: libffi.call/return_ll.c -Os (test for excess errors)
UNRESOLVED: libffi.call/return_ll.c -Os compilation failed to produce executable
FAIL: libffi.call/return_ll1.c -Os (test for excess errors)
UNRESOLVED: libffi.call/return_ll1.c -Os compilation failed to produce executable
FAIL: libffi.call/return_sc.c -Os (test for excess errors)
UNRESOLVED: libffi.call/return_sc.c -Os compilation failed to produce executable
FAIL: libffi.call/return_sl.c -Os (test for excess errors)
UNRESOLVED: libffi.call/return_sl.c -Os compilation failed to produce executable
FAIL: libffi.call/return_uc.c -Os (test for excess errors)
UNRESOLVED: libffi.call/return_uc.c -Os compilation failed to produce executable
FAIL: libffi.call/return_ul.c -Os (test for excess errors)
UNRESOLVED: libffi.call/return_ul.c -Os compilation failed to produce executable
FAIL: libffi.call/stret_large.c -Os (test for excess errors)
UNRESOLVED: libffi.call/stret_large.c -Os compilation failed to produce executable
FAIL: libffi.call/stret_large2.c -Os (test for excess errors)
UNRESOLVED: libffi.call/stret_large2.c -Os compilation failed to produce executable
FAIL: libffi.call/stret_medium.c -Os (test for excess errors)
UNRESOLVED: libffi.call/stret_medium.c -Os compilation failed to produce executable
FAIL: libffi.call/stret_medium2.c -Os (test for excess errors)
UNRESOLVED: libffi.call/stret_medium2.c -Os compilation failed to produce executable
FAIL: libffi.call/strlen.c -Os (test for excess errors)
UNRESOLVED: libffi.call/strlen.c -Os compilation failed to produce executable
FAIL: libffi.call/struct1.c -Os (test for excess errors)
UNRESOLVED: libffi.call/struct1.c -Os compilation failed to produce executable
FAIL: libffi.call/struct2.c -Os (test for excess errors)
UNRESOLVED: libffi.call/struct2.c -Os compilation failed to produce executable
FAIL: libffi.call/struct3.c -Os (test for excess errors)
UNRESOLVED: libffi.call/struct3.c -Os compilation failed to produce executable
FAIL: libffi.call/struct4.c -Os (test for excess errors)
UNRESOLVED: libffi.call/struct4.c -Os compilation failed to produce executable
FAIL: libffi.call/struct5.c -Os (test for excess errors)
UNRESOLVED: libffi.call/struct5.c -Os compilation failed to produce executable
FAIL: libffi.call/struct6.c -Os (test for excess errors)
UNRESOLVED: libffi.call/struct6.c -Os compilation failed to produce executable
FAIL: libffi.call/struct7.c -Os (test for excess errors)
UNRESOLVED: libffi.call/struct7.c -Os compilation failed to produce executable
FAIL: libffi.call/struct8.c -Os (test for excess errors)
UNRESOLVED: libffi.call/struct8.c -Os compilation failed to produce executable
FAIL: libffi.call/struct9.c -Os (test for excess errors)
UNRESOLVED: libffi.call/struct9.c -Os compilation failed to produce executable
FAIL: libffi.call/testclosure.c -Os (test for excess errors)
UNRESOLVED: libffi.call/testclosure.c -Os compilation failed to produce executable
FAIL: libffi.call/closure_fn0.c -O2 -fomit-frame-pointer (test for excess errors)
UNRESOLVED: libffi.call/closure_fn0.c -O2 -fomit-frame-pointer compilation failed to produce executable
FAIL: libffi.call/closure_fn1.c -O2 -fomit-frame-pointer (test for excess errors)
UNRESOLVED: libffi.call/closure_fn1.c -O2 -fomit-frame-pointer compilation failed to produce executable
FAIL: libffi.call/closure_fn2.c -O2 -fomit-frame-pointer (test for excess errors)
UNRESOLVED: libffi.call/closure_fn2.c -O2 -fomit-frame-pointer compilation failed to produce executable
FAIL: libffi.call/closure_fn3.c -O2 -fomit-frame-pointer (test for excess errors)
UNRESOLVED: libffi.call/closure_fn3.c -O2 -fomit-frame-pointer compilation failed to produce executable
FAIL: libffi.call/closure_fn4.c -O2 -fomit-frame-pointer (test for excess errors)
UNRESOLVED: libffi.call/closure_fn4.c -O2 -fomit-frame-pointer compilation failed to produce executable
FAIL: libffi.call/closure_fn5.c -O2 -fomit-frame-pointer (test for excess errors)
UNRESOLVED: libffi.call/closure_fn5.c -O2 -fomit-frame-pointer compilation failed to produce executable
FAIL: libffi.call/closure_fn6.c -O2 -fomit-frame-pointer (test for excess errors)
UNRESOLVED: libffi.call/closure_fn6.c -O2 -fomit-frame-pointer compilation failed to produce executable
FAIL: libffi.call/closure_loc_fn0.c -O2 -fomit-frame-pointer (test for excess errors)
UNRESOLVED: libffi.call/closure_loc_fn0.c -O2 -fomit-frame-pointer compilation failed to produce executable
FAIL: libffi.call/cls_12byte.c -O2 -fomit-frame-pointer (test for excess errors)
UNRESOLVED: libffi.call/cls_12byte.c -O2 -fomit-frame-pointer compilation failed to produce executable
FAIL: libffi.call/cls_16byte.c -O2 -fomit-frame-pointer (test for excess errors)
UNRESOLVED: libffi.call/cls_16byte.c -O2 -fomit-frame-pointer compilation failed to produce executable
FAIL: libffi.call/cls_18byte.c -O2 -fomit-frame-pointer (test for excess errors)
UNRESOLVED: libffi.call/cls_18byte.c -O2 -fomit-frame-pointer compilation failed to produce executable
FAIL: libffi.call/cls_19byte.c -O2 -fomit-frame-pointer (test for excess errors)
UNRESOLVED: libffi.call/cls_19byte.c -O2 -fomit-frame-pointer compilation failed to produce executable
FAIL: libffi.call/cls_1_1byte.c -O2 -fomit-frame-pointer (test for excess errors)
UNRESOLVED: libffi.call/cls_1_1byte.c -O2 -fomit-frame-pointer compilation failed to produce executable
FAIL: libffi.call/cls_20byte.c -O2 -fomit-frame-pointer (test for excess errors)
UNRESOLVED: libffi.call/cls_20byte.c -O2 -fomit-frame-pointer compilation failed to produce executable
FAIL: libffi.call/cls_20byte1.c -O2 -fomit-frame-pointer (test for excess errors)
UNRESOLVED: libffi.call/cls_20byte1.c -O2 -fomit-frame-pointer compilation failed to produce executable
FAIL: libffi.call/cls_24byte.c -O2 -fomit-frame-pointer (test for excess errors)
UNRESOLVED: libffi.call/cls_24byte.c -O2 -fomit-frame-pointer compilation failed to produce executable
FAIL: libffi.call/cls_2byte.c -O2 -fomit-frame-pointer (test for excess errors)
UNRESOLVED: libffi.call/cls_2byte.c -O2 -fomit-frame-pointer compilation failed to produce executable
FAIL: libffi.call/cls_3_1byte.c -O2 -fomit-frame-pointer (test for excess errors)
UNRESOLVED: libffi.call/cls_3_1byte.c -O2 -fomit-frame-pointer compilation failed to produce executable
FAIL: libffi.call/cls_3byte1.c -O2 -fomit-frame-pointer (test for excess errors)
UNRESOLVED: libffi.call/cls_3byte1.c -O2 -fomit-frame-pointer compilation failed to produce executable
FAIL: libffi.call/cls_3byte2.c -O2 -fomit-frame-pointer (test for excess errors)
UNRESOLVED: libffi.call/cls_3byte2.c -O2 -fomit-frame-pointer compilation failed to produce executable
FAIL: libffi.call/cls_4_1byte.c -O2 -fomit-frame-pointer (test for excess errors)
UNRESOLVED: libffi.call/cls_4_1byte.c -O2 -fomit-frame-pointer compilation failed to produce executable
FAIL: libffi.call/cls_4byte.c -O2 -fomit-frame-pointer (test for excess errors)
UNRESOLVED: libffi.call/cls_4byte.c -O2 -fomit-frame-pointer compilation failed to produce executable
FAIL: libffi.call/cls_5_1_byte.c -O2 -fomit-frame-pointer (test for excess errors)
UNRESOLVED: libffi.call/cls_5_1_byte.c -O2 -fomit-frame-pointer compilation failed to produce executable
FAIL: libffi.call/cls_5byte.c -O2 -fomit-frame-pointer (test for excess errors)
UNRESOLVED: libffi.call/cls_5byte.c -O2 -fomit-frame-pointer compilation failed to produce executable
FAIL: libffi.call/cls_64byte.c -O2 -fomit-frame-pointer (test for excess errors)
UNRESOLVED: libffi.call/cls_64byte.c -O2 -fomit-frame-pointer compilation failed to produce executable
FAIL: libffi.call/cls_6_1_byte.c -O2 -fomit-frame-pointer (test for excess errors)
UNRESOLVED: libffi.call/cls_6_1_byte.c -O2 -fomit-frame-pointer compilation failed to produce executable
FAIL: libffi.call/cls_6byte.c -O2 -fomit-frame-pointer (test for excess errors)
UNRESOLVED: libffi.call/cls_6byte.c -O2 -fomit-frame-pointer compilation failed to produce executable
FAIL: libffi.call/cls_7_1_byte.c -O2 -fomit-frame-pointer (test for excess errors)
UNRESOLVED: libffi.call/cls_7_1_byte.c -O2 -fomit-frame-pointer compilation failed to produce executable
FAIL: libffi.call/cls_7byte.c -O2 -fomit-frame-pointer (test for excess errors)
UNRESOLVED: libffi.call/cls_7byte.c -O2 -fomit-frame-pointer compilation failed to produce executable
FAIL: libffi.call/cls_8byte.c -O2 -fomit-frame-pointer (test for excess errors)
UNRESOLVED: libffi.call/cls_8byte.c -O2 -fomit-frame-pointer compilation failed to produce executable
FAIL: libffi.call/cls_9byte1.c -O2 -fomit-frame-pointer (test for excess errors)
UNRESOLVED: libffi.call/cls_9byte1.c -O2 -fomit-frame-pointer compilation failed to produce executable
FAIL: libffi.call/cls_9byte2.c -O2 -fomit-frame-pointer (test for excess errors)
UNRESOLVED: libffi.call/cls_9byte2.c -O2 -fomit-frame-pointer compilation failed to produce executable
FAIL: libffi.call/cls_align_double.c -O2 -fomit-frame-pointer (test for excess errors)
UNRESOLVED: libffi.call/cls_align_double.c -O2 -fomit-frame-pointer compilation failed to produce executable
FAIL: libffi.call/cls_align_float.c -O2 -fomit-frame-pointer (test for excess errors)
UNRESOLVED: libffi.call/cls_align_float.c -O2 -fomit-frame-pointer compilation failed to produce executable
FAIL: libffi.call/cls_align_longdouble.c -O2 -fomit-frame-pointer (test for excess errors)
UNRESOLVED: libffi.call/cls_align_longdouble.c -O2 -fomit-frame-pointer compilation failed to produce executable
FAIL: libffi.call/cls_align_longdouble_split.c -O2 -fomit-frame-pointer (test for excess errors)
UNRESOLVED: libffi.call/cls_align_longdouble_split.c -O2 -fomit-frame-pointer compilation failed to produce executable
FAIL: libffi.call/cls_align_longdouble_split2.c -O2 -fomit-frame-pointer (test for excess errors)
UNRESOLVED: libffi.call/cls_align_longdouble_split2.c -O2 -fomit-frame-pointer compilation failed to produce executable
FAIL: libffi.call/cls_align_pointer.c -O2 -fomit-frame-pointer (test for excess errors)
UNRESOLVED: libffi.call/cls_align_pointer.c -O2 -fomit-frame-pointer compilation failed to produce executable
FAIL: libffi.call/cls_align_sint16.c -O2 -fomit-frame-pointer (test for excess errors)
UNRESOLVED: libffi.call/cls_align_sint16.c -O2 -fomit-frame-pointer compilation failed to produce executable
FAIL: libffi.call/cls_align_sint32.c -O2 -fomit-frame-pointer (test for excess errors)
UNRESOLVED: libffi.call/cls_align_sint32.c -O2 -fomit-frame-pointer compilation failed to produce executable
FAIL: libffi.call/cls_align_sint64.c -O2 -fomit-frame-pointer (test for excess errors)
UNRESOLVED: libffi.call/cls_align_sint64.c -O2 -fomit-frame-pointer compilation failed to produce executable
FAIL: libffi.call/cls_align_uint16.c -O2 -fomit-frame-pointer (test for excess errors)
UNRESOLVED: libffi.call/cls_align_uint16.c -O2 -fomit-frame-pointer compilation failed to produce executable
FAIL: libffi.call/cls_align_uint32.c -O2 -fomit-frame-pointer (test for excess errors)
UNRESOLVED: libffi.call/cls_align_uint32.c -O2 -fomit-frame-pointer compilation failed to produce executable
FAIL: libffi.call/cls_align_uint64.c -O2 -fomit-frame-pointer (test for excess errors)
UNRESOLVED: libffi.call/cls_align_uint64.c -O2 -fomit-frame-pointer compilation failed to produce executable
FAIL: libffi.call/cls_dbls_struct.c -O2 -fomit-frame-pointer (test for excess errors)
UNRESOLVED: libffi.call/cls_dbls_struct.c -O2 -fomit-frame-pointer compilation failed to produce executable
FAIL: libffi.call/cls_double.c -O2 -fomit-frame-pointer (test for excess errors)
UNRESOLVED: libffi.call/cls_double.c -O2 -fomit-frame-pointer compilation failed to produce executable
FAIL: libffi.call/cls_double_va.c -O2 -fomit-frame-pointer (test for excess errors)
UNRESOLVED: libffi.call/cls_double_va.c -O2 -fomit-frame-pointer compilation failed to produce executable
FAIL: libffi.call/cls_float.c -O2 -fomit-frame-pointer (test for excess errors)
UNRESOLVED: libffi.call/cls_float.c -O2 -fomit-frame-pointer compilation failed to produce executable
FAIL: libffi.call/cls_longdouble.c -O2 -fomit-frame-pointer (test for excess errors)
UNRESOLVED: libffi.call/cls_longdouble.c -O2 -fomit-frame-pointer compilation failed to produce executable
FAIL: libffi.call/cls_longdouble_va.c -O2 -fomit-frame-pointer (test for excess errors)
UNRESOLVED: libffi.call/cls_longdouble_va.c -O2 -fomit-frame-pointer compilation failed to produce executable
FAIL: libffi.call/cls_multi_schar.c -O2 -fomit-frame-pointer (test for excess errors)
UNRESOLVED: libffi.call/cls_multi_schar.c -O2 -fomit-frame-pointer compilation failed to produce executable
FAIL: libffi.call/cls_multi_sshort.c -O2 -fomit-frame-pointer (test for excess errors)
UNRESOLVED: libffi.call/cls_multi_sshort.c -O2 -fomit-frame-pointer compilation failed to produce executable
FAIL: libffi.call/cls_multi_sshortchar.c -O2 -fomit-frame-pointer (test for excess errors)
UNRESOLVED: libffi.call/cls_multi_sshortchar.c -O2 -fomit-frame-pointer compilation failed to produce executable
FAIL: libffi.call/cls_multi_uchar.c -O2 -fomit-frame-pointer (test for excess errors)
UNRESOLVED: libffi.call/cls_multi_uchar.c -O2 -fomit-frame-pointer compilation failed to produce executable
FAIL: libffi.call/cls_multi_ushort.c -O2 -fomit-frame-pointer (test for excess errors)
UNRESOLVED: libffi.call/cls_multi_ushort.c -O2 -fomit-frame-pointer compilation failed to produce executable
FAIL: libffi.call/cls_multi_ushortchar.c -O2 -fomit-frame-pointer (test for excess errors)
UNRESOLVED: libffi.call/cls_multi_ushortchar.c -O2 -fomit-frame-pointer compilation failed to produce executable
FAIL: libffi.call/cls_pointer.c -O2 -fomit-frame-pointer (test for excess errors)
UNRESOLVED: libffi.call/cls_pointer.c -O2 -fomit-frame-pointer compilation failed to produce executable
FAIL: libffi.call/cls_pointer_stack.c -O2 -fomit-frame-pointer (test for excess errors)
UNRESOLVED: libffi.call/cls_pointer_stack.c -O2 -fomit-frame-pointer compilation failed to produce executable
FAIL: libffi.call/cls_schar.c -O2 -fomit-frame-pointer (test for excess errors)
UNRESOLVED: libffi.call/cls_schar.c -O2 -fomit-frame-pointer compilation failed to produce executable
FAIL: libffi.call/cls_sint.c -O2 -fomit-frame-pointer (test for excess errors)
UNRESOLVED: libffi.call/cls_sint.c -O2 -fomit-frame-pointer compilation failed to produce executable
FAIL: libffi.call/cls_sshort.c -O2 -fomit-frame-pointer (test for excess errors)
UNRESOLVED: libffi.call/cls_sshort.c -O2 -fomit-frame-pointer compilation failed to produce executable
FAIL: libffi.call/cls_uchar.c -O2 -fomit-frame-pointer (test for excess errors)
UNRESOLVED: libffi.call/cls_uchar.c -O2 -fomit-frame-pointer compilation failed to produce executable
FAIL: libffi.call/cls_uint.c -O2 -fomit-frame-pointer (test for excess errors)
UNRESOLVED: libffi.call/cls_uint.c -O2 -fomit-frame-pointer compilation failed to produce executable
FAIL: libffi.call/cls_ulonglong.c -O2 -fomit-frame-pointer (test for excess errors)
UNRESOLVED: libffi.call/cls_ulonglong.c -O2 -fomit-frame-pointer compilation failed to produce executable
FAIL: libffi.call/cls_ushort.c -O2 -fomit-frame-pointer (test for excess errors)
UNRESOLVED: libffi.call/cls_ushort.c -O2 -fomit-frame-pointer compilation failed to produce executable
FAIL: libffi.call/err_bad_abi.c -O2 -fomit-frame-pointer (test for excess errors)
UNRESOLVED: libffi.call/err_bad_abi.c -O2 -fomit-frame-pointer compilation failed to produce executable
FAIL: libffi.call/err_bad_typedef.c -O2 -fomit-frame-pointer (test for excess errors)
UNRESOLVED: libffi.call/err_bad_typedef.c -O2 -fomit-frame-pointer compilation failed to produce executable
FAIL: libffi.call/float.c -O2 -fomit-frame-pointer (test for excess errors)
UNRESOLVED: libffi.call/float.c -O2 -fomit-frame-pointer compilation failed to produce executable
FAIL: libffi.call/float1.c -O2 -fomit-frame-pointer (test for excess errors)
UNRESOLVED: libffi.call/float1.c -O2 -fomit-frame-pointer compilation failed to produce executable
FAIL: libffi.call/float2.c -O2 -fomit-frame-pointer (test for excess errors)
UNRESOLVED: libffi.call/float2.c -O2 -fomit-frame-pointer compilation failed to produce executable
FAIL: libffi.call/float3.c -O2 -fomit-frame-pointer (test for excess errors)
UNRESOLVED: libffi.call/float3.c -O2 -fomit-frame-pointer compilation failed to produce executable
FAIL: libffi.call/float4.c -O2 -fomit-frame-pointer (test for excess errors)
UNRESOLVED: libffi.call/float4.c -O2 -fomit-frame-pointer compilation failed to produce executable
FAIL: libffi.call/many.c -O2 -fomit-frame-pointer (test for excess errors)
UNRESOLVED: libffi.call/many.c -O2 -fomit-frame-pointer compilation failed to produce executable
FAIL: libffi.call/negint.c -O2 -fomit-frame-pointer (test for excess errors)
UNRESOLVED: libffi.call/negint.c -O2 -fomit-frame-pointer compilation failed to produce executable
FAIL: libffi.call/nested_struct.c -O2 -fomit-frame-pointer (test for excess errors)
UNRESOLVED: libffi.call/nested_struct.c -O2 -fomit-frame-pointer compilation failed to produce executable
FAIL: libffi.call/nested_struct1.c -O2 -fomit-frame-pointer (test for excess errors)
UNRESOLVED: libffi.call/nested_struct1.c -O2 -fomit-frame-pointer compilation failed to produce executable
FAIL: libffi.call/nested_struct10.c -O2 -fomit-frame-pointer (test for excess errors)
UNRESOLVED: libffi.call/nested_struct10.c -O2 -fomit-frame-pointer compilation failed to produce executable
FAIL: libffi.call/nested_struct2.c -O2 -fomit-frame-pointer (test for excess errors)
UNRESOLVED: libffi.call/nested_struct2.c -O2 -fomit-frame-pointer compilation failed to produce executable
FAIL: libffi.call/nested_struct3.c -O2 -fomit-frame-pointer (test for excess errors)
UNRESOLVED: libffi.call/nested_struct3.c -O2 -fomit-frame-pointer compilation failed to produce executable
FAIL: libffi.call/nested_struct4.c -O2 -fomit-frame-pointer (test for excess errors)
UNRESOLVED: libffi.call/nested_struct4.c -O2 -fomit-frame-pointer compilation failed to produce executable
FAIL: libffi.call/nested_struct5.c -O2 -fomit-frame-pointer (test for excess errors)
UNRESOLVED: libffi.call/nested_struct5.c -O2 -fomit-frame-pointer compilation failed to produce executable
FAIL: libffi.call/nested_struct6.c -O2 -fomit-frame-pointer (test for excess errors)
UNRESOLVED: libffi.call/nested_struct6.c -O2 -fomit-frame-pointer compilation failed to produce executable
FAIL: libffi.call/nested_struct7.c -O2 -fomit-frame-pointer (test for excess errors)
UNRESOLVED: libffi.call/nested_struct7.c -O2 -fomit-frame-pointer compilation failed to produce executable
FAIL: libffi.call/nested_struct8.c -O2 -fomit-frame-pointer (test for excess errors)
UNRESOLVED: libffi.call/nested_struct8.c -O2 -fomit-frame-pointer compilation failed to produce executable
FAIL: libffi.call/nested_struct9.c -O2 -fomit-frame-pointer (test for excess errors)
UNRESOLVED: libffi.call/nested_struct9.c -O2 -fomit-frame-pointer compilation failed to produce executable
FAIL: libffi.call/problem1.c -O2 -fomit-frame-pointer (test for excess errors)
UNRESOLVED: libffi.call/problem1.c -O2 -fomit-frame-pointer compilation failed to produce executable
FAIL: libffi.call/promotion.c -O2 -fomit-frame-pointer (test for excess errors)
UNRESOLVED: libffi.call/promotion.c -O2 -fomit-frame-pointer compilation failed to produce executable
FAIL: libffi.call/pyobjc-tc.c -O2 -fomit-frame-pointer (test for excess errors)
UNRESOLVED: libffi.call/pyobjc-tc.c -O2 -fomit-frame-pointer compilation failed to produce executable
FAIL: libffi.call/return_dbl.c -O2 -fomit-frame-pointer (test for excess errors)
UNRESOLVED: libffi.call/return_dbl.c -O2 -fomit-frame-pointer compilation failed to produce executable
FAIL: libffi.call/return_dbl1.c -O2 -fomit-frame-pointer (test for excess errors)
UNRESOLVED: libffi.call/return_dbl1.c -O2 -fomit-frame-pointer compilation failed to produce executable
FAIL: libffi.call/return_dbl2.c -O2 -fomit-frame-pointer (test for excess errors)
UNRESOLVED: libffi.call/return_dbl2.c -O2 -fomit-frame-pointer compilation failed to produce executable
FAIL: libffi.call/return_fl.c -O2 -fomit-frame-pointer (test for excess errors)
UNRESOLVED: libffi.call/return_fl.c -O2 -fomit-frame-pointer compilation failed to produce executable
FAIL: libffi.call/return_fl1.c -O2 -fomit-frame-pointer (test for excess errors)
UNRESOLVED: libffi.call/return_fl1.c -O2 -fomit-frame-pointer compilation failed to produce executable
FAIL: libffi.call/return_fl2.c -O2 -fomit-frame-pointer (test for excess errors)
UNRESOLVED: libffi.call/return_fl2.c -O2 -fomit-frame-pointer compilation failed to produce executable
FAIL: libffi.call/return_fl3.c -O2 -fomit-frame-pointer (test for excess errors)
UNRESOLVED: libffi.call/return_fl3.c -O2 -fomit-frame-pointer compilation failed to produce executable
FAIL: libffi.call/return_ldl.c -O2 -fomit-frame-pointer (test for excess errors)
UNRESOLVED: libffi.call/return_ldl.c -O2 -fomit-frame-pointer compilation failed to produce executable
FAIL: libffi.call/return_ll.c -O2 -fomit-frame-pointer (test for excess errors)
UNRESOLVED: libffi.call/return_ll.c -O2 -fomit-frame-pointer compilation failed to produce executable
FAIL: libffi.call/return_ll1.c -O2 -fomit-frame-pointer (test for excess errors)
UNRESOLVED: libffi.call/return_ll1.c -O2 -fomit-frame-pointer compilation failed to produce executable
FAIL: libffi.call/return_sc.c -O2 -fomit-frame-pointer (test for excess errors)
UNRESOLVED: libffi.call/return_sc.c -O2 -fomit-frame-pointer compilation failed to produce executable
FAIL: libffi.call/return_sl.c -O2 -fomit-frame-pointer (test for excess errors)
UNRESOLVED: libffi.call/return_sl.c -O2 -fomit-frame-pointer compilation failed to produce executable
FAIL: libffi.call/return_uc.c -O2 -fomit-frame-pointer (test for excess errors)
UNRESOLVED: libffi.call/return_uc.c -O2 -fomit-frame-pointer compilation failed to produce executable
FAIL: libffi.call/return_ul.c -O2 -fomit-frame-pointer (test for excess errors)
UNRESOLVED: libffi.call/return_ul.c -O2 -fomit-frame-pointer compilation failed to produce executable
FAIL: libffi.call/stret_large.c -O2 -fomit-frame-pointer (test for excess errors)
UNRESOLVED: libffi.call/stret_large.c -O2 -fomit-frame-pointer compilation failed to produce executable
FAIL: libffi.call/stret_large2.c -O2 -fomit-frame-pointer (test for excess errors)
UNRESOLVED: libffi.call/stret_large2.c -O2 -fomit-frame-pointer compilation failed to produce executable
FAIL: libffi.call/stret_medium.c -O2 -fomit-frame-pointer (test for excess errors)
UNRESOLVED: libffi.call/stret_medium.c -O2 -fomit-frame-pointer compilation failed to produce executable
FAIL: libffi.call/stret_medium2.c -O2 -fomit-frame-pointer (test for excess errors)
UNRESOLVED: libffi.call/stret_medium2.c -O2 -fomit-frame-pointer compilation failed to produce executable
FAIL: libffi.call/strlen.c -O2 -fomit-frame-pointer (test for excess errors)
UNRESOLVED: libffi.call/strlen.c -O2 -fomit-frame-pointer compilation failed to produce executable
FAIL: libffi.call/struct1.c -O2 -fomit-frame-pointer (test for excess errors)
UNRESOLVED: libffi.call/struct1.c -O2 -fomit-frame-pointer compilation failed to produce executable
FAIL: libffi.call/struct2.c -O2 -fomit-frame-pointer (test for excess errors)
UNRESOLVED: libffi.call/struct2.c -O2 -fomit-frame-pointer compilation failed to produce executable
FAIL: libffi.call/struct3.c -O2 -fomit-frame-pointer (test for excess errors)
UNRESOLVED: libffi.call/struct3.c -O2 -fomit-frame-pointer compilation failed to produce executable
FAIL: libffi.call/struct4.c -O2 -fomit-frame-pointer (test for excess errors)
UNRESOLVED: libffi.call/struct4.c -O2 -fomit-frame-pointer compilation failed to produce executable
FAIL: libffi.call/struct5.c -O2 -fomit-frame-pointer (test for excess errors)
UNRESOLVED: libffi.call/struct5.c -O2 -fomit-frame-pointer compilation failed to produce executable
FAIL: libffi.call/struct6.c -O2 -fomit-frame-pointer (test for excess errors)
UNRESOLVED: libffi.call/struct6.c -O2 -fomit-frame-pointer compilation failed to produce executable
FAIL: libffi.call/struct7.c -O2 -fomit-frame-pointer (test for excess errors)
UNRESOLVED: libffi.call/struct7.c -O2 -fomit-frame-pointer compilation failed to produce executable
FAIL: libffi.call/struct8.c -O2 -fomit-frame-pointer (test for excess errors)
UNRESOLVED: libffi.call/struct8.c -O2 -fomit-frame-pointer compilation failed to produce executable
FAIL: libffi.call/struct9.c -O2 -fomit-frame-pointer (test for excess errors)
UNRESOLVED: libffi.call/struct9.c -O2 -fomit-frame-pointer compilation failed to produce executable
FAIL: libffi.call/testclosure.c -O2 -fomit-frame-pointer (test for excess errors)
UNRESOLVED: libffi.call/testclosure.c -O2 -fomit-frame-pointer compilation failed to produce executable
FAIL: libffi.special/unwindtest.cc -shared-libgcc -lstdc++ (test for excess errors)
UNRESOLVED: libffi.special/unwindtest.cc -shared-libgcc -lstdc++ compilation failed to produce executable
FAIL: libffi.special/unwindtest_ffi_call.cc -shared-libgcc -lstdc++ (test for excess errors)
UNRESOLVED: libffi.special/unwindtest_ffi_call.cc -shared-libgcc -lstdc++ compilation failed to produce executable
FAIL: libffi.special/unwindtest.cc -shared-libgcc -lstdc++ (test for excess errors)
UNRESOLVED: libffi.special/unwindtest.cc -shared-libgcc -lstdc++ compilation failed to produce executable
FAIL: libffi.special/unwindtest_ffi_call.cc -shared-libgcc -lstdc++ (test for excess errors)
UNRESOLVED: libffi.special/unwindtest_ffi_call.cc -shared-libgcc -lstdc++ compilation failed to produce executable
FAIL: libffi.special/unwindtest.cc -shared-libgcc -lstdc++ (test for excess errors)
UNRESOLVED: libffi.special/unwindtest.cc -shared-libgcc -lstdc++ compilation failed to produce executable
FAIL: libffi.special/unwindtest_ffi_call.cc -shared-libgcc -lstdc++ (test for excess errors)
UNRESOLVED: libffi.special/unwindtest_ffi_call.cc -shared-libgcc -lstdc++ compilation failed to produce executable
FAIL: libffi.special/unwindtest.cc -shared-libgcc -lstdc++ (test for excess errors)
UNRESOLVED: libffi.special/unwindtest.cc -shared-libgcc -lstdc++ compilation failed to produce executable
FAIL: libffi.special/unwindtest_ffi_call.cc -shared-libgcc -lstdc++ (test for excess errors)
UNRESOLVED: libffi.special/unwindtest_ffi_call.cc -shared-libgcc -lstdc++ compilation failed to produce executable
=== libffi Summary for unix/-m64 ===
# of unexpected failures 593
# of unresolved testcases 593
# of unsupported tests 15
=== libffi Summary ===
# of expected passes 1604
# of unexpected failures 593
# of expected failures 15
# of unresolved testcases 593
# of unsupported tests 30
=== libgomp tests ===
Running target unix
WARNING: program timed out.
FAIL: libgomp.c/nqueens-1.c execution test
FAIL: libgomp.c/pr39591-1.c execution test
FAIL: libgomp.c/pr39591-3.c execution test
WARNING: program timed out.
FAIL: libgomp.c/sort-1.c execution test
WARNING: program timed out.
FAIL: libgomp.c/task-1.c execution test
WARNING: program timed out.
FAIL: libgomp.c/task-2.c execution test
WARNING: program timed out.
FAIL: libgomp.c/task-3.c execution test
FAIL: libgomp.c/task-4.c execution test
WARNING: program timed out.
FAIL: libgomp.c++/task-1.C -O execution test
WARNING: program timed out.
FAIL: libgomp.c++/task-2.C -O0 execution test
WARNING: program timed out.
FAIL: libgomp.c++/task-2.C -O1 execution test
WARNING: program timed out.
FAIL: libgomp.c++/task-2.C -O2 execution test
WARNING: program timed out.
FAIL: libgomp.c++/task-2.C -O3 -fomit-frame-pointer execution test
WARNING: program timed out.
FAIL: libgomp.c++/task-2.C -O3 -fomit-frame-pointer -funroll-loops execution test
WARNING: program timed out.
FAIL: libgomp.c++/task-2.C -O3 -fomit-frame-pointer -funroll-all-loops -finline-functions execution test
WARNING: program timed out.
FAIL: libgomp.c++/task-2.C -O3 -g execution test
WARNING: program timed out.
FAIL: libgomp.c++/task-2.C -Os execution test
WARNING: program timed out.
FAIL: libgomp.c++/task-3.C -O0 execution test
FAIL: libgomp.c++/task-3.C -O1 execution test
FAIL: libgomp.c++/task-3.C -O2 execution test
FAIL: libgomp.c++/task-3.C -O3 -fomit-frame-pointer execution test
FAIL: libgomp.c++/task-3.C -O3 -fomit-frame-pointer -funroll-all-loops -finline-functions execution test
FAIL: libgomp.c++/task-3.C -O3 -g execution test
WARNING: program timed out.
FAIL: libgomp.c++/task-3.C -Os execution test
FAIL: libgomp.c++/task-5.C -O0 execution test
FAIL: libgomp.c++/task-5.C -O1 execution test
WARNING: program timed out.
FAIL: libgomp.c++/task-5.C -O3 -fomit-frame-pointer execution test
WARNING: program timed out.
FAIL: libgomp.c++/task-5.C -O3 -fomit-frame-pointer -funroll-loops execution test
FAIL: libgomp.c++/task-5.C -O3 -fomit-frame-pointer -funroll-all-loops -finline-functions execution test
FAIL: libgomp.c++/task-5.C -O3 -g execution test
WARNING: program timed out.
FAIL: libgomp.fortran/strassen.f90 -O execution test
XPASS: libgomp.graphite/force-parallel-5.c scan-tree-dump-times optimized "loopfn.1" 5
=== libgomp Summary for unix ===
# of expected passes 2421
# of unexpected failures 31
# of unexpected successes 1
Running target unix/-m64
XPASS: libgomp.graphite/force-parallel-5.c scan-tree-dump-times optimized "loopfn.1" 5
=== libgomp Summary for unix/-m64 ===
# of expected passes 2452
# of unexpected successes 1
=== libgomp Summary ===
# of expected passes 4873
# of unexpected failures 31
# of unexpected successes 2
=== libjava tests ===
Running target unix
=== libjava Summary ===
# of expected passes 2574
=== libmudflap tests ===
Running target unix
FAIL: libmudflap.c/fail31-frag.c (-O3) output pattern test
FAIL: libmudflap.c/pass45-frag.c (-O3) execution test
FAIL: libmudflap.c/pass45-frag.c (-O3) output pattern test
FAIL: libmudflap.c/pass45-frag.c (-O3) execution test
FAIL: libmudflap.c/pass45-frag.c (-O3) output pattern test
FAIL: libmudflap.c++/pass41-frag.cxx execution test
FAIL: libmudflap.c++/pass41-frag.cxx (-static) execution test
FAIL: libmudflap.c++/pass41-frag.cxx ( -O) execution test
FAIL: libmudflap.c++/pass41-frag.cxx (-O2) execution test
FAIL: libmudflap.c++/pass41-frag.cxx (-O3) execution test
=== libmudflap Summary for unix ===
# of expected passes 1884
# of unexpected failures 10
Running target unix/-m64
FAIL: libmudflap.c/fail31-frag.c (-O3) output pattern test
FAIL: libmudflap.c/pass45-frag.c (-O3) execution test
FAIL: libmudflap.c/pass45-frag.c (-O3) output pattern test
FAIL: libmudflap.c/pass45-frag.c (-O3) execution test
FAIL: libmudflap.c/pass45-frag.c (-O3) output pattern test
FAIL: libmudflap.c++/pass41-frag.cxx execution test
FAIL: libmudflap.c++/pass41-frag.cxx (-static) execution test
FAIL: libmudflap.c++/pass41-frag.cxx ( -O) execution test
FAIL: libmudflap.c++/pass41-frag.cxx (-O2) execution test
FAIL: libmudflap.c++/pass41-frag.cxx (-O3) execution test
=== libmudflap Summary for unix/-m64 ===
# of expected passes 1884
# of unexpected failures 10
=== libmudflap Summary ===
# of expected passes 3768
# of unexpected failures 20
=== libstdc++ tests ===
Running target unix
FAIL: 21_strings/basic_string/append/char/1.cc execution test
FAIL: 21_strings/basic_string/append/wchar_t/1.cc execution test
FAIL: 21_strings/basic_string/cons/char/1.cc execution test
FAIL: 21_strings/basic_string/cons/char/3.cc execution test
FAIL: 21_strings/basic_string/cons/wchar_t/1.cc execution test
FAIL: 21_strings/basic_string/cons/wchar_t/3.cc execution test
FAIL: 21_strings/basic_string/element_access/char/1.cc execution test
FAIL: 21_strings/basic_string/element_access/wchar_t/1.cc execution test
FAIL: 21_strings/basic_string/insert/char/1.cc execution test
FAIL: 21_strings/basic_string/insert/wchar_t/1.cc execution test
FAIL: 21_strings/basic_string/numeric_conversions/char/stod.cc execution test
FAIL: 21_strings/basic_string/numeric_conversions/char/stof.cc execution test
FAIL: 21_strings/basic_string/numeric_conversions/char/stoi.cc execution test
FAIL: 21_strings/basic_string/numeric_conversions/char/stol.cc execution test
FAIL: 21_strings/basic_string/numeric_conversions/char/stold.cc execution test
FAIL: 21_strings/basic_string/numeric_conversions/char/stoll.cc execution test
FAIL: 21_strings/basic_string/numeric_conversions/char/stoul.cc execution test
FAIL: 21_strings/basic_string/numeric_conversions/char/stoull.cc execution test
FAIL: 21_strings/basic_string/numeric_conversions/wchar_t/stod.cc execution test
FAIL: 21_strings/basic_string/numeric_conversions/wchar_t/stof.cc execution test
FAIL: 21_strings/basic_string/numeric_conversions/wchar_t/stoi.cc execution test
FAIL: 21_strings/basic_string/numeric_conversions/wchar_t/stol.cc execution test
FAIL: 21_strings/basic_string/numeric_conversions/wchar_t/stold.cc execution test
FAIL: 21_strings/basic_string/numeric_conversions/wchar_t/stoll.cc execution test
FAIL: 21_strings/basic_string/numeric_conversions/wchar_t/stoul.cc execution test
FAIL: 21_strings/basic_string/numeric_conversions/wchar_t/stoull.cc execution test
FAIL: 21_strings/basic_string/substr/char/1.cc execution test
FAIL: 21_strings/basic_string/substr/wchar_t/1.cc execution test
FAIL: 22_locale/facet/25421.cc execution test
FAIL: 23_containers/bitset/cons/1.cc execution test
FAIL: 23_containers/bitset/cons/6282.cc execution test
FAIL: 23_containers/bitset/test/1.cc execution test
FAIL: 23_containers/deque/capacity/29134-2.cc execution test
FAIL: 23_containers/deque/cons/2.cc execution test
FAIL: 23_containers/list/modifiers/3.cc execution test
FAIL: 23_containers/list/operations/5.cc execution test
FAIL: 23_containers/map/element_access/1.cc execution test
FAIL: 23_containers/unordered_map/dr761.cc execution test
FAIL: 23_containers/vector/bool/modifiers/insert/31370.cc execution test
FAIL: 23_containers/vector/capacity/2.cc execution test
FAIL: 23_containers/vector/capacity/29134-2.cc execution test
FAIL: 23_containers/vector/capacity/8230.cc execution test
FAIL: 23_containers/vector/cons/4.cc execution test
FAIL: 23_containers/vector/element_access/1.cc execution test
FAIL: 23_containers/vector/ext_pointer/modifiers/element.cc execution test
FAIL: 23_containers/vector/ext_pointer/modifiers/insert.cc execution test
FAIL: 23_containers/vector/modifiers/insert/1.cc execution test
FAIL: 23_containers/vector/resize/1.cc execution test
FAIL: 25_algorithms/stable_partition/mem_check.cc execution test
FAIL: 25_algorithms/stable_sort/mem_check.cc execution test
XPASS: 26_numerics/headers/cmath/c99_classification_macros_c.cc (test for excess errors)
FAIL: 27_io/basic_filebuf/cons/wchar_t/10132-1.cc execution test
FAIL: 27_io/basic_filebuf/overflow/char/13858.cc execution test
FAIL: 27_io/basic_filebuf/overflow/char/9182-2.cc execution test
FAIL: 27_io/basic_filebuf/overflow/wchar_t/13858.cc execution test
FAIL: 27_io/basic_filebuf/seekoff/wchar_t/3.cc execution test
FAIL: 27_io/basic_filebuf/seekpos/wchar_t/1.cc execution test
FAIL: 27_io/basic_filebuf/sync/char/9182-1.cc execution test
FAIL: 27_io/basic_filebuf/underflow/wchar_t/11544-1.cc execution test
FAIL: 27_io/basic_filebuf/underflow/wchar_t/11544-2.cc execution test
FAIL: 27_io/basic_filebuf/underflow/wchar_t/11603.cc execution test
FAIL: 27_io/basic_istream/exceptions/char/9561.cc execution test
FAIL: 27_io/basic_istream/exceptions/wchar_t/9561.cc execution test
FAIL: 27_io/basic_istream/extractors_arithmetic/char/exceptions_badbit_throw.cc execution test
FAIL: 27_io/basic_istream/extractors_arithmetic/char/exceptions_failbit.cc execution test
FAIL: 27_io/basic_istream/extractors_arithmetic/char/exceptions_failbit_throw.cc execution test
FAIL: 27_io/basic_istream/extractors_arithmetic/wchar_t/exceptions_badbit_throw.cc execution test
FAIL: 27_io/basic_istream/extractors_arithmetic/wchar_t/exceptions_failbit.cc execution test
FAIL: 27_io/basic_istream/extractors_arithmetic/wchar_t/exceptions_failbit_throw.cc execution test
FAIL: 27_io/basic_istream/extractors_other/char/error_failbit.cc execution test
FAIL: 27_io/basic_istream/extractors_other/char/exceptions_badbit_throw.cc execution test
FAIL: 27_io/basic_istream/extractors_other/char/exceptions_failbit_throw.cc execution test
FAIL: 27_io/basic_istream/extractors_other/char/exceptions_null.cc execution test
FAIL: 27_io/basic_istream/extractors_other/wchar_t/error_failbit.cc execution test
FAIL: 27_io/basic_istream/extractors_other/wchar_t/exceptions_badbit_throw.cc execution test
FAIL: 27_io/basic_istream/extractors_other/wchar_t/exceptions_failbit_throw.cc execution test
FAIL: 27_io/basic_istream/extractors_other/wchar_t/exceptions_null.cc execution test
FAIL: 27_io/basic_istream/seekg/char/exceptions_badbit_throw.cc execution test
FAIL: 27_io/basic_istream/seekg/wchar_t/exceptions_badbit_throw.cc execution test
FAIL: 27_io/basic_istream/tellg/char/exceptions_badbit_throw.cc execution test
FAIL: 27_io/basic_istream/tellg/wchar_t/exceptions_badbit_throw.cc execution test
FAIL: 27_io/basic_ostream/exceptions/char/9561.cc execution test
FAIL: 27_io/basic_ostream/exceptions/wchar_t/9561.cc execution test
FAIL: 27_io/basic_ostream/flush/char/exceptions_badbit_throw.cc execution test
FAIL: 27_io/basic_ostream/flush/wchar_t/exceptions_badbit_throw.cc execution test
FAIL: 27_io/basic_ostream/inserters_arithmetic/char/9555-oa.cc execution test
FAIL: 27_io/basic_ostream/inserters_arithmetic/char/exceptions_badbit_throw.cc execution test
FAIL: 27_io/basic_ostream/inserters_arithmetic/char/exceptions_failbit_throw.cc execution test
FAIL: 27_io/basic_ostream/inserters_arithmetic/wchar_t/9555-oa.cc execution test
FAIL: 27_io/basic_ostream/inserters_arithmetic/wchar_t/exceptions_badbit_throw.cc execution test
FAIL: 27_io/basic_ostream/inserters_arithmetic/wchar_t/exceptions_failbit_throw.cc execution test
FAIL: 27_io/basic_ostream/inserters_character/char/9555-oc.cc execution test
FAIL: 27_io/basic_ostream/inserters_character/wchar_t/9555-oc.cc execution test
FAIL: 27_io/basic_ostream/inserters_other/char/error_failbit.cc execution test
FAIL: 27_io/basic_ostream/inserters_other/char/exceptions_badbit_throw.cc execution test
FAIL: 27_io/basic_ostream/inserters_other/char/exceptions_failbit_throw.cc execution test
FAIL: 27_io/basic_ostream/inserters_other/char/exceptions_null.cc execution test
FAIL: 27_io/basic_ostream/inserters_other/wchar_t/error_failbit.cc execution test
FAIL: 27_io/basic_ostream/inserters_other/wchar_t/exceptions_badbit_throw.cc execution test
FAIL: 27_io/basic_ostream/inserters_other/wchar_t/exceptions_failbit_throw.cc execution test
FAIL: 27_io/basic_ostream/inserters_other/wchar_t/exceptions_null.cc execution test
FAIL: 27_io/basic_ostream/put/char/1.cc execution test
FAIL: 27_io/basic_ostream/put/wchar_t/1.cc execution test
FAIL: 27_io/basic_ostream/seekp/char/exceptions_badbit_throw.cc execution test
FAIL: 27_io/basic_ostream/seekp/wchar_t/exceptions_badbit_throw.cc execution test
FAIL: 27_io/basic_ostream/tellp/char/exceptions_badbit_throw.cc execution test
FAIL: 27_io/basic_ostream/tellp/wchar_t/exceptions_badbit_throw.cc execution test
FAIL: 27_io/basic_ostream/write/char/1.cc execution test
FAIL: 27_io/basic_ostream/write/wchar_t/1.cc execution test
FAIL: 27_io/ios_base/storage/11584.cc execution test
FAIL: 27_io/ios_base/storage/2.cc execution test
FAIL: 27_io/objects/char/6.cc execution test
FAIL: 27_io/objects/wchar_t/6.cc execution test
FAIL: 30_threads/packaged_task/members/get_future2.cc execution test
FAIL: 30_threads/promise/cons/move.cc execution test
FAIL: 30_threads/promise/cons/move_assign.cc execution test
FAIL: 30_threads/promise/members/get_future2.cc execution test
FAIL: 30_threads/promise/members/set_exception2.cc execution test
FAIL: 30_threads/promise/members/set_value2.cc execution test
FAIL: 30_threads/thread/members/4.cc execution test
FAIL: 30_threads/thread/members/5.cc execution test
FAIL: 30_threads/unique_lock/locking/2.cc execution test
FAIL: ext/mt_allocator/22309_thread.cc execution test
FAIL: ext/pool_allocator/allocate_chunk.cc execution test
FAIL: ext/throw_allocator/check_deallocate_null.cc execution test
FAIL: tr1/6_containers/array/element_access/at_out_of_range.cc execution test
=== libstdc++ Summary for unix ===
# of expected passes 6303
# of unexpected successes 1
# of unexpected failures 125
# of expected failures 89
# of unsupported tests 331
Running target unix/-m64
FAIL: abi_check
FAIL: 21_strings/basic_string/append/char/1.cc execution test
FAIL: 21_strings/basic_string/append/wchar_t/1.cc execution test
FAIL: 21_strings/basic_string/cons/char/1.cc execution test
FAIL: 21_strings/basic_string/cons/char/3.cc execution test
FAIL: 21_strings/basic_string/cons/wchar_t/1.cc execution test
FAIL: 21_strings/basic_string/cons/wchar_t/3.cc execution test
FAIL: 21_strings/basic_string/element_access/char/1.cc execution test
FAIL: 21_strings/basic_string/element_access/wchar_t/1.cc execution test
FAIL: 21_strings/basic_string/insert/char/1.cc execution test
FAIL: 21_strings/basic_string/insert/wchar_t/1.cc execution test
FAIL: 21_strings/basic_string/numeric_conversions/char/stod.cc execution test
FAIL: 21_strings/basic_string/numeric_conversions/char/stof.cc execution test
FAIL: 21_strings/basic_string/numeric_conversions/char/stoi.cc execution test
FAIL: 21_strings/basic_string/numeric_conversions/char/stol.cc execution test
FAIL: 21_strings/basic_string/numeric_conversions/char/stold.cc execution test
FAIL: 21_strings/basic_string/numeric_conversions/char/stoll.cc execution test
FAIL: 21_strings/basic_string/numeric_conversions/char/stoul.cc execution test
FAIL: 21_strings/basic_string/numeric_conversions/char/stoull.cc execution test
FAIL: 21_strings/basic_string/numeric_conversions/wchar_t/stod.cc execution test
FAIL: 21_strings/basic_string/numeric_conversions/wchar_t/stof.cc execution test
FAIL: 21_strings/basic_string/numeric_conversions/wchar_t/stoi.cc execution test
FAIL: 21_strings/basic_string/numeric_conversions/wchar_t/stol.cc execution test
FAIL: 21_strings/basic_string/numeric_conversions/wchar_t/stold.cc execution test
FAIL: 21_strings/basic_string/numeric_conversions/wchar_t/stoll.cc execution test
FAIL: 21_strings/basic_string/numeric_conversions/wchar_t/stoul.cc execution test
FAIL: 21_strings/basic_string/numeric_conversions/wchar_t/stoull.cc execution test
FAIL: 21_strings/basic_string/substr/char/1.cc execution test
FAIL: 21_strings/basic_string/substr/wchar_t/1.cc execution test
FAIL: 22_locale/facet/25421.cc execution test
FAIL: 23_containers/bitset/cons/1.cc execution test
FAIL: 23_containers/bitset/cons/6282.cc execution test
FAIL: 23_containers/bitset/test/1.cc execution test
FAIL: 23_containers/deque/capacity/29134-2.cc execution test
FAIL: 23_containers/deque/cons/2.cc execution test
FAIL: 23_containers/list/modifiers/3.cc execution test
FAIL: 23_containers/list/operations/5.cc execution test
FAIL: 23_containers/map/element_access/1.cc execution test
FAIL: 23_containers/unordered_map/dr761.cc execution test
FAIL: 23_containers/vector/bool/modifiers/insert/31370.cc execution test
FAIL: 23_containers/vector/capacity/2.cc execution test
FAIL: 23_containers/vector/capacity/29134-2.cc execution test
FAIL: 23_containers/vector/capacity/8230.cc execution test
FAIL: 23_containers/vector/cons/4.cc execution test
FAIL: 23_containers/vector/element_access/1.cc execution test
FAIL: 23_containers/vector/ext_pointer/modifiers/element.cc execution test
FAIL: 23_containers/vector/ext_pointer/modifiers/insert.cc execution test
FAIL: 23_containers/vector/modifiers/insert/1.cc execution test
FAIL: 23_containers/vector/resize/1.cc execution test
FAIL: 25_algorithms/stable_partition/mem_check.cc execution test
FAIL: 25_algorithms/stable_sort/mem_check.cc execution test
XPASS: 26_numerics/headers/cmath/c99_classification_macros_c.cc (test for excess errors)
FAIL: 27_io/basic_filebuf/cons/wchar_t/10132-1.cc execution test
FAIL: 27_io/basic_filebuf/overflow/char/13858.cc execution test
FAIL: 27_io/basic_filebuf/overflow/char/9182-2.cc execution test
FAIL: 27_io/basic_filebuf/overflow/wchar_t/13858.cc execution test
FAIL: 27_io/basic_filebuf/seekoff/wchar_t/3.cc execution test
FAIL: 27_io/basic_filebuf/seekpos/wchar_t/1.cc execution test
FAIL: 27_io/basic_filebuf/sync/char/9182-1.cc execution test
FAIL: 27_io/basic_filebuf/underflow/wchar_t/11544-1.cc execution test
FAIL: 27_io/basic_filebuf/underflow/wchar_t/11544-2.cc execution test
FAIL: 27_io/basic_filebuf/underflow/wchar_t/11603.cc execution test
FAIL: 27_io/basic_istream/exceptions/char/9561.cc execution test
FAIL: 27_io/basic_istream/exceptions/wchar_t/9561.cc execution test
FAIL: 27_io/basic_istream/extractors_arithmetic/char/exceptions_badbit_throw.cc execution test
FAIL: 27_io/basic_istream/extractors_arithmetic/char/exceptions_failbit.cc execution test
FAIL: 27_io/basic_istream/extractors_arithmetic/char/exceptions_failbit_throw.cc execution test
FAIL: 27_io/basic_istream/extractors_arithmetic/wchar_t/exceptions_badbit_throw.cc execution test
FAIL: 27_io/basic_istream/extractors_arithmetic/wchar_t/exceptions_failbit.cc execution test
FAIL: 27_io/basic_istream/extractors_arithmetic/wchar_t/exceptions_failbit_throw.cc execution test
FAIL: 27_io/basic_istream/extractors_other/char/error_failbit.cc execution test
FAIL: 27_io/basic_istream/extractors_other/char/exceptions_badbit_throw.cc execution test
FAIL: 27_io/basic_istream/extractors_other/char/exceptions_failbit_throw.cc execution test
FAIL: 27_io/basic_istream/extractors_other/char/exceptions_null.cc execution test
FAIL: 27_io/basic_istream/extractors_other/wchar_t/error_failbit.cc execution test
FAIL: 27_io/basic_istream/extractors_other/wchar_t/exceptions_badbit_throw.cc execution test
FAIL: 27_io/basic_istream/extractors_other/wchar_t/exceptions_failbit_throw.cc execution test
FAIL: 27_io/basic_istream/extractors_other/wchar_t/exceptions_null.cc execution test
FAIL: 27_io/basic_istream/seekg/char/exceptions_badbit_throw.cc execution test
FAIL: 27_io/basic_istream/seekg/wchar_t/exceptions_badbit_throw.cc execution test
FAIL: 27_io/basic_istream/tellg/char/exceptions_badbit_throw.cc execution test
FAIL: 27_io/basic_istream/tellg/wchar_t/exceptions_badbit_throw.cc execution test
FAIL: 27_io/basic_ostream/exceptions/char/9561.cc execution test
FAIL: 27_io/basic_ostream/exceptions/wchar_t/9561.cc execution test
FAIL: 27_io/basic_ostream/flush/char/exceptions_badbit_throw.cc execution test
FAIL: 27_io/basic_ostream/flush/wchar_t/exceptions_badbit_throw.cc execution test
FAIL: 27_io/basic_ostream/inserters_arithmetic/char/9555-oa.cc execution test
FAIL: 27_io/basic_ostream/inserters_arithmetic/char/exceptions_badbit_throw.cc execution test
FAIL: 27_io/basic_ostream/inserters_arithmetic/char/exceptions_failbit_throw.cc execution test
FAIL: 27_io/basic_ostream/inserters_arithmetic/wchar_t/9555-oa.cc execution test
FAIL: 27_io/basic_ostream/inserters_arithmetic/wchar_t/exceptions_badbit_throw.cc execution test
FAIL: 27_io/basic_ostream/inserters_arithmetic/wchar_t/exceptions_failbit_throw.cc execution test
FAIL: 27_io/basic_ostream/inserters_character/char/9555-oc.cc execution test
FAIL: 27_io/basic_ostream/inserters_character/wchar_t/9555-oc.cc execution test
FAIL: 27_io/basic_ostream/inserters_other/char/error_failbit.cc execution test
FAIL: 27_io/basic_ostream/inserters_other/char/exceptions_badbit_throw.cc execution test
FAIL: 27_io/basic_ostream/inserters_other/char/exceptions_failbit_throw.cc execution test
FAIL: 27_io/basic_ostream/inserters_other/char/exceptions_null.cc execution test
FAIL: 27_io/basic_ostream/inserters_other/wchar_t/error_failbit.cc execution test
FAIL: 27_io/basic_ostream/inserters_other/wchar_t/exceptions_badbit_throw.cc execution test
FAIL: 27_io/basic_ostream/inserters_other/wchar_t/exceptions_failbit_throw.cc execution test
FAIL: 27_io/basic_ostream/inserters_other/wchar_t/exceptions_null.cc execution test
FAIL: 27_io/basic_ostream/put/char/1.cc execution test
FAIL: 27_io/basic_ostream/put/wchar_t/1.cc execution test
FAIL: 27_io/basic_ostream/seekp/char/exceptions_badbit_throw.cc execution test
FAIL: 27_io/basic_ostream/seekp/wchar_t/exceptions_badbit_throw.cc execution test
FAIL: 27_io/basic_ostream/tellp/char/exceptions_badbit_throw.cc execution test
FAIL: 27_io/basic_ostream/tellp/wchar_t/exceptions_badbit_throw.cc execution test
FAIL: 27_io/basic_ostream/write/char/1.cc execution test
FAIL: 27_io/basic_ostream/write/wchar_t/1.cc execution test
FAIL: 27_io/ios_base/storage/11584.cc execution test
FAIL: 27_io/ios_base/storage/2.cc execution test
FAIL: 27_io/objects/char/6.cc execution test
FAIL: 27_io/objects/wchar_t/6.cc execution test
FAIL: 30_threads/packaged_task/members/get_future2.cc execution test
FAIL: 30_threads/promise/cons/move.cc execution test
FAIL: 30_threads/promise/cons/move_assign.cc execution test
FAIL: 30_threads/promise/members/get_future2.cc execution test
FAIL: 30_threads/promise/members/set_exception2.cc execution test
FAIL: 30_threads/promise/members/set_value2.cc execution test
FAIL: 30_threads/thread/members/4.cc execution test
FAIL: 30_threads/thread/members/5.cc execution test
FAIL: 30_threads/unique_lock/locking/2.cc execution test
FAIL: ext/mt_allocator/22309_thread.cc execution test
FAIL: ext/pool_allocator/allocate_chunk.cc execution test
FAIL: ext/throw_allocator/check_deallocate_null.cc execution test
FAIL: tr1/6_containers/array/element_access/at_out_of_range.cc execution test
=== libstdc++ Summary for unix/-m64 ===
# of expected passes 6302
# of unexpected successes 1
# of unexpected failures 126
# of expected failures 89
# of unsupported tests 331
=== libstdc++ Summary ===
# of expected passes 12605
# of unexpected failures 251
# of unexpected successes 2
# of expected failures 178
# of unsupported tests 662
Compiler version: 4.5.0 20091119 (experimental) [trunk revision 154312] (Debian 20091118-1)
Platform: i486-pc-linux-gnu
configure flags: -v --with-pkgversion='Debian 20091118-1' --with-bugurl=file:///usr/share/doc/gcc-snapshot/README.Bugs --enable-languages=c,ada,c++,java,fortran,objc,obj-c++ --prefix=/usr/lib/gcc-snapshot --enable-shared --enable-multiarch --enable-linker-build-id --with-system-zlib --disable-nls --enable-clocale=gnu --enable-libstdcxx-debug --enable-plugin --enable-gold --disable-browser-plugin --enable-java-awt=gtk --enable-gtk-cairo --with-java-home=//usr/lib/jvm/java-1.5.0-gcj-4.5-snap/jre --enable-java-home --with-jvm-root-dir=//usr/lib/jvm/java-1.5.0-gcj-4.5-snap --with-jvm-jar-dir=/usr/lib/jvm-exports/java-1.5.0-gcj-4.5-snap --with-arch-directory=i386 --with-ecj-jar=/usr/share/java/eclipse-ecj.jar --enable-objc-gc --enable-targets=all --with-arch-32=i486 --with-tune=generic --disable-werror --build=i486-linux-gnu --host=i486-linux-gnu --target=i486-linux-gnu
BOOT_CFLAGS=
Build Dependencies:
Desired=Unknown/Install/Remove/Purge/Hold
| Status=Not/Inst/Cfg-files/Unpacked/Failed-cfg/Half-inst/trig-aWait/Trig-pend
|/ Err?=(none)/Reinst-required (Status,Err: uppercase=bad)
||/ Name Version Description
+++-===============================-==========================-==============================================
ii binutils 2.20-4 The GNU assembler, linker and binary utilities
ii binutils-gold 2.20-4 The (experimental) GNU gold linker utility
ii g++-4.3 4.3.4-6 The GNU C++ compiler
ii libc6 2.10.1-7 GNU C Library: Shared libraries
ii libcloog-ppl-dev 0.15.7-1 the Chunky Loop Generator (development files)
ii libgmp3-dev 2:4.3.1+dfsg-3 Multiprecision arithmetic library developers t
ii libmpc-dev 0.8-1 multiple precision complex floating-point libr
ii libmpfr-dev 2.4.1-2 multiple precision floating-point computation
ii libppl0.10-dev 0.10.2-3 Parma Polyhedra Library (development)
pr40133:
Do link tests to check for the atomic builtins
pr40134-snap:
pr40521-revert-workaround:
Revert the dwarf2cfi_asm workaround, obsoleted by PR debug/40521.
gcc-ice-hack:
Retry the build on an ice, save the calling options and preprocessed
source when the ice is reproducible.
gcc-ice-apport:
Report an ICE to apport (if apport is available
and the environment variable GCC_NOAPPORT is not set)
libjava-disable-static:
Disable building the static libjava.
libjava-fixed-symlinks:
Remove unneed '..' elements from symlinks in JAVA_HOME
ada-arm-eabi:
Add preliminary Ada support for ARM/EABI to gcc-4.4.1 (sjlj only).
arm-unbreak-eabi-armv4t:
Fix armv4t build on ARM
libjava-nobiarch-check-snap:
For biarch builds, disable the testsuite for the non-default architecture
for runtime libraries, which are not built by default (libjava).
config-ml:
disable some biarch libraries for biarch builds
Counting all warnings,
there are 0 warnings in stage3 of this bootstrap.
Number of warnings per file:
Number of warning types: