This is the mail archive of the
gcc-testresults@gcc.gnu.org
mailing list for the GCC project.
Results for 4.5.0 20091103 (experimental) [trunk revision 153856] (GCC) testsuite on mips64-unknown-linux-gnu
- From: David Daney <ddaney at caviumnetworks dot com>
- To: gcc-testresults at gcc dot gnu dot org
- Date: Thu, 19 Nov 2009 15:08:00 -0800
- Subject: Results for 4.5.0 20091103 (experimental) [trunk revision 153856] (GCC) testsuite on mips64-unknown-linux-gnu
LAST_UPDATED: Tue Nov 3 17:32:41 UTC 2009 (revision 153856)
Native configuration is mips64-unknown-linux-gnu
=== g++ tests ===
Running target unix/
FAIL: g++.dg/debug/dwarf2/icf.C scan-assembler \\\\.section.*.debug_dcall
FAIL: g++.dg/debug/dwarf2/icf.C scan-assembler New caller
FAIL: g++.dg/debug/dwarf2/icf.C scan-assembler Caller DIE offset
FAIL: g++.dg/debug/dwarf2/icf.C scan-assembler Callee DIE offset
=== g++ Summary for unix/ ===
# of expected passes 20648
# of unexpected failures 4
# of expected failures 154
# of unsupported tests 170
Running target unix//-mabi=32
FAIL: g++.dg/debug/dwarf2/icf.C scan-assembler \\\\.section.*.debug_dcall
FAIL: g++.dg/debug/dwarf2/icf.C scan-assembler New caller
FAIL: g++.dg/debug/dwarf2/icf.C scan-assembler Caller DIE offset
FAIL: g++.dg/debug/dwarf2/icf.C scan-assembler Callee DIE offset
=== g++ Summary for unix//-mabi=32 ===
# of expected passes 20644
# of unexpected failures 4
# of expected failures 154
# of unsupported tests 170
Running target unix//-mabi=64
FAIL: g++.dg/debug/dwarf2/icf.C scan-assembler \\\\.section.*.debug_dcall
FAIL: g++.dg/debug/dwarf2/icf.C scan-assembler New caller
FAIL: g++.dg/debug/dwarf2/icf.C scan-assembler Caller DIE offset
FAIL: g++.dg/debug/dwarf2/icf.C scan-assembler Callee DIE offset
FAIL: g++.dg/other/anon5.C (test for excess errors)
=== g++ Summary for unix//-mabi=64 ===
# of expected passes 20608
# of unexpected failures 5
# of expected failures 154
# of unsupported tests 171
=== g++ Summary ===
# of expected passes 61900
# of unexpected failures 13
# of expected failures 462
# of unsupported tests 511
/home/daney/gccsvn/trunk-build/gcc/testsuite/g++/../../g++ version 4.5.0 20091103 (experimental) [trunk revision 153856] (GCC)
=== gcc tests ===
Running target unix/
WARNING: program timed out.
FAIL: gcc.c-torture/compile/20001226-1.c -O2 (test for excess errors)
WARNING: program timed out.
FAIL: gcc.c-torture/compile/20001226-1.c -O3 -fomit-frame-pointer (test for excess errors)
WARNING: program timed out.
FAIL: gcc.c-torture/compile/20001226-1.c -O3 -g (test for excess errors)
WARNING: program timed out.
FAIL: gcc.c-torture/compile/limits-fndefn.c -O3 -g (test for excess errors)
WARNING: program timed out.
FAIL: gcc.c-torture/execute/builtins/memset-chk.c compilation, -O3 -g
UNRESOLVED: gcc.c-torture/execute/builtins/memset-chk.c execution, -O3 -g
WARNING: program timed out.
FAIL: gcc.dg/20020425-1.c (test for excess errors)
XPASS: gcc.dg/Warray-bounds.c (test for warnings, line 59)
XPASS: gcc.dg/Warray-bounds.c (test for warnings, line 65)
XPASS: gcc.dg/Wunreachable-8.c (test for bogus messages, line 7)
XPASS: gcc.dg/guality/example.c -O0 execution test
XPASS: gcc.dg/guality/example.c -O1 execution test
XPASS: gcc.dg/guality/guality.c -O0 execution test
XPASS: gcc.dg/guality/guality.c -O1 execution test
XPASS: gcc.dg/guality/guality.c -O2 execution test
XPASS: gcc.dg/guality/guality.c -O3 -fomit-frame-pointer execution test
XPASS: gcc.dg/guality/guality.c -O3 -g execution test
XPASS: gcc.dg/guality/guality.c -Os execution test
XPASS: gcc.dg/guality/pr41353-1.c -O0 line 28 j == 28 + 37
XPASS: gcc.dg/guality/pr41447-1.c -O0 execution test
XPASS: gcc.dg/guality/pr41616-1.c -O0 execution test
XPASS: gcc.dg/struct/wo_prof_array_through_pointer.c scan-ipa-dump ipa_struct_reorg "Number of structures to transform is 1"
=== gcc Summary for unix/ ===
# of expected passes 53580
# of unexpected failures 6
# of unexpected successes 15
# of expected failures 113
# of unresolved testcases 1
# of unsupported tests 672
Running target unix//-mabi=32
WARNING: program timed out.
FAIL: gcc.c-torture/compile/20001226-1.c -O2 (test for excess errors)
WARNING: program timed out.
FAIL: gcc.c-torture/compile/20001226-1.c -O3 -fomit-frame-pointer (test for excess errors)
WARNING: program timed out.
FAIL: gcc.c-torture/compile/20001226-1.c -O3 -g (test for excess errors)
WARNING: program timed out.
FAIL: gcc.c-torture/compile/20001226-1.c -Os (test for excess errors)
WARNING: program timed out.
FAIL: gcc.c-torture/compile/limits-fndefn.c -O3 -g (test for excess errors)
WARNING: program timed out.
FAIL: gcc.c-torture/execute/builtins/memset-chk.c compilation, -O3 -g
UNRESOLVED: gcc.c-torture/execute/builtins/memset-chk.c execution, -O3 -g
WARNING: program timed out.
FAIL: gcc.dg/20020425-1.c (test for excess errors)
XPASS: gcc.dg/Warray-bounds.c (test for warnings, line 59)
XPASS: gcc.dg/Warray-bounds.c (test for warnings, line 65)
XPASS: gcc.dg/Wunreachable-8.c (test for bogus messages, line 7)
XPASS: gcc.dg/guality/example.c -O0 execution test
XPASS: gcc.dg/guality/guality.c -O0 execution test
XPASS: gcc.dg/guality/guality.c -O1 execution test
XPASS: gcc.dg/guality/pr41353-1.c -O0 line 28 j == 28 + 37
XPASS: gcc.dg/guality/pr41447-1.c -O0 execution test
XPASS: gcc.dg/guality/pr41616-1.c -O0 execution test
XPASS: gcc.dg/struct/wo_prof_array_through_pointer.c scan-ipa-dump ipa_struct_reorg "Number of structures to transform is 1"
FAIL: gcc.misc-tests/linkage.c link
FAIL: gcc.target/mips/octeon-bbit-1.c scan-assembler-times \\tbbit1\\t 4
FAIL: gcc.target/mips/octeon-bbit-1.c scan-assembler-times \\tbbit0\\t 2
=== gcc Summary for unix//-mabi=32 ===
# of expected passes 53544
# of unexpected failures 10
# of unexpected successes 10
# of expected failures 118
# of unresolved testcases 1
# of unsupported tests 672
Running target unix//-mabi=64
WARNING: program timed out.
FAIL: gcc.c-torture/compile/20001226-1.c -O3 -fomit-frame-pointer (test for excess errors)
WARNING: program timed out.
FAIL: gcc.c-torture/compile/20001226-1.c -O3 -g (test for excess errors)
WARNING: program timed out.
FAIL: gcc.c-torture/compile/limits-fndefn.c -O3 -g (test for excess errors)
WARNING: program timed out.
FAIL: gcc.c-torture/execute/builtins/memset-chk.c compilation, -O3 -g
UNRESOLVED: gcc.c-torture/execute/builtins/memset-chk.c execution, -O3 -g
WARNING: program timed out.
FAIL: gcc.dg/20020425-1.c (test for excess errors)
XPASS: gcc.dg/Warray-bounds.c (test for warnings, line 59)
XPASS: gcc.dg/Warray-bounds.c (test for warnings, line 65)
XPASS: gcc.dg/Wunreachable-8.c (test for bogus messages, line 7)
WARNING: program timed out.
XPASS: gcc.dg/struct/wo_prof_array_through_pointer.c scan-ipa-dump ipa_struct_reorg "Number of structures to transform is 1"
FAIL: gcc.dg/tree-ssa/ivopts-2.c scan-tree-dump-not ivopts "\\n candidates \\d+, \\d+,[^\\n]*\\n[^\\n]*\\nFinal cost"
FAIL: gcc.misc-tests/linkage.c link
FAIL: gcc.target/mips/octeon-bbit-2.c scan-assembler \\tbnel\\t
FAIL: gcc.target/mips/octeon-bbit-2.c scan-assembler-not \\tbne\\t
=== gcc Summary for unix//-mabi=64 ===
# of expected passes 53476
# of unexpected failures 9
# of unexpected successes 4
# of expected failures 87
# of unresolved testcases 1
# of unsupported tests 588
=== gcc Summary ===
# of expected passes 160600
# of unexpected failures 25
# of unexpected successes 29
# of expected failures 318
# of unresolved testcases 3
# of unsupported tests 1932
/home/daney/gccsvn/trunk-build/gcc/xgcc version 4.5.0 20091103 (experimental) [trunk revision 153856] (GCC)
=== gfortran tests ===
Running target unix/
WARNING: program timed out.
FAIL: gfortran.dg/cray_pointers_2.f90 -O3 -fomit-frame-pointer (test for excess errors)
UNRESOLVED: gfortran.dg/cray_pointers_2.f90 -O3 -fomit-frame-pointer compilation failed to produce executable
WARNING: program timed out.
FAIL: gfortran.dg/cray_pointers_2.f90 -O3 -fomit-frame-pointer -funroll-loops (test for excess errors)
UNRESOLVED: gfortran.dg/cray_pointers_2.f90 -O3 -fomit-frame-pointer -funroll-loops compilation failed to produce executable
WARNING: program timed out.
FAIL: gfortran.dg/cray_pointers_2.f90 -O3 -fomit-frame-pointer -funroll-all-loops -finline-functions (test for excess errors)
UNRESOLVED: gfortran.dg/cray_pointers_2.f90 -O3 -fomit-frame-pointer -funroll-all-loops -finline-functions compilation failed to produce executable
WARNING: program timed out.
FAIL: gfortran.dg/cray_pointers_2.f90 -O3 -g (test for excess errors)
UNRESOLVED: gfortran.dg/cray_pointers_2.f90 -O3 -g compilation failed to produce executable
WARNING: program timed out.
FAIL: gfortran.dg/forall_1.f90 -O3 -g (test for excess errors)
UNRESOLVED: gfortran.dg/forall_1.f90 -O3 -g compilation failed to produce executable
=== gfortran Summary for unix/ ===
# of expected passes 32462
# of unexpected failures 5
# of expected failures 22
# of unresolved testcases 5
# of unsupported tests 62
Running target unix//-mabi=32
WARNING: program timed out.
FAIL: gfortran.dg/cray_pointers_2.f90 -O3 -fomit-frame-pointer (test for excess errors)
UNRESOLVED: gfortran.dg/cray_pointers_2.f90 -O3 -fomit-frame-pointer compilation failed to produce executable
WARNING: program timed out.
FAIL: gfortran.dg/cray_pointers_2.f90 -O3 -fomit-frame-pointer -funroll-loops (test for excess errors)
UNRESOLVED: gfortran.dg/cray_pointers_2.f90 -O3 -fomit-frame-pointer -funroll-loops compilation failed to produce executable
WARNING: program timed out.
FAIL: gfortran.dg/cray_pointers_2.f90 -O3 -fomit-frame-pointer -funroll-all-loops -finline-functions (test for excess errors)
UNRESOLVED: gfortran.dg/cray_pointers_2.f90 -O3 -fomit-frame-pointer -funroll-all-loops -finline-functions compilation failed to produce executable
WARNING: program timed out.
FAIL: gfortran.dg/cray_pointers_2.f90 -O3 -g (test for excess errors)
UNRESOLVED: gfortran.dg/cray_pointers_2.f90 -O3 -g compilation failed to produce executable
WARNING: program timed out.
FAIL: gfortran.dg/forall_1.f90 -O3 -g (test for excess errors)
UNRESOLVED: gfortran.dg/forall_1.f90 -O3 -g compilation failed to produce executable
=== gfortran Summary for unix//-mabi=32 ===
# of expected passes 32014
# of unexpected failures 5
# of expected failures 22
# of unresolved testcases 5
# of unsupported tests 280
Running target unix//-mabi=64
WARNING: program timed out.
FAIL: gfortran.dg/cray_pointers_2.f90 -O3 -fomit-frame-pointer (test for excess errors)
UNRESOLVED: gfortran.dg/cray_pointers_2.f90 -O3 -fomit-frame-pointer compilation failed to produce executable
WARNING: program timed out.
FAIL: gfortran.dg/cray_pointers_2.f90 -O3 -fomit-frame-pointer -funroll-loops (test for excess errors)
UNRESOLVED: gfortran.dg/cray_pointers_2.f90 -O3 -fomit-frame-pointer -funroll-loops compilation failed to produce executable
WARNING: program timed out.
FAIL: gfortran.dg/cray_pointers_2.f90 -O3 -fomit-frame-pointer -funroll-all-loops -finline-functions (test for excess errors)
UNRESOLVED: gfortran.dg/cray_pointers_2.f90 -O3 -fomit-frame-pointer -funroll-all-loops -finline-functions compilation failed to produce executable
WARNING: program timed out.
FAIL: gfortran.dg/cray_pointers_2.f90 -O3 -g (test for excess errors)
UNRESOLVED: gfortran.dg/cray_pointers_2.f90 -O3 -g compilation failed to produce executable
WARNING: program timed out.
FAIL: gfortran.dg/forall_1.f90 -O3 -g (test for excess errors)
UNRESOLVED: gfortran.dg/forall_1.f90 -O3 -g compilation failed to produce executable
=== gfortran Summary for unix//-mabi=64 ===
# of expected passes 32446
# of unexpected failures 5
# of expected failures 22
# of unresolved testcases 5
# of unsupported tests 78
=== gfortran Summary ===
# of expected passes 96922
# of unexpected failures 15
# of expected failures 66
# of unresolved testcases 15
# of unsupported tests 420
/home/daney/gccsvn/trunk-build/gcc/testsuite/gfortran/../../gfortran version 4.5.0 20091103 (experimental) [trunk revision 153856] (GCC)
=== objc tests ===
Running target unix/
FAIL: objc/execute/forward-1.m execution, -O0 -fgnu-runtime
FAIL: objc/execute/forward-1.m execution, -O1 -fgnu-runtime
FAIL: objc/execute/forward-1.m execution, -O2 -fgnu-runtime
FAIL: objc/execute/forward-1.m execution, -O3 -fomit-frame-pointer -fgnu-runtime
FAIL: objc/execute/forward-1.m execution, -O3 -fomit-frame-pointer -funroll-loops -fgnu-runtime
FAIL: objc/execute/forward-1.m execution, -O3 -fomit-frame-pointer -funroll-all-loops -finline-functions -fgnu-runtime
FAIL: objc/execute/forward-1.m execution, -O3 -g -fgnu-runtime
FAIL: objc/execute/forward-1.m execution, -Os -fgnu-runtime
=== objc Summary for unix/ ===
# of expected passes 1867
# of unexpected failures 8
# of expected failures 7
# of unsupported tests 24
Running target unix//-mabi=32
FAIL: objc/execute/forward-1.m execution, -O0 -fgnu-runtime
FAIL: objc/execute/forward-1.m execution, -O1 -fgnu-runtime
FAIL: objc/execute/forward-1.m execution, -O2 -fgnu-runtime
FAIL: objc/execute/forward-1.m execution, -O3 -fomit-frame-pointer -fgnu-runtime
FAIL: objc/execute/forward-1.m execution, -O3 -fomit-frame-pointer -funroll-loops -fgnu-runtime
FAIL: objc/execute/forward-1.m execution, -O3 -fomit-frame-pointer -funroll-all-loops -finline-functions -fgnu-runtime
FAIL: objc/execute/forward-1.m execution, -O3 -g -fgnu-runtime
FAIL: objc/execute/forward-1.m execution, -Os -fgnu-runtime
=== objc Summary for unix//-mabi=32 ===
# of expected passes 1867
# of unexpected failures 8
# of expected failures 7
# of unsupported tests 24
Running target unix//-mabi=64
FAIL: objc/execute/forward-1.m execution, -O0 -fgnu-runtime
FAIL: objc/execute/forward-1.m execution, -O1 -fgnu-runtime
FAIL: objc/execute/forward-1.m execution, -O2 -fgnu-runtime
FAIL: objc/execute/forward-1.m execution, -O3 -fomit-frame-pointer -fgnu-runtime
FAIL: objc/execute/forward-1.m execution, -O3 -fomit-frame-pointer -funroll-loops -fgnu-runtime
FAIL: objc/execute/forward-1.m execution, -O3 -fomit-frame-pointer -funroll-all-loops -finline-functions -fgnu-runtime
FAIL: objc/execute/forward-1.m execution, -O3 -g -fgnu-runtime
FAIL: objc/execute/forward-1.m execution, -Os -fgnu-runtime
=== objc Summary for unix//-mabi=64 ===
# of expected passes 1867
# of unexpected failures 8
# of expected failures 7
# of unsupported tests 24
=== objc Summary ===
# of expected passes 5601
# of unexpected failures 24
# of expected failures 21
# of unsupported tests 72
/home/daney/gccsvn/trunk-build/gcc/xgcc version 4.5.0 20091103 (experimental) [trunk revision 153856] (GCC)
=== libffi tests ===
Running target unix/
XPASS: libffi.call/cls_align_longdouble_split.c -O0 -W -Wall execution test
XPASS: libffi.call/cls_align_longdouble_split2.c -O0 -W -Wall execution test
XPASS: libffi.call/cls_double_va.c -O0 -W -Wall execution test
FAIL: libffi.call/cls_double_va.c -O0 -W -Wall output pattern test, is 0.0
XPASS: libffi.call/cls_longdouble.c -O0 -W -Wall execution test
FAIL: libffi.call/cls_longdouble.c -O0 -W -Wall output pattern test, is 1 2 3 4 5 6 7 8: 36
XPASS: libffi.call/cls_longdouble_va.c -O0 -W -Wall execution test
FAIL: libffi.call/cls_longdouble_va.c -O0 -W -Wall output pattern test, is %.1f
FAIL: libffi.call/cls_pointer.c -O0 -W -Wall (test for excess errors)
XPASS: libffi.call/cls_pointer.c -O0 -W -Wall execution test
FAIL: libffi.call/cls_pointer_stack.c -O0 -W -Wall (test for excess errors)
XPASS: libffi.call/cls_pointer_stack.c -O0 -W -Wall execution test
XPASS: libffi.call/stret_large.c -O0 -W -Wall execution test
XPASS: libffi.call/stret_large2.c -O0 -W -Wall execution test
XPASS: libffi.call/stret_medium.c -O0 -W -Wall execution test
XPASS: libffi.call/stret_medium2.c -O0 -W -Wall execution test
XPASS: libffi.call/cls_align_longdouble_split.c -O2 execution test
XPASS: libffi.call/cls_align_longdouble_split2.c -O2 execution test
XPASS: libffi.call/cls_double_va.c -O2 execution test
FAIL: libffi.call/cls_double_va.c -O2 output pattern test, is 0.0
XPASS: libffi.call/cls_longdouble.c -O2 execution test
FAIL: libffi.call/cls_longdouble.c -O2 output pattern test, is 1 2 3 4 5 6 7 8: 36
XPASS: libffi.call/cls_longdouble_va.c -O2 execution test
FAIL: libffi.call/cls_longdouble_va.c -O2 output pattern test, is %.1f
FAIL: libffi.call/cls_pointer.c -O2 (test for excess errors)
XPASS: libffi.call/cls_pointer.c -O2 execution test
FAIL: libffi.call/cls_pointer_stack.c -O2 (test for excess errors)
XPASS: libffi.call/cls_pointer_stack.c -O2 execution test
XPASS: libffi.call/stret_large.c -O2 execution test
XPASS: libffi.call/stret_large2.c -O2 execution test
XPASS: libffi.call/stret_medium.c -O2 execution test
XPASS: libffi.call/stret_medium2.c -O2 execution test
XPASS: libffi.call/cls_align_longdouble_split.c -O3 execution test
XPASS: libffi.call/cls_align_longdouble_split2.c -O3 execution test
XPASS: libffi.call/cls_double_va.c -O3 execution test
FAIL: libffi.call/cls_double_va.c -O3 output pattern test, is 0.0
XPASS: libffi.call/cls_longdouble.c -O3 execution test
FAIL: libffi.call/cls_longdouble.c -O3 output pattern test, is 1 2 3 4 5 6 7 8: 36
XPASS: libffi.call/cls_longdouble_va.c -O3 execution test
FAIL: libffi.call/cls_longdouble_va.c -O3 output pattern test, is %.1f
FAIL: libffi.call/cls_pointer.c -O3 (test for excess errors)
XPASS: libffi.call/cls_pointer.c -O3 execution test
FAIL: libffi.call/cls_pointer_stack.c -O3 (test for excess errors)
XPASS: libffi.call/cls_pointer_stack.c -O3 execution test
XPASS: libffi.call/stret_large.c -O3 execution test
XPASS: libffi.call/stret_large2.c -O3 execution test
XPASS: libffi.call/stret_medium.c -O3 execution test
XPASS: libffi.call/stret_medium2.c -O3 execution test
XPASS: libffi.call/cls_align_longdouble_split.c -Os execution test
XPASS: libffi.call/cls_align_longdouble_split2.c -Os execution test
XPASS: libffi.call/cls_double_va.c -Os execution test
FAIL: libffi.call/cls_double_va.c -Os output pattern test, is 0.0
XPASS: libffi.call/cls_longdouble.c -Os execution test
FAIL: libffi.call/cls_longdouble.c -Os output pattern test, is 1 2 3 4 5 6 7 8: 36
XPASS: libffi.call/cls_longdouble_va.c -Os execution test
FAIL: libffi.call/cls_longdouble_va.c -Os output pattern test, is %.1f
FAIL: libffi.call/cls_pointer.c -Os (test for excess errors)
XPASS: libffi.call/cls_pointer.c -Os execution test
FAIL: libffi.call/cls_pointer_stack.c -Os (test for excess errors)
XPASS: libffi.call/cls_pointer_stack.c -Os execution test
XPASS: libffi.call/stret_large.c -Os execution test
XPASS: libffi.call/stret_large2.c -Os execution test
XPASS: libffi.call/stret_medium.c -Os execution test
XPASS: libffi.call/stret_medium2.c -Os execution test
XPASS: libffi.call/cls_align_longdouble_split.c -O2 -fomit-frame-pointer execution test
XPASS: libffi.call/cls_align_longdouble_split2.c -O2 -fomit-frame-pointer execution test
XPASS: libffi.call/cls_double_va.c -O2 -fomit-frame-pointer execution test
FAIL: libffi.call/cls_double_va.c -O2 -fomit-frame-pointer output pattern test, is 0.0
XPASS: libffi.call/cls_longdouble.c -O2 -fomit-frame-pointer execution test
FAIL: libffi.call/cls_longdouble.c -O2 -fomit-frame-pointer output pattern test, is 1 2 3 4 5 6 7 8: 36
XPASS: libffi.call/cls_longdouble_va.c -O2 -fomit-frame-pointer execution test
FAIL: libffi.call/cls_longdouble_va.c -O2 -fomit-frame-pointer output pattern test, is %.1f
FAIL: libffi.call/cls_pointer.c -O2 -fomit-frame-pointer (test for excess errors)
XPASS: libffi.call/cls_pointer.c -O2 -fomit-frame-pointer execution test
FAIL: libffi.call/cls_pointer_stack.c -O2 -fomit-frame-pointer (test for excess errors)
XPASS: libffi.call/cls_pointer_stack.c -O2 -fomit-frame-pointer execution test
XPASS: libffi.call/stret_large.c -O2 -fomit-frame-pointer execution test
XPASS: libffi.call/stret_large2.c -O2 -fomit-frame-pointer execution test
XPASS: libffi.call/stret_medium.c -O2 -fomit-frame-pointer execution test
XPASS: libffi.call/stret_medium2.c -O2 -fomit-frame-pointer execution test
=== libffi Summary for unix/ ===
# of expected passes 1529
# of unexpected failures 25
# of unexpected successes 55
# of expected failures 10
# of unsupported tests 15
Running target unix//-mabi=32
XPASS: libffi.call/cls_align_longdouble_split.c -O0 -W -Wall execution test
XPASS: libffi.call/cls_align_longdouble_split2.c -O0 -W -Wall execution test
XPASS: libffi.call/cls_double_va.c -O0 -W -Wall execution test
XPASS: libffi.call/cls_longdouble.c -O0 -W -Wall execution test
XPASS: libffi.call/cls_longdouble_va.c -O0 -W -Wall execution test
FAIL: libffi.call/cls_longdouble_va.c -O0 -W -Wall output pattern test, is %.1f
XPASS: libffi.call/cls_pointer.c -O0 -W -Wall execution test
XPASS: libffi.call/cls_pointer_stack.c -O0 -W -Wall execution test
XPASS: libffi.call/stret_large.c -O0 -W -Wall execution test
XPASS: libffi.call/stret_large2.c -O0 -W -Wall execution test
XPASS: libffi.call/stret_medium.c -O0 -W -Wall execution test
XPASS: libffi.call/stret_medium2.c -O0 -W -Wall execution test
XPASS: libffi.call/cls_align_longdouble_split.c -O2 execution test
XPASS: libffi.call/cls_align_longdouble_split2.c -O2 execution test
XPASS: libffi.call/cls_double_va.c -O2 execution test
XPASS: libffi.call/cls_longdouble.c -O2 execution test
XPASS: libffi.call/cls_longdouble_va.c -O2 execution test
FAIL: libffi.call/cls_longdouble_va.c -O2 output pattern test, is %.1f
XPASS: libffi.call/cls_pointer.c -O2 execution test
XPASS: libffi.call/cls_pointer_stack.c -O2 execution test
XPASS: libffi.call/stret_large.c -O2 execution test
XPASS: libffi.call/stret_large2.c -O2 execution test
XPASS: libffi.call/stret_medium.c -O2 execution test
XPASS: libffi.call/stret_medium2.c -O2 execution test
XPASS: libffi.call/cls_align_longdouble_split.c -O3 execution test
XPASS: libffi.call/cls_align_longdouble_split2.c -O3 execution test
XPASS: libffi.call/cls_double_va.c -O3 execution test
XPASS: libffi.call/cls_longdouble.c -O3 execution test
XPASS: libffi.call/cls_longdouble_va.c -O3 execution test
FAIL: libffi.call/cls_longdouble_va.c -O3 output pattern test, is %.1f
XPASS: libffi.call/cls_pointer.c -O3 execution test
XPASS: libffi.call/cls_pointer_stack.c -O3 execution test
XPASS: libffi.call/stret_large.c -O3 execution test
XPASS: libffi.call/stret_large2.c -O3 execution test
XPASS: libffi.call/stret_medium.c -O3 execution test
XPASS: libffi.call/stret_medium2.c -O3 execution test
XPASS: libffi.call/cls_align_longdouble_split.c -Os execution test
XPASS: libffi.call/cls_align_longdouble_split2.c -Os execution test
XPASS: libffi.call/cls_double_va.c -Os execution test
XPASS: libffi.call/cls_longdouble.c -Os execution test
XPASS: libffi.call/cls_longdouble_va.c -Os execution test
FAIL: libffi.call/cls_longdouble_va.c -Os output pattern test, is %.1f
XPASS: libffi.call/cls_pointer.c -Os execution test
XPASS: libffi.call/cls_pointer_stack.c -Os execution test
XPASS: libffi.call/stret_large.c -Os execution test
XPASS: libffi.call/stret_large2.c -Os execution test
XPASS: libffi.call/stret_medium.c -Os execution test
XPASS: libffi.call/stret_medium2.c -Os execution test
XPASS: libffi.call/cls_align_longdouble_split.c -O2 -fomit-frame-pointer execution test
XPASS: libffi.call/cls_align_longdouble_split2.c -O2 -fomit-frame-pointer execution test
XPASS: libffi.call/cls_double_va.c -O2 -fomit-frame-pointer execution test
XPASS: libffi.call/cls_longdouble.c -O2 -fomit-frame-pointer execution test
XPASS: libffi.call/cls_longdouble_va.c -O2 -fomit-frame-pointer execution test
FAIL: libffi.call/cls_longdouble_va.c -O2 -fomit-frame-pointer output pattern test, is %.1f
XPASS: libffi.call/cls_pointer.c -O2 -fomit-frame-pointer execution test
XPASS: libffi.call/cls_pointer_stack.c -O2 -fomit-frame-pointer execution test
XPASS: libffi.call/stret_large.c -O2 -fomit-frame-pointer execution test
XPASS: libffi.call/stret_large2.c -O2 -fomit-frame-pointer execution test
XPASS: libffi.call/stret_medium.c -O2 -fomit-frame-pointer execution test
XPASS: libffi.call/stret_medium2.c -O2 -fomit-frame-pointer execution test
=== libffi Summary for unix//-mabi=32 ===
# of expected passes 1549
# of unexpected failures 5
# of unexpected successes 55
# of expected failures 10
# of unsupported tests 15
Running target unix//-mabi=64
XPASS: libffi.call/cls_align_longdouble_split.c -O0 -W -Wall execution test
XPASS: libffi.call/cls_align_longdouble_split2.c -O0 -W -Wall execution test
XPASS: libffi.call/cls_double_va.c -O0 -W -Wall execution test
FAIL: libffi.call/cls_double_va.c -O0 -W -Wall output pattern test, is 0.0
XPASS: libffi.call/cls_longdouble.c -O0 -W -Wall execution test
FAIL: libffi.call/cls_longdouble.c -O0 -W -Wall output pattern test, is 1 2 3 4 5 6 7 8: 36
XPASS: libffi.call/cls_longdouble_va.c -O0 -W -Wall execution test
FAIL: libffi.call/cls_longdouble_va.c -O0 -W -Wall output pattern test, is %.1f
XPASS: libffi.call/cls_pointer.c -O0 -W -Wall execution test
XPASS: libffi.call/cls_pointer_stack.c -O0 -W -Wall execution test
XPASS: libffi.call/stret_large.c -O0 -W -Wall execution test
XPASS: libffi.call/stret_large2.c -O0 -W -Wall execution test
XPASS: libffi.call/stret_medium.c -O0 -W -Wall execution test
XPASS: libffi.call/stret_medium2.c -O0 -W -Wall execution test
XPASS: libffi.call/cls_align_longdouble_split.c -O2 execution test
XPASS: libffi.call/cls_align_longdouble_split2.c -O2 execution test
XPASS: libffi.call/cls_double_va.c -O2 execution test
FAIL: libffi.call/cls_double_va.c -O2 output pattern test, is 0.0
XPASS: libffi.call/cls_longdouble.c -O2 execution test
FAIL: libffi.call/cls_longdouble.c -O2 output pattern test, is 1 2 3 4 5 6 7 8: 36
XPASS: libffi.call/cls_longdouble_va.c -O2 execution test
FAIL: libffi.call/cls_longdouble_va.c -O2 output pattern test, is %.1f
XPASS: libffi.call/cls_pointer.c -O2 execution test
XPASS: libffi.call/cls_pointer_stack.c -O2 execution test
XPASS: libffi.call/stret_large.c -O2 execution test
XPASS: libffi.call/stret_large2.c -O2 execution test
XPASS: libffi.call/stret_medium.c -O2 execution test
XPASS: libffi.call/stret_medium2.c -O2 execution test
XPASS: libffi.call/cls_align_longdouble_split.c -O3 execution test
XPASS: libffi.call/cls_align_longdouble_split2.c -O3 execution test
XPASS: libffi.call/cls_double_va.c -O3 execution test
FAIL: libffi.call/cls_double_va.c -O3 output pattern test, is 0.0
XPASS: libffi.call/cls_longdouble.c -O3 execution test
FAIL: libffi.call/cls_longdouble.c -O3 output pattern test, is 1 2 3 4 5 6 7 8: 36
XPASS: libffi.call/cls_longdouble_va.c -O3 execution test
FAIL: libffi.call/cls_longdouble_va.c -O3 output pattern test, is %.1f
XPASS: libffi.call/cls_pointer.c -O3 execution test
XPASS: libffi.call/cls_pointer_stack.c -O3 execution test
XPASS: libffi.call/stret_large.c -O3 execution test
XPASS: libffi.call/stret_large2.c -O3 execution test
XPASS: libffi.call/stret_medium.c -O3 execution test
XPASS: libffi.call/stret_medium2.c -O3 execution test
XPASS: libffi.call/cls_align_longdouble_split.c -Os execution test
XPASS: libffi.call/cls_align_longdouble_split2.c -Os execution test
XPASS: libffi.call/cls_double_va.c -Os execution test
FAIL: libffi.call/cls_double_va.c -Os output pattern test, is 0.0
XPASS: libffi.call/cls_longdouble.c -Os execution test
FAIL: libffi.call/cls_longdouble.c -Os output pattern test, is 1 2 3 4 5 6 7 8: 36
XPASS: libffi.call/cls_longdouble_va.c -Os execution test
FAIL: libffi.call/cls_longdouble_va.c -Os output pattern test, is %.1f
XPASS: libffi.call/cls_pointer.c -Os execution test
XPASS: libffi.call/cls_pointer_stack.c -Os execution test
XPASS: libffi.call/stret_large.c -Os execution test
XPASS: libffi.call/stret_large2.c -Os execution test
XPASS: libffi.call/stret_medium.c -Os execution test
XPASS: libffi.call/stret_medium2.c -Os execution test
XPASS: libffi.call/cls_align_longdouble_split.c -O2 -fomit-frame-pointer execution test
XPASS: libffi.call/cls_align_longdouble_split2.c -O2 -fomit-frame-pointer execution test
XPASS: libffi.call/cls_double_va.c -O2 -fomit-frame-pointer execution test
FAIL: libffi.call/cls_double_va.c -O2 -fomit-frame-pointer output pattern test, is 0.0
XPASS: libffi.call/cls_longdouble.c -O2 -fomit-frame-pointer execution test
FAIL: libffi.call/cls_longdouble.c -O2 -fomit-frame-pointer output pattern test, is 1 2 3 4 5 6 7 8: 36
XPASS: libffi.call/cls_longdouble_va.c -O2 -fomit-frame-pointer execution test
FAIL: libffi.call/cls_longdouble_va.c -O2 -fomit-frame-pointer output pattern test, is %.1f
XPASS: libffi.call/cls_pointer.c -O2 -fomit-frame-pointer execution test
XPASS: libffi.call/cls_pointer_stack.c -O2 -fomit-frame-pointer execution test
XPASS: libffi.call/stret_large.c -O2 -fomit-frame-pointer execution test
XPASS: libffi.call/stret_large2.c -O2 -fomit-frame-pointer execution test
XPASS: libffi.call/stret_medium.c -O2 -fomit-frame-pointer execution test
XPASS: libffi.call/stret_medium2.c -O2 -fomit-frame-pointer execution test
=== libffi Summary for unix//-mabi=64 ===
# of expected passes 1539
# of unexpected failures 15
# of unexpected successes 55
# of expected failures 10
# of unsupported tests 15
=== libffi Summary ===
# of expected passes 4617
# of unexpected failures 45
# of unexpected successes 165
# of expected failures 30
# of unsupported tests 45
=== libgomp tests ===
Running target unix/
WARNING: program timed out.
FAIL: libgomp.fortran/vla4.f90 -O3 -g execution test
=== libgomp Summary for unix/ ===
# of expected passes 2407
# of unexpected failures 1
Running target unix//-mabi=32
WARNING: program timed out.
UNRESOLVED: libgomp.fortran/vla4.f90 -O3 -fomit-frame-pointer -funroll-loops compilation failed to produce executable
WARNING: program timed out.
UNRESOLVED: libgomp.fortran/vla4.f90 -O3 -fomit-frame-pointer -funroll-all-loops -finline-functions compilation failed to produce executable
WARNING: program timed out.
UNRESOLVED: libgomp.fortran/vla4.f90 -O3 -g compilation failed to produce executable
=== libgomp Summary for unix//-mabi=32 ===
# of expected passes 2405
# of unresolved testcases 3
Running target unix//-mabi=64
WARNING: program timed out.
UNRESOLVED: libgomp.fortran/vla4.f90 -O3 -g compilation failed to produce executable
=== libgomp Summary for unix//-mabi=64 ===
# of expected passes 2407
# of unresolved testcases 1
=== libgomp Summary ===
# of expected passes 7219
# of unexpected failures 1
# of unresolved testcases 4
=== libjava tests ===
Running target unix/
=== libjava Summary for unix/ ===
# of expected passes 2574
Running target unix//-mabi=32
=== libjava Summary for unix//-mabi=32 ===
# of expected passes 2574
Running target unix//-mabi=64
=== libjava Summary for unix//-mabi=64 ===
# of expected passes 2574
=== libjava Summary ===
# of expected passes 7722
=== libstdc++ tests ===
Running target unix/
FAIL: abi_check
XPASS: 26_numerics/headers/cmath/c99_classification_macros_c.cc (test for excess errors)
=== libstdc++ Summary for unix/ ===
# of expected passes 6406
# of unexpected failures 1
# of unexpected successes 1
# of expected failures 88
# of unsupported tests 349
Running target unix//-mabi=32
FAIL: abi_check
XPASS: 26_numerics/headers/cmath/c99_classification_macros_c.cc (test for excess errors)
WARNING: program timed out.
FAIL: ext/pb_ds/regression/tree_data_map_rand.cc (test for excess errors)
UNRESOLVED: ext/pb_ds/regression/tree_data_map_rand.cc compilation failed to produce executable
WARNING: program timed out.
FAIL: ext/pb_ds/regression/tree_no_data_map_rand.cc (test for excess errors)
UNRESOLVED: ext/pb_ds/regression/tree_no_data_map_rand.cc compilation failed to produce executable
=== libstdc++ Summary for unix//-mabi=32 ===
# of expected passes 6352
# of unexpected failures 3
# of unexpected successes 1
# of expected failures 88
# of unresolved testcases 2
# of unsupported tests 375
Running target unix//-mabi=64
FAIL: abi_check
XPASS: 26_numerics/headers/cmath/c99_classification_macros_c.cc (test for excess errors)
=== libstdc++ Summary for unix//-mabi=64 ===
# of expected passes 6406
# of unexpected failures 1
# of unexpected successes 1
# of expected failures 88
# of unsupported tests 349
=== libstdc++ Summary ===
# of expected passes 19164
# of unexpected failures 5
# of unexpected successes 3
# of expected failures 264
# of unresolved testcases 2
# of unsupported tests 1073
Compiler version: 4.5.0 20091103 (experimental) [trunk revision 153856] (GCC)
Platform: mips64-unknown-linux-gnu
configure flags: --with-arch=native --disable-java-awt --without-x --enable-__cxa_atexit --disable-static --enable-checking=release --with-gmp=/home/daney/mp --with-mpfr=/home/daney/mp --disable-libmudflap --disable-fixed-point