This is the mail archive of the
gcc-testresults@gcc.gnu.org
mailing list for the GCC project.
Results for 4.5.0 20091116 (experimental) [trunk revision 154212] (GCC) testsuite on x86_64-unknown-linux-gnu
- From: hjl at gnu-16 dot sc dot intel dot com (H.J. Lu (Intel64))
- To: gcc-testresults at gcc dot gnu dot org
- Date: Mon, 16 Nov 2009 17:41:00 -0800
- Subject: Results for 4.5.0 20091116 (experimental) [trunk revision 154212] (GCC) testsuite on x86_64-unknown-linux-gnu
LAST_UPDATED: Mon Nov 16 20:12:01 UTC 2009 (revision 154212)
Native configuration is x86_64-unknown-linux-gnu
=== gcc tests ===
Running target emx-avx-sim/-m32
FAIL: gcc.c-torture/compile/limits-exprparen.c -O0 (test for excess errors)
FAIL: gcc.c-torture/compile/limits-exprparen.c -O1 (test for excess errors)
FAIL: gcc.c-torture/compile/limits-exprparen.c -O2 (test for excess errors)
FAIL: gcc.c-torture/compile/limits-exprparen.c -O3 -fomit-frame-pointer (test for excess errors)
FAIL: gcc.c-torture/compile/limits-exprparen.c -O3 -g (test for excess errors)
FAIL: gcc.c-torture/compile/limits-exprparen.c -Os (test for excess errors)
FAIL: gcc.c-torture/compile/limits-exprparen.c -O2 -flto (test for excess errors)
FAIL: gcc.c-torture/compile/limits-exprparen.c -O2 -fwhopr (test for excess errors)
FAIL: gcc.c-torture/execute/builtins/memmove-2.c compilation, -O2 -fwhopr
UNRESOLVED: gcc.c-torture/execute/builtins/memmove-2.c execution, -O2 -fwhopr
FAIL: gcc.c-torture/execute/builtins/sprintf-chk.c execution, -O2 -fwhopr
FAIL: gcc.c-torture/execute/builtins/stpcpy-chk.c execution, -O2 -fwhopr
FAIL: gcc.c-torture/execute/builtins/strcpy-chk.c execution, -O2 -fwhopr
XPASS: gcc.dg/Warray-bounds.c (test for warnings, line 59)
XPASS: gcc.dg/Warray-bounds.c (test for warnings, line 65)
XPASS: gcc.dg/Wunreachable-8.c (test for bogus messages, line 7)
XPASS: gcc.dg/struct/wo_prof_array_through_pointer.c scan-ipa-dump ipa_struct_reorg "Number of structures to transform is 1"
FAIL: gcc.dg/torture/builtin-math-7.c -O2 -flto execution test
FAIL: gcc.dg/torture/builtin-math-7.c -O2 -fwhopr execution test
FAIL: gcc.dg/torture/stackalign/builtin-apply-4.c -O0 execution test
FAIL: gcc.dg/torture/stackalign/builtin-apply-4.c -O1 execution test
FAIL: gcc.dg/torture/stackalign/builtin-apply-4.c -O2 execution test
FAIL: gcc.dg/torture/stackalign/builtin-apply-4.c -O3 -fomit-frame-pointer execution test
FAIL: gcc.dg/torture/stackalign/builtin-apply-4.c -O3 -g execution test
FAIL: gcc.dg/torture/stackalign/builtin-apply-4.c -Os execution test
FAIL: gcc.dg/torture/stackalign/builtin-apply-4.c -O2 -flto execution test
FAIL: gcc.dg/torture/stackalign/builtin-apply-4.c -O2 -fwhopr execution test
FAIL: gcc.dg/torture/stackalign/builtin-apply-4.c -O0 execution test
FAIL: gcc.dg/torture/stackalign/builtin-apply-4.c -O1 execution test
FAIL: gcc.dg/torture/stackalign/builtin-apply-4.c -O2 execution test
FAIL: gcc.dg/torture/stackalign/builtin-apply-4.c -O3 -fomit-frame-pointer execution test
FAIL: gcc.dg/torture/stackalign/builtin-apply-4.c -O3 -g execution test
FAIL: gcc.dg/torture/stackalign/builtin-apply-4.c -Os execution test
FAIL: gcc.dg/torture/stackalign/builtin-apply-4.c -O2 -flto execution test
FAIL: gcc.dg/torture/stackalign/builtin-apply-4.c -O2 -fwhopr execution test
FAIL: gcc.dg/torture/stackalign/builtin-apply-4.c -O0 execution test
FAIL: gcc.dg/torture/stackalign/builtin-apply-4.c -O1 execution test
FAIL: gcc.dg/torture/stackalign/builtin-apply-4.c -O2 execution test
FAIL: gcc.dg/torture/stackalign/builtin-apply-4.c -O3 -fomit-frame-pointer execution test
FAIL: gcc.dg/torture/stackalign/builtin-apply-4.c -O3 -g execution test
FAIL: gcc.dg/torture/stackalign/builtin-apply-4.c -Os execution test
FAIL: gcc.dg/torture/stackalign/builtin-apply-4.c -O2 -flto execution test
FAIL: gcc.dg/torture/stackalign/builtin-apply-4.c -O2 -fwhopr execution test
FAIL: gcc.dg/torture/stackalign/builtin-apply-4.c -O0 execution test
FAIL: gcc.dg/torture/stackalign/builtin-apply-4.c -O1 execution test
FAIL: gcc.dg/torture/stackalign/builtin-apply-4.c -O2 execution test
FAIL: gcc.dg/torture/stackalign/builtin-apply-4.c -O3 -fomit-frame-pointer execution test
FAIL: gcc.dg/torture/stackalign/builtin-apply-4.c -O3 -g execution test
FAIL: gcc.dg/torture/stackalign/builtin-apply-4.c -Os execution test
FAIL: gcc.dg/torture/stackalign/builtin-apply-4.c -O2 -flto execution test
FAIL: gcc.dg/torture/stackalign/builtin-apply-4.c -O2 -fwhopr execution test
FAIL: gcc.dg/tree-ssa/gen-vect-11b.c scan-tree-dump-times vect "vectorized 0 loops" 1
FAIL: gcc.dg/tree-ssa/gen-vect-11c.c scan-tree-dump-times vect "vectorized 0 loops" 1
FAIL: gcc.misc-tests/i386-pf-none-1.c scan-assembler-not fetch
FAIL: gcc.misc-tests/i386-pf-none-1.c scan-assembler-not fetch
FAIL: gcc.misc-tests/i386-pf-none-1.c scan-assembler-not fetch
FAIL: gcc.misc-tests/i386-pf-none-1.c scan-assembler-not fetch
FAIL: gcc.misc-tests/i386-pf-none-1.c scan-assembler-not fetch
FAIL: gcc.misc-tests/i386-pf-none-1.c scan-assembler-not fetch
FAIL: gcc.misc-tests/i386-pf-none-1.c scan-assembler-not fetch
FAIL: gcc.misc-tests/i386-pf-none-1.c scan-assembler-not fetch
FAIL: gcc.misc-tests/i386-pf-none-1.c scan-assembler-not fetch
FAIL: gcc.misc-tests/i386-pf-none-1.c scan-assembler-not fetch
FAIL: gcc.misc-tests/i386-pf-none-1.c scan-assembler-not fetch
FAIL: gcc.misc-tests/i386-pf-none-1.c scan-assembler-not fetch
FAIL: gcc.misc-tests/i386-pf-none-1.c scan-assembler-not fetch
FAIL: gcc.misc-tests/i386-pf-none-1.c scan-assembler-not fetch
FAIL: gcc.misc-tests/i386-pf-3dnow-1.c scan-assembler-not prefetchnta
FAIL: gcc.misc-tests/i386-pf-3dnow-1.c scan-assembler-not prefetcht
FAIL: gcc.misc-tests/i386-pf-3dnow-1.c scan-assembler-not prefetchnta
FAIL: gcc.misc-tests/i386-pf-3dnow-1.c scan-assembler-not prefetcht
FAIL: gcc.misc-tests/i386-pf-3dnow-1.c scan-assembler-not prefetchnta
FAIL: gcc.misc-tests/i386-pf-3dnow-1.c scan-assembler-not prefetcht
FAIL: gcc.target/i386/defines-1.c (test for excess errors)
FAIL: gcc.target/i386/funcspec-1.c scan-assembler fsubs[ \\t]
FAIL: gcc.target/i386/funcspec-10.c scan-assembler-not cmov
FAIL: gcc.target/i386/funcspec-8.c (test for errors, line 28)
FAIL: gcc.target/i386/funcspec-8.c (test for errors, line 47)
FAIL: gcc.target/i386/funcspec-8.c (test for errors, line 66)
FAIL: gcc.target/i386/funcspec-8.c (test for errors, line 85)
FAIL: gcc.target/i386/funcspec-8.c (test for errors, line 104)
FAIL: gcc.target/i386/funcspec-8.c (test for errors, line 123)
FAIL: gcc.target/i386/funcspec-8.c (test for errors, line 142)
FAIL: gcc.target/i386/funcspec-8.c (test for errors, line 161)
FAIL: gcc.target/i386/funcspec-8.c (test for excess errors)
FAIL: gcc.target/i386/incoming-11.c scan-assembler andl[\\\\t ]*\\\\\$-16,[\\\\t ]*%esp
FAIL: gcc.target/i386/incoming-9.c scan-assembler-not andl[\\\\t ]*\\\\\$-16,[\\\\t ]*%esp
FAIL: gcc.target/i386/isa-1.c execution test
FAIL: gcc.target/i386/isa-10.c execution test
FAIL: gcc.target/i386/isa-11.c execution test
FAIL: gcc.target/i386/isa-12.c execution test
FAIL: gcc.target/i386/isa-13.c execution test
FAIL: gcc.target/i386/isa-14.c execution test
FAIL: gcc.target/i386/isa-4.c execution test
FAIL: gcc.target/i386/isa-5.c execution test
FAIL: gcc.target/i386/isa-6.c execution test
FAIL: gcc.target/i386/isa-7.c execution test
FAIL: gcc.target/i386/isa-9.c execution test
FAIL: gcc.target/i386/parity-1.c scan-assembler setnp
FAIL: gcc.target/i386/parity-2.c scan-assembler setnp
FAIL: gcc.target/i386/pr38824.c scan-assembler-not addps[^\\\\n]*%[er]
FAIL: gcc.target/i386/pr39162.c (test for warnings, line 7)
FAIL: gcc.target/i386/sse-21.c scan-assembler-not fisttp
FAIL: gcc.target/i386/sse-5.c (test for warnings, line 8)
FAIL: gcc.target/i386/ssefn-1.c scan-assembler-not movsd
FAIL: gcc.target/i386/ssefn-1.c scan-assembler-not mulsd
FAIL: gcc.target/i386/sseregparm-2.c (test for errors, line 7)
FAIL: gcc.target/i386/sseregparm-2.c (test for errors, line 8)
FAIL: gcc.target/i386/sseregparm-8.c (test for errors, line 13)
FAIL: gcc.target/i386/sseregparm-8.c (test for errors, line 14)
FAIL: gcc.target/i386/sseregparm-8.c (test for errors, line 15)
FAIL: gcc.target/i386/sseregparm-8.c (test for errors, line 16)
FAIL: gcc.target/i386/vecinit-1.c scan-assembler-not xor
FAIL: gcc.target/i386/vecinit-2.c scan-assembler-not xor
FAIL: gcc.target/i386/xorps-sse.c scan-assembler xorps[ \\t]
=== gcc Summary for emx-avx-sim/-m32 ===
Running target emx-avx-sim
FAIL: gcc.c-torture/compile/limits-exprparen.c -O0 (test for excess errors)
FAIL: gcc.c-torture/compile/limits-exprparen.c -O1 (test for excess errors)
FAIL: gcc.c-torture/compile/limits-exprparen.c -O2 (test for excess errors)
FAIL: gcc.c-torture/compile/limits-exprparen.c -O3 -fomit-frame-pointer (test for excess errors)
FAIL: gcc.c-torture/compile/limits-exprparen.c -O3 -g (test for excess errors)
FAIL: gcc.c-torture/compile/limits-exprparen.c -Os (test for excess errors)
FAIL: gcc.c-torture/compile/limits-exprparen.c -O2 -flto (test for excess errors)
FAIL: gcc.c-torture/compile/limits-exprparen.c -O2 -fwhopr (test for excess errors)
FAIL: gcc.c-torture/execute/builtins/memmove-2.c compilation, -O2 -fwhopr
UNRESOLVED: gcc.c-torture/execute/builtins/memmove-2.c execution, -O2 -fwhopr
FAIL: gcc.c-torture/execute/builtins/sprintf-chk.c execution, -O2 -fwhopr
FAIL: gcc.c-torture/execute/builtins/stpcpy-chk.c execution, -O2 -fwhopr
FAIL: gcc.c-torture/execute/builtins/strcpy-chk.c execution, -O2 -fwhopr
XPASS: gcc.dg/Warray-bounds.c (test for warnings, line 59)
XPASS: gcc.dg/Warray-bounds.c (test for warnings, line 65)
XPASS: gcc.dg/Wunreachable-8.c (test for bogus messages, line 7)
WARNING: program timed out.
XPASS: gcc.dg/struct/wo_prof_array_through_pointer.c scan-ipa-dump ipa_struct_reorg "Number of structures to transform is 1"
FAIL: gcc.dg/torture/builtin-math-7.c -O2 -flto execution test
FAIL: gcc.dg/torture/builtin-math-7.c -O2 -fwhopr execution test
FAIL: gcc.target/i386/amd64-abi-1.c (test for errors, line 5)
FAIL: gcc.target/i386/amd64-abi-3.c scan-assembler subq[\\\\t ]*\\\\\$88,[\\\\t ]*%rsp
FAIL: gcc.target/i386/amd64-abi-3.c scan-assembler-not subq[\\\\t ]*\\\\\$216,[\\\\t ]*%rsp
FAIL: gcc.target/i386/defines-1.c (test for excess errors)
FAIL: gcc.target/i386/funcspec-3.c scan-assembler call\\t(.*)sse42_pop_l
FAIL: gcc.target/i386/funcspec-3.c scan-assembler call\\t(.*)popcountdi2
FAIL: gcc.target/i386/funcspec-8.c (test for errors, line 28)
FAIL: gcc.target/i386/funcspec-8.c (test for errors, line 47)
FAIL: gcc.target/i386/funcspec-8.c (test for errors, line 66)
FAIL: gcc.target/i386/funcspec-8.c (test for errors, line 85)
FAIL: gcc.target/i386/funcspec-8.c (test for errors, line 104)
FAIL: gcc.target/i386/funcspec-8.c (test for errors, line 123)
FAIL: gcc.target/i386/funcspec-8.c (test for errors, line 142)
FAIL: gcc.target/i386/funcspec-8.c (test for errors, line 161)
FAIL: gcc.target/i386/funcspec-8.c (test for excess errors)
FAIL: gcc.target/i386/isa-1.c execution test
FAIL: gcc.target/i386/isa-10.c execution test
FAIL: gcc.target/i386/isa-11.c execution test
FAIL: gcc.target/i386/isa-12.c execution test
FAIL: gcc.target/i386/isa-13.c execution test
FAIL: gcc.target/i386/isa-14.c execution test
FAIL: gcc.target/i386/isa-4.c execution test
FAIL: gcc.target/i386/isa-5.c execution test
FAIL: gcc.target/i386/isa-6.c execution test
FAIL: gcc.target/i386/isa-7.c execution test
FAIL: gcc.target/i386/isa-9.c execution test
FAIL: gcc.target/i386/parity-1.c scan-assembler setnp
FAIL: gcc.target/i386/parity-2.c scan-assembler setnp
FAIL: gcc.target/i386/pr38824.c scan-assembler-not addps[^\\\\n]*%[er]
FAIL: gcc.target/i386/pr39162.c (test for warnings, line 7)
FAIL: gcc.target/i386/sse-21.c scan-assembler-not fisttp
FAIL: gcc.target/i386/vecinit-1.c scan-assembler-not xor
FAIL: gcc.target/i386/vecinit-2.c scan-assembler-not xor
FAIL: gcc.target/i386/xorps-sse.c scan-assembler xorps[ \\t]
=== gcc Summary for emx-avx-sim ===
=== gcc Summary ===
# of expected passes 142499
# of unexpected failures 158
# of unexpected successes 8
# of expected failures 339
# of unresolved testcases 2
# of unsupported tests 1494
/export/build/gnu/gcc-avx/build-x86_64-linux/gcc/xgcc version 4.5.0 20091116 (experimental) [trunk revision 154212] (GCC)
=== gfortran tests ===
Running target emx-avx-sim/-m32
FAIL: gfortran.dg/lto/pr40725 f_lto_pr40725_0.o-f_lto_pr40725_1.o execute -O2 -fwhopr
FAIL: gfortran.dg/lto/pr40725 f_lto_pr40725_0.o-f_lto_pr40725_1.o execute -O2 -flto
=== gfortran Summary for emx-avx-sim/-m32 ===
# of expected passes 3996
Running target emx-avx-sim
FAIL: gfortran.dg/lto/pr40725 f_lto_pr40725_0.o-f_lto_pr40725_1.o execute -O2 -fwhopr
FAIL: gfortran.dg/lto/pr40725 f_lto_pr40725_0.o-f_lto_pr40725_1.o execute -O2 -flto
=== gfortran Summary for emx-avx-sim ===
# of expected passes 3996
=== gfortran Summary ===
# of expected passes 66171
# of unexpected failures 4
# of expected failures 44
# of unsupported tests 162
/export/build/gnu/gcc-avx/build-x86_64-linux/gcc/testsuite/gfortran/../../gfortran version 4.5.0 20091116 (experimental) [trunk revision 154212] (GCC)
=== g++ tests ===
Running target emx-avx-sim/-m32
FAIL: g++.dg/lto/20081109 cp_lto_20081109_0.o-cp_lto_20081109_1.o execute -O2 -fwhopr
FAIL: g++.dg/lto/20090106 cp_lto_20090106_0.o-cp_lto_20090106_0.o link
UNRESOLVED: g++.dg/lto/20090106 cp_lto_20090106_0.o-cp_lto_20090106_0.o execute -O0 -fwhopr
FAIL: g++.dg/lto/20090106 cp_lto_20090106_0.o-cp_lto_20090106_0.o link
UNRESOLVED: g++.dg/lto/20090106 cp_lto_20090106_0.o-cp_lto_20090106_0.o execute -O0 -flto
FAIL: g++.dg/torture/stackalign/unwind-2.C -O1 execution test
FAIL: g++.dg/torture/stackalign/unwind-2.C -O2 execution test
FAIL: g++.dg/torture/stackalign/unwind-2.C -O2 -flto execution test
FAIL: g++.dg/torture/stackalign/unwind-2.C -O2 -fwhopr execution test
=== g++ Summary for emx-avx-sim/-m32 ===
# of expected passes 6812
# of expected failures 26
# of unsupported tests 10
Running target emx-avx-sim
FAIL: g++.dg/lto/20090106 cp_lto_20090106_0.o-cp_lto_20090106_0.o link
UNRESOLVED: g++.dg/lto/20090106 cp_lto_20090106_0.o-cp_lto_20090106_0.o execute -O0 -fwhopr
FAIL: g++.dg/lto/20090106 cp_lto_20090106_0.o-cp_lto_20090106_0.o link
UNRESOLVED: g++.dg/lto/20090106 cp_lto_20090106_0.o-cp_lto_20090106_0.o execute -O0 -flto
=== g++ Summary for emx-avx-sim ===
# of expected passes 6765
# of expected failures 26
# of unsupported tests 20
=== g++ Summary ===
# of expected passes 47387
# of unexpected failures 9
# of expected failures 312
# of unresolved testcases 4
# of unsupported tests 412
/export/build/gnu/gcc-avx/build-x86_64-linux/gcc/testsuite/g++/../../g++ version 4.5.0 20091116 (experimental) [trunk revision 154212] (GCC)
=== objc tests ===
Running target emx-avx-sim/-m32
=== objc Summary for emx-avx-sim/-m32 ===
# of expected passes 2
Running target emx-avx-sim
=== objc Summary for emx-avx-sim ===
# of expected passes 2
=== objc Summary ===
# of expected passes 3742
# of expected failures 22
# of unsupported tests 48
/export/build/gnu/gcc-avx/build-x86_64-linux/gcc/xgcc version 4.5.0 20091116 (experimental) [trunk revision 154212] (GCC)
=== libffi tests ===
Running target emx-avx-sim/-m32
XPASS: libffi.call/cls_dbls_struct.c -O0 -W -Wall output pattern test, 1.0 2.0?
XPASS: libffi.call/cls_dbls_struct.c -O2 output pattern test, 1.0 2.0?
XPASS: libffi.call/cls_dbls_struct.c -O3 output pattern test, 1.0 2.0?
XPASS: libffi.call/cls_dbls_struct.c -Os output pattern test, 1.0 2.0?
XPASS: libffi.call/cls_dbls_struct.c -O2 -fomit-frame-pointer output pattern test, 1.0 2.0?
=== libffi Summary for emx-avx-sim/-m32 ===
# of expected passes 24
Running target emx-avx-sim
FAIL: libffi.call/testclosure.c -O0 -W -Wall output pattern test, is 4 5 0 0
FAIL: libffi.call/testclosure.c -O2 output pattern test, is 4 5 0 0
FAIL: libffi.call/testclosure.c -O3 output pattern test, is 4 5 0 0
FAIL: libffi.call/testclosure.c -Os output pattern test, is 4 5 0 0
FAIL: libffi.call/testclosure.c -O2 -fomit-frame-pointer output pattern test, is 4 5 0 0
FAIL: libffi.special/unwindtest.cc -shared-libgcc -lstdc++ execution test
FAIL: libffi.special/unwindtest.cc -shared-libgcc -lstdc++ execution test
FAIL: libffi.special/unwindtest.cc -shared-libgcc -lstdc++ execution test
FAIL: libffi.special/unwindtest.cc -shared-libgcc -lstdc++ execution test
=== libffi Summary for emx-avx-sim ===
# of expected passes 16
# of unexpected failures 4
=== libffi Summary ===
# of expected passes 3185
# of unexpected failures 9
# of unexpected successes 5
# of expected failures 35
# of unsupported tests 30
=== libgomp tests ===
Running target emx-avx-sim/-m32
=== libgomp Summary for emx-avx-sim/-m32 ===
Running target emx-avx-sim
=== libgomp Summary for emx-avx-sim ===
=== libgomp Summary ===
# of expected passes 4820
=== libjava tests ===
Running target emx-avx-sim/-m32
=== libjava Summary for emx-avx-sim/-m32 ===
Running target emx-avx-sim
=== libjava Summary for emx-avx-sim ===
=== libjava Summary ===
# of expected passes 5148
=== libmudflap tests ===
Running target emx-avx-sim/-m32
FAIL: libmudflap.c/fail31-frag.c (-O3) crash test
FAIL: libmudflap.c/fail31-frag.c (-O3) output pattern test
FAIL: libmudflap.c/pass45-frag.c (-O3) execution test
FAIL: libmudflap.c/pass45-frag.c (-O3) output pattern test
FAIL: libmudflap.c/pass45-frag.c (-O3) execution test
FAIL: libmudflap.c/pass45-frag.c (-O3) output pattern test
FAIL: externs-12 execution
FAIL: externs-21 execution
FAIL: externs-12 execution -static
FAIL: externs-21 execution -static
FAIL: externs-12 execution -O2
FAIL: externs-21 execution -O2
FAIL: externs-12 execution -O3
FAIL: externs-21 execution -O3
FAIL: libmudflap.c++/pass41-frag.cxx execution test
FAIL: libmudflap.c++/pass41-frag.cxx (-static) execution test
FAIL: libmudflap.c++/pass41-frag.cxx ( -O) execution test
FAIL: libmudflap.c++/pass41-frag.cxx (-O2) execution test
FAIL: libmudflap.c++/pass41-frag.cxx (-O3) execution test
FAIL: ctors-12 execution
FAIL: ctors-21 execution
FAIL: ctors-12 execution -static
FAIL: ctors-21 execution -static
FAIL: ctors-12 execution -O2
FAIL: ctors-21 execution -O2
FAIL: ctors-12 execution -O3
FAIL: ctors-21 execution -O3
WARNING: program timed out.
FAIL: libmudflap.cth/pass40-frag.c execution test
FAIL: libmudflap.cth/pass40-frag.c output pattern test
WARNING: program timed out.
FAIL: libmudflap.cth/pass40-frag.c (-static -DSTATIC) execution test
FAIL: libmudflap.cth/pass40-frag.c (-static -DSTATIC) output pattern test
WARNING: program timed out.
FAIL: libmudflap.cth/pass40-frag.c (-O2) execution test
FAIL: libmudflap.cth/pass40-frag.c (-O2) output pattern test
WARNING: program timed out.
FAIL: libmudflap.cth/pass40-frag.c (-O3) execution test
FAIL: libmudflap.cth/pass40-frag.c (-O3) output pattern test
=== libmudflap Summary for emx-avx-sim/-m32 ===
# of expected passes 344
# of unexpected failures 8
Running target emx-avx-sim
FAIL: libmudflap.c/fail31-frag.c (-O3) output pattern test
FAIL: libmudflap.c/pass45-frag.c (-O3) execution test
FAIL: libmudflap.c/pass45-frag.c (-O3) output pattern test
FAIL: libmudflap.c/pass45-frag.c (-O3) execution test
FAIL: libmudflap.c/pass45-frag.c (-O3) output pattern test
FAIL: libmudflap.c++/pass41-frag.cxx execution test
FAIL: libmudflap.c++/pass41-frag.cxx (-static) execution test
FAIL: libmudflap.c++/pass41-frag.cxx ( -O) execution test
FAIL: libmudflap.c++/pass41-frag.cxx (-O2) execution test
FAIL: libmudflap.c++/pass41-frag.cxx (-O3) execution test
WARNING: program timed out.
FAIL: libmudflap.cth/pass40-frag.c execution test
FAIL: libmudflap.cth/pass40-frag.c output pattern test
WARNING: program timed out.
FAIL: libmudflap.cth/pass40-frag.c (-static -DSTATIC) execution test
FAIL: libmudflap.cth/pass40-frag.c (-static -DSTATIC) output pattern test
WARNING: program timed out.
FAIL: libmudflap.cth/pass40-frag.c (-O2) execution test
FAIL: libmudflap.cth/pass40-frag.c (-O2) output pattern test
WARNING: program timed out.
FAIL: libmudflap.cth/pass40-frag.c (-O3) execution test
FAIL: libmudflap.cth/pass40-frag.c (-O3) output pattern test
=== libmudflap Summary for emx-avx-sim ===
# of expected passes 344
# of unexpected failures 8
=== libmudflap Summary ===
# of expected passes 3735
# of unexpected failures 53
=== libstdc++ tests ===
Running target emx-avx-sim/-m32
FAIL: 21_strings/basic_string/cons/char/1.cc execution test
FAIL: 21_strings/basic_string/cons/wchar_t/1.cc execution test
FAIL: 21_strings/basic_string/init-list.cc execution test
FAIL: 21_strings/basic_string/insert/char/1.cc execution test
FAIL: 21_strings/basic_string/insert/wchar_t/1.cc execution test
FAIL: 22_locale/locale/cons/12438.cc execution test
FAIL: 23_containers/map/init-list.cc execution test
FAIL: 23_containers/multimap/init-list.cc execution test
FAIL: 23_containers/multiset/init-list.cc execution test
FAIL: 23_containers/set/init-list.cc execution test
FAIL: 23_containers/unordered_map/init-list.cc execution test
FAIL: 23_containers/unordered_multimap/init-list.cc execution test
FAIL: 23_containers/unordered_multiset/init-list.cc execution test
FAIL: 23_containers/unordered_set/init-list.cc execution test
XPASS: 26_numerics/headers/cmath/c99_classification_macros_c.cc (test for excess errors)
FAIL: 26_numerics/valarray/init-list.cc execution test
FAIL: 27_io/ios_base/storage/1.cc execution test
FAIL: 27_io/ios_base/storage/2.cc execution test
FAIL: 27_io/ios_base/storage/3.cc execution test
FAIL: ext/vstring/init-list.cc execution test
=== libstdc++ Summary for emx-avx-sim/-m32 ===
# of expected passes 7115
# of unexpected failures 19
# of unexpected successes 1
# of expected failures 89
# of unsupported tests 83
Running target emx-avx-sim
FAIL: 21_strings/basic_string/cons/char/1.cc execution test
FAIL: 21_strings/basic_string/cons/wchar_t/1.cc execution test
FAIL: 21_strings/basic_string/init-list.cc execution test
FAIL: 21_strings/basic_string/insert/char/1.cc execution test
FAIL: 21_strings/basic_string/insert/wchar_t/1.cc execution test
FAIL: 22_locale/locale/cons/12438.cc execution test
FAIL: 23_containers/map/init-list.cc execution test
FAIL: 23_containers/multimap/init-list.cc execution test
FAIL: 23_containers/multiset/init-list.cc execution test
FAIL: 23_containers/set/init-list.cc execution test
FAIL: 23_containers/unordered_map/init-list.cc execution test
FAIL: 23_containers/unordered_multimap/init-list.cc execution test
FAIL: 23_containers/unordered_multiset/init-list.cc execution test
FAIL: 23_containers/unordered_set/init-list.cc execution test
XPASS: 26_numerics/headers/cmath/c99_classification_macros_c.cc (test for excess errors)
FAIL: 26_numerics/valarray/init-list.cc execution test
FAIL: 27_io/ios_base/storage/1.cc execution test
FAIL: 27_io/ios_base/storage/2.cc execution test
FAIL: 27_io/ios_base/storage/3.cc execution test
FAIL: ext/pb_ds/regression/list_update_no_data_map_rand.cc execution test
FAIL: ext/vstring/init-list.cc execution test
=== libstdc++ Summary for emx-avx-sim ===
# of expected passes 7259
# of unexpected failures 20
# of unexpected successes 1
# of expected failures 91
# of unsupported tests 13
=== libstdc++ Summary ===
# of expected passes 14376
# of unexpected failures 39
# of unexpected successes 2
# of expected failures 180
# of unsupported tests 96
Compiler version: 4.5.0 20091116 (experimental) [trunk revision 154212] (GCC)
Platform: x86_64-unknown-linux-gnu
configure flags: --enable-clocale=gnu --with-system-zlib --enable-checking=assert -with-plugin-ld=ld.gold --enable-gold --with-demangler-in-ld --enable-shared --enable-threads=posix --enable-haifa --prefix=/usr/gcc-4.5-avx --with-local-prefix=/usr/local