This is the mail archive of the
gcc-testresults@gcc.gnu.org
mailing list for the GCC project.
Results for 4.5.0 20091113 (experimental) [trunk revision 154147] (GCC) testsuite on hppa64-hp-hpux11.11
- From: John David Anglin <dave at hiauly3 dot hia dot nrc dot ca>
- To: dave at hiauly3 dot hia dot nrc dot ca, gcc-testresults at gcc dot gnu dot org
- Date: Sun, 15 Nov 2009 11:44:51 -0500 (EST)
- Subject: Results for 4.5.0 20091113 (experimental) [trunk revision 154147] (GCC) testsuite on hppa64-hp-hpux11.11
Native configuration is hppa64-hp-hpux11.11
=== g++ tests ===
Running target unix
FAIL: g++.dg/abi/mangle2.C (internal compiler error)
FAIL: g++.dg/abi/mangle2.C (test for excess errors)
WARNING: g++.dg/abi/mangle2.C compilation failed to produce executable
FAIL: g++.dg/lto/20081109 cp_lto_20081109_0.o-cp_lto_20081109_1.o execute -O2 -fwhopr
FAIL: g++.dg/lto/20090106 cp_lto_20090106_0.o-cp_lto_20090106_0.o link
UNRESOLVED: g++.dg/lto/20090106 cp_lto_20090106_0.o-cp_lto_20090106_0.o execute -O0 -fwhopr
FAIL: g++.dg/lto/20090106 cp_lto_20090106_0.o-cp_lto_20090106_0.o link
UNRESOLVED: g++.dg/lto/20090106 cp_lto_20090106_0.o-cp_lto_20090106_0.o execute -O0 -flto
UNRESOLVED: attribute_plugin.c compilation, -I. -I/test/gnu/gcc/gcc/gcc/testsuite -I/test/gnu/gcc/gcc/gcc/testsuite/../../gcc -I/test/gnu/gcc/objdir/gcc/testsuite/g++/../../../gcc -I/test/gnu/gcc/gcc/gcc/testsuite/../../include -I/test/gnu/gcc/gcc/gcc/testsuite/../../libcpp/include -I/opt/gnu64/gcc/gcc-4.5.0/include -DIN_GCC -fPIC -shared
UNRESOLVED: pragma_plugin.c compilation, -I. -I/test/gnu/gcc/gcc/gcc/testsuite -I/test/gnu/gcc/gcc/gcc/testsuite/../../gcc -I/test/gnu/gcc/objdir/gcc/testsuite/g++/../../../gcc -I/test/gnu/gcc/gcc/gcc/testsuite/../../include -I/test/gnu/gcc/gcc/gcc/testsuite/../../libcpp/include -I/opt/gnu64/gcc/gcc-4.5.0/include -DIN_GCC -fPIC -shared
UNRESOLVED: selfassign.c compilation, -I. -I/test/gnu/gcc/gcc/gcc/testsuite -I/test/gnu/gcc/gcc/gcc/testsuite/../../gcc -I/test/gnu/gcc/objdir/gcc/testsuite/g++/../../../gcc -I/test/gnu/gcc/gcc/gcc/testsuite/../../include -I/test/gnu/gcc/gcc/gcc/testsuite/../../libcpp/include -I/opt/gnu64/gcc/gcc-4.5.0/include -O -DIN_GCC -fPIC -shared
UNRESOLVED: dumb_plugin.c compilation, -I. -I/test/gnu/gcc/gcc/gcc/testsuite -I/test/gnu/gcc/gcc/gcc/testsuite/../../gcc -I/test/gnu/gcc/objdir/gcc/testsuite/g++/../../../gcc -I/test/gnu/gcc/gcc/gcc/testsuite/../../include -I/test/gnu/gcc/gcc/gcc/testsuite/../../libcpp/include -I/opt/gnu64/gcc/gcc-4.5.0/include -DIN_GCC -fPIC -shared
UNRESOLVED: header_plugin.c compilation, -I. -I/test/gnu/gcc/gcc/gcc/testsuite -I/test/gnu/gcc/gcc/gcc/testsuite/../../gcc -I/test/gnu/gcc/objdir/gcc/testsuite/g++/../../../gcc -I/test/gnu/gcc/gcc/gcc/testsuite/../../include -I/test/gnu/gcc/gcc/gcc/testsuite/../../libcpp/include -I/opt/gnu64/gcc/gcc-4.5.0/include -DIN_GCC -fPIC -shared
FAIL: g++.old-deja/g++.other/linkage6.C (internal compiler error)
FAIL: g++.old-deja/g++.other/linkage6.C (test for excess errors)
=== g++ Summary ===
# of expected passes 20295
# of unexpected failures 7
# of expected failures 158
# of unresolved testcases 7
# of unsupported tests 216
/test/gnu/gcc/objdir/gcc/testsuite/g++/../../g++ version 4.5.0 20091113 (experimental) [trunk revision 154147] (GCC)
=== gcc tests ===
Running target unix
FAIL: gcc.c-torture/execute/builtins/memcpy-chk.c compilation, -O2 -fwhopr
UNRESOLVED: gcc.c-torture/execute/builtins/memcpy-chk.c execution, -O2 -fwhopr
FAIL: gcc.c-torture/execute/builtins/memmove-2.c compilation, -O2 -fwhopr
UNRESOLVED: gcc.c-torture/execute/builtins/memmove-2.c execution, -O2 -fwhopr
FAIL: gcc.c-torture/execute/builtins/memmove-chk.c compilation, -O2 -fwhopr
UNRESOLVED: gcc.c-torture/execute/builtins/memmove-chk.c execution, -O2 -fwhopr
FAIL: gcc.c-torture/execute/builtins/memops-asm.c compilation, -O2 -fwhopr
UNRESOLVED: gcc.c-torture/execute/builtins/memops-asm.c execution, -O2 -fwhopr
FAIL: gcc.c-torture/execute/builtins/mempcpy-2.c compilation, -O2 -fwhopr
UNRESOLVED: gcc.c-torture/execute/builtins/mempcpy-2.c execution, -O2 -fwhopr
FAIL: gcc.c-torture/execute/builtins/mempcpy-chk.c compilation, -O2 -fwhopr
UNRESOLVED: gcc.c-torture/execute/builtins/mempcpy-chk.c execution, -O2 -fwhopr
FAIL: gcc.c-torture/execute/builtins/memset-chk.c compilation, -O2 -fwhopr
UNRESOLVED: gcc.c-torture/execute/builtins/memset-chk.c execution, -O2 -fwhopr
FAIL: gcc.c-torture/execute/builtins/memset.c compilation, -O2 -fwhopr
UNRESOLVED: gcc.c-torture/execute/builtins/memset.c execution, -O2 -fwhopr
FAIL: gcc.c-torture/execute/builtins/strcpy-2.c compilation, -O2 -fwhopr
UNRESOLVED: gcc.c-torture/execute/builtins/strcpy-2.c execution, -O2 -fwhopr
FAIL: gcc.c-torture/execute/builtins/strpcpy-2.c compilation, -O2 -fwhopr
UNRESOLVED: gcc.c-torture/execute/builtins/strpcpy-2.c execution, -O2 -fwhopr
XPASS: gcc.dg/Warray-bounds.c (test for warnings, line 59)
XPASS: gcc.dg/Warray-bounds.c (test for warnings, line 65)
XPASS: gcc.dg/Wunreachable-8.c (test for bogus messages, line 7)
XPASS: gcc.dg/funcorder.c scan-assembler-not link_error,%r
FAIL: gcc.dg/pr34668-1.c (internal compiler error)
FAIL: gcc.dg/pr34668-1.c (test for excess errors)
WARNING: program timed out.
FAIL: gcc.dg/lto/20090116 c_lto_20090116_0.o-c_lto_20090116_0.o link, (internal compiler error)
UNRESOLVED: gcc.dg/lto/20090116 c_lto_20090116_0.o-c_lto_20090116_0.o execute -O1 -fwhopr -fPIC
FAIL: gcc.dg/lto/20090313 c_lto_20090313_0.o-c_lto_20090313_0.o link
UNRESOLVED: gcc.dg/lto/20090313 c_lto_20090313_0.o-c_lto_20090313_0.o execute -O0 -fwhopr
FAIL: gcc.dg/lto/20090313 c_lto_20090313_0.o-c_lto_20090313_0.o link
UNRESOLVED: gcc.dg/lto/20090313 c_lto_20090313_0.o-c_lto_20090313_0.o execute -O2 -fwhopr
FAIL: gcc.dg/lto/20090313 c_lto_20090313_0.o-c_lto_20090313_0.o link
UNRESOLVED: gcc.dg/lto/20090313 c_lto_20090313_0.o-c_lto_20090313_0.o execute -O0 -flto
FAIL: gcc.dg/lto/20090313 c_lto_20090313_0.o-c_lto_20090313_0.o link
UNRESOLVED: gcc.dg/lto/20090313 c_lto_20090313_0.o-c_lto_20090313_0.o execute -O2 -flto
UNRESOLVED: selfassign.c compilation, -I. -I/test/gnu/gcc/gcc/gcc/testsuite -I/test/gnu/gcc/gcc/gcc/testsuite/../../gcc -I/test/gnu/gcc/objdir/gcc/testsuite/gcc/../../../gcc -I/test/gnu/gcc/gcc/gcc/testsuite/../../include -I/test/gnu/gcc/gcc/gcc/testsuite/../../libcpp/include -I/opt/gnu64/gcc/gcc-4.5.0/include -O -DIN_GCC -fPIC -shared
UNRESOLVED: ggcplug.c compilation, -I. -I/test/gnu/gcc/gcc/gcc/testsuite -I/test/gnu/gcc/gcc/gcc/testsuite/../../gcc -I/test/gnu/gcc/objdir/gcc/testsuite/gcc/../../../gcc -I/test/gnu/gcc/gcc/gcc/testsuite/../../include -I/test/gnu/gcc/gcc/gcc/testsuite/../../libcpp/include -I/opt/gnu64/gcc/gcc-4.5.0/include -O -DIN_GCC -fPIC -shared
UNRESOLVED: one_time_plugin.c compilation, -I. -I/test/gnu/gcc/gcc/gcc/testsuite -I/test/gnu/gcc/gcc/gcc/testsuite/../../gcc -I/test/gnu/gcc/objdir/gcc/testsuite/gcc/../../../gcc -I/test/gnu/gcc/gcc/gcc/testsuite/../../include -I/test/gnu/gcc/gcc/gcc/testsuite/../../libcpp/include -I/opt/gnu64/gcc/gcc-4.5.0/include -DIN_GCC -fPIC -shared
UNRESOLVED: start_unit_plugin.c compilation, -I. -I/test/gnu/gcc/gcc/gcc/testsuite -I/test/gnu/gcc/gcc/gcc/testsuite/../../gcc -I/test/gnu/gcc/objdir/gcc/testsuite/gcc/../../../gcc -I/test/gnu/gcc/gcc/gcc/testsuite/../../include -I/test/gnu/gcc/gcc/gcc/testsuite/../../libcpp/include -I/opt/gnu64/gcc/gcc-4.5.0/include -DIN_GCC -fPIC -shared
UNRESOLVED: finish_unit_plugin.c compilation, -I. -I/test/gnu/gcc/gcc/gcc/testsuite -I/test/gnu/gcc/gcc/gcc/testsuite/../../gcc -I/test/gnu/gcc/objdir/gcc/testsuite/gcc/../../../gcc -I/test/gnu/gcc/gcc/gcc/testsuite/../../include -I/test/gnu/gcc/gcc/gcc/testsuite/../../libcpp/include -I/opt/gnu64/gcc/gcc-4.5.0/include -DIN_GCC -fPIC -shared
XPASS: gcc.dg/struct/wo_prof_array_through_pointer.c scan-ipa-dump ipa_struct_reorg "Number of structures to transform is 1"
FAIL: gcc.dg/struct/wo_prof_double_malloc.c (internal compiler error)
FAIL: gcc.dg/struct/wo_prof_double_malloc.c (test for excess errors)
WARNING: gcc.dg/struct/wo_prof_double_malloc.c compilation failed to produce executable
FAIL: gcc.dg/torture/builtin-math-7.c -O2 -flto execution test
FAIL: gcc.dg/torture/builtin-math-7.c -O2 -fwhopr execution test
FAIL: gcc.dg/torture/pr26565.c -O1 execution test
FAIL: gcc.dg/torture/pr26565.c -O2 execution test
FAIL: gcc.dg/torture/pr26565.c -Os execution test
FAIL: gcc.dg/torture/pr26565.c -O2 -flto execution test
FAIL: gcc.dg/torture/pr26565.c -O2 -fwhopr execution test
FAIL: gcc.dg/tree-prof/pr34999.c compilation, -fprofile-use -D_PROFILE_USE
UNRESOLVED: gcc.dg/tree-prof/pr34999.c execution, -fprofile-use -D_PROFILE_USE
=== gcc Summary ===
# of expected passes 60569
# of unexpected failures 27
# of unexpected successes 5
# of expected failures 91
# of unresolved testcases 21
# of unsupported tests 772
/test/gnu/gcc/objdir/gcc/xgcc version 4.5.0 20091113 (experimental) [trunk revision 154147] (GCC)
=== gfortran tests ===
Running target unix
FAIL: gfortran.dg/lto/pr40725 f_lto_pr40725_0.o-f_lto_pr40725_1.o execute -O2 -fwhopr
FAIL: gfortran.dg/lto/pr40725 f_lto_pr40725_0.o-f_lto_pr40725_1.o execute -O2 -flto
=== gfortran Summary ===
# of expected passes 32059
# of unexpected failures 2
# of expected failures 22
# of unsupported tests 283
/test/gnu/gcc/objdir/gcc/testsuite/gfortran/../../gfortran version 4.5.0 20091113 (experimental) [trunk revision 154147] (GCC)
=== obj-c++ tests ===
Running target unix
FAIL: obj-c++.dg/const-str-5.mm (internal compiler error)
FAIL: obj-c++.dg/const-str-5.mm (test for excess errors)
FAIL: obj-c++.dg/gnu-runtime-2.mm (internal compiler error)
FAIL: obj-c++.dg/gnu-runtime-2.mm (test for excess errors)
WARNING: obj-c++.dg/lookup-2.mm compilation failed to produce executable
FAIL: obj-c++.dg/template-4.mm (internal compiler error)
FAIL: obj-c++.dg/template-4.mm (test for excess errors)
WARNING: obj-c++.dg/template-4.mm compilation failed to produce executable
WARNING: obj-c++.dg/try-catch-2.mm compilation failed to produce executable
WARNING: obj-c++.dg/try-catch-9.mm compilation failed to produce executable
=== obj-c++ Summary ===
# of expected passes 426
# of unexpected failures 6
# of expected failures 18
# of unsupported tests 13
/test/gnu/gcc/objdir/gcc/testsuite/obj-c++/../../g++ version 4.5.0 20091113 (experimental) [trunk revision 154147] (GCC)
=== objc tests ===
Running target unix
FAIL: objc/execute/string1.m compilation, -O0 -fgnu-runtime (internal compiler error)
UNRESOLVED: objc/execute/string1.m execution, -O0 -fgnu-runtime
FAIL: objc/execute/string1.m compilation, -O1 -fgnu-runtime (internal compiler error)
UNRESOLVED: objc/execute/string1.m execution, -O1 -fgnu-runtime
FAIL: objc/execute/string1.m compilation, -O2 -fgnu-runtime (internal compiler error)
UNRESOLVED: objc/execute/string1.m execution, -O2 -fgnu-runtime
FAIL: objc/execute/string1.m compilation, -O3 -fomit-frame-pointer -fgnu-runtime (internal compiler error)
UNRESOLVED: objc/execute/string1.m execution, -O3 -fomit-frame-pointer -fgnu-runtime
FAIL: objc/execute/string1.m compilation, -O3 -g -fgnu-runtime (internal compiler error)
UNRESOLVED: objc/execute/string1.m execution, -O3 -g -fgnu-runtime
FAIL: objc/execute/string1.m compilation, -Os -fgnu-runtime (internal compiler error)
UNRESOLVED: objc/execute/string1.m execution, -Os -fgnu-runtime
FAIL: objc/execute/string2.m compilation, -O0 -fgnu-runtime (internal compiler error)
UNRESOLVED: objc/execute/string2.m execution, -O0 -fgnu-runtime
FAIL: objc/execute/string2.m compilation, -O1 -fgnu-runtime (internal compiler error)
UNRESOLVED: objc/execute/string2.m execution, -O1 -fgnu-runtime
FAIL: objc/execute/string2.m compilation, -O2 -fgnu-runtime (internal compiler error)
UNRESOLVED: objc/execute/string2.m execution, -O2 -fgnu-runtime
FAIL: objc/execute/string2.m compilation, -O3 -fomit-frame-pointer -fgnu-runtime (internal compiler error)
UNRESOLVED: objc/execute/string2.m execution, -O3 -fomit-frame-pointer -fgnu-runtime
FAIL: objc/execute/string2.m compilation, -O3 -g -fgnu-runtime (internal compiler error)
UNRESOLVED: objc/execute/string2.m execution, -O3 -g -fgnu-runtime
FAIL: objc/execute/string2.m compilation, -Os -fgnu-runtime (internal compiler error)
UNRESOLVED: objc/execute/string2.m execution, -Os -fgnu-runtime
FAIL: objc/execute/string3.m compilation, -O0 -fgnu-runtime (internal compiler error)
UNRESOLVED: objc/execute/string3.m execution, -O0 -fgnu-runtime
FAIL: objc/execute/string3.m compilation, -O1 -fgnu-runtime (internal compiler error)
UNRESOLVED: objc/execute/string3.m execution, -O1 -fgnu-runtime
FAIL: objc/execute/string3.m compilation, -O2 -fgnu-runtime (internal compiler error)
UNRESOLVED: objc/execute/string3.m execution, -O2 -fgnu-runtime
FAIL: objc/execute/string3.m compilation, -O3 -fomit-frame-pointer -fgnu-runtime (internal compiler error)
UNRESOLVED: objc/execute/string3.m execution, -O3 -fomit-frame-pointer -fgnu-runtime
FAIL: objc/execute/string3.m compilation, -O3 -g -fgnu-runtime (internal compiler error)
UNRESOLVED: objc/execute/string3.m execution, -O3 -g -fgnu-runtime
FAIL: objc/execute/string3.m compilation, -Os -fgnu-runtime (internal compiler error)
UNRESOLVED: objc/execute/string3.m execution, -Os -fgnu-runtime
FAIL: objc/execute/string4.m compilation, -O0 -fgnu-runtime (internal compiler error)
UNRESOLVED: objc/execute/string4.m execution, -O0 -fgnu-runtime
FAIL: objc/execute/string4.m compilation, -O1 -fgnu-runtime (internal compiler error)
UNRESOLVED: objc/execute/string4.m execution, -O1 -fgnu-runtime
FAIL: objc/execute/string4.m compilation, -O2 -fgnu-runtime (internal compiler error)
UNRESOLVED: objc/execute/string4.m execution, -O2 -fgnu-runtime
FAIL: objc/execute/string4.m compilation, -O3 -fomit-frame-pointer -fgnu-runtime (internal compiler error)
UNRESOLVED: objc/execute/string4.m execution, -O3 -fomit-frame-pointer -fgnu-runtime
FAIL: objc/execute/string4.m compilation, -O3 -g -fgnu-runtime (internal compiler error)
UNRESOLVED: objc/execute/string4.m execution, -O3 -g -fgnu-runtime
FAIL: objc/execute/string4.m compilation, -Os -fgnu-runtime (internal compiler error)
UNRESOLVED: objc/execute/string4.m execution, -Os -fgnu-runtime
FAIL: objc.dg/const-str-12.m (internal compiler error)
FAIL: objc.dg/const-str-12.m (test for excess errors)
FAIL: objc.dg/const-str-5.m (internal compiler error)
FAIL: objc.dg/const-str-5.m (test for excess errors)
FAIL: objc.dg/gnu-runtime-2.m (internal compiler error)
FAIL: objc.dg/gnu-runtime-2.m (test for excess errors)
=== objc Summary ===
# of expected passes 1814
# of unexpected failures 30
# of expected failures 15
# of unresolved testcases 24
# of unsupported tests 25
/test/gnu/gcc/objdir/gcc/xgcc version 4.5.0 20091113 (experimental) [trunk revision 154147] (GCC)
=== libgomp tests ===
Running target unix
=== libgomp Summary ===
# of expected passes 2390
# of unsupported tests 9
=== libstdc++ tests ===
Running target unix
FAIL: ext/new_allocator/deallocate_global.cc execution test
FAIL: ext/throw_allocator/deallocate_global.cc execution test
=== libstdc++ Summary ===
# of expected passes 5930
# of unexpected failures 2
# of expected failures 85
# of unsupported tests 593
Compiler version: 4.5.0 20091113 (experimental) [trunk revision 154147] (GCC)
Platform: hppa64-hp-hpux11.11
configure flags:Test Run By dave on Sat Nov 14 01:00:04 2009