This is the mail archive of the
gcc-testresults@gcc.gnu.org
mailing list for the GCC project.
Results for 4.5.0 20091113 (experimental) [trunk revision 154172] (GCC) testsuite on alphaev68-unknown-linux-gnu
- From: uros at gcc13 dot fsffrance dot org
- To: gcc-testresults at gcc dot gnu dot org
- Date: Sat, 14 Nov 2009 13:03:11 +0100
- Subject: Results for 4.5.0 20091113 (experimental) [trunk revision 154172] (GCC) testsuite on alphaev68-unknown-linux-gnu
LAST_UPDATED: Fri Nov 13 20:03:51 UTC 2009 (revision 154172)
Native configuration is alphaev68-unknown-linux-gnu
=== libffi tests ===
Running target unix
FAIL: libffi.call/cls_longdouble_va.c -O0 -W -Wall output pattern test, is %.1f
FAIL: libffi.call/cls_longdouble_va.c -O2 output pattern test, is %.1f
FAIL: libffi.call/cls_longdouble_va.c -O3 output pattern test, is %.1f
FAIL: libffi.call/cls_longdouble_va.c -Os output pattern test, is %.1f
FAIL: libffi.call/cls_longdouble_va.c -O2 -fomit-frame-pointer output pattern test, is %.1f
=== libffi Summary for unix ===
# of expected passes 1604
# of unexpected failures 5
# of expected failures 10
# of unsupported tests 15
Running target unix/-mieee
FAIL: libffi.call/cls_longdouble_va.c -O0 -W -Wall output pattern test, is %.1f
FAIL: libffi.call/cls_longdouble_va.c -O2 output pattern test, is %.1f
FAIL: libffi.call/cls_longdouble_va.c -O3 output pattern test, is %.1f
FAIL: libffi.call/cls_longdouble_va.c -Os output pattern test, is %.1f
FAIL: libffi.call/cls_longdouble_va.c -O2 -fomit-frame-pointer output pattern test, is %.1f
=== libffi Summary for unix/-mieee ===
# of expected passes 1604
# of unexpected failures 5
# of expected failures 10
# of unsupported tests 15
=== libffi Summary ===
# of expected passes 3208
# of unexpected failures 10
# of expected failures 20
# of unsupported tests 30
=== libgomp tests ===
Running target unix
=== libgomp Summary for unix ===
# of expected passes 2410
Running target unix/-mieee
=== libgomp Summary for unix/-mieee ===
# of expected passes 2410
=== libgomp Summary ===
# of expected passes 4820
=== libjava tests ===
Running target unix
=== libjava Summary for unix ===
# of expected passes 2574
Running target unix/-mieee
=== libjava Summary for unix/-mieee ===
# of expected passes 2574
=== libjava Summary ===
# of expected passes 5148
=== libmudflap tests ===
Running target unix
FAIL: libmudflap.c/pass54-frag.c execution test
FAIL: libmudflap.c/pass54-frag.c execution test
FAIL: libmudflap.c/pass54-frag.c (-static) execution test
FAIL: libmudflap.c/pass54-frag.c (-static) execution test
FAIL: libmudflap.c/fail31-frag.c (-O3) crash test
FAIL: libmudflap.c/fail31-frag.c (-O3) output pattern test
FAIL: libmudflap.c/pass45-frag.c (-O3) execution test
FAIL: libmudflap.c/pass45-frag.c (-O3) output pattern test
FAIL: libmudflap.c/pass45-frag.c (-O3) execution test
FAIL: libmudflap.c/pass45-frag.c (-O3) output pattern test
FAIL: libmudflap.c++/pass41-frag.cxx execution test
FAIL: libmudflap.c++/pass41-frag.cxx (-static) execution test
FAIL: libmudflap.c++/pass41-frag.cxx ( -O) execution test
FAIL: libmudflap.c++/pass41-frag.cxx (-O2) execution test
FAIL: libmudflap.c++/pass41-frag.cxx (-O3) execution test
=== libmudflap Summary for unix ===
# of expected passes 1879
# of unexpected failures 15
Running target unix/-mieee
FAIL: libmudflap.c/pass54-frag.c execution test
FAIL: libmudflap.c/pass54-frag.c execution test
FAIL: libmudflap.c/pass54-frag.c (-static) execution test
FAIL: libmudflap.c/pass54-frag.c (-static) execution test
FAIL: libmudflap.c/fail31-frag.c (-O3) crash test
FAIL: libmudflap.c/fail31-frag.c (-O3) output pattern test
FAIL: libmudflap.c/pass45-frag.c (-O3) execution test
FAIL: libmudflap.c/pass45-frag.c (-O3) output pattern test
FAIL: libmudflap.c/pass45-frag.c (-O3) execution test
FAIL: libmudflap.c/pass45-frag.c (-O3) output pattern test
FAIL: libmudflap.c++/pass41-frag.cxx execution test
FAIL: libmudflap.c++/pass41-frag.cxx (-static) execution test
FAIL: libmudflap.c++/pass41-frag.cxx ( -O) execution test
FAIL: libmudflap.c++/pass41-frag.cxx (-O2) execution test
FAIL: libmudflap.c++/pass41-frag.cxx (-O3) execution test
=== libmudflap Summary for unix/-mieee ===
# of expected passes 1879
# of unexpected failures 15
=== libmudflap Summary ===
# of expected passes 3758
# of unexpected failures 30
=== libstdc++ tests ===
Running target unix
XPASS: 26_numerics/headers/cmath/c99_classification_macros_c.cc (test for excess errors)
=== libstdc++ Summary for unix ===
# of expected passes 6428
# of unexpected successes 1
# of expected failures 89
# of unsupported tests 331
Running target unix/-mieee
XPASS: 26_numerics/headers/cmath/c99_classification_macros_c.cc (test for excess errors)
=== libstdc++ Summary for unix/-mieee ===
# of expected passes 6428
# of unexpected successes 1
# of expected failures 89
# of unsupported tests 331
=== libstdc++ Summary ===
# of expected passes 12856
# of unexpected successes 2
# of expected failures 178
# of unsupported tests 662
=== gcc tests ===
Running target unix
FAIL: gcc.c-torture/execute/builtins/memmove-2.c compilation, -O2 -fwhopr
UNRESOLVED: gcc.c-torture/execute/builtins/memmove-2.c execution, -O2 -fwhopr
FAIL: gcc.c-torture/execute/builtins/sprintf-chk.c execution, -O2 -fwhopr
FAIL: gcc.c-torture/execute/builtins/stpcpy-chk.c execution, -O2 -fwhopr
FAIL: gcc.c-torture/execute/builtins/strcpy-chk.c execution, -O2 -fwhopr
FAIL: gcc.c-torture/execute/stdarg-1.c execution, -O3 -fomit-frame-pointer
FAIL: gcc.c-torture/execute/stdarg-1.c execution, -O3 -g
XPASS: gcc.dg/Warray-bounds.c (test for warnings, line 59)
XPASS: gcc.dg/Warray-bounds.c (test for warnings, line 65)
XPASS: gcc.dg/Wunreachable-8.c (test for bogus messages, line 7)
FAIL: gcc.dg/pr34668-1.c (internal compiler error)
FAIL: gcc.dg/pr34668-1.c (test for excess errors)
XPASS: gcc.dg/guality/example.c -O0 execution test
XPASS: gcc.dg/guality/guality.c -O0 execution test
XPASS: gcc.dg/guality/inline-params.c -O0 execution test
XPASS: gcc.dg/guality/inline-params.c -O1 execution test
XPASS: gcc.dg/guality/inline-params.c -O2 execution test
XPASS: gcc.dg/guality/inline-params.c -O3 -fomit-frame-pointer execution test
XPASS: gcc.dg/guality/inline-params.c -O3 -g execution test
XPASS: gcc.dg/guality/inline-params.c -Os execution test
XPASS: gcc.dg/guality/pr41353-1.c -O0 line 28 j == 28 + 37
FAIL: gcc.dg/guality/pr41353-1.c -O1 line 39 i == 12
FAIL: gcc.dg/guality/pr41353-1.c -O1 line 39 i1 == 2 * 12
FAIL: gcc.dg/guality/pr41353-1.c -O1 line 39 i2 == 2 * 12
FAIL: gcc.dg/guality/pr41353-1.c -O1 line 39 i3 == 3 * 12
FAIL: gcc.dg/guality/pr41353-1.c -O2 line 39 i == 12
FAIL: gcc.dg/guality/pr41353-1.c -O2 line 39 i1 == 2 * 12
FAIL: gcc.dg/guality/pr41353-1.c -O2 line 39 i2 == 2 * 12
FAIL: gcc.dg/guality/pr41353-1.c -O2 line 39 i3 == 3 * 12
FAIL: gcc.dg/guality/pr41353-1.c -O3 -fomit-frame-pointer line 39 i == 12
FAIL: gcc.dg/guality/pr41353-1.c -O3 -fomit-frame-pointer line 39 i1 == 2 * 12
FAIL: gcc.dg/guality/pr41353-1.c -O3 -fomit-frame-pointer line 39 i2 == 2 * 12
FAIL: gcc.dg/guality/pr41353-1.c -O3 -fomit-frame-pointer line 39 i3 == 3 * 12
FAIL: gcc.dg/guality/pr41353-1.c -O3 -g line 39 i == 12
FAIL: gcc.dg/guality/pr41353-1.c -O3 -g line 39 i1 == 2 * 12
FAIL: gcc.dg/guality/pr41353-1.c -O3 -g line 39 i2 == 2 * 12
FAIL: gcc.dg/guality/pr41353-1.c -O3 -g line 39 i3 == 3 * 12
FAIL: gcc.dg/guality/pr41353-1.c -Os line 39 i == 12
FAIL: gcc.dg/guality/pr41353-1.c -Os line 39 i1 == 2 * 12
FAIL: gcc.dg/guality/pr41353-1.c -Os line 39 i2 == 2 * 12
FAIL: gcc.dg/guality/pr41353-1.c -Os line 39 i3 == 3 * 12
FAIL: gcc.dg/guality/pr41404-1.c -O1 line 10 *foo == 'f'
FAIL: gcc.dg/guality/pr41404-1.c -O2 line 10 *foo == 'f'
FAIL: gcc.dg/guality/pr41404-1.c -Os line 10 *foo == 'f'
XPASS: gcc.dg/guality/pr41447-1.c -O0 execution test
XPASS: gcc.dg/guality/pr41616-1.c -O0 execution test
XPASS: gcc.dg/guality/pr41616-1.c -O1 execution test
XPASS: gcc.dg/guality/pr41616-1.c -O2 execution test
XPASS: gcc.dg/guality/pr41616-1.c -Os execution test
FAIL: gcc.dg/lto/20090116 c_lto_20090116_0.o-c_lto_20090116_0.o link, (internal compiler error)
UNRESOLVED: gcc.dg/lto/20090116 c_lto_20090116_0.o-c_lto_20090116_0.o execute -O1 -fwhopr -fPIC
XPASS: gcc.dg/struct/wo_prof_array_through_pointer.c scan-ipa-dump ipa_struct_reorg "Number of structures to transform is 1"
FAIL: gcc.dg/struct/wo_prof_double_malloc.c (internal compiler error)
FAIL: gcc.dg/struct/wo_prof_double_malloc.c (test for excess errors)
WARNING: gcc.dg/struct/wo_prof_double_malloc.c compilation failed to produce executable
=== gcc Summary for unix ===
# of expected passes 62167
# of unexpected successes 18
# of unexpected failures 34
# of expected failures 123
# of unresolved testcases 2
# of unsupported tests 761
Running target unix/-mieee
FAIL: gcc.c-torture/execute/builtins/memmove-2.c compilation, -O2 -fwhopr
UNRESOLVED: gcc.c-torture/execute/builtins/memmove-2.c execution, -O2 -fwhopr
FAIL: gcc.c-torture/execute/builtins/sprintf-chk.c execution, -O2 -fwhopr
FAIL: gcc.c-torture/execute/builtins/stpcpy-chk.c execution, -O2 -fwhopr
FAIL: gcc.c-torture/execute/builtins/strcpy-chk.c execution, -O2 -fwhopr
FAIL: gcc.c-torture/execute/stdarg-1.c execution, -O3 -fomit-frame-pointer
FAIL: gcc.c-torture/execute/stdarg-1.c execution, -O3 -g
XPASS: gcc.dg/Warray-bounds.c (test for warnings, line 59)
XPASS: gcc.dg/Warray-bounds.c (test for warnings, line 65)
XPASS: gcc.dg/Wunreachable-8.c (test for bogus messages, line 7)
FAIL: gcc.dg/pr34668-1.c (internal compiler error)
FAIL: gcc.dg/pr34668-1.c (test for excess errors)
XPASS: gcc.dg/guality/example.c -O0 execution test
XPASS: gcc.dg/guality/guality.c -O0 execution test
XPASS: gcc.dg/guality/inline-params.c -O0 execution test
XPASS: gcc.dg/guality/inline-params.c -O1 execution test
XPASS: gcc.dg/guality/inline-params.c -O2 execution test
XPASS: gcc.dg/guality/inline-params.c -O3 -fomit-frame-pointer execution test
XPASS: gcc.dg/guality/inline-params.c -O3 -g execution test
XPASS: gcc.dg/guality/inline-params.c -Os execution test
XPASS: gcc.dg/guality/pr41353-1.c -O0 line 28 j == 28 + 37
FAIL: gcc.dg/guality/pr41353-1.c -O1 line 39 i == 12
FAIL: gcc.dg/guality/pr41353-1.c -O1 line 39 i1 == 2 * 12
FAIL: gcc.dg/guality/pr41353-1.c -O1 line 39 i2 == 2 * 12
FAIL: gcc.dg/guality/pr41353-1.c -O1 line 39 i3 == 3 * 12
FAIL: gcc.dg/guality/pr41353-1.c -O2 line 39 i == 12
FAIL: gcc.dg/guality/pr41353-1.c -O2 line 39 i1 == 2 * 12
FAIL: gcc.dg/guality/pr41353-1.c -O2 line 39 i2 == 2 * 12
FAIL: gcc.dg/guality/pr41353-1.c -O2 line 39 i3 == 3 * 12
FAIL: gcc.dg/guality/pr41353-1.c -O3 -fomit-frame-pointer line 39 i == 12
FAIL: gcc.dg/guality/pr41353-1.c -O3 -fomit-frame-pointer line 39 i1 == 2 * 12
FAIL: gcc.dg/guality/pr41353-1.c -O3 -fomit-frame-pointer line 39 i2 == 2 * 12
FAIL: gcc.dg/guality/pr41353-1.c -O3 -fomit-frame-pointer line 39 i3 == 3 * 12
FAIL: gcc.dg/guality/pr41353-1.c -O3 -g line 39 i == 12
FAIL: gcc.dg/guality/pr41353-1.c -O3 -g line 39 i1 == 2 * 12
FAIL: gcc.dg/guality/pr41353-1.c -O3 -g line 39 i2 == 2 * 12
FAIL: gcc.dg/guality/pr41353-1.c -O3 -g line 39 i3 == 3 * 12
FAIL: gcc.dg/guality/pr41353-1.c -Os line 39 i == 12
FAIL: gcc.dg/guality/pr41353-1.c -Os line 39 i1 == 2 * 12
FAIL: gcc.dg/guality/pr41353-1.c -Os line 39 i2 == 2 * 12
FAIL: gcc.dg/guality/pr41353-1.c -Os line 39 i3 == 3 * 12
FAIL: gcc.dg/guality/pr41404-1.c -O1 line 10 *foo == 'f'
FAIL: gcc.dg/guality/pr41404-1.c -O2 line 10 *foo == 'f'
FAIL: gcc.dg/guality/pr41404-1.c -Os line 10 *foo == 'f'
XPASS: gcc.dg/guality/pr41447-1.c -O0 execution test
XPASS: gcc.dg/guality/pr41616-1.c -O0 execution test
XPASS: gcc.dg/guality/pr41616-1.c -O1 execution test
XPASS: gcc.dg/guality/pr41616-1.c -O2 execution test
XPASS: gcc.dg/guality/pr41616-1.c -Os execution test
FAIL: gcc.dg/lto/20090116 c_lto_20090116_0.o-c_lto_20090116_0.o link, (internal compiler error)
UNRESOLVED: gcc.dg/lto/20090116 c_lto_20090116_0.o-c_lto_20090116_0.o execute -O1 -fwhopr -fPIC
XPASS: gcc.dg/struct/wo_prof_array_through_pointer.c scan-ipa-dump ipa_struct_reorg "Number of structures to transform is 1"
FAIL: gcc.dg/struct/wo_prof_double_malloc.c (internal compiler error)
FAIL: gcc.dg/struct/wo_prof_double_malloc.c (test for excess errors)
WARNING: gcc.dg/struct/wo_prof_double_malloc.c compilation failed to produce executable
=== gcc Summary for unix/-mieee ===
# of expected passes 62992
# of unexpected successes 18
# of unexpected failures 34
# of expected failures 123
# of unresolved testcases 2
# of unsupported tests 761
=== gcc Summary ===
# of expected passes 125159
# of unexpected failures 68
# of unexpected successes 36
# of expected failures 246
# of unresolved testcases 4
# of unsupported tests 1522
/space/uros/gcc-build/gcc/xgcc version 4.5.0 20091113 (experimental) [trunk revision 154172] (GCC)
=== gfortran tests ===
Running target unix
FAIL: gfortran.dg/lto/pr40725 f_lto_pr40725_0.o-f_lto_pr40725_1.o execute -O2 -fwhopr
FAIL: gfortran.dg/lto/pr40725 f_lto_pr40725_0.o-f_lto_pr40725_1.o execute -O2 -flto
=== gfortran Summary for unix ===
# of expected passes 33096
# of unexpected failures 2
# of expected failures 22
# of unsupported tests 63
Running target unix/-mieee
FAIL: gfortran.dg/lto/pr40725 f_lto_pr40725_0.o-f_lto_pr40725_1.o execute -O2 -fwhopr
FAIL: gfortran.dg/lto/pr40725 f_lto_pr40725_0.o-f_lto_pr40725_1.o execute -O2 -flto
=== gfortran Summary for unix/-mieee ===
# of expected passes 33096
# of unexpected failures 2
# of expected failures 22
# of unsupported tests 63
=== gfortran Summary ===
# of expected passes 66192
# of unexpected failures 4
# of expected failures 44
# of unsupported tests 126
/space/uros/gcc-build/gcc/testsuite/gfortran/../../gfortran version 4.5.0 20091113 (experimental) [trunk revision 154172] (GCC)
=== g++ tests ===
Running target unix
FAIL: g++.dg/lto/20080908-3 cp_lto_20080908-3_0.o-cp_lto_20080908-3_0.o execute -O0 -fwhopr
FAIL: g++.dg/lto/20080908-3 cp_lto_20080908-3_0.o-cp_lto_20080908-3_0.o execute -O0 -flto
FAIL: g++.dg/lto/20090106 cp_lto_20090106_0.o-cp_lto_20090106_0.o link
UNRESOLVED: g++.dg/lto/20090106 cp_lto_20090106_0.o-cp_lto_20090106_0.o execute -O0 -fwhopr
FAIL: g++.dg/lto/20090106 cp_lto_20090106_0.o-cp_lto_20090106_0.o link
UNRESOLVED: g++.dg/lto/20090106 cp_lto_20090106_0.o-cp_lto_20090106_0.o execute -O0 -flto
=== g++ Summary for unix ===
# of expected passes 21326
# of unexpected failures 4
# of expected failures 156
# of unresolved testcases 2
# of unsupported tests 172
Running target unix/-mieee
FAIL: g++.dg/lto/20090106 cp_lto_20090106_0.o-cp_lto_20090106_0.o link
UNRESOLVED: g++.dg/lto/20090106 cp_lto_20090106_0.o-cp_lto_20090106_0.o execute -O0 -fwhopr
FAIL: g++.dg/lto/20090106 cp_lto_20090106_0.o-cp_lto_20090106_0.o link
UNRESOLVED: g++.dg/lto/20090106 cp_lto_20090106_0.o-cp_lto_20090106_0.o execute -O0 -flto
=== g++ Summary for unix/-mieee ===
# of expected passes 22168
# of unexpected failures 2
# of expected failures 156
# of unresolved testcases 2
# of unsupported tests 172
=== g++ Summary ===
# of expected passes 43494
# of unexpected failures 6
# of expected failures 312
# of unresolved testcases 4
# of unsupported tests 344
/space/uros/gcc-build/gcc/testsuite/g++/../../g++ version 4.5.0 20091113 (experimental) [trunk revision 154172] (GCC)
=== objc tests ===
Running target unix
FAIL: objc/execute/forward-1.m execution, -O0 -fgnu-runtime
FAIL: objc/execute/forward-1.m execution, -O1 -fgnu-runtime
FAIL: objc/execute/forward-1.m execution, -O2 -fgnu-runtime
FAIL: objc/execute/forward-1.m execution, -O3 -fomit-frame-pointer -fgnu-runtime
FAIL: objc/execute/forward-1.m execution, -O3 -fomit-frame-pointer -funroll-loops -fgnu-runtime
FAIL: objc/execute/forward-1.m execution, -O3 -fomit-frame-pointer -funroll-all-loops -finline-functions -fgnu-runtime
FAIL: objc/execute/forward-1.m execution, -O3 -g -fgnu-runtime
FAIL: objc/execute/forward-1.m execution, -Os -fgnu-runtime
FAIL: objc/execute/string1.m compilation, -O0 -fgnu-runtime (internal compiler error)
UNRESOLVED: objc/execute/string1.m execution, -O0 -fgnu-runtime
FAIL: objc/execute/string1.m compilation, -O1 -fgnu-runtime (internal compiler error)
UNRESOLVED: objc/execute/string1.m execution, -O1 -fgnu-runtime
FAIL: objc/execute/string1.m compilation, -O2 -fgnu-runtime (internal compiler error)
UNRESOLVED: objc/execute/string1.m execution, -O2 -fgnu-runtime
FAIL: objc/execute/string1.m compilation, -O3 -fomit-frame-pointer -fgnu-runtime (internal compiler error)
UNRESOLVED: objc/execute/string1.m execution, -O3 -fomit-frame-pointer -fgnu-runtime
FAIL: objc/execute/string1.m compilation, -O3 -g -fgnu-runtime (internal compiler error)
UNRESOLVED: objc/execute/string1.m execution, -O3 -g -fgnu-runtime
FAIL: objc/execute/string1.m compilation, -Os -fgnu-runtime (internal compiler error)
UNRESOLVED: objc/execute/string1.m execution, -Os -fgnu-runtime
FAIL: objc/execute/string2.m compilation, -O0 -fgnu-runtime (internal compiler error)
UNRESOLVED: objc/execute/string2.m execution, -O0 -fgnu-runtime
FAIL: objc/execute/string2.m compilation, -O1 -fgnu-runtime (internal compiler error)
UNRESOLVED: objc/execute/string2.m execution, -O1 -fgnu-runtime
FAIL: objc/execute/string2.m compilation, -O2 -fgnu-runtime (internal compiler error)
UNRESOLVED: objc/execute/string2.m execution, -O2 -fgnu-runtime
FAIL: objc/execute/string2.m compilation, -O3 -fomit-frame-pointer -fgnu-runtime (internal compiler error)
UNRESOLVED: objc/execute/string2.m execution, -O3 -fomit-frame-pointer -fgnu-runtime
FAIL: objc/execute/string2.m compilation, -O3 -g -fgnu-runtime (internal compiler error)
UNRESOLVED: objc/execute/string2.m execution, -O3 -g -fgnu-runtime
FAIL: objc/execute/string2.m compilation, -Os -fgnu-runtime (internal compiler error)
UNRESOLVED: objc/execute/string2.m execution, -Os -fgnu-runtime
FAIL: objc/execute/string3.m compilation, -O0 -fgnu-runtime (internal compiler error)
UNRESOLVED: objc/execute/string3.m execution, -O0 -fgnu-runtime
FAIL: objc/execute/string3.m compilation, -O1 -fgnu-runtime (internal compiler error)
UNRESOLVED: objc/execute/string3.m execution, -O1 -fgnu-runtime
FAIL: objc/execute/string3.m compilation, -O2 -fgnu-runtime (internal compiler error)
UNRESOLVED: objc/execute/string3.m execution, -O2 -fgnu-runtime
FAIL: objc/execute/string3.m compilation, -O3 -fomit-frame-pointer -fgnu-runtime (internal compiler error)
UNRESOLVED: objc/execute/string3.m execution, -O3 -fomit-frame-pointer -fgnu-runtime
FAIL: objc/execute/string3.m compilation, -O3 -g -fgnu-runtime (internal compiler error)
UNRESOLVED: objc/execute/string3.m execution, -O3 -g -fgnu-runtime
FAIL: objc/execute/string3.m compilation, -Os -fgnu-runtime (internal compiler error)
UNRESOLVED: objc/execute/string3.m execution, -Os -fgnu-runtime
FAIL: objc/execute/string4.m compilation, -O0 -fgnu-runtime (internal compiler error)
UNRESOLVED: objc/execute/string4.m execution, -O0 -fgnu-runtime
FAIL: objc/execute/string4.m compilation, -O1 -fgnu-runtime (internal compiler error)
UNRESOLVED: objc/execute/string4.m execution, -O1 -fgnu-runtime
FAIL: objc/execute/string4.m compilation, -O2 -fgnu-runtime (internal compiler error)
UNRESOLVED: objc/execute/string4.m execution, -O2 -fgnu-runtime
FAIL: objc/execute/string4.m compilation, -O3 -fomit-frame-pointer -fgnu-runtime (internal compiler error)
UNRESOLVED: objc/execute/string4.m execution, -O3 -fomit-frame-pointer -fgnu-runtime
FAIL: objc/execute/string4.m compilation, -O3 -g -fgnu-runtime (internal compiler error)
UNRESOLVED: objc/execute/string4.m execution, -O3 -g -fgnu-runtime
FAIL: objc/execute/string4.m compilation, -Os -fgnu-runtime (internal compiler error)
UNRESOLVED: objc/execute/string4.m execution, -Os -fgnu-runtime
FAIL: objc.dg/const-str-12.m (internal compiler error)
FAIL: objc.dg/const-str-12.m (test for excess errors)
FAIL: objc.dg/const-str-5.m (internal compiler error)
FAIL: objc.dg/const-str-5.m (test for excess errors)
FAIL: objc.dg/gnu-runtime-2.m (internal compiler error)
FAIL: objc.dg/gnu-runtime-2.m (test for excess errors)
=== objc Summary for unix ===
# of expected passes 1814
# of unexpected failures 38
# of expected failures 7
# of unresolved testcases 24
# of unsupported tests 25
Running target unix/-mieee
FAIL: objc/execute/forward-1.m execution, -O0 -fgnu-runtime
FAIL: objc/execute/forward-1.m execution, -O1 -fgnu-runtime
FAIL: objc/execute/forward-1.m execution, -O2 -fgnu-runtime
FAIL: objc/execute/forward-1.m execution, -O3 -fomit-frame-pointer -fgnu-runtime
FAIL: objc/execute/forward-1.m execution, -O3 -fomit-frame-pointer -funroll-loops -fgnu-runtime
FAIL: objc/execute/forward-1.m execution, -O3 -fomit-frame-pointer -funroll-all-loops -finline-functions -fgnu-runtime
FAIL: objc/execute/forward-1.m execution, -O3 -g -fgnu-runtime
FAIL: objc/execute/forward-1.m execution, -Os -fgnu-runtime
FAIL: objc/execute/string1.m compilation, -O0 -fgnu-runtime (internal compiler error)
UNRESOLVED: objc/execute/string1.m execution, -O0 -fgnu-runtime
FAIL: objc/execute/string1.m compilation, -O1 -fgnu-runtime (internal compiler error)
UNRESOLVED: objc/execute/string1.m execution, -O1 -fgnu-runtime
FAIL: objc/execute/string1.m compilation, -O2 -fgnu-runtime (internal compiler error)
UNRESOLVED: objc/execute/string1.m execution, -O2 -fgnu-runtime
FAIL: objc/execute/string1.m compilation, -O3 -fomit-frame-pointer -fgnu-runtime (internal compiler error)
UNRESOLVED: objc/execute/string1.m execution, -O3 -fomit-frame-pointer -fgnu-runtime
FAIL: objc/execute/string1.m compilation, -O3 -g -fgnu-runtime (internal compiler error)
UNRESOLVED: objc/execute/string1.m execution, -O3 -g -fgnu-runtime
FAIL: objc/execute/string1.m compilation, -Os -fgnu-runtime (internal compiler error)
UNRESOLVED: objc/execute/string1.m execution, -Os -fgnu-runtime
FAIL: objc/execute/string2.m compilation, -O0 -fgnu-runtime (internal compiler error)
UNRESOLVED: objc/execute/string2.m execution, -O0 -fgnu-runtime
FAIL: objc/execute/string2.m compilation, -O1 -fgnu-runtime (internal compiler error)
UNRESOLVED: objc/execute/string2.m execution, -O1 -fgnu-runtime
FAIL: objc/execute/string2.m compilation, -O2 -fgnu-runtime (internal compiler error)
UNRESOLVED: objc/execute/string2.m execution, -O2 -fgnu-runtime
FAIL: objc/execute/string2.m compilation, -O3 -fomit-frame-pointer -fgnu-runtime (internal compiler error)
UNRESOLVED: objc/execute/string2.m execution, -O3 -fomit-frame-pointer -fgnu-runtime
FAIL: objc/execute/string2.m compilation, -O3 -g -fgnu-runtime (internal compiler error)
UNRESOLVED: objc/execute/string2.m execution, -O3 -g -fgnu-runtime
FAIL: objc/execute/string2.m compilation, -Os -fgnu-runtime (internal compiler error)
UNRESOLVED: objc/execute/string2.m execution, -Os -fgnu-runtime
FAIL: objc/execute/string3.m compilation, -O0 -fgnu-runtime (internal compiler error)
UNRESOLVED: objc/execute/string3.m execution, -O0 -fgnu-runtime
FAIL: objc/execute/string3.m compilation, -O1 -fgnu-runtime (internal compiler error)
UNRESOLVED: objc/execute/string3.m execution, -O1 -fgnu-runtime
FAIL: objc/execute/string3.m compilation, -O2 -fgnu-runtime (internal compiler error)
UNRESOLVED: objc/execute/string3.m execution, -O2 -fgnu-runtime
FAIL: objc/execute/string3.m compilation, -O3 -fomit-frame-pointer -fgnu-runtime (internal compiler error)
UNRESOLVED: objc/execute/string3.m execution, -O3 -fomit-frame-pointer -fgnu-runtime
FAIL: objc/execute/string3.m compilation, -O3 -g -fgnu-runtime (internal compiler error)
UNRESOLVED: objc/execute/string3.m execution, -O3 -g -fgnu-runtime
FAIL: objc/execute/string3.m compilation, -Os -fgnu-runtime (internal compiler error)
UNRESOLVED: objc/execute/string3.m execution, -Os -fgnu-runtime
FAIL: objc/execute/string4.m compilation, -O0 -fgnu-runtime (internal compiler error)
UNRESOLVED: objc/execute/string4.m execution, -O0 -fgnu-runtime
FAIL: objc/execute/string4.m compilation, -O1 -fgnu-runtime (internal compiler error)
UNRESOLVED: objc/execute/string4.m execution, -O1 -fgnu-runtime
FAIL: objc/execute/string4.m compilation, -O2 -fgnu-runtime (internal compiler error)
UNRESOLVED: objc/execute/string4.m execution, -O2 -fgnu-runtime
FAIL: objc/execute/string4.m compilation, -O3 -fomit-frame-pointer -fgnu-runtime (internal compiler error)
UNRESOLVED: objc/execute/string4.m execution, -O3 -fomit-frame-pointer -fgnu-runtime
FAIL: objc/execute/string4.m compilation, -O3 -g -fgnu-runtime (internal compiler error)
UNRESOLVED: objc/execute/string4.m execution, -O3 -g -fgnu-runtime
FAIL: objc/execute/string4.m compilation, -Os -fgnu-runtime (internal compiler error)
UNRESOLVED: objc/execute/string4.m execution, -Os -fgnu-runtime
FAIL: objc.dg/const-str-12.m (internal compiler error)
FAIL: objc.dg/const-str-12.m (test for excess errors)
FAIL: objc.dg/const-str-5.m (internal compiler error)
FAIL: objc.dg/const-str-5.m (test for excess errors)
FAIL: objc.dg/gnu-runtime-2.m (internal compiler error)
FAIL: objc.dg/gnu-runtime-2.m (test for excess errors)
=== objc Summary for unix/-mieee ===
# of expected passes 1814
# of unexpected failures 38
# of expected failures 7
# of unresolved testcases 24
# of unsupported tests 25
=== objc Summary ===
# of expected passes 3628
# of unexpected failures 76
# of expected failures 14
# of unresolved testcases 48
# of unsupported tests 50
/space/uros/gcc-build/gcc/xgcc version 4.5.0 20091113 (experimental) [trunk revision 154172] (GCC)
Compiler version: 4.5.0 20091113 (experimental) [trunk revision 154172] (GCC)
Platform: alphaev68-unknown-linux-gnu
configure flags: none
BOOT_CFLAGS=-g -O2