This is the mail archive of the
gcc-testresults@gcc.gnu.org
mailing list for the GCC project.
Results for 4.5.0 20091113 (experimental) [trunk revision 154140] (GCC) testsuite on ia64-unknown-linux-gnu
- From: hjl at gnu-12 dot sc dot intel dot com (H.J. Lu (ia64))
- To: gcc-testresults at gcc dot gnu dot org
- Date: Fri, 13 Nov 2009 06:38:44 -0800 (PST)
- Subject: Results for 4.5.0 20091113 (experimental) [trunk revision 154140] (GCC) testsuite on ia64-unknown-linux-gnu
LAST_UPDATED: Fri Nov 13 05:56:30 UTC 2009 (revision 154140)
Native configuration is ia64-unknown-linux-gnu
=== g++ tests ===
Running target unix
FAIL: g++.dg/abi/mangle2.C (internal compiler error)
FAIL: g++.dg/abi/mangle2.C (test for excess errors)
WARNING: g++.dg/abi/mangle2.C compilation failed to produce executable
FAIL: g++.dg/lto/20081217-1 cp_lto_20081217-1_0.o-cp_lto_20081217-1_0.o link
UNRESOLVED: g++.dg/lto/20081217-1 cp_lto_20081217-1_0.o-cp_lto_20081217-1_0.o execute -O0 -fwhopr
FAIL: g++.dg/lto/20081217-1 cp_lto_20081217-1_0.o-cp_lto_20081217-1_0.o link
UNRESOLVED: g++.dg/lto/20081217-1 cp_lto_20081217-1_0.o-cp_lto_20081217-1_0.o execute -O2 -fwhopr
FAIL: g++.dg/lto/20081217-1 cp_lto_20081217-1_0.o-cp_lto_20081217-1_0.o link
UNRESOLVED: g++.dg/lto/20081217-1 cp_lto_20081217-1_0.o-cp_lto_20081217-1_0.o execute -O0 -flto
FAIL: g++.dg/lto/20081217-1 cp_lto_20081217-1_0.o-cp_lto_20081217-1_0.o link
UNRESOLVED: g++.dg/lto/20081217-1 cp_lto_20081217-1_0.o-cp_lto_20081217-1_0.o execute -O2 -flto
FAIL: g++.dg/lto/20081217-2 cp_lto_20081217-2_0.o-cp_lto_20081217-2_0.o link
UNRESOLVED: g++.dg/lto/20081217-2 cp_lto_20081217-2_0.o-cp_lto_20081217-2_0.o execute -O0 -fwhopr
FAIL: g++.dg/lto/20081217-2 cp_lto_20081217-2_0.o-cp_lto_20081217-2_0.o link
UNRESOLVED: g++.dg/lto/20081217-2 cp_lto_20081217-2_0.o-cp_lto_20081217-2_0.o execute -O2 -fwhopr
FAIL: g++.dg/lto/20081217-2 cp_lto_20081217-2_0.o-cp_lto_20081217-2_0.o link
UNRESOLVED: g++.dg/lto/20081217-2 cp_lto_20081217-2_0.o-cp_lto_20081217-2_0.o execute -O0 -flto
FAIL: g++.dg/lto/20081217-2 cp_lto_20081217-2_0.o-cp_lto_20081217-2_0.o link
UNRESOLVED: g++.dg/lto/20081217-2 cp_lto_20081217-2_0.o-cp_lto_20081217-2_0.o execute -O2 -flto
FAIL: g++.dg/lto/20090106 cp_lto_20090106_0.o-cp_lto_20090106_0.o link
UNRESOLVED: g++.dg/lto/20090106 cp_lto_20090106_0.o-cp_lto_20090106_0.o execute -O0 -fwhopr
FAIL: g++.dg/lto/20090106 cp_lto_20090106_0.o-cp_lto_20090106_0.o link
UNRESOLVED: g++.dg/lto/20090106 cp_lto_20090106_0.o-cp_lto_20090106_0.o execute -O0 -flto
FAIL: g++.dg/lto/20091026-1 cp_lto_20091026-1_0.o-cp_lto_20091026-1_1.o link
UNRESOLVED: g++.dg/lto/20091026-1 cp_lto_20091026-1_0.o-cp_lto_20091026-1_1.o execute -O0 -fwhopr
FAIL: g++.dg/lto/20091026-1 cp_lto_20091026-1_0.o-cp_lto_20091026-1_1.o link
UNRESOLVED: g++.dg/lto/20091026-1 cp_lto_20091026-1_0.o-cp_lto_20091026-1_1.o execute -O2 -fwhopr
FAIL: g++.dg/lto/20091026-1 cp_lto_20091026-1_0.o-cp_lto_20091026-1_1.o link
UNRESOLVED: g++.dg/lto/20091026-1 cp_lto_20091026-1_0.o-cp_lto_20091026-1_1.o execute -O0 -flto
FAIL: g++.dg/lto/20091026-1 cp_lto_20091026-1_0.o-cp_lto_20091026-1_1.o link
UNRESOLVED: g++.dg/lto/20091026-1 cp_lto_20091026-1_0.o-cp_lto_20091026-1_1.o execute -O2 -flto
FAIL: g++.old-deja/g++.other/linkage6.C (internal compiler error)
FAIL: g++.old-deja/g++.other/linkage6.C (test for excess errors)
=== g++ Summary ===
# of expected passes 20550
# of unexpected failures 18
# of expected failures 156
# of unresolved testcases 14
# of unsupported tests 169
/export/gnu/import/svn/gcc-test/bld/gcc/testsuite/g++/../../g++ version 4.5.0 20091113 (experimental) [trunk revision 154140] (GCC)
=== gcc tests ===
Running target unix
FAIL: gcc.c-torture/compile/limits-exprparen.c -O0 (test for excess errors)
FAIL: gcc.c-torture/compile/limits-exprparen.c -O1 (test for excess errors)
FAIL: gcc.c-torture/compile/limits-exprparen.c -O2 (test for excess errors)
FAIL: gcc.c-torture/compile/limits-exprparen.c -O3 -fomit-frame-pointer (test for excess errors)
FAIL: gcc.c-torture/compile/limits-exprparen.c -O3 -g (test for excess errors)
FAIL: gcc.c-torture/compile/limits-exprparen.c -Os (test for excess errors)
FAIL: gcc.c-torture/compile/limits-exprparen.c -O2 -flto (test for excess errors)
FAIL: gcc.c-torture/compile/limits-exprparen.c -O2 -fwhopr (test for excess errors)
FAIL: gcc.c-torture/execute/builtins/memmove-2.c compilation, -O2 -fwhopr
UNRESOLVED: gcc.c-torture/execute/builtins/memmove-2.c execution, -O2 -fwhopr
FAIL: gcc.c-torture/execute/builtins/sprintf-chk.c execution, -O2 -fwhopr
FAIL: gcc.c-torture/execute/builtins/stpcpy-chk.c execution, -O2 -fwhopr
FAIL: gcc.c-torture/execute/builtins/strcpy-chk.c execution, -O2 -fwhopr
FAIL: gcc.c-torture/execute/vector-2.c execution, -O2 -flto
FAIL: gcc.c-torture/execute/vector-2.c execution, -O2 -fwhopr
FAIL: gcc.dg/debug/dwarf2/inline2.c scan-assembler-times byte.*?0x3.*? DW_AT_inline 3
XPASS: gcc.dg/Warray-bounds.c (test for warnings, line 59)
XPASS: gcc.dg/Warray-bounds.c (test for warnings, line 65)
XPASS: gcc.dg/Wunreachable-8.c (test for bogus messages, line 7)
FAIL: gcc.dg/builtin-apply4.c execution test
FAIL: gcc.dg/pr34668-1.c (internal compiler error)
FAIL: gcc.dg/pr34668-1.c (test for excess errors)
XPASS: gcc.dg/struct/wo_prof_array_through_pointer.c scan-ipa-dump ipa_struct_reorg "Number of structures to transform is 1"
FAIL: gcc.dg/struct/wo_prof_double_malloc.c (internal compiler error)
FAIL: gcc.dg/struct/wo_prof_double_malloc.c (test for excess errors)
WARNING: gcc.dg/struct/wo_prof_double_malloc.c compilation failed to produce executable
FAIL: gcc.dg/torture/pr26565.c -O1 execution test
FAIL: gcc.dg/torture/pr26565.c -O2 execution test
FAIL: gcc.dg/torture/pr26565.c -Os execution test
FAIL: gcc.dg/torture/pr26565.c -O2 -flto execution test
FAIL: gcc.dg/torture/pr26565.c -O2 -fwhopr execution test
XPASS: gcc.dg/tree-ssa/loop-1.c scan-assembler-times foo 5
=== gcc Summary ===
# of expected passes 62303
# of unexpected failures 25
# of unexpected successes 5
# of expected failures 224
# of unresolved testcases 1
# of unsupported tests 693
/export/gnu/import/svn/gcc-test/bld/gcc/xgcc version 4.5.0 20091113 (experimental) [trunk revision 154140] (GCC)
=== gfortran tests ===
Running target unix
FAIL: gfortran.dg/lto/20091028-1 f_lto_20091028-1_0.o-f_lto_20091028-1_1.o link
UNRESOLVED: gfortran.dg/lto/20091028-1 f_lto_20091028-1_0.o-f_lto_20091028-1_1.o execute -O0 -fwhopr
FAIL: gfortran.dg/lto/20091028-1 f_lto_20091028-1_0.o-f_lto_20091028-1_1.o link
UNRESOLVED: gfortran.dg/lto/20091028-1 f_lto_20091028-1_0.o-f_lto_20091028-1_1.o execute -O2 -fwhopr
FAIL: gfortran.dg/lto/20091028-1 f_lto_20091028-1_0.o-f_lto_20091028-1_1.o link
UNRESOLVED: gfortran.dg/lto/20091028-1 f_lto_20091028-1_0.o-f_lto_20091028-1_1.o execute -O0 -flto
FAIL: gfortran.dg/lto/20091028-1 f_lto_20091028-1_0.o-f_lto_20091028-1_1.o link
UNRESOLVED: gfortran.dg/lto/20091028-1 f_lto_20091028-1_0.o-f_lto_20091028-1_1.o execute -O2 -flto
FAIL: gfortran.dg/lto/20091028-2 f_lto_20091028-2_0.o-f_lto_20091028-2_1.o link
UNRESOLVED: gfortran.dg/lto/20091028-2 f_lto_20091028-2_0.o-f_lto_20091028-2_1.o execute -O0 -fwhopr
FAIL: gfortran.dg/lto/20091028-2 f_lto_20091028-2_0.o-f_lto_20091028-2_1.o link
UNRESOLVED: gfortran.dg/lto/20091028-2 f_lto_20091028-2_0.o-f_lto_20091028-2_1.o execute -O2 -fwhopr
FAIL: gfortran.dg/lto/20091028-2 f_lto_20091028-2_0.o-f_lto_20091028-2_1.o link
UNRESOLVED: gfortran.dg/lto/20091028-2 f_lto_20091028-2_0.o-f_lto_20091028-2_1.o execute -O0 -flto
FAIL: gfortran.dg/lto/20091028-2 f_lto_20091028-2_0.o-f_lto_20091028-2_1.o link
UNRESOLVED: gfortran.dg/lto/20091028-2 f_lto_20091028-2_0.o-f_lto_20091028-2_1.o execute -O2 -flto
FAIL: gfortran.dg/lto/pr40725 f_lto_pr40725_0.o-f_lto_pr40725_1.o execute -O2 -fwhopr
FAIL: gfortran.dg/lto/pr40725 f_lto_pr40725_0.o-f_lto_pr40725_1.o execute -O2 -flto
=== gfortran Summary ===
# of expected passes 33117
# of unexpected failures 10
# of expected failures 31
# of unresolved testcases 8
# of unsupported tests 46
/export/gnu/import/svn/gcc-test/bld/gcc/testsuite/gfortran/../../gfortran version 4.5.0 20091113 (experimental) [trunk revision 154140] (GCC)
=== objc tests ===
Running target unix
FAIL: objc/execute/string1.m compilation, -O0 -fgnu-runtime (internal compiler error)
UNRESOLVED: objc/execute/string1.m execution, -O0 -fgnu-runtime
FAIL: objc/execute/string1.m compilation, -O1 -fgnu-runtime (internal compiler error)
UNRESOLVED: objc/execute/string1.m execution, -O1 -fgnu-runtime
FAIL: objc/execute/string1.m compilation, -O2 -fgnu-runtime (internal compiler error)
UNRESOLVED: objc/execute/string1.m execution, -O2 -fgnu-runtime
FAIL: objc/execute/string1.m compilation, -O3 -fomit-frame-pointer -fgnu-runtime (internal compiler error)
UNRESOLVED: objc/execute/string1.m execution, -O3 -fomit-frame-pointer -fgnu-runtime
FAIL: objc/execute/string1.m compilation, -O3 -g -fgnu-runtime (internal compiler error)
UNRESOLVED: objc/execute/string1.m execution, -O3 -g -fgnu-runtime
FAIL: objc/execute/string1.m compilation, -Os -fgnu-runtime (internal compiler error)
UNRESOLVED: objc/execute/string1.m execution, -Os -fgnu-runtime
FAIL: objc/execute/string2.m compilation, -O0 -fgnu-runtime (internal compiler error)
UNRESOLVED: objc/execute/string2.m execution, -O0 -fgnu-runtime
FAIL: objc/execute/string2.m compilation, -O1 -fgnu-runtime (internal compiler error)
UNRESOLVED: objc/execute/string2.m execution, -O1 -fgnu-runtime
FAIL: objc/execute/string2.m compilation, -O2 -fgnu-runtime (internal compiler error)
UNRESOLVED: objc/execute/string2.m execution, -O2 -fgnu-runtime
FAIL: objc/execute/string2.m compilation, -O3 -fomit-frame-pointer -fgnu-runtime (internal compiler error)
UNRESOLVED: objc/execute/string2.m execution, -O3 -fomit-frame-pointer -fgnu-runtime
FAIL: objc/execute/string2.m compilation, -O3 -g -fgnu-runtime (internal compiler error)
UNRESOLVED: objc/execute/string2.m execution, -O3 -g -fgnu-runtime
FAIL: objc/execute/string2.m compilation, -Os -fgnu-runtime (internal compiler error)
UNRESOLVED: objc/execute/string2.m execution, -Os -fgnu-runtime
FAIL: objc/execute/string3.m compilation, -O0 -fgnu-runtime (internal compiler error)
UNRESOLVED: objc/execute/string3.m execution, -O0 -fgnu-runtime
FAIL: objc/execute/string3.m compilation, -O1 -fgnu-runtime (internal compiler error)
UNRESOLVED: objc/execute/string3.m execution, -O1 -fgnu-runtime
FAIL: objc/execute/string3.m compilation, -O2 -fgnu-runtime (internal compiler error)
UNRESOLVED: objc/execute/string3.m execution, -O2 -fgnu-runtime
FAIL: objc/execute/string3.m compilation, -O3 -fomit-frame-pointer -fgnu-runtime (internal compiler error)
UNRESOLVED: objc/execute/string3.m execution, -O3 -fomit-frame-pointer -fgnu-runtime
FAIL: objc/execute/string3.m compilation, -O3 -g -fgnu-runtime (internal compiler error)
UNRESOLVED: objc/execute/string3.m execution, -O3 -g -fgnu-runtime
FAIL: objc/execute/string3.m compilation, -Os -fgnu-runtime (internal compiler error)
UNRESOLVED: objc/execute/string3.m execution, -Os -fgnu-runtime
FAIL: objc/execute/string4.m compilation, -O0 -fgnu-runtime (internal compiler error)
UNRESOLVED: objc/execute/string4.m execution, -O0 -fgnu-runtime
FAIL: objc/execute/string4.m compilation, -O1 -fgnu-runtime (internal compiler error)
UNRESOLVED: objc/execute/string4.m execution, -O1 -fgnu-runtime
FAIL: objc/execute/string4.m compilation, -O2 -fgnu-runtime (internal compiler error)
UNRESOLVED: objc/execute/string4.m execution, -O2 -fgnu-runtime
FAIL: objc/execute/string4.m compilation, -O3 -fomit-frame-pointer -fgnu-runtime (internal compiler error)
UNRESOLVED: objc/execute/string4.m execution, -O3 -fomit-frame-pointer -fgnu-runtime
FAIL: objc/execute/string4.m compilation, -O3 -g -fgnu-runtime (internal compiler error)
UNRESOLVED: objc/execute/string4.m execution, -O3 -g -fgnu-runtime
FAIL: objc/execute/string4.m compilation, -Os -fgnu-runtime (internal compiler error)
UNRESOLVED: objc/execute/string4.m execution, -Os -fgnu-runtime
FAIL: objc.dg/const-str-12.m (internal compiler error)
FAIL: objc.dg/const-str-12.m (test for excess errors)
FAIL: objc.dg/const-str-5.m (internal compiler error)
FAIL: objc.dg/const-str-5.m (test for excess errors)
FAIL: objc.dg/gnu-runtime-2.m (internal compiler error)
FAIL: objc.dg/gnu-runtime-2.m (test for excess errors)
=== objc Summary ===
# of expected passes 1814
# of unexpected failures 30
# of expected failures 15
# of unresolved testcases 24
# of unsupported tests 25
/export/gnu/import/svn/gcc-test/bld/gcc/xgcc version 4.5.0 20091113 (experimental) [trunk revision 154140] (GCC)
=== libffi tests ===
Running target unix
FAIL: libffi.call/cls_longdouble_va.c -O0 -W -Wall output pattern test, is %.1f
FAIL: libffi.call/cls_longdouble_va.c -O2 output pattern test, is %.1f
FAIL: libffi.call/cls_longdouble_va.c -O3 output pattern test, is %.1f
FAIL: libffi.call/cls_longdouble_va.c -Os output pattern test, is %.1f
FAIL: libffi.call/cls_longdouble_va.c -O2 -fomit-frame-pointer output pattern test, is %.1f
=== libffi Summary ===
# of expected passes 1604
# of unexpected failures 5
# of expected failures 10
# of unsupported tests 15
=== libgomp tests ===
Running target unix
=== libgomp Summary ===
# of expected passes 2408
=== libjava tests ===
Running target unix
FAIL: getlocalvartable output
FAIL: Throw_3 -O3 output - source compiled test
FAIL: Throw_3 -O3 -findirect-dispatch output - source compiled test
=== libjava Summary ===
# of expected passes 2571
# of unexpected failures 3
=== libmudflap tests ===
Running target unix
FAIL: libmudflap.c/pass54-frag.c execution test
FAIL: libmudflap.c/pass54-frag.c execution test
FAIL: libmudflap.c/pass54-frag.c (-static) execution test
FAIL: libmudflap.c/pass54-frag.c (-static) execution test
FAIL: libmudflap.c/fail31-frag.c (-O3) crash test
FAIL: libmudflap.c/fail31-frag.c (-O3) output pattern test
FAIL: libmudflap.c/pass45-frag.c (-O3) execution test
FAIL: libmudflap.c/pass45-frag.c (-O3) output pattern test
FAIL: libmudflap.c/pass45-frag.c (-O3) execution test
FAIL: libmudflap.c/pass45-frag.c (-O3) output pattern test
FAIL: libmudflap.c++/pass41-frag.cxx execution test
FAIL: libmudflap.c++/pass41-frag.cxx (-static) execution test
FAIL: libmudflap.c++/pass41-frag.cxx ( -O) execution test
FAIL: libmudflap.c++/pass41-frag.cxx (-O2) execution test
FAIL: libmudflap.c++/pass41-frag.cxx (-O3) execution test
=== libmudflap Summary ===
# of expected passes 1879
# of unexpected failures 15
=== libstdc++ tests ===
Running target unix
XPASS: 26_numerics/headers/cmath/c99_classification_macros_c.cc (test for excess errors)
=== libstdc++ Summary ===
# of expected passes 7056
# of unexpected successes 1
# of expected failures 89
# of unsupported tests 13
Compiler version: 4.5.0 20091113 (experimental) [trunk revision 154140] (GCC)
Platform: ia64-unknown-linux-gnu
configure flags: --enable-clocale=gnu --with-system-zlib --enable-shared --with-demangler-in-ld