This is the mail archive of the
gcc-testresults@gcc.gnu.org
mailing list for the GCC project.
Results for 4.5.0 20091112 (experimental) [trunk revision 154128] (GCC) testsuite on x86_64-unknown-linux-gnu
- From: hjl at gnu-33 dot sc dot intel dot com (H.J. Lu (Intel64))
- To: gcc-testresults at gcc dot gnu dot org
- Date: Thu, 12 Nov 2009 18:04:09 -0800
- Subject: Results for 4.5.0 20091112 (experimental) [trunk revision 154128] (GCC) testsuite on x86_64-unknown-linux-gnu
LAST_UPDATED: Thu Nov 12 20:10:07 UTC 2009 (revision 154128)
Native configuration is x86_64-unknown-linux-gnu
=== g++ tests ===
Running target unix/-m32
FAIL: g++.dg/abi/mangle2.C (internal compiler error)
FAIL: g++.dg/abi/mangle2.C (test for excess errors)
WARNING: g++.dg/abi/mangle2.C compilation failed to produce executable
FAIL: g++.dg/lto/20081109 cp_lto_20081109_0.o-cp_lto_20081109_1.o execute -O2 -fwhopr
FAIL: g++.dg/lto/20090106 cp_lto_20090106_0.o-cp_lto_20090106_0.o link
UNRESOLVED: g++.dg/lto/20090106 cp_lto_20090106_0.o-cp_lto_20090106_0.o execute -O0 -fwhopr
FAIL: g++.dg/lto/20090106 cp_lto_20090106_0.o-cp_lto_20090106_0.o link
UNRESOLVED: g++.dg/lto/20090106 cp_lto_20090106_0.o-cp_lto_20090106_0.o execute -O0 -flto
FAIL: g++.dg/torture/stackalign/unwind-2.C -O1 execution test
FAIL: g++.dg/torture/stackalign/unwind-2.C -O2 execution test
FAIL: g++.dg/torture/stackalign/unwind-2.C -O2 -flto execution test
FAIL: g++.dg/torture/stackalign/unwind-2.C -O2 -fwhopr execution test
FAIL: g++.old-deja/g++.other/linkage6.C (internal compiler error)
FAIL: g++.old-deja/g++.other/linkage6.C (test for excess errors)
=== g++ Summary for unix/-m32 ===
# of expected passes 6811
# of unexpected failures 2
# of expected failures 26
# of unsupported tests 10
Running target unix
FAIL: g++.dg/abi/mangle2.C (internal compiler error)
FAIL: g++.dg/abi/mangle2.C (test for excess errors)
WARNING: g++.dg/abi/mangle2.C compilation failed to produce executable
FAIL: g++.dg/lto/20090106 cp_lto_20090106_0.o-cp_lto_20090106_0.o link
UNRESOLVED: g++.dg/lto/20090106 cp_lto_20090106_0.o-cp_lto_20090106_0.o execute -O0 -fwhopr
FAIL: g++.dg/lto/20090106 cp_lto_20090106_0.o-cp_lto_20090106_0.o link
UNRESOLVED: g++.dg/lto/20090106 cp_lto_20090106_0.o-cp_lto_20090106_0.o execute -O0 -flto
FAIL: g++.old-deja/g++.other/linkage6.C (internal compiler error)
FAIL: g++.old-deja/g++.other/linkage6.C (test for excess errors)
=== g++ Summary for unix ===
# of expected passes 6764
# of unexpected failures 2
# of expected failures 26
# of unsupported tests 20
=== g++ Summary ===
# of expected passes 45057
# of unexpected failures 17
# of expected failures 312
# of unresolved testcases 4
# of unsupported tests 410
/export/gnu/import/svn/gcc-test/bld/gcc/testsuite/g++/../../g++ version 4.5.0 20091112 (experimental) [trunk revision 154128] (GCC)
=== gcc tests ===
Running target unix/-m32
FAIL: gcc.c-torture/compile/limits-exprparen.c -O0 (test for excess errors)
FAIL: gcc.c-torture/compile/limits-exprparen.c -O1 (test for excess errors)
FAIL: gcc.c-torture/compile/limits-exprparen.c -O2 (test for excess errors)
FAIL: gcc.c-torture/compile/limits-exprparen.c -O3 -fomit-frame-pointer (test for excess errors)
FAIL: gcc.c-torture/compile/limits-exprparen.c -O3 -g (test for excess errors)
FAIL: gcc.c-torture/compile/limits-exprparen.c -Os (test for excess errors)
FAIL: gcc.c-torture/compile/limits-exprparen.c -O2 -flto (test for excess errors)
FAIL: gcc.c-torture/compile/limits-exprparen.c -O2 -fwhopr (test for excess errors)
FAIL: gcc.c-torture/execute/builtins/memmove-2.c compilation, -O2 -fwhopr
UNRESOLVED: gcc.c-torture/execute/builtins/memmove-2.c execution, -O2 -fwhopr
FAIL: gcc.c-torture/execute/builtins/sprintf-chk.c execution, -O2 -fwhopr
FAIL: gcc.c-torture/execute/builtins/stpcpy-chk.c execution, -O2 -fwhopr
FAIL: gcc.c-torture/execute/builtins/strcpy-chk.c execution, -O2 -fwhopr
XPASS: gcc.dg/Warray-bounds.c (test for warnings, line 59)
XPASS: gcc.dg/Warray-bounds.c (test for warnings, line 65)
XPASS: gcc.dg/Wunreachable-8.c (test for bogus messages, line 7)
FAIL: gcc.dg/pr34668-1.c (internal compiler error)
FAIL: gcc.dg/pr34668-1.c (test for excess errors)
XPASS: gcc.dg/struct/wo_prof_array_through_pointer.c scan-ipa-dump ipa_struct_reorg "Number of structures to transform is 1"
FAIL: gcc.dg/struct/wo_prof_double_malloc.c (internal compiler error)
FAIL: gcc.dg/struct/wo_prof_double_malloc.c (test for excess errors)
WARNING: gcc.dg/struct/wo_prof_double_malloc.c compilation failed to produce executable
=== gcc Summary for unix/-m32 ===
Running target unix
FAIL: gcc.c-torture/compile/limits-exprparen.c -O0 (test for excess errors)
FAIL: gcc.c-torture/compile/limits-exprparen.c -O1 (test for excess errors)
FAIL: gcc.c-torture/compile/limits-exprparen.c -O2 (test for excess errors)
FAIL: gcc.c-torture/compile/limits-exprparen.c -O3 -fomit-frame-pointer (test for excess errors)
FAIL: gcc.c-torture/compile/limits-exprparen.c -O3 -g (test for excess errors)
FAIL: gcc.c-torture/compile/limits-exprparen.c -Os (test for excess errors)
FAIL: gcc.c-torture/compile/limits-exprparen.c -O2 -flto (test for excess errors)
FAIL: gcc.c-torture/compile/limits-exprparen.c -O2 -fwhopr (test for excess errors)
FAIL: gcc.c-torture/execute/builtins/memmove-2.c compilation, -O2 -fwhopr
UNRESOLVED: gcc.c-torture/execute/builtins/memmove-2.c execution, -O2 -fwhopr
FAIL: gcc.c-torture/execute/builtins/sprintf-chk.c execution, -O2 -fwhopr
FAIL: gcc.c-torture/execute/builtins/stpcpy-chk.c execution, -O2 -fwhopr
FAIL: gcc.c-torture/execute/builtins/strcpy-chk.c execution, -O2 -fwhopr
XPASS: gcc.dg/Warray-bounds.c (test for warnings, line 59)
XPASS: gcc.dg/Warray-bounds.c (test for warnings, line 65)
XPASS: gcc.dg/Wunreachable-8.c (test for bogus messages, line 7)
FAIL: gcc.dg/pr34668-1.c (internal compiler error)
FAIL: gcc.dg/pr34668-1.c (test for excess errors)
XPASS: gcc.dg/struct/wo_prof_array_through_pointer.c scan-ipa-dump ipa_struct_reorg "Number of structures to transform is 1"
FAIL: gcc.dg/struct/wo_prof_double_malloc.c (internal compiler error)
FAIL: gcc.dg/struct/wo_prof_double_malloc.c (test for excess errors)
WARNING: gcc.dg/struct/wo_prof_double_malloc.c compilation failed to produce executable
=== gcc Summary for unix ===
=== gcc Summary ===
# of expected passes 141695
# of unexpected failures 32
# of unexpected successes 8
# of expected failures 339
# of unresolved testcases 2
# of unsupported tests 1534
/export/gnu/import/svn/gcc-test/bld/gcc/xgcc version 4.5.0 20091112 (experimental) [trunk revision 154128] (GCC)
=== gfortran tests ===
Running target unix/-m32
FAIL: gfortran.dg/lto/pr40725 f_lto_pr40725_0.o-f_lto_pr40725_1.o execute -O2 -fwhopr
FAIL: gfortran.dg/lto/pr40725 f_lto_pr40725_0.o-f_lto_pr40725_1.o execute -O2 -flto
=== gfortran Summary for unix/-m32 ===
# of expected passes 3996
Running target unix
FAIL: gfortran.dg/lto/pr40725 f_lto_pr40725_0.o-f_lto_pr40725_1.o execute -O2 -fwhopr
FAIL: gfortran.dg/lto/pr40725 f_lto_pr40725_0.o-f_lto_pr40725_1.o execute -O2 -flto
=== gfortran Summary for unix ===
# of expected passes 3996
=== gfortran Summary ===
# of expected passes 66195
# of unexpected failures 4
# of expected failures 44
# of unsupported tests 166
/export/gnu/import/svn/gcc-test/bld/gcc/testsuite/gfortran/../../gfortran version 4.5.0 20091112 (experimental) [trunk revision 154128] (GCC)
=== objc tests ===
Running target unix/-m32
FAIL: objc/execute/string1.m compilation, -O0 -fgnu-runtime (internal compiler error)
UNRESOLVED: objc/execute/string1.m execution, -O0 -fgnu-runtime
FAIL: objc/execute/string1.m compilation, -O1 -fgnu-runtime (internal compiler error)
UNRESOLVED: objc/execute/string1.m execution, -O1 -fgnu-runtime
FAIL: objc/execute/string1.m compilation, -O2 -fgnu-runtime (internal compiler error)
UNRESOLVED: objc/execute/string1.m execution, -O2 -fgnu-runtime
FAIL: objc/execute/string1.m compilation, -O3 -fomit-frame-pointer -fgnu-runtime (internal compiler error)
UNRESOLVED: objc/execute/string1.m execution, -O3 -fomit-frame-pointer -fgnu-runtime
FAIL: objc/execute/string1.m compilation, -O3 -g -fgnu-runtime (internal compiler error)
UNRESOLVED: objc/execute/string1.m execution, -O3 -g -fgnu-runtime
FAIL: objc/execute/string1.m compilation, -Os -fgnu-runtime (internal compiler error)
UNRESOLVED: objc/execute/string1.m execution, -Os -fgnu-runtime
FAIL: objc/execute/string2.m compilation, -O0 -fgnu-runtime (internal compiler error)
UNRESOLVED: objc/execute/string2.m execution, -O0 -fgnu-runtime
FAIL: objc/execute/string2.m compilation, -O1 -fgnu-runtime (internal compiler error)
UNRESOLVED: objc/execute/string2.m execution, -O1 -fgnu-runtime
FAIL: objc/execute/string2.m compilation, -O2 -fgnu-runtime (internal compiler error)
UNRESOLVED: objc/execute/string2.m execution, -O2 -fgnu-runtime
FAIL: objc/execute/string2.m compilation, -O3 -fomit-frame-pointer -fgnu-runtime (internal compiler error)
UNRESOLVED: objc/execute/string2.m execution, -O3 -fomit-frame-pointer -fgnu-runtime
FAIL: objc/execute/string2.m compilation, -O3 -g -fgnu-runtime (internal compiler error)
UNRESOLVED: objc/execute/string2.m execution, -O3 -g -fgnu-runtime
FAIL: objc/execute/string2.m compilation, -Os -fgnu-runtime (internal compiler error)
UNRESOLVED: objc/execute/string2.m execution, -Os -fgnu-runtime
FAIL: objc/execute/string3.m compilation, -O0 -fgnu-runtime (internal compiler error)
UNRESOLVED: objc/execute/string3.m execution, -O0 -fgnu-runtime
FAIL: objc/execute/string3.m compilation, -O1 -fgnu-runtime (internal compiler error)
UNRESOLVED: objc/execute/string3.m execution, -O1 -fgnu-runtime
FAIL: objc/execute/string3.m compilation, -O2 -fgnu-runtime (internal compiler error)
UNRESOLVED: objc/execute/string3.m execution, -O2 -fgnu-runtime
FAIL: objc/execute/string3.m compilation, -O3 -fomit-frame-pointer -fgnu-runtime (internal compiler error)
UNRESOLVED: objc/execute/string3.m execution, -O3 -fomit-frame-pointer -fgnu-runtime
FAIL: objc/execute/string3.m compilation, -O3 -g -fgnu-runtime (internal compiler error)
UNRESOLVED: objc/execute/string3.m execution, -O3 -g -fgnu-runtime
FAIL: objc/execute/string3.m compilation, -Os -fgnu-runtime (internal compiler error)
UNRESOLVED: objc/execute/string3.m execution, -Os -fgnu-runtime
FAIL: objc/execute/string4.m compilation, -O0 -fgnu-runtime (internal compiler error)
UNRESOLVED: objc/execute/string4.m execution, -O0 -fgnu-runtime
FAIL: objc/execute/string4.m compilation, -O1 -fgnu-runtime (internal compiler error)
UNRESOLVED: objc/execute/string4.m execution, -O1 -fgnu-runtime
FAIL: objc/execute/string4.m compilation, -O2 -fgnu-runtime (internal compiler error)
UNRESOLVED: objc/execute/string4.m execution, -O2 -fgnu-runtime
FAIL: objc/execute/string4.m compilation, -O3 -fomit-frame-pointer -fgnu-runtime (internal compiler error)
UNRESOLVED: objc/execute/string4.m execution, -O3 -fomit-frame-pointer -fgnu-runtime
FAIL: objc/execute/string4.m compilation, -O3 -g -fgnu-runtime (internal compiler error)
UNRESOLVED: objc/execute/string4.m execution, -O3 -g -fgnu-runtime
FAIL: objc/execute/string4.m compilation, -Os -fgnu-runtime (internal compiler error)
UNRESOLVED: objc/execute/string4.m execution, -Os -fgnu-runtime
FAIL: objc.dg/const-str-12.m (internal compiler error)
FAIL: objc.dg/const-str-12.m (test for excess errors)
FAIL: objc.dg/const-str-5.m (internal compiler error)
FAIL: objc.dg/const-str-5.m (test for excess errors)
FAIL: objc.dg/gnu-runtime-2.m (internal compiler error)
FAIL: objc.dg/gnu-runtime-2.m (test for excess errors)
=== objc Summary for unix/-m32 ===
# of expected passes 2
Running target unix
FAIL: objc/execute/string1.m compilation, -O0 -fgnu-runtime (internal compiler error)
UNRESOLVED: objc/execute/string1.m execution, -O0 -fgnu-runtime
FAIL: objc/execute/string1.m compilation, -O1 -fgnu-runtime (internal compiler error)
UNRESOLVED: objc/execute/string1.m execution, -O1 -fgnu-runtime
FAIL: objc/execute/string1.m compilation, -O2 -fgnu-runtime (internal compiler error)
UNRESOLVED: objc/execute/string1.m execution, -O2 -fgnu-runtime
FAIL: objc/execute/string1.m compilation, -O3 -fomit-frame-pointer -fgnu-runtime (internal compiler error)
UNRESOLVED: objc/execute/string1.m execution, -O3 -fomit-frame-pointer -fgnu-runtime
FAIL: objc/execute/string1.m compilation, -O3 -g -fgnu-runtime (internal compiler error)
UNRESOLVED: objc/execute/string1.m execution, -O3 -g -fgnu-runtime
FAIL: objc/execute/string1.m compilation, -Os -fgnu-runtime (internal compiler error)
UNRESOLVED: objc/execute/string1.m execution, -Os -fgnu-runtime
FAIL: objc/execute/string2.m compilation, -O0 -fgnu-runtime (internal compiler error)
UNRESOLVED: objc/execute/string2.m execution, -O0 -fgnu-runtime
FAIL: objc/execute/string2.m compilation, -O1 -fgnu-runtime (internal compiler error)
UNRESOLVED: objc/execute/string2.m execution, -O1 -fgnu-runtime
FAIL: objc/execute/string2.m compilation, -O2 -fgnu-runtime (internal compiler error)
UNRESOLVED: objc/execute/string2.m execution, -O2 -fgnu-runtime
FAIL: objc/execute/string2.m compilation, -O3 -fomit-frame-pointer -fgnu-runtime (internal compiler error)
UNRESOLVED: objc/execute/string2.m execution, -O3 -fomit-frame-pointer -fgnu-runtime
FAIL: objc/execute/string2.m compilation, -O3 -g -fgnu-runtime (internal compiler error)
UNRESOLVED: objc/execute/string2.m execution, -O3 -g -fgnu-runtime
FAIL: objc/execute/string2.m compilation, -Os -fgnu-runtime (internal compiler error)
UNRESOLVED: objc/execute/string2.m execution, -Os -fgnu-runtime
FAIL: objc/execute/string3.m compilation, -O0 -fgnu-runtime (internal compiler error)
UNRESOLVED: objc/execute/string3.m execution, -O0 -fgnu-runtime
FAIL: objc/execute/string3.m compilation, -O1 -fgnu-runtime (internal compiler error)
UNRESOLVED: objc/execute/string3.m execution, -O1 -fgnu-runtime
FAIL: objc/execute/string3.m compilation, -O2 -fgnu-runtime (internal compiler error)
UNRESOLVED: objc/execute/string3.m execution, -O2 -fgnu-runtime
FAIL: objc/execute/string3.m compilation, -O3 -fomit-frame-pointer -fgnu-runtime (internal compiler error)
UNRESOLVED: objc/execute/string3.m execution, -O3 -fomit-frame-pointer -fgnu-runtime
FAIL: objc/execute/string3.m compilation, -O3 -g -fgnu-runtime (internal compiler error)
UNRESOLVED: objc/execute/string3.m execution, -O3 -g -fgnu-runtime
FAIL: objc/execute/string3.m compilation, -Os -fgnu-runtime (internal compiler error)
UNRESOLVED: objc/execute/string3.m execution, -Os -fgnu-runtime
FAIL: objc/execute/string4.m compilation, -O0 -fgnu-runtime (internal compiler error)
UNRESOLVED: objc/execute/string4.m execution, -O0 -fgnu-runtime
FAIL: objc/execute/string4.m compilation, -O1 -fgnu-runtime (internal compiler error)
UNRESOLVED: objc/execute/string4.m execution, -O1 -fgnu-runtime
FAIL: objc/execute/string4.m compilation, -O2 -fgnu-runtime (internal compiler error)
UNRESOLVED: objc/execute/string4.m execution, -O2 -fgnu-runtime
FAIL: objc/execute/string4.m compilation, -O3 -fomit-frame-pointer -fgnu-runtime (internal compiler error)
UNRESOLVED: objc/execute/string4.m execution, -O3 -fomit-frame-pointer -fgnu-runtime
FAIL: objc/execute/string4.m compilation, -O3 -g -fgnu-runtime (internal compiler error)
UNRESOLVED: objc/execute/string4.m execution, -O3 -g -fgnu-runtime
FAIL: objc/execute/string4.m compilation, -Os -fgnu-runtime (internal compiler error)
UNRESOLVED: objc/execute/string4.m execution, -Os -fgnu-runtime
FAIL: objc.dg/const-str-12.m (internal compiler error)
FAIL: objc.dg/const-str-12.m (test for excess errors)
FAIL: objc.dg/const-str-5.m (internal compiler error)
FAIL: objc.dg/const-str-5.m (test for excess errors)
FAIL: objc.dg/gnu-runtime-2.m (internal compiler error)
FAIL: objc.dg/gnu-runtime-2.m (test for excess errors)
=== objc Summary for unix ===
# of expected passes 2
=== objc Summary ===
# of expected passes 3640
# of unexpected failures 60
# of expected failures 22
# of unresolved testcases 48
# of unsupported tests 48
/export/gnu/import/svn/gcc-test/bld/gcc/xgcc version 4.5.0 20091112 (experimental) [trunk revision 154128] (GCC)
=== libffi tests ===
Running target unix/-m32
XPASS: libffi.call/cls_dbls_struct.c -O0 -W -Wall output pattern test, 1.0 2.0?
XPASS: libffi.call/cls_dbls_struct.c -O2 output pattern test, 1.0 2.0?
XPASS: libffi.call/cls_dbls_struct.c -O3 output pattern test, 1.0 2.0?
XPASS: libffi.call/cls_dbls_struct.c -Os output pattern test, 1.0 2.0?
XPASS: libffi.call/cls_dbls_struct.c -O2 -fomit-frame-pointer output pattern test, 1.0 2.0?
=== libffi Summary for unix/-m32 ===
# of expected passes 24
Running target unix
FAIL: libffi.call/testclosure.c -O0 -W -Wall output pattern test, is 4 5 0 0
FAIL: libffi.call/testclosure.c -O2 output pattern test, is 4 5 0 0
FAIL: libffi.call/testclosure.c -O3 output pattern test, is 4 5 0 0
FAIL: libffi.call/testclosure.c -Os output pattern test, is 4 5 0 0
FAIL: libffi.call/testclosure.c -O2 -fomit-frame-pointer output pattern test, is 4 5 0 0
=== libffi Summary for unix ===
# of expected passes 24
=== libffi Summary ===
# of expected passes 3193
# of unexpected failures 5
# of unexpected successes 5
# of expected failures 35
# of unsupported tests 30
=== libgomp tests ===
Running target unix/-m32
=== libgomp Summary for unix/-m32 ===
Running target unix
=== libgomp Summary for unix ===
=== libgomp Summary ===
# of expected passes 4816
=== libjava tests ===
Running target unix/-m32
=== libjava Summary for unix/-m32 ===
Running target unix
=== libjava Summary for unix ===
=== libjava Summary ===
# of expected passes 5148
=== libmudflap tests ===
Running target unix/-m32
FAIL: libmudflap.c/fail31-frag.c (-O3) output pattern test
FAIL: libmudflap.c/pass45-frag.c (-O3) execution test
FAIL: libmudflap.c/pass45-frag.c (-O3) output pattern test
FAIL: libmudflap.c/pass45-frag.c (-O3) execution test
FAIL: libmudflap.c/pass45-frag.c (-O3) output pattern test
FAIL: libmudflap.c++/pass41-frag.cxx execution test
FAIL: libmudflap.c++/pass41-frag.cxx (-static) execution test
FAIL: libmudflap.c++/pass41-frag.cxx ( -O) execution test
FAIL: libmudflap.c++/pass41-frag.cxx (-O2) execution test
FAIL: libmudflap.c++/pass41-frag.cxx (-O3) execution test
=== libmudflap Summary for unix/-m32 ===
# of expected passes 352
Running target unix
FAIL: libmudflap.c/fail31-frag.c (-O3) output pattern test
FAIL: libmudflap.c/pass45-frag.c (-O3) execution test
FAIL: libmudflap.c/pass45-frag.c (-O3) output pattern test
FAIL: libmudflap.c/pass45-frag.c (-O3) execution test
FAIL: libmudflap.c/pass45-frag.c (-O3) output pattern test
FAIL: libmudflap.c++/pass41-frag.cxx execution test
FAIL: libmudflap.c++/pass41-frag.cxx (-static) execution test
FAIL: libmudflap.c++/pass41-frag.cxx ( -O) execution test
FAIL: libmudflap.c++/pass41-frag.cxx (-O2) execution test
FAIL: libmudflap.c++/pass41-frag.cxx (-O3) execution test
=== libmudflap Summary for unix ===
# of expected passes 352
=== libmudflap Summary ===
# of expected passes 3768
# of unexpected failures 20
=== libstdc++ tests ===
Running target unix/-m32
XPASS: 26_numerics/headers/cmath/c99_classification_macros_c.cc (test for excess errors)
=== libstdc++ Summary for unix/-m32 ===
# of expected passes 7141
# of unexpected successes 1
# of expected failures 88
# of unsupported tests 81
Running target unix
XPASS: 26_numerics/headers/cmath/c99_classification_macros_c.cc (test for excess errors)
=== libstdc++ Summary for unix ===
# of expected passes 7286
# of unexpected successes 1
# of expected failures 90
# of unsupported tests 11
=== libstdc++ Summary ===
# of expected passes 14429
# of unexpected successes 2
# of expected failures 178
# of unsupported tests 92
Compiler version: 4.5.0 20091112 (experimental) [trunk revision 154128] (GCC)
Platform: x86_64-unknown-linux-gnu
configure flags: --enable-clocale=gnu --with-system-zlib --enable-shared --with-demangler-in-ld