This is the mail archive of the
gcc-testresults@gcc.gnu.org
mailing list for the GCC project.
Results for 4.5.0 20091102 (experimental) [trunk revision 153799] (GCC) testsuite on powerpc-ibm-aix5.3.0.0
- From: David Edelsohn <dje at watson dot ibm dot com>
- To: gcc-testresults at gcc dot gnu dot org
- Date: Mon, 02 Nov 2009 07:24:02 -0500
- Subject: Results for 4.5.0 20091102 (experimental) [trunk revision 153799] (GCC) testsuite on powerpc-ibm-aix5.3.0.0
LAST_UPDATED: Mon Nov 2 02:35:10 UTC 2009 (revision 153799)
Native configuration is powerpc-ibm-aix5.3.0.0
=== g++ tests ===
Running target unix
FAIL: tmpdir-g++.dg-struct-layout-1/t026 cp_compat_x_tst.o-cp_compat_y_tst.o execute
FAIL: tmpdir-g++.dg-struct-layout-1/t029 cp_compat_x_tst.o-cp_compat_y_tst.o execute
FAIL: g++.dg/abi/local1.C execution test
FAIL: g++.dg/cpp/ucn-1.C (test for excess errors)
FAIL: g++.dg/ext/alignof2.C execution test
FAIL: g++.dg/ext/visibility/anon1.C scan-assembler-not globl.*_ZN.*1fEv
FAIL: g++.dg/ext/visibility/anon2.C scan-assembler-not globl.*_Z1fv
FAIL: g++.dg/lookup/extern-c-redecl3.C scan-assembler call[\\t ]+fork
FAIL: g++.dg/lookup/extern-c-redecl4.C scan-assembler call[\\t ]+_Z4forkv
FAIL: g++.dg/other/anon5.C undefined (test for warnings, line )
FAIL: g++.dg/other/anon5.C (test for excess errors)
WARNING: g++.dg/other/ucnid-1.C compilation failed to produce executable
FAIL: g++.dg/other/unused1.C scan-assembler (string|ascii?)z?[\\t ]"printer("|\\\\\\\\0)
FAIL: g++.dg/warn/pr31246.C (test for excess errors)
FAIL: g++.dg/tree-prof/partition1.C compilation, -g -fprofile-use
UNRESOLVED: g++.dg/tree-prof/partition1.C execution, -g -fprofile-use
FAIL: g++.dg/tree-prof/partition1.C compilation, -O3 -g -fprofile-use
UNRESOLVED: g++.dg/tree-prof/partition1.C execution, -O3 -g -fprofile-use
XPASS: g++.old-deja/g++.other/init19.C execution test
=== g++ Summary ===
# of expected passes 19210
# of unexpected failures 15
# of unexpected successes 1
# of expected failures 160
# of unresolved testcases 2
# of unsupported tests 260
/tmp/20091101/gcc/testsuite/g++/../../g++ version 4.5.0 20091102 (experimental) [trunk revision 153799] (GCC)
=== gcc tests ===
Running target unix
XPASS: gcc.c-torture/execute/eeprof-1.c execution, -O0
XPASS: gcc.c-torture/execute/eeprof-1.c execution, -O1
XPASS: gcc.c-torture/execute/eeprof-1.c execution, -O2
XPASS: gcc.c-torture/execute/eeprof-1.c execution, -O3 -fomit-frame-pointer
XPASS: gcc.c-torture/execute/eeprof-1.c execution, -O3 -g
XPASS: gcc.c-torture/execute/eeprof-1.c execution, -Os
XPASS: gcc.dg/Warray-bounds.c (test for warnings, line 59)
XPASS: gcc.dg/Warray-bounds.c (test for warnings, line 65)
XPASS: gcc.dg/Wunreachable-8.c (test for bogus messages, line 7)
FAIL: gcc.dg/alias-7.c execution test
FAIL: gcc.dg/asm-names.c scan-assembler-not ____frob14
FAIL: gcc.dg/attr-alias-5.c (test for errors, line 8)
FAIL: gcc.dg/attr-alias-5.c (test for errors, line 9)
FAIL: gcc.dg/attr-alias-5.c (test for errors, line 10)
FAIL: gcc.dg/attr-alias-5.c (test for excess errors)
FAIL: gcc.dg/pr34668-1.c (internal compiler error)
FAIL: gcc.dg/pr34668-1.c (test for excess errors)
FAIL: gcc.dg/pr41241.c (test for excess errors)
FAIL: gcc.dg/pr41345.c (test for excess errors)
FAIL: gcc.dg/pthread-init-1.c (test for excess errors)
FAIL: gcc.dg/pthread-init-2.c (test for excess errors)
FAIL: gcc.dg/sms-2.c scan-rtl-dump-times sms "SMS succeeded" 1
FAIL: gcc.dg/sms-3.c scan-rtl-dump-times sms "SMS succeeded" 1
FAIL: gcc.dg/sms-4.c scan-rtl-dump-times sms "SMS succeeded" 1
FAIL: gcc.dg/sms-6.c scan-rtl-dump-times sms "SMS succeeded" 3
FAIL: gcc.dg/sms-7.c scan-rtl-dump-times sms "SMS succeeded" 3
FAIL: gcc.dg/sms-8.c scan-rtl-dump-times sms "SMS succeeded" 1
WARNING: gcc.dg/ucnid-11.c compilation failed to produce executable
WARNING: gcc.dg/ucnid-12.c compilation failed to produce executable
FAIL: gcc.dg/ucnid-13.c (test for warnings, line 6)
FAIL: gcc.dg/ucnid-13.c (test for warnings, line 9)
FAIL: gcc.dg/ucnid-13.c (test for warnings, line 11)
FAIL: gcc.dg/ucnid-13.c (test for errors, line 13)
FAIL: gcc.dg/ucnid-13.c (test for excess errors)
WARNING: gcc.dg/ucnid-2.c compilation failed to produce executable
WARNING: gcc.dg/ucnid-3.c compilation failed to produce executable
WARNING: gcc.dg/ucnid-4.c compilation failed to produce executable
XPASS: gcc.dg/ucnid-5.c (test for excess errors)
WARNING: gcc.dg/ucnid-6.c compilation failed to produce executable
FAIL: gcc.dg/ucnid-7.c (test for errors, line 6)
FAIL: gcc.dg/ucnid-7.c (test for errors, line 7)
FAIL: gcc.dg/ucnid-7.c (test for excess errors)
FAIL: gcc.dg/ucnid-8.c (test for errors, line 6)
FAIL: gcc.dg/ucnid-8.c (test for errors, line 7)
FAIL: gcc.dg/ucnid-8.c (test for warnings, line 9)
FAIL: gcc.dg/ucnid-8.c (test for errors, line 11)
FAIL: gcc.dg/ucnid-8.c UCN diag (test for warnings, line 13)
FAIL: gcc.dg/ucnid-8.c (test for excess errors)
WARNING: gcc.dg/ucnid-9.c compilation failed to produce executable
FAIL: gcc.dg/graphite/id-15.c (test for excess errors)
FAIL: gcc.dg/graphite/run-id-1.c execution test
FAIL: gcc.dg/torture/builtin-math-5.c -O0 scan-tree-dump-times original "cexpf" 2
FAIL: gcc.dg/torture/builtin-math-5.c -O0 scan-tree-dump-times original "cexp " 2
FAIL: gcc.dg/torture/builtin-math-5.c -O0 scan-tree-dump-times original "cexpl" 2
FAIL: gcc.dg/torture/builtin-math-5.c -O0 scan-tree-dump-times original "cpowf" 18
FAIL: gcc.dg/torture/builtin-math-5.c -O0 scan-tree-dump-times original "cpow " 18
FAIL: gcc.dg/torture/builtin-math-5.c -O0 scan-tree-dump-times original "cpowl" 18
FAIL: gcc.dg/torture/builtin-math-5.c -O1 scan-tree-dump-times original "cexpf" 2
FAIL: gcc.dg/torture/builtin-math-5.c -O1 scan-tree-dump-times original "cexp " 2
FAIL: gcc.dg/torture/builtin-math-5.c -O1 scan-tree-dump-times original "cexpl" 2
FAIL: gcc.dg/torture/builtin-math-5.c -O1 scan-tree-dump-times original "cpowf" 18
FAIL: gcc.dg/torture/builtin-math-5.c -O1 scan-tree-dump-times original "cpow " 18
FAIL: gcc.dg/torture/builtin-math-5.c -O1 scan-tree-dump-times original "cpowl" 18
FAIL: gcc.dg/torture/builtin-math-5.c -O2 scan-tree-dump-times original "cexpf" 2
FAIL: gcc.dg/torture/builtin-math-5.c -O2 scan-tree-dump-times original "cexp " 2
FAIL: gcc.dg/torture/builtin-math-5.c -O2 scan-tree-dump-times original "cexpl" 2
FAIL: gcc.dg/torture/builtin-math-5.c -O2 scan-tree-dump-times original "cpowf" 18
FAIL: gcc.dg/torture/builtin-math-5.c -O2 scan-tree-dump-times original "cpow " 18
FAIL: gcc.dg/torture/builtin-math-5.c -O2 scan-tree-dump-times original "cpowl" 18
FAIL: gcc.dg/torture/builtin-math-5.c -O3 -fomit-frame-pointer scan-tree-dump-times original "cexpf" 2
FAIL: gcc.dg/torture/builtin-math-5.c -O3 -fomit-frame-pointer scan-tree-dump-times original "cexp " 2
FAIL: gcc.dg/torture/builtin-math-5.c -O3 -fomit-frame-pointer scan-tree-dump-times original "cexpl" 2
FAIL: gcc.dg/torture/builtin-math-5.c -O3 -fomit-frame-pointer scan-tree-dump-times original "cpowf" 18
FAIL: gcc.dg/torture/builtin-math-5.c -O3 -fomit-frame-pointer scan-tree-dump-times original "cpow " 18
FAIL: gcc.dg/torture/builtin-math-5.c -O3 -fomit-frame-pointer scan-tree-dump-times original "cpowl" 18
FAIL: gcc.dg/torture/builtin-math-5.c -O3 -fomit-frame-pointer -funroll-loops scan-tree-dump-times original "cexpf" 2
FAIL: gcc.dg/torture/builtin-math-5.c -O3 -fomit-frame-pointer -funroll-loops scan-tree-dump-times original "cexp " 2
FAIL: gcc.dg/torture/builtin-math-5.c -O3 -fomit-frame-pointer -funroll-loops scan-tree-dump-times original "cexpl" 2
FAIL: gcc.dg/torture/builtin-math-5.c -O3 -fomit-frame-pointer -funroll-loops scan-tree-dump-times original "cpowf" 18
FAIL: gcc.dg/torture/builtin-math-5.c -O3 -fomit-frame-pointer -funroll-loops scan-tree-dump-times original "cpow " 18
FAIL: gcc.dg/torture/builtin-math-5.c -O3 -fomit-frame-pointer -funroll-loops scan-tree-dump-times original "cpowl" 18
FAIL: gcc.dg/torture/builtin-math-5.c -O3 -fomit-frame-pointer -funroll-all-loops -finline-functions scan-tree-dump-times original "cexpf" 2
FAIL: gcc.dg/torture/builtin-math-5.c -O3 -fomit-frame-pointer -funroll-all-loops -finline-functions scan-tree-dump-times original "cexp " 2
FAIL: gcc.dg/torture/builtin-math-5.c -O3 -fomit-frame-pointer -funroll-all-loops -finline-functions scan-tree-dump-times original "cexpl" 2
FAIL: gcc.dg/torture/builtin-math-5.c -O3 -fomit-frame-pointer -funroll-all-loops -finline-functions scan-tree-dump-times original "cpowf" 18
FAIL: gcc.dg/torture/builtin-math-5.c -O3 -fomit-frame-pointer -funroll-all-loops -finline-functions scan-tree-dump-times original "cpow " 18
FAIL: gcc.dg/torture/builtin-math-5.c -O3 -fomit-frame-pointer -funroll-all-loops -finline-functions scan-tree-dump-times original "cpowl" 18
FAIL: gcc.dg/torture/builtin-math-5.c -O3 -g scan-tree-dump-times original "cexpf" 2
FAIL: gcc.dg/torture/builtin-math-5.c -O3 -g scan-tree-dump-times original "cexp " 2
FAIL: gcc.dg/torture/builtin-math-5.c -O3 -g scan-tree-dump-times original "cexpl" 2
FAIL: gcc.dg/torture/builtin-math-5.c -O3 -g scan-tree-dump-times original "cpowf" 18
FAIL: gcc.dg/torture/builtin-math-5.c -O3 -g scan-tree-dump-times original "cpow " 18
FAIL: gcc.dg/torture/builtin-math-5.c -O3 -g scan-tree-dump-times original "cpowl" 18
FAIL: gcc.dg/torture/builtin-math-5.c -Os scan-tree-dump-times original "cexpf" 2
FAIL: gcc.dg/torture/builtin-math-5.c -Os scan-tree-dump-times original "cexp " 2
FAIL: gcc.dg/torture/builtin-math-5.c -Os scan-tree-dump-times original "cexpl" 2
FAIL: gcc.dg/torture/builtin-math-5.c -Os scan-tree-dump-times original "cpowf" 18
FAIL: gcc.dg/torture/builtin-math-5.c -Os scan-tree-dump-times original "cpow " 18
FAIL: gcc.dg/torture/builtin-math-5.c -Os scan-tree-dump-times original "cpowl" 18
FAIL: gcc.dg/tree-ssa/vrp47.c scan-tree-dump-times vrp1 "[xy][^ ]* !=" 0
FAIL: gcc.dg/tree-ssa/vrp47.c scan-tree-dump-times dom1 "x[^ ]* & y" 1
FAIL: gcc.dg/vect/costmodel/ppc/costmodel-vect-31d.c scan-tree-dump-times vect "vectorization not profitable" 1
FAIL: gcc.dg/vect/costmodel/ppc/costmodel-vect-68d.c scan-tree-dump-times vect "vectorization not profitable" 1
FAIL: gcc.dg/vect/costmodel/ppc/costmodel-vect-76a.c scan-tree-dump-times vect "vectorized 1 loops" 1
FAIL: gcc.dg/vect/costmodel/ppc/costmodel-vect-76b.c scan-tree-dump-times vect "vectorization not profitable" 1
FAIL: gcc.dg/vect/pr35821-altivec.c scan-tree-dump-times vect "vectorized 1 loops" 1
FAIL: gcc.dg/vect/vect-82_64.c (test for excess errors)
FAIL: gcc.dg/vect/vect-82_64.c scan-tree-dump-times vect "vectorized 1 loops" 1: dump file does not exist
FAIL: gcc.dg/vect/vect-83_64.c (test for excess errors)
FAIL: gcc.dg/vect/vect-83_64.c scan-tree-dump-times vect "vectorized 1 loops" 1: dump file does not exist
FAIL: gcc.target/powerpc/405-dlmzb-strlen-1.c scan-assembler dlmzb\\\\.
FAIL: gcc.target/powerpc/440-dlmzb-strlen-1.c scan-assembler dlmzb\\\\.
FAIL: gcc.target/powerpc/bswap64-4.c (test for excess errors)
ERROR: gcc.target/powerpc/bswap64-4.c: error executing dg-final: couldn't open "bswap64-4.s": no such file or directory
UNRESOLVED: gcc.target/powerpc/bswap64-4.c: error executing dg-final: couldn't open "bswap64-4.s": no such file or directory
FAIL: gcc.target/powerpc/popcount-2.c (test for excess errors)
ERROR: gcc.target/powerpc/popcount-2.c: error executing dg-final: couldn't open "popcount-2.s": no such file or directory
UNRESOLVED: gcc.target/powerpc/popcount-2.c: error executing dg-final: couldn't open "popcount-2.s": no such file or directory
FAIL: gcc.target/powerpc/ppc64-double-1.c (test for excess errors)
ERROR: gcc.target/powerpc/ppc64-double-1.c: error executing dg-final: couldn't open "ppc64-double-1.s": no such file or directory
UNRESOLVED: gcc.target/powerpc/ppc64-double-1.c: error executing dg-final: couldn't open "ppc64-double-1.s": no such file or directory
=== gcc Summary ===
# of expected passes 52050
# of unexpected failures 98
# of unexpected successes 10
# of expected failures 186
# of unresolved testcases 3
# of unsupported tests 840
/tmp/20091101/gcc/xgcc version 4.5.0 20091102 (experimental) [trunk revision 153799] (GCC)
=== gfortran tests ===
Running target unix
FAIL: gfortran.dg/default_format_1.f90 -O0 execution test
FAIL: gfortran.dg/default_format_1.f90 -O1 execution test
FAIL: gfortran.dg/default_format_1.f90 -O2 execution test
FAIL: gfortran.dg/default_format_1.f90 -O3 -fomit-frame-pointer execution test
FAIL: gfortran.dg/default_format_1.f90 -O3 -fomit-frame-pointer -funroll-loops execution test
FAIL: gfortran.dg/default_format_1.f90 -O3 -fomit-frame-pointer -funroll-all-loops -finline-functions execution test
FAIL: gfortran.dg/default_format_1.f90 -O3 -g execution test
FAIL: gfortran.dg/default_format_1.f90 -Os execution test
FAIL: gfortran.dg/default_format_denormal_1.f90 -O0 execution test
FAIL: gfortran.dg/default_format_denormal_1.f90 -O1 execution test
FAIL: gfortran.dg/default_format_denormal_1.f90 -O2 execution test
FAIL: gfortran.dg/default_format_denormal_1.f90 -O3 -fomit-frame-pointer execution test
FAIL: gfortran.dg/default_format_denormal_1.f90 -O3 -fomit-frame-pointer -funroll-loops execution test
FAIL: gfortran.dg/default_format_denormal_1.f90 -O3 -fomit-frame-pointer -funroll-all-loops -finline-functions execution test
FAIL: gfortran.dg/default_format_denormal_1.f90 -O3 -g execution test
FAIL: gfortran.dg/default_format_denormal_1.f90 -Os execution test
FAIL: gfortran.dg/integer_exponentiation_4.f90 -O (internal compiler error)
FAIL: gfortran.dg/integer_exponentiation_4.f90 -O (test for errors, line 24)
FAIL: gfortran.dg/integer_exponentiation_4.f90 -O (test for errors, line 25)
FAIL: gfortran.dg/integer_exponentiation_4.f90 -O (test for errors, line 26)
FAIL: gfortran.dg/integer_exponentiation_4.f90 -O (test for errors, line 27)
FAIL: gfortran.dg/integer_exponentiation_4.f90 -O (test for errors, line 35)
FAIL: gfortran.dg/integer_exponentiation_4.f90 -O (test for errors, line 36)
FAIL: gfortran.dg/integer_exponentiation_4.f90 -O (test for errors, line 37)
FAIL: gfortran.dg/integer_exponentiation_4.f90 -O (test for errors, line 38)
FAIL: gfortran.dg/integer_exponentiation_4.f90 -O (test for excess errors)
FAIL: gfortran.dg/nint_2.f90 -O0 execution test
FAIL: gfortran.dg/pr19155.f -O0 execution test
FAIL: gfortran.dg/pr19155.f -O1 execution test
FAIL: gfortran.dg/pr19155.f -O2 execution test
FAIL: gfortran.dg/pr19155.f -O3 -fomit-frame-pointer execution test
FAIL: gfortran.dg/pr19155.f -O3 -fomit-frame-pointer -funroll-loops execution test
FAIL: gfortran.dg/pr19155.f -O3 -fomit-frame-pointer -funroll-all-loops -finline-functions execution test
FAIL: gfortran.dg/pr19155.f -O3 -g execution test
FAIL: gfortran.dg/pr19155.f -Os execution test
FAIL: gfortran.fortran-torture/execute/intrinsic_nearest.f90 execution, -O0
FAIL: gfortran.fortran-torture/execute/intrinsic_nearest.f90 execution, -O1
FAIL: gfortran.fortran-torture/execute/intrinsic_nearest.f90 execution, -O2
FAIL: gfortran.fortran-torture/execute/intrinsic_nearest.f90 execution, -O2 -fomit-frame-pointer -finline-functions
FAIL: gfortran.fortran-torture/execute/intrinsic_nearest.f90 execution, -O2 -fomit-frame-pointer -finline-functions -funroll-loops
FAIL: gfortran.fortran-torture/execute/intrinsic_nearest.f90 execution, -O2 -fbounds-check
FAIL: gfortran.fortran-torture/execute/intrinsic_nearest.f90 execution, -O3 -g
FAIL: gfortran.fortran-torture/execute/intrinsic_nearest.f90 execution, -Os
=== gfortran Summary ===
# of expected passes 31856
# of unexpected failures 43
# of expected failures 29
# of unsupported tests 307
/tmp/20091101/gcc/testsuite/gfortran/../../gfortran version 4.5.0 20091102 (experimental) [trunk revision 153799] (GCC)
=== objc tests ===
Running target unix
=== objc Summary ===
# of expected passes 1821
# of expected failures 25
# of unsupported tests 28
/tmp/20091101/gcc/xgcc version 4.5.0 20091102 (experimental) [trunk revision 153799] (GCC)
=== libgomp tests ===
Running target unix
FAIL: libgomp.graphite/force-parallel-2.c execution test
XPASS: libgomp.graphite/force-parallel-5.c scan-tree-dump-times optimized "loopfn.1" 5
=== libgomp Summary ===
# of expected passes 2445
# of unexpected failures 1
# of unexpected successes 1
# of unsupported tests 2
=== libstdc++ tests ===
Running target unix
FAIL: 21_strings/basic_string/inserters_extractors/wchar_t/28277.cc execution test
FAIL: 22_locale/ctype/is/char/3.cc execution test
FAIL: 23_containers/vector/profile/vector.cc execution test
FAIL: 27_io/basic_ostream/inserters_character/wchar_t/28277-3.cc execution test
FAIL: 27_io/basic_ostream/inserters_character/wchar_t/28277-4.cc execution test
FAIL: 27_io/ios_base/storage/11584.cc execution test
FAIL: 27_io/objects/char/6.cc execution test
FAIL: 27_io/objects/wchar_t/6.cc execution test
FAIL: ext/mt_allocator/check_new.cc execution test
FAIL: ext/new_allocator/deallocate_global.cc execution test
FAIL: ext/pool_allocator/check_new.cc execution test
FAIL: ext/profile/all.cc (test for excess errors)
FAIL: ext/throw_allocator/deallocate_global.cc execution test
FAIL: ext/vstring/inserters_extractors/wchar_t/28277.cc execution test
=== libstdc++ Summary ===
# of expected passes 5975
# of unexpected failures 14
# of expected failures 79
# of unsupported tests 353
Compiler version: 4.5.0 20091102 (experimental) [trunk revision 153799] (GCC)
Platform: powerpc-ibm-aix5.3.0.0
configure flags: --prefix=/farm/dje/install/powerpc-ibm-aix5.3.0.0-20091101 --disable-werror --enable-languages=c,c++,fortran,objc --with-gmp=/usr/gnu --with-mpfr=/usr/gnu --with-mpc=/usr/gnu --with-ppl=/usr/gnu --with-cloog=/usr/gnu