This is the mail archive of the
gcc-testresults@gcc.gnu.org
mailing list for the GCC project.
Results for 4.5.0 20091030 (experimental) (GCC) testsuite on ia64-hp-hpux11.23
- From: Steve Ellcey <sje at cup dot hp dot com>
- To: gcc-testresults at gcc dot gnu dot org
- Date: Fri, 30 Oct 2009 08:07:51 -0700 (PDT)
- Subject: Results for 4.5.0 20091030 (experimental) (GCC) testsuite on ia64-hp-hpux11.23
Native configuration is ia64-hp-hpux11.23
=== g++ tests ===
Running target unix/-milp32
FAIL: g++.dg/lookup/extern-c-redecl3.C scan-assembler call[\\t ]+fork
FAIL: g++.dg/lookup/extern-c-redecl4.C scan-assembler call[\\t ]+_Z4forkv
=== g++ Summary for unix/-milp32 ===
# of expected passes 19806
# of unexpected failures 2
# of expected failures 161
# of unsupported tests 197
Running target unix/-mlp64
FAIL: g++.dg/lookup/extern-c-redecl3.C scan-assembler call[\\t ]+fork
FAIL: g++.dg/lookup/extern-c-redecl4.C scan-assembler call[\\t ]+_Z4forkv
=== g++ Summary for unix/-mlp64 ===
# of expected passes 19767
# of unexpected failures 2
# of expected failures 161
# of unsupported tests 198
=== g++ Summary ===
# of expected passes 39573
# of unexpected failures 4
# of expected failures 322
# of unsupported tests 395
/proj/opensrc_nobackup/nightly2/build-ia64-hp-hpux11.23-trunk/obj_gcc/gcc/testsuite/g++/../../g++ version 4.5.0 20091030 (experimental) (GCC)
=== gcc tests ===
Running target unix/-milp32
FAIL: gcc.c-torture/compile/limits-fnargs.c -O3 -fomit-frame-pointer (test for excess errors)
FAIL: gcc.c-torture/compile/limits-fnargs.c -O3 -g (test for excess errors)
FAIL: gcc.dg/debug/dwarf2/inline2.c scan-assembler-times byte.*?0x3.*? DW_AT_inline 3
XPASS: gcc.dg/Warray-bounds.c (test for warnings, line 59)
XPASS: gcc.dg/Warray-bounds.c (test for warnings, line 65)
XPASS: gcc.dg/Wunreachable-8.c (test for bogus messages, line 7)
FAIL: gcc.dg/builtin-apply4.c execution test
FAIL: gcc.dg/pr34668-1.c (internal compiler error)
FAIL: gcc.dg/pr34668-1.c (test for excess errors)
XPASS: gcc.dg/struct/wo_prof_array_through_pointer.c scan-ipa-dump ipa_struct_reorg "Number of structures to transform is 1"
FAIL: gcc.dg/struct/wo_prof_double_malloc.c (internal compiler error)
FAIL: gcc.dg/struct/wo_prof_double_malloc.c (test for excess errors)
WARNING: gcc.dg/struct/wo_prof_double_malloc.c compilation failed to produce executable
FAIL: gcc.dg/torture/pr26565.c -O1 execution test
FAIL: gcc.dg/torture/pr26565.c -O2 execution test
FAIL: gcc.dg/torture/pr26565.c -Os execution test
=== gcc Summary for unix/-milp32 ===
# of expected passes 52566
# of unexpected successes 4
# of unexpected failures 11
# of expected failures 228
# of unsupported tests 691
Running target unix/-mlp64
FAIL: gcc.c-torture/compile/limits-fnargs.c -O3 -fomit-frame-pointer (test for excess errors)
FAIL: gcc.c-torture/compile/limits-fnargs.c -O3 -g (test for excess errors)
FAIL: gcc.dg/debug/dwarf2/inline2.c scan-assembler-times byte.*?0x3.*? DW_AT_inline 3
XPASS: gcc.dg/Warray-bounds.c (test for warnings, line 59)
XPASS: gcc.dg/Warray-bounds.c (test for warnings, line 65)
XPASS: gcc.dg/Wunreachable-8.c (test for bogus messages, line 7)
FAIL: gcc.dg/builtin-apply4.c execution test
FAIL: gcc.dg/pr34668-1.c (internal compiler error)
FAIL: gcc.dg/pr34668-1.c (test for excess errors)
XPASS: gcc.dg/struct/wo_prof_array_through_pointer.c scan-ipa-dump ipa_struct_reorg "Number of structures to transform is 1"
FAIL: gcc.dg/struct/wo_prof_double_malloc.c (internal compiler error)
FAIL: gcc.dg/struct/wo_prof_double_malloc.c (test for excess errors)
WARNING: gcc.dg/struct/wo_prof_double_malloc.c compilation failed to produce executable
FAIL: gcc.dg/torture/pr26565.c -O1 execution test
FAIL: gcc.dg/torture/pr26565.c -O2 execution test
FAIL: gcc.dg/torture/pr26565.c -Os execution test
=== gcc Summary for unix/-mlp64 ===
# of expected passes 52581
# of unexpected successes 4
# of unexpected failures 11
# of expected failures 229
# of unsupported tests 680
=== gcc Summary ===
# of expected passes 105147
# of unexpected failures 22
# of unexpected successes 8
# of expected failures 457
# of unsupported tests 1371
/proj/opensrc_nobackup/nightly2/build-ia64-hp-hpux11.23-trunk/obj_gcc/gcc/xgcc version 4.5.0 20091030 (experimental) (GCC)
=== gfortran tests ===
Running target unix/-milp32
ERROR: gfortran.dg/vect/vect-2.f90 -O : error executing dg-final: syntax error in target selector "target ! vector_alignment_reachable"
UNRESOLVED: gfortran.dg/vect/vect-2.f90 -O : error executing dg-final: syntax error in target selector "target ! vector_alignment_reachable"
=== gfortran Summary for unix/-milp32 ===
# of expected passes 32864
# of expected failures 30
# of unresolved testcases 1
# of unsupported tests 71
Running target unix/-mlp64
ERROR: gfortran.dg/vect/vect-2.f90 -O : error executing dg-final: syntax error in target selector "target ! vector_alignment_reachable"
UNRESOLVED: gfortran.dg/vect/vect-2.f90 -O : error executing dg-final: syntax error in target selector "target ! vector_alignment_reachable"
=== gfortran Summary for unix/-mlp64 ===
# of expected passes 32864
# of expected failures 30
# of unresolved testcases 1
# of unsupported tests 71
=== gfortran Summary ===
# of expected passes 65728
# of expected failures 60
# of unresolved testcases 2
# of unsupported tests 142
/proj/opensrc_nobackup/nightly2/build-ia64-hp-hpux11.23-trunk/obj_gcc/gcc/testsuite/gfortran/../../gfortran version 4.5.0 20091030 (experimental) (GCC)
=== libgomp tests ===
Running target unix/-mlp64
=== libgomp Summary for unix/-mlp64 ===
# of expected passes 2404
# of unsupported tests 2
Running target unix/-milp32
=== libgomp Summary for unix/-milp32 ===
# of expected passes 2404
# of unsupported tests 2
=== libgomp Summary ===
# of expected passes 4808
# of unsupported tests 4
=== libstdc++ tests ===
Running target unix/-milp32
XPASS: 22_locale/collate/hash/char/1.cc (test for excess errors)
XPASS: 22_locale/collate/requirements/base_classes.cc (test for excess errors)
XPASS: 22_locale/collate/transform/wchar_t/28277.cc (test for excess errors)
XPASS: 22_locale/collate_byname/requirements/base_classes.cc (test for excess errors)
FAIL: 27_io/objects/wchar_t/7.cc execution test
FAIL: 27_io/objects/wchar_t/9661-1.cc execution test
FAIL: ext/codecvt/wchar_t.cc execution test
FAIL: ext/new_allocator/deallocate_global.cc execution test
FAIL: ext/throw_allocator/deallocate_global.cc execution test
WARNING: program timed out.
WARNING: program timed out.
=== libstdc++ Summary for unix/-milp32 ===
# of expected passes 5881
# of unexpected successes 4
# of unexpected failures 5
# of expected failures 85
# of unsupported tests 601
Running target unix/-mlp64
XPASS: 22_locale/collate/hash/char/1.cc (test for excess errors)
XPASS: 22_locale/collate/requirements/base_classes.cc (test for excess errors)
XPASS: 22_locale/collate/transform/wchar_t/28277.cc (test for excess errors)
XPASS: 22_locale/collate_byname/requirements/base_classes.cc (test for excess errors)
FAIL: 27_io/objects/wchar_t/7.cc execution test
FAIL: 27_io/objects/wchar_t/9661-1.cc execution test
FAIL: ext/codecvt/wchar_t.cc execution test
FAIL: ext/new_allocator/deallocate_global.cc execution test
FAIL: ext/throw_allocator/deallocate_global.cc execution test
WARNING: program timed out.
WARNING: program timed out.
=== libstdc++ Summary for unix/-mlp64 ===
# of expected passes 5881
# of unexpected successes 4
# of unexpected failures 5
# of expected failures 85
# of unsupported tests 601
=== libstdc++ Summary ===
# of expected passes 11762
# of unexpected failures 10
# of unexpected successes 8
# of expected failures 170
# of unsupported tests 1202
=== libstdc++ Summary ===
Compiler version: 4.5.0 20091030 (experimental) (GCC)
Platform: ia64-hp-hpux11.23
configure flags: --host=ia64-hp-hpux11.23 --build=ia64-hp-hpux11.23 --prefix=/proj/opensrc_nobackup/nightly2/gcc-ia64-hp-hpux11.23-trunk --with-local-prefix=/proj/opensrc_nobackup/nightly2/gcc-ia64-hp-hpux11.23-trunk --disable-nls --with-gmp=/proj/opensrc/be/ia64-hp-hpux11.23 --with-mpfr=/proj/opensrc/be/ia64-hp-hpux11.23 --disable-libmudflap --enable-libunwind-exceptions SED=/usr/bin/sed --enable-languages=c,c++,fortran