This is the mail archive of the
gcc-testresults@gcc.gnu.org
mailing list for the GCC project.
Results for 4.5.0 20091029 (experimental) [trunk revision 153706] (GCC) testsuite on i386-unknown-freebsd7.2
- From: Loren James Rittle <rittle at latour dot labs dot mot dot com>
- To: gcc-testresults at gcc dot gnu dot org, rittle at latour dot labs dot mot dot com
- Date: Thu, 29 Oct 2009 20:08:59 -0500 (CDT)
- Subject: Results for 4.5.0 20091029 (experimental) [trunk revision 153706] (GCC) testsuite on i386-unknown-freebsd7.2
Using gmake with objdir configuration (see key)
sidestrapped-gas-2.20.51 sidestrapped-gld-2.20.51 gmake-3.81_3
libelf-0.8.12 libgmp-4.3.1 mpc-0.7_1 mpfr-2.4.1_1 ppl-0.10.2
cloog-ppl-0.15.7
LAST_UPDATED: Thu Oct 29 15:35:42 UTC 2009 (revision 153706)
Native configuration is i386-unknown-freebsd7.2
=== binutils tests ===
Running target unix
FAIL: simple objcopy of debug data
=== binutils Summary ===
# of expected passes 36
# of unexpected failures 1
# of unsupported tests 1
=== gas tests ===
Running target unix
=== gas Summary ===
# of expected passes 213
=== g++ tests ===
Running target unix
FAIL: g++.dg/lto/20081109 cp_lto_20081109_0.o-cp_lto_20081109_1.o execute -O2 -fwhopr
FAIL: g++.dg/lto/20090106 cp_lto_20090106_0.o-cp_lto_20090106_0.o link
UNRESOLVED: g++.dg/lto/20090106 cp_lto_20090106_0.o-cp_lto_20090106_0.o execute -O0 -fwhopr
FAIL: g++.dg/lto/20090106 cp_lto_20090106_0.o-cp_lto_20090106_0.o link
UNRESOLVED: g++.dg/lto/20090106 cp_lto_20090106_0.o-cp_lto_20090106_0.o execute -O0 -flto
FAIL: g++.dg/lto/20091026-1 cp_lto_20091026-1_0.o-cp_lto_20091026-1_1.o link
UNRESOLVED: g++.dg/lto/20091026-1 cp_lto_20091026-1_0.o-cp_lto_20091026-1_1.o execute -O0 -fwhopr
FAIL: g++.dg/lto/20091026-1 cp_lto_20091026-1_0.o-cp_lto_20091026-1_1.o link
UNRESOLVED: g++.dg/lto/20091026-1 cp_lto_20091026-1_0.o-cp_lto_20091026-1_1.o execute -O2 -fwhopr
FAIL: g++.dg/lto/20091026-1 cp_lto_20091026-1_0.o-cp_lto_20091026-1_1.o link
UNRESOLVED: g++.dg/lto/20091026-1 cp_lto_20091026-1_0.o-cp_lto_20091026-1_1.o execute -O0 -flto
FAIL: g++.dg/lto/20091026-1 cp_lto_20091026-1_0.o-cp_lto_20091026-1_1.o link
UNRESOLVED: g++.dg/lto/20091026-1 cp_lto_20091026-1_0.o-cp_lto_20091026-1_1.o execute -O2 -flto
FAIL: g++.old-deja/g++.other/init18.C execution test
FAIL: g++.old-deja/g++.other/init19.C execution test
=== g++ Summary ===
# of expected passes 21942
# of unexpected failures 9
# of expected failures 157
# of unresolved testcases 6
# of unsupported tests 133
/usr/local/tmp/gcc-build-latour-mainline-1029/gcc/testsuite/g++/../../g++ version 4.5.0 20091029 (experimental) [trunk revision 153706] (GCC)
=== gcc tests ===
Running target unix
FAIL: gcc.c-torture/execute/builtins/memmove-2.c compilation, -O2 -fwhopr
UNRESOLVED: gcc.c-torture/execute/builtins/memmove-2.c execution, -O2 -fwhopr
FAIL: gcc.c-torture/execute/builtins/sprintf-chk.c execution, -O2 -fwhopr
FAIL: gcc.c-torture/execute/builtins/stpcpy-chk.c execution, -O2 -fwhopr
FAIL: gcc.c-torture/execute/builtins/strcpy-chk.c execution, -O2 -fwhopr
XPASS: gcc.dg/Warray-bounds.c (test for warnings, line 59)
XPASS: gcc.dg/Warray-bounds.c (test for warnings, line 65)
XPASS: gcc.dg/Wunreachable-8.c (test for bogus messages, line 7)
FAIL: gcc.dg/pr34668-1.c (internal compiler error)
FAIL: gcc.dg/pr34668-1.c (test for excess errors)
FAIL: gcc.dg/utf-array-short-wchar.c (test for errors, line 38)
FAIL: gcc.dg/utf-array-short-wchar.c (test for errors, line 40)
FAIL: gcc.dg/utf-array-short-wchar.c (test for excess errors)
FAIL: gcc.dg/graphite/id-15.c (test for excess errors)
FAIL: gcc.dg/graphite/run-id-1.c execution test
FAIL: gcc.dg/lto/20081120-1 c_lto_20081120-1_0.o-c_lto_20081120-1_1.o link
UNRESOLVED: gcc.dg/lto/20081120-1 c_lto_20081120-1_0.o-c_lto_20081120-1_1.o execute -flto -r -nostdlib
FAIL: gcc.dg/lto/20081120-2 c_lto_20081120-2_0.o-c_lto_20081120-2_1.o link
UNRESOLVED: gcc.dg/lto/20081120-2 c_lto_20081120-2_0.o-c_lto_20081120-2_1.o execute -fwhopr -r -nostdlib
FAIL: gcc.dg/lto/20081126 c_lto_20081126_0.o-c_lto_20081126_0.o link
UNRESOLVED: gcc.dg/lto/20081126 c_lto_20081126_0.o-c_lto_20081126_0.o execute -flto -r -nostdlib
FAIL: gcc.dg/lto/20081204-1 c_lto_20081204-1_0.o-c_lto_20081204-1_1.o link
UNRESOLVED: gcc.dg/lto/20081204-1 c_lto_20081204-1_0.o-c_lto_20081204-1_1.o execute -fwhopr -fPIC -r -nostdlib
FAIL: gcc.dg/lto/20081204-2 c_lto_20081204-2_0.o-c_lto_20081204-2_0.o link
UNRESOLVED: gcc.dg/lto/20081204-2 c_lto_20081204-2_0.o-c_lto_20081204-2_0.o execute -w -flto -fPIC -r -nostdlib
FAIL: gcc.dg/lto/20081212-1 c_lto_20081212-1_0.o-c_lto_20081212-1_0.o link
UNRESOLVED: gcc.dg/lto/20081212-1 c_lto_20081212-1_0.o-c_lto_20081212-1_0.o execute -r -nostdlib
ERROR: tcl error sourcing /usr/users/rittle/outside-svn-src/gcc-mainline/gcc/testsuite/gcc.dg/lto/lto.exp.
ERROR: can't read "name": no such variable
XPASS: gcc.dg/struct/wo_prof_array_through_pointer.c scan-ipa-dump ipa_struct_reorg "Number of structures to transform is 1"
FAIL: gcc.dg/struct/wo_prof_double_malloc.c (internal compiler error)
FAIL: gcc.dg/struct/wo_prof_double_malloc.c (test for excess errors)
WARNING: gcc.dg/struct/wo_prof_double_malloc.c compilation failed to produce executable
FAIL: gcc.dg/torture/builtin-math-7.c -O2 -flto -O2 -flto execution test
FAIL: gcc.dg/torture/builtin-math-7.c -O2 -fwhopr -O2 -fwhopr execution test
FAIL: gcc.dg/torture/fp-int-convert-float.c -O0 -O0 execution test
FAIL: gcc.dg/torture/fp-int-convert-float.c -O1 -O1 execution test
FAIL: gcc.dg/torture/fp-int-convert-float.c -O2 -O2 execution test
FAIL: gcc.dg/torture/fp-int-convert-float.c -O3 -fomit-frame-pointer -O3 -fomit-frame-pointer execution test
FAIL: gcc.dg/torture/fp-int-convert-float.c -O3 -g -O3 -g execution test
FAIL: gcc.dg/torture/fp-int-convert-float.c -Os -Os execution test
FAIL: gcc.dg/torture/fp-int-convert-float.c -O2 -flto -O2 -flto execution test
FAIL: gcc.dg/torture/fp-int-convert-float.c -O2 -fwhopr -O2 -fwhopr execution test
FAIL: gcc.dg/torture/fp-int-convert-float128-timode.c -O0 -O0 (test for excess errors)
WARNING: gcc.dg/torture/fp-int-convert-float128-timode.c -O0 -O0 compilation failed to produce executable
FAIL: gcc.dg/torture/fp-int-convert-float128-timode.c -O1 -O1 (test for excess errors)
WARNING: gcc.dg/torture/fp-int-convert-float128-timode.c -O1 -O1 compilation failed to produce executable
FAIL: gcc.dg/torture/fp-int-convert-float128-timode.c -O2 -O2 (test for excess errors)
WARNING: gcc.dg/torture/fp-int-convert-float128-timode.c -O2 -O2 compilation failed to produce executable
FAIL: gcc.dg/torture/fp-int-convert-float128-timode.c -O3 -fomit-frame-pointer -O3 -fomit-frame-pointer (test for excess errors)
WARNING: gcc.dg/torture/fp-int-convert-float128-timode.c -O3 -fomit-frame-pointer -O3 -fomit-frame-pointer compilation failed to produce executable
FAIL: gcc.dg/torture/fp-int-convert-float128-timode.c -O3 -g -O3 -g (test for excess errors)
WARNING: gcc.dg/torture/fp-int-convert-float128-timode.c -O3 -g -O3 -g compilation failed to produce executable
FAIL: gcc.dg/torture/fp-int-convert-float128-timode.c -Os -Os (test for excess errors)
WARNING: gcc.dg/torture/fp-int-convert-float128-timode.c -Os -Os compilation failed to produce executable
FAIL: gcc.dg/torture/fp-int-convert-float128-timode.c -O2 -flto -O2 -flto (test for excess errors)
WARNING: gcc.dg/torture/fp-int-convert-float128-timode.c -O2 -flto -O2 -flto compilation failed to produce executable
FAIL: gcc.dg/torture/fp-int-convert-float128-timode.c -O2 -fwhopr -O2 -fwhopr (test for excess errors)
WARNING: gcc.dg/torture/fp-int-convert-float128-timode.c -O2 -fwhopr -O2 -fwhopr compilation failed to produce executable
FAIL: gcc.dg/torture/fp-int-convert-float128.c -O0 -O0 (test for excess errors)
WARNING: gcc.dg/torture/fp-int-convert-float128.c -O0 -O0 compilation failed to produce executable
FAIL: gcc.dg/torture/fp-int-convert-float128.c -O1 -O1 (test for excess errors)
WARNING: gcc.dg/torture/fp-int-convert-float128.c -O1 -O1 compilation failed to produce executable
FAIL: gcc.dg/torture/fp-int-convert-float128.c -O2 -O2 (test for excess errors)
WARNING: gcc.dg/torture/fp-int-convert-float128.c -O2 -O2 compilation failed to produce executable
FAIL: gcc.dg/torture/fp-int-convert-float128.c -O3 -fomit-frame-pointer -O3 -fomit-frame-pointer (test for excess errors)
WARNING: gcc.dg/torture/fp-int-convert-float128.c -O3 -fomit-frame-pointer -O3 -fomit-frame-pointer compilation failed to produce executable
FAIL: gcc.dg/torture/fp-int-convert-float128.c -O3 -g -O3 -g (test for excess errors)
WARNING: gcc.dg/torture/fp-int-convert-float128.c -O3 -g -O3 -g compilation failed to produce executable
FAIL: gcc.dg/torture/fp-int-convert-float128.c -Os -Os (test for excess errors)
WARNING: gcc.dg/torture/fp-int-convert-float128.c -Os -Os compilation failed to produce executable
FAIL: gcc.dg/torture/fp-int-convert-float128.c -O2 -flto -O2 -flto (test for excess errors)
WARNING: gcc.dg/torture/fp-int-convert-float128.c -O2 -flto -O2 -flto compilation failed to produce executable
FAIL: gcc.dg/torture/fp-int-convert-float128.c -O2 -fwhopr -O2 -fwhopr (test for excess errors)
WARNING: gcc.dg/torture/fp-int-convert-float128.c -O2 -fwhopr -O2 -fwhopr compilation failed to produce executable
FAIL: gcc.dg/torture/fp-int-convert-float80.c -O0 -O0 execution test
FAIL: gcc.dg/torture/fp-int-convert-float80.c -O1 -O1 execution test
FAIL: gcc.dg/torture/fp-int-convert-float80.c -O2 -O2 execution test
FAIL: gcc.dg/torture/fp-int-convert-float80.c -O3 -fomit-frame-pointer -O3 -fomit-frame-pointer execution test
FAIL: gcc.dg/torture/fp-int-convert-float80.c -O3 -g -O3 -g execution test
FAIL: gcc.dg/torture/fp-int-convert-float80.c -Os -Os execution test
FAIL: gcc.dg/torture/fp-int-convert-float80.c -O2 -flto -O2 -flto execution test
FAIL: gcc.dg/torture/fp-int-convert-float80.c -O2 -fwhopr -O2 -fwhopr execution test
FAIL: gcc.dg/torture/fp-int-convert-long-double.c -O0 -O0 execution test
FAIL: gcc.dg/torture/fp-int-convert-long-double.c -O1 -O1 execution test
FAIL: gcc.dg/torture/fp-int-convert-long-double.c -O2 -O2 execution test
FAIL: gcc.dg/torture/fp-int-convert-long-double.c -O3 -fomit-frame-pointer -O3 -fomit-frame-pointer execution test
FAIL: gcc.dg/torture/fp-int-convert-long-double.c -O3 -g -O3 -g execution test
FAIL: gcc.dg/torture/fp-int-convert-long-double.c -Os -Os execution test
FAIL: gcc.dg/torture/fp-int-convert-long-double.c -O2 -flto -O2 -flto execution test
FAIL: gcc.dg/torture/fp-int-convert-long-double.c -O2 -fwhopr -O2 -fwhopr execution test
XPASS: gcc.dg/tree-ssa/20040204-1.c scan-tree-dump-times optimized "link_error" 0
FAIL: gcc.dg/tree-ssa/ltrans-1.c scan-tree-dump-times ltrans "converted loop nest to perfect loop nest" 1
FAIL: gcc.dg/tree-ssa/ltrans-1.c scan-tree-dump-times ltrans "transformed loop" 1
FAIL: gcc.dg/tree-ssa/ltrans-3.c scan-tree-dump-times ltrans "transformed loop" 1
FAIL: gcc.dg/tree-ssa/ltrans-4.c scan-tree-dump-times ltrans "transformed loop" 1
FAIL: gcc.dg/tree-ssa/ltrans-5.c scan-tree-dump-times ltrans "transformed loop" 1
FAIL: gcc.dg/tree-ssa/ltrans-6.c scan-tree-dump-times ltrans "transformed loop" 1
FAIL: gcc.dg/tree-ssa/ltrans-8.c scan-tree-dump-times ltrans "transformed loop" 1
FAIL: gcc.dg/tree-ssa/vrp47.c scan-tree-dump-times vrp1 "[xy][^ ]* !=" 0
FAIL: gcc.dg/tree-ssa/vrp47.c scan-tree-dump-times dom1 "x[^ ]* & y" 1
FAIL: gcc.dg/tree-ssa/vrp47.c scan-tree-dump-times vrp1 "x[^ ]* [|] y" 1
FAIL: gcc.target/i386/pr36578-1.c execution test
FAIL: gcc.target/i386/pr36578-2.c execution test
=== gcc Summary ===
# of expected passes 68681
# of unexpected failures 73
# of unexpected successes 5
# of expected failures 191
# of unresolved testcases 7
# of unsupported tests 679
/usr/local/tmp/gcc-build-latour-mainline-1029/gcc/xgcc version 4.5.0 20091029 (experimental) [trunk revision 153706] (GCC)
=== gfortran tests ===
Running target unix
FAIL: gfortran.dg/ltrans-7.f90 -O -O scan-tree-dump-times ltrans "transformed loop" 1
FAIL: gfortran.dg/lto/20091028-1 f_lto_20091028-1_0.o-f_lto_20091028-1_1.o link
UNRESOLVED: gfortran.dg/lto/20091028-1 f_lto_20091028-1_0.o-f_lto_20091028-1_1.o execute -O0 -fwhopr
FAIL: gfortran.dg/lto/20091028-1 f_lto_20091028-1_0.o-f_lto_20091028-1_1.o link
UNRESOLVED: gfortran.dg/lto/20091028-1 f_lto_20091028-1_0.o-f_lto_20091028-1_1.o execute -O2 -fwhopr
FAIL: gfortran.dg/lto/20091028-1 f_lto_20091028-1_0.o-f_lto_20091028-1_1.o link
UNRESOLVED: gfortran.dg/lto/20091028-1 f_lto_20091028-1_0.o-f_lto_20091028-1_1.o execute -O0 -flto
FAIL: gfortran.dg/lto/20091028-1 f_lto_20091028-1_0.o-f_lto_20091028-1_1.o link
UNRESOLVED: gfortran.dg/lto/20091028-1 f_lto_20091028-1_0.o-f_lto_20091028-1_1.o execute -O2 -flto
FAIL: gfortran.dg/lto/20091028-2 f_lto_20091028-2_0.o-f_lto_20091028-2_1.o link
UNRESOLVED: gfortran.dg/lto/20091028-2 f_lto_20091028-2_0.o-f_lto_20091028-2_1.o execute -O0 -fwhopr
FAIL: gfortran.dg/lto/20091028-2 f_lto_20091028-2_0.o-f_lto_20091028-2_1.o link
UNRESOLVED: gfortran.dg/lto/20091028-2 f_lto_20091028-2_0.o-f_lto_20091028-2_1.o execute -O2 -fwhopr
FAIL: gfortran.dg/lto/20091028-2 f_lto_20091028-2_0.o-f_lto_20091028-2_1.o link
UNRESOLVED: gfortran.dg/lto/20091028-2 f_lto_20091028-2_0.o-f_lto_20091028-2_1.o execute -O0 -flto
FAIL: gfortran.dg/lto/20091028-2 f_lto_20091028-2_0.o-f_lto_20091028-2_1.o link
UNRESOLVED: gfortran.dg/lto/20091028-2 f_lto_20091028-2_0.o-f_lto_20091028-2_1.o execute -O2 -flto
FAIL: gfortran.dg/lto/pr40725 f_lto_pr40725_0.o-f_lto_pr40725_1.o execute -O2 -fwhopr
FAIL: gfortran.dg/lto/pr40725 f_lto_pr40725_0.o-f_lto_pr40725_1.o execute -O2 -flto
=== gfortran Summary ===
# of expected passes 32636
# of unexpected failures 11
# of expected failures 35
# of unresolved testcases 8
# of unsupported tests 257
/usr/local/tmp/gcc-build-latour-mainline-1029/gcc/testsuite/gfortran/../../gfortran version 4.5.0 20091029 (experimental) [trunk revision 153706] (GCC)
=== objc tests ===
Running target unix
=== objc Summary ===
# of expected passes 1875
# of expected failures 7
# of unsupported tests 24
/usr/local/tmp/gcc-build-latour-mainline-1029/gcc/xgcc version 4.5.0 20091029 (experimental) [trunk revision 153706] (GCC)
=== libffi tests ===
Running target unix
=== libffi Summary ===
# of expected passes 1594
# of expected failures 10
# of unsupported tests 15
=== libgomp tests ===
Running target unix
FAIL: libgomp.graphite/force-parallel-1.c execution test
FAIL: libgomp.graphite/force-parallel-2.c execution test
FAIL: libgomp.graphite/force-parallel-3.c execution test
XPASS: libgomp.graphite/force-parallel-5.c scan-tree-dump-times optimized "loopfn.1" 5
FAIL: libgomp.graphite/force-parallel-9.c execution test
=== libgomp Summary ===
# of expected passes 2442
# of unexpected failures 4
# of unexpected successes 1
# of unsupported tests 2
=== libjava tests ===
Running target unix
FAIL: PR16923.c compilation
FAIL: events output
FAIL: Throw_2 execution - source compiled test
FAIL: Throw_2 -findirect-dispatch execution - source compiled test
FAIL: Throw_2 -O3 execution - source compiled test
FAIL: Throw_2 -O3 -findirect-dispatch execution - source compiled test
=== libjava Summary ===
# of expected passes 2563
# of unexpected failures 6
# of untested testcases 4
=== libmudflap tests ===
Running target unix
FAIL: libmudflap.c/fail31-frag.c (-O3) output pattern test
FAIL: libmudflap.c/pass45-frag.c (-O3) execution test
FAIL: libmudflap.c/pass45-frag.c (-O3) output pattern test
FAIL: libmudflap.c/pass45-frag.c (-O3) execution test
FAIL: libmudflap.c/pass45-frag.c (-O3) output pattern test
FAIL: libmudflap.c++/pass41-frag.cxx execution test
FAIL: libmudflap.c++/pass41-frag.cxx (-static) execution test
FAIL: libmudflap.c++/pass41-frag.cxx ( -O) execution test
FAIL: libmudflap.c++/pass41-frag.cxx (-O2) execution test
FAIL: libmudflap.c++/pass41-frag.cxx (-O3) execution test
=== libmudflap Summary ===
# of expected passes 1884
# of unexpected failures 10
=== libstdc++ tests ===
Running target unix
FAIL: 27_io/basic_istream/extractors_arithmetic/char/12.cc execution test
FAIL: 27_io/basic_istream/extractors_arithmetic/wchar_t/12.cc execution test
=== libstdc++ Summary ===
# of expected passes 6200
# of unexpected failures 2
# of expected failures 87
# of unsupported tests 449
=== ld tests ===
Running target unix
FAIL: bootstrap with --static
=== ld Summary ===
# of expected passes 60
# of unexpected failures 1
# of expected failures 5
# of unsupported tests 4
Compiler version: 4.5.0 20091029 (experimental) [trunk revision 153706] (GCC)
Platform: i386-unknown-freebsd7.2
configure flags: --prefix=/usr/local/beta-gcc --with-libelf=/usr/local --with-gnu-as --with-gnu-ld
BOOT_CFLAGS=-g -O2
Key: gmake is GNU make
make is BSD make as shipped on i386-unknown-freebsd7.2
srcdir means in-source configuration was done within the gcc source tree
objdir means out-source configuration was done within a fresh directory