This is the mail archive of the
gcc-testresults@gcc.gnu.org
mailing list for the GCC project.
Results for 4.5.0 20091020 (experimental) (GCC) testsuite on i686-pc-linux-gnu
- From: GCC regression tester <regress at geoffk dot org>
- To: gcc-testresults at gcc dot gnu dot org
- Date: Tue, 20 Oct 2009 13:16:07 -0700
- Subject: Results for 4.5.0 20091020 (experimental) (GCC) testsuite on i686-pc-linux-gnu
This build run by an automatic regression tester.
See <http://glutton.geoffk.org/HEAD/> for more information.
Date: 2009-10-20T19:00:09Z
Revision: 153033
URL: svn://gcc.gnu.org/svn/gcc/trunk
Status: regress-312
Prev-Endtime: 2009-10-20T18:40:27Z
Native configuration is i686-pc-linux-gnu
=== g++ tests ===
Running target unix
FAIL: g++.old-deja/g++.law/virtual3.C (test for excess errors)
WARNING: g++.old-deja/g++.law/virtual3.C compilation failed to produce executable
=== g++ Summary ===
# of expected passes 21344
# of unexpected failures 1
# of expected failures 155
# of unsupported tests 114
/home/regress/tbox/native/build/gcc/testsuite/g++/../../g++ version 4.5.0 20091020 (experimental) (GCC)
=== gcc tests ===
Running target unix
XPASS: gcc.dg/Warray-bounds.c (test for warnings, line 59)
XPASS: gcc.dg/Warray-bounds.c (test for warnings, line 65)
XPASS: gcc.dg/Wunreachable-8.c (test for bogus messages, line 7)
FAIL: gcc.dg/pr34668-1.c (internal compiler error)
FAIL: gcc.dg/pr34668-1.c (test for excess errors)
XPASS: gcc.dg/guality/example.c -O0 execution test
XPASS: gcc.dg/guality/pr41353-1.c -O0 line 28 j == 28 + 37
FAIL: gcc.dg/guality/pr41353-1.c -O1 line 28 i1 == 2 * 37
FAIL: gcc.dg/guality/pr41353-1.c -O1 line 28 i2 == 3 * 37
FAIL: gcc.dg/guality/pr41353-1.c -O2 line 28 i1 == 2 * 37
FAIL: gcc.dg/guality/pr41353-1.c -O2 line 28 i2 == 3 * 37
FAIL: gcc.dg/guality/pr41353-1.c -O3 -fomit-frame-pointer line 28 i1 == 2 * 37
FAIL: gcc.dg/guality/pr41353-1.c -O3 -fomit-frame-pointer line 28 i2 == 3 * 37
FAIL: gcc.dg/guality/pr41353-1.c -O3 -g line 28 i1 == 2 * 37
FAIL: gcc.dg/guality/pr41353-1.c -O3 -g line 28 i2 == 3 * 37
FAIL: gcc.dg/guality/pr41353-1.c -Os line 28 i1 == 2 * 37
FAIL: gcc.dg/guality/pr41353-1.c -Os line 28 i2 == 3 * 37
XPASS: gcc.dg/guality/pr41447-1.c -O0 execution test
XPASS: gcc.dg/guality/pr41616-1.c -O0 execution test
XPASS: gcc.dg/struct/wo_prof_array_through_pointer.c scan-ipa-dump ipa_struct_reorg "Number of structures to transform is 1"
FAIL: gcc.dg/struct/wo_prof_double_malloc.c (internal compiler error)
FAIL: gcc.dg/struct/wo_prof_double_malloc.c (test for excess errors)
WARNING: gcc.dg/struct/wo_prof_double_malloc.c compilation failed to produce executable
=== gcc Summary ===
# of expected passes 59200
# of unexpected failures 14
# of unexpected successes 8
# of expected failures 238
# of unsupported tests 1041
/home/regress/tbox/native/build/gcc/xgcc version 4.5.0 20091020 (experimental) (GCC)
=== gfortran tests ===
Running target unix
=== gfortran Summary ===
# of expected passes 32733
# of expected failures 30
# of unsupported tests 121
/home/regress/tbox/native/build/gcc/testsuite/gfortran/../../gfortran version 4.5.0 20091020 (experimental) (GCC)
=== objc tests ===
Running target unix
=== objc Summary ===
# of expected passes 1875
# of expected failures 7
# of unsupported tests 24
/home/regress/tbox/native/build/gcc/xgcc version 4.5.0 20091020 (experimental) (GCC)
=== libffi tests ===
Running target unix
=== libffi Summary ===
# of expected passes 1589
# of expected failures 15
# of unsupported tests 15
=== libgomp tests ===
Running target unix
=== libgomp Summary ===
# of expected passes 2408
=== libjava tests ===
Running target unix
=== libjava Summary ===
# of expected passes 2574
=== libmudflap tests ===
Running target unix
FAIL: libmudflap.c/fail31-frag.c (-O3) output pattern test
FAIL: libmudflap.c/pass45-frag.c (-O3) execution test
FAIL: libmudflap.c/pass45-frag.c (-O3) output pattern test
FAIL: libmudflap.c/pass45-frag.c (-O3) execution test
FAIL: libmudflap.c/pass45-frag.c (-O3) output pattern test
FAIL: libmudflap.c++/pass41-frag.cxx execution test
FAIL: libmudflap.c++/pass41-frag.cxx (-static) execution test
FAIL: libmudflap.c++/pass41-frag.cxx ( -O) execution test
FAIL: libmudflap.c++/pass41-frag.cxx (-O2) execution test
FAIL: libmudflap.c++/pass41-frag.cxx (-O3) execution test
=== libmudflap Summary ===
# of expected passes 1884
# of unexpected failures 10
=== libstdc++ tests ===
Running target unix
ERROR: tcl error sourcing /home/regress/tbox/svn-gcc/libstdc++-v3/testsuite/libstdc++-abi/abi.exp.
ERROR: could not compile testsuite_abi_check.cc
FAIL: 20_util/shared_ptr/misc/io.cc (test for excess errors)
WARNING: 20_util/shared_ptr/misc/io.cc compilation failed to produce executable
FAIL: 21_strings/basic_string/cons/char/1.cc (test for excess errors)
WARNING: 21_strings/basic_string/cons/char/1.cc compilation failed to produce executable
FAIL: 21_strings/basic_string/cons/char/6.cc (test for excess errors)
WARNING: 21_strings/basic_string/cons/char/6.cc compilation failed to produce executable
FAIL: 21_strings/basic_string/cons/wchar_t/1.cc (test for excess errors)
WARNING: 21_strings/basic_string/cons/wchar_t/1.cc compilation failed to produce executable
FAIL: 21_strings/basic_string/cons/wchar_t/6.cc (test for excess errors)
WARNING: 21_strings/basic_string/cons/wchar_t/6.cc compilation failed to produce executable
FAIL: 21_strings/basic_string/inserters_extractors/char/1.cc (test for excess errors)
WARNING: 21_strings/basic_string/inserters_extractors/char/1.cc compilation failed to produce executable
FAIL: 21_strings/basic_string/inserters_extractors/char/28277.cc (test for excess errors)
WARNING: 21_strings/basic_string/inserters_extractors/char/28277.cc compilation failed to produce executable
FAIL: 21_strings/basic_string/inserters_extractors/char/4.cc (test for excess errors)
WARNING: 21_strings/basic_string/inserters_extractors/char/4.cc compilation failed to produce executable
FAIL: 21_strings/basic_string/inserters_extractors/char/9.cc (test for excess errors)
WARNING: 21_strings/basic_string/inserters_extractors/char/9.cc compilation failed to produce executable
FAIL: 21_strings/basic_string/inserters_extractors/wchar_t/1.cc (test for excess errors)
WARNING: 21_strings/basic_string/inserters_extractors/wchar_t/1.cc compilation failed to produce executable
FAIL: 21_strings/basic_string/inserters_extractors/wchar_t/28277.cc (test for excess errors)
WARNING: 21_strings/basic_string/inserters_extractors/wchar_t/28277.cc compilation failed to produce executable
FAIL: 21_strings/basic_string/inserters_extractors/wchar_t/4.cc (test for excess errors)
WARNING: 21_strings/basic_string/inserters_extractors/wchar_t/4.cc compilation failed to produce executable
FAIL: 21_strings/basic_string/inserters_extractors/wchar_t/9.cc (test for excess errors)
WARNING: 21_strings/basic_string/inserters_extractors/wchar_t/9.cc compilation failed to produce executable
FAIL: 21_strings/basic_string/numeric_conversions/char/stod.cc (test for excess errors)
WARNING: 21_strings/basic_string/numeric_conversions/char/stod.cc compilation failed to produce executable
FAIL: 21_strings/basic_string/numeric_conversions/char/stof.cc (test for excess errors)
WARNING: 21_strings/basic_string/numeric_conversions/char/stof.cc compilation failed to produce executable
FAIL: 21_strings/basic_string/numeric_conversions/char/stoi.cc (test for excess errors)
WARNING: 21_strings/basic_string/numeric_conversions/char/stoi.cc compilation failed to produce executable
FAIL: 21_strings/basic_string/numeric_conversions/char/stol.cc (test for excess errors)
WARNING: 21_strings/basic_string/numeric_conversions/char/stol.cc compilation failed to produce executable
FAIL: 21_strings/basic_string/numeric_conversions/char/stold.cc (test for excess errors)
WARNING: 21_strings/basic_string/numeric_conversions/char/stold.cc compilation failed to produce executable
FAIL: 21_strings/basic_string/numeric_conversions/char/stoll.cc (test for excess errors)
WARNING: 21_strings/basic_string/numeric_conversions/char/stoll.cc compilation failed to produce executable
FAIL: 21_strings/basic_string/numeric_conversions/char/stoul.cc (test for excess errors)
WARNING: 21_strings/basic_string/numeric_conversions/char/stoul.cc compilation failed to produce executable
FAIL: 21_strings/basic_string/numeric_conversions/char/stoull.cc (test for excess errors)
WARNING: 21_strings/basic_string/numeric_conversions/char/stoull.cc compilation failed to produce executable
FAIL: 21_strings/basic_string/numeric_conversions/char/to_string.cc (test for excess errors)
WARNING: 21_strings/basic_string/numeric_conversions/char/to_string.cc compilation failed to produce executable
FAIL: 21_strings/basic_string/numeric_conversions/wchar_t/stod.cc (test for excess errors)
WARNING: 21_strings/basic_string/numeric_conversions/wchar_t/stod.cc compilation failed to produce executable
FAIL: 21_strings/basic_string/numeric_conversions/wchar_t/stof.cc (test for excess errors)
WARNING: 21_strings/basic_string/numeric_conversions/wchar_t/stof.cc compilation failed to produce executable
FAIL: 21_strings/basic_string/numeric_conversions/wchar_t/stoi.cc (test for excess errors)
WARNING: 21_strings/basic_string/numeric_conversions/wchar_t/stoi.cc compilation failed to produce executable
FAIL: 21_strings/basic_string/numeric_conversions/wchar_t/stol.cc (test for excess errors)
WARNING: 21_strings/basic_string/numeric_conversions/wchar_t/stol.cc compilation failed to produce executable
FAIL: 21_strings/basic_string/numeric_conversions/wchar_t/stold.cc (test for excess errors)
WARNING: 21_strings/basic_string/numeric_conversions/wchar_t/stold.cc compilation failed to produce executable
FAIL: 21_strings/basic_string/numeric_conversions/wchar_t/stoll.cc (test for excess errors)
WARNING: 21_strings/basic_string/numeric_conversions/wchar_t/stoll.cc compilation failed to produce executable
FAIL: 21_strings/basic_string/numeric_conversions/wchar_t/stoul.cc (test for excess errors)
WARNING: 21_strings/basic_string/numeric_conversions/wchar_t/stoul.cc compilation failed to produce executable
FAIL: 21_strings/basic_string/numeric_conversions/wchar_t/stoull.cc (test for excess errors)
WARNING: 21_strings/basic_string/numeric_conversions/wchar_t/stoull.cc compilation failed to produce executable
FAIL: 21_strings/basic_string/numeric_conversions/wchar_t/to_wstring.cc (test for excess errors)
WARNING: 21_strings/basic_string/numeric_conversions/wchar_t/to_wstring.cc compilation failed to produce executable
FAIL: 22_locale/money_get/get/char/5.cc (test for excess errors)
WARNING: 22_locale/money_get/get/char/5.cc compilation failed to produce executable
FAIL: 22_locale/money_get/get/char/wrapped_env.cc (test for excess errors)
WARNING: 22_locale/money_get/get/char/wrapped_env.cc compilation failed to produce executable
FAIL: 22_locale/money_get/get/char/wrapped_locale.cc (test for excess errors)
WARNING: 22_locale/money_get/get/char/wrapped_locale.cc compilation failed to produce executable
FAIL: 22_locale/money_get/get/wchar_t/5.cc (test for excess errors)
WARNING: 22_locale/money_get/get/wchar_t/5.cc compilation failed to produce executable
FAIL: 22_locale/money_get/get/wchar_t/wrapped_env.cc (test for excess errors)
WARNING: 22_locale/money_get/get/wchar_t/wrapped_env.cc compilation failed to produce executable
FAIL: 22_locale/money_get/get/wchar_t/wrapped_locale.cc (test for excess errors)
WARNING: 22_locale/money_get/get/wchar_t/wrapped_locale.cc compilation failed to produce executable
FAIL: 22_locale/money_put/put/char/1.cc (test for excess errors)
WARNING: 22_locale/money_put/put/char/1.cc compilation failed to produce executable
FAIL: 22_locale/money_put/put/char/12971.cc (test for excess errors)
WARNING: 22_locale/money_put/put/char/12971.cc compilation failed to produce executable
FAIL: 22_locale/money_put/put/char/2.cc (test for excess errors)
WARNING: 22_locale/money_put/put/char/2.cc compilation failed to produce executable
FAIL: 22_locale/money_put/put/char/3.cc (test for excess errors)
WARNING: 22_locale/money_put/put/char/3.cc compilation failed to produce executable
FAIL: 22_locale/money_put/put/char/39168.cc (test for excess errors)
WARNING: 22_locale/money_put/put/char/39168.cc compilation failed to produce executable
FAIL: 22_locale/money_put/put/char/4.cc (test for excess errors)
WARNING: 22_locale/money_put/put/char/4.cc compilation failed to produce executable
FAIL: 22_locale/money_put/put/char/5.cc (test for excess errors)
WARNING: 22_locale/money_put/put/char/5.cc compilation failed to produce executable
FAIL: 22_locale/money_put/put/char/9780-3.cc (test for excess errors)
WARNING: 22_locale/money_put/put/char/9780-3.cc compilation failed to produce executable
FAIL: 22_locale/money_put/put/char/wrapped_env.cc (test for excess errors)
WARNING: 22_locale/money_put/put/char/wrapped_env.cc compilation failed to produce executable
FAIL: 22_locale/money_put/put/char/wrapped_locale.cc (test for excess errors)
WARNING: 22_locale/money_put/put/char/wrapped_locale.cc compilation failed to produce executable
FAIL: 22_locale/money_put/put/wchar_t/1.cc (test for excess errors)
WARNING: 22_locale/money_put/put/wchar_t/1.cc compilation failed to produce executable
FAIL: 22_locale/money_put/put/wchar_t/12971.cc (test for excess errors)
WARNING: 22_locale/money_put/put/wchar_t/12971.cc compilation failed to produce executable
FAIL: 22_locale/money_put/put/wchar_t/2.cc (test for excess errors)
WARNING: 22_locale/money_put/put/wchar_t/2.cc compilation failed to produce executable
FAIL: 22_locale/money_put/put/wchar_t/3.cc (test for excess errors)
WARNING: 22_locale/money_put/put/wchar_t/3.cc compilation failed to produce executable
FAIL: 22_locale/money_put/put/wchar_t/39168.cc (test for excess errors)
WARNING: 22_locale/money_put/put/wchar_t/39168.cc compilation failed to produce executable
FAIL: 22_locale/money_put/put/wchar_t/4.cc (test for excess errors)
WARNING: 22_locale/money_put/put/wchar_t/4.cc compilation failed to produce executable
FAIL: 22_locale/money_put/put/wchar_t/5.cc (test for excess errors)
WARNING: 22_locale/money_put/put/wchar_t/5.cc compilation failed to produce executable
FAIL: 22_locale/money_put/put/wchar_t/wrapped_env.cc (test for excess errors)
WARNING: 22_locale/money_put/put/wchar_t/wrapped_env.cc compilation failed to produce executable
FAIL: 22_locale/money_put/put/wchar_t/wrapped_locale.cc (test for excess errors)
WARNING: 22_locale/money_put/put/wchar_t/wrapped_locale.cc compilation failed to produce executable
FAIL: 22_locale/num_get/get/char/4.cc (test for excess errors)
WARNING: 22_locale/num_get/get/char/4.cc compilation failed to produce executable
FAIL: 22_locale/num_get/get/char/wrapped_env.cc (test for excess errors)
WARNING: 22_locale/num_get/get/char/wrapped_env.cc compilation failed to produce executable
FAIL: 22_locale/num_get/get/char/wrapped_locale.cc (test for excess errors)
WARNING: 22_locale/num_get/get/char/wrapped_locale.cc compilation failed to produce executable
FAIL: 22_locale/num_get/get/wchar_t/4.cc (test for excess errors)
WARNING: 22_locale/num_get/get/wchar_t/4.cc compilation failed to produce executable
FAIL: 22_locale/num_get/get/wchar_t/wrapped_env.cc (test for excess errors)
WARNING: 22_locale/num_get/get/wchar_t/wrapped_env.cc compilation failed to produce executable
FAIL: 22_locale/num_get/get/wchar_t/wrapped_locale.cc (test for excess errors)
WARNING: 22_locale/num_get/get/wchar_t/wrapped_locale.cc compilation failed to produce executable
FAIL: 22_locale/num_put/put/char/1.cc (test for excess errors)
WARNING: 22_locale/num_put/put/char/1.cc compilation failed to produce executable
FAIL: 22_locale/num_put/put/char/10.cc (test for excess errors)
WARNING: 22_locale/num_put/put/char/10.cc compilation failed to produce executable
FAIL: 22_locale/num_put/put/char/11.cc (test for excess errors)
WARNING: 22_locale/num_put/put/char/11.cc compilation failed to produce executable
FAIL: 22_locale/num_put/put/char/12.cc (test for excess errors)
WARNING: 22_locale/num_put/put/char/12.cc compilation failed to produce executable
FAIL: 22_locale/num_put/put/char/14220.cc (test for excess errors)
WARNING: 22_locale/num_put/put/char/14220.cc compilation failed to produce executable
FAIL: 22_locale/num_put/put/char/15565.cc (test for excess errors)
WARNING: 22_locale/num_put/put/char/15565.cc compilation failed to produce executable
FAIL: 22_locale/num_put/put/char/2.cc (test for excess errors)
WARNING: 22_locale/num_put/put/char/2.cc compilation failed to produce executable
FAIL: 22_locale/num_put/put/char/20909.cc (test for excess errors)
WARNING: 22_locale/num_put/put/char/20909.cc compilation failed to produce executable
FAIL: 22_locale/num_put/put/char/20914.cc (test for excess errors)
WARNING: 22_locale/num_put/put/char/20914.cc compilation failed to produce executable
FAIL: 22_locale/num_put/put/char/23953.cc (test for excess errors)
WARNING: 22_locale/num_put/put/char/23953.cc compilation failed to produce executable
FAIL: 22_locale/num_put/put/char/3.cc (test for excess errors)
WARNING: 22_locale/num_put/put/char/3.cc compilation failed to produce executable
FAIL: 22_locale/num_put/put/char/38196.cc (test for excess errors)
WARNING: 22_locale/num_put/put/char/38196.cc compilation failed to produce executable
FAIL: 22_locale/num_put/put/char/38210.cc (test for excess errors)
WARNING: 22_locale/num_put/put/char/38210.cc compilation failed to produce executable
FAIL: 22_locale/num_put/put/char/4.cc (test for excess errors)
WARNING: 22_locale/num_put/put/char/4.cc compilation failed to produce executable
FAIL: 22_locale/num_put/put/char/5.cc (test for excess errors)
WARNING: 22_locale/num_put/put/char/5.cc compilation failed to produce executable
FAIL: 22_locale/num_put/put/char/6.cc (test for excess errors)
WARNING: 22_locale/num_put/put/char/6.cc compilation failed to produce executable
FAIL: 22_locale/num_put/put/char/7.cc (test for excess errors)
WARNING: 22_locale/num_put/put/char/7.cc compilation failed to produce executable
FAIL: 22_locale/num_put/put/char/8.cc (test for excess errors)
WARNING: 22_locale/num_put/put/char/8.cc compilation failed to produce executable
FAIL: 22_locale/num_put/put/char/9.cc (test for excess errors)
WARNING: 22_locale/num_put/put/char/9.cc compilation failed to produce executable
FAIL: 22_locale/num_put/put/char/9780-2.cc (test for excess errors)
WARNING: 22_locale/num_put/put/char/9780-2.cc compilation failed to produce executable
FAIL: 22_locale/num_put/put/char/wrapped_env.cc (test for excess errors)
WARNING: 22_locale/num_put/put/char/wrapped_env.cc compilation failed to produce executable
FAIL: 22_locale/num_put/put/char/wrapped_locale.cc (test for excess errors)
WARNING: 22_locale/num_put/put/char/wrapped_locale.cc compilation failed to produce executable
FAIL: 22_locale/num_put/put/wchar_t/1.cc (test for excess errors)
WARNING: 22_locale/num_put/put/wchar_t/1.cc compilation failed to produce executable
FAIL: 22_locale/num_put/put/wchar_t/10.cc (test for excess errors)
WARNING: 22_locale/num_put/put/wchar_t/10.cc compilation failed to produce executable
FAIL: 22_locale/num_put/put/wchar_t/11.cc (test for excess errors)
WARNING: 22_locale/num_put/put/wchar_t/11.cc compilation failed to produce executable
FAIL: 22_locale/num_put/put/wchar_t/12.cc (test for excess errors)
WARNING: 22_locale/num_put/put/wchar_t/12.cc compilation failed to produce executable
FAIL: 22_locale/num_put/put/wchar_t/14220.cc (test for excess errors)
WARNING: 22_locale/num_put/put/wchar_t/14220.cc compilation failed to produce executable
FAIL: 22_locale/num_put/put/wchar_t/15565.cc (test for excess errors)
WARNING: 22_locale/num_put/put/wchar_t/15565.cc compilation failed to produce executable
FAIL: 22_locale/num_put/put/wchar_t/2.cc (test for excess errors)
WARNING: 22_locale/num_put/put/wchar_t/2.cc compilation failed to produce executable
FAIL: 22_locale/num_put/put/wchar_t/20909.cc (test for excess errors)
WARNING: 22_locale/num_put/put/wchar_t/20909.cc compilation failed to produce executable
FAIL: 22_locale/num_put/put/wchar_t/20914.cc (test for excess errors)
WARNING: 22_locale/num_put/put/wchar_t/20914.cc compilation failed to produce executable
FAIL: 22_locale/num_put/put/wchar_t/23953.cc (test for excess errors)
WARNING: 22_locale/num_put/put/wchar_t/23953.cc compilation failed to produce executable
FAIL: 22_locale/num_put/put/wchar_t/3.cc (test for excess errors)
WARNING: 22_locale/num_put/put/wchar_t/3.cc compilation failed to produce executable
FAIL: 22_locale/num_put/put/wchar_t/38196.cc (test for excess errors)
WARNING: 22_locale/num_put/put/wchar_t/38196.cc compilation failed to produce executable
FAIL: 22_locale/num_put/put/wchar_t/38210.cc (test for excess errors)
WARNING: 22_locale/num_put/put/wchar_t/38210.cc compilation failed to produce executable
FAIL: 22_locale/num_put/put/wchar_t/4.cc (test for excess errors)
WARNING: 22_locale/num_put/put/wchar_t/4.cc compilation failed to produce executable
FAIL: 22_locale/num_put/put/wchar_t/5.cc (test for excess errors)
WARNING: 22_locale/num_put/put/wchar_t/5.cc compilation failed to produce executable
FAIL: 22_locale/num_put/put/wchar_t/6.cc (test for excess errors)
WARNING: 22_locale/num_put/put/wchar_t/6.cc compilation failed to produce executable
FAIL: 22_locale/num_put/put/wchar_t/7.cc (test for excess errors)
WARNING: 22_locale/num_put/put/wchar_t/7.cc compilation failed to produce executable
FAIL: 22_locale/num_put/put/wchar_t/8.cc (test for excess errors)
WARNING: 22_locale/num_put/put/wchar_t/8.cc compilation failed to produce executable
FAIL: 22_locale/num_put/put/wchar_t/9.cc (test for excess errors)
WARNING: 22_locale/num_put/put/wchar_t/9.cc compilation failed to produce executable
FAIL: 22_locale/num_put/put/wchar_t/wrapped_env.cc (test for excess errors)
WARNING: 22_locale/num_put/put/wchar_t/wrapped_env.cc compilation failed to produce executable
FAIL: 22_locale/num_put/put/wchar_t/wrapped_locale.cc (test for excess errors)
WARNING: 22_locale/num_put/put/wchar_t/wrapped_locale.cc compilation failed to produce executable
FAIL: 22_locale/numpunct/members/char/cache_1.cc (test for excess errors)
WARNING: 22_locale/numpunct/members/char/cache_1.cc compilation failed to produce executable
FAIL: 22_locale/numpunct/members/char/cache_2.cc (test for excess errors)
WARNING: 22_locale/numpunct/members/char/cache_2.cc compilation failed to produce executable
FAIL: 22_locale/numpunct/members/wchar_t/cache_1.cc (test for excess errors)
WARNING: 22_locale/numpunct/members/wchar_t/cache_1.cc compilation failed to produce executable
FAIL: 22_locale/numpunct/members/wchar_t/cache_2.cc (test for excess errors)
WARNING: 22_locale/numpunct/members/wchar_t/cache_2.cc compilation failed to produce executable
FAIL: 22_locale/time_get/get_date/char/3.cc (test for excess errors)
WARNING: 22_locale/time_get/get_date/char/3.cc compilation failed to produce executable
FAIL: 22_locale/time_get/get_date/char/wrapped_env.cc (test for excess errors)
WARNING: 22_locale/time_get/get_date/char/wrapped_env.cc compilation failed to produce executable
FAIL: 22_locale/time_get/get_date/char/wrapped_locale.cc (test for excess errors)
WARNING: 22_locale/time_get/get_date/char/wrapped_locale.cc compilation failed to produce executable
FAIL: 22_locale/time_get/get_monthname/char/3.cc (test for excess errors)
WARNING: 22_locale/time_get/get_monthname/char/3.cc compilation failed to produce executable
FAIL: 22_locale/time_get/get_monthname/char/wrapped_env.cc (test for excess errors)
WARNING: 22_locale/time_get/get_monthname/char/wrapped_env.cc compilation failed to produce executable
FAIL: 22_locale/time_get/get_monthname/char/wrapped_locale.cc (test for excess errors)
WARNING: 22_locale/time_get/get_monthname/char/wrapped_locale.cc compilation failed to produce executable
FAIL: 22_locale/time_get/get_monthname/wchar_t/3.cc (test for excess errors)
WARNING: 22_locale/time_get/get_monthname/wchar_t/3.cc compilation failed to produce executable
FAIL: 22_locale/time_get/get_monthname/wchar_t/wrapped_env.cc (test for excess errors)
WARNING: 22_locale/time_get/get_monthname/wchar_t/wrapped_env.cc compilation failed to produce executable
FAIL: 22_locale/time_get/get_monthname/wchar_t/wrapped_locale.cc (test for excess errors)
WARNING: 22_locale/time_get/get_monthname/wchar_t/wrapped_locale.cc compilation failed to produce executable
FAIL: 22_locale/time_get/get_time/char/3.cc (test for excess errors)
WARNING: 22_locale/time_get/get_time/char/3.cc compilation failed to produce executable
FAIL: 22_locale/time_get/get_time/char/wrapped_env.cc (test for excess errors)
WARNING: 22_locale/time_get/get_time/char/wrapped_env.cc compilation failed to produce executable
FAIL: 22_locale/time_get/get_time/char/wrapped_locale.cc (test for excess errors)
WARNING: 22_locale/time_get/get_time/char/wrapped_locale.cc compilation failed to produce executable
FAIL: 22_locale/time_get/get_time/wchar_t/3.cc (test for excess errors)
WARNING: 22_locale/time_get/get_time/wchar_t/3.cc compilation failed to produce executable
FAIL: 22_locale/time_get/get_time/wchar_t/wrapped_env.cc (test for excess errors)
WARNING: 22_locale/time_get/get_time/wchar_t/wrapped_env.cc compilation failed to produce executable
FAIL: 22_locale/time_get/get_time/wchar_t/wrapped_locale.cc (test for excess errors)
WARNING: 22_locale/time_get/get_time/wchar_t/wrapped_locale.cc compilation failed to produce executable
FAIL: 22_locale/time_get/get_weekday/char/3.cc (test for excess errors)
WARNING: 22_locale/time_get/get_weekday/char/3.cc compilation failed to produce executable
FAIL: 22_locale/time_get/get_weekday/char/wrapped_env.cc (test for excess errors)
WARNING: 22_locale/time_get/get_weekday/char/wrapped_env.cc compilation failed to produce executable
FAIL: 22_locale/time_get/get_weekday/char/wrapped_locale.cc (test for excess errors)
WARNING: 22_locale/time_get/get_weekday/char/wrapped_locale.cc compilation failed to produce executable
FAIL: 22_locale/time_get/get_weekday/wchar_t/3.cc (test for excess errors)
WARNING: 22_locale/time_get/get_weekday/wchar_t/3.cc compilation failed to produce executable
FAIL: 22_locale/time_get/get_weekday/wchar_t/wrapped_env.cc (test for excess errors)
WARNING: 22_locale/time_get/get_weekday/wchar_t/wrapped_env.cc compilation failed to produce executable
FAIL: 22_locale/time_get/get_weekday/wchar_t/wrapped_locale.cc (test for excess errors)
WARNING: 22_locale/time_get/get_weekday/wchar_t/wrapped_locale.cc compilation failed to produce executable
FAIL: 22_locale/time_get/get_year/char/3.cc (test for excess errors)
WARNING: 22_locale/time_get/get_year/char/3.cc compilation failed to produce executable
FAIL: 22_locale/time_get/get_year/char/wrapped_env.cc (test for excess errors)
WARNING: 22_locale/time_get/get_year/char/wrapped_env.cc compilation failed to produce executable
FAIL: 22_locale/time_get/get_year/char/wrapped_locale.cc (test for excess errors)
WARNING: 22_locale/time_get/get_year/char/wrapped_locale.cc compilation failed to produce executable
FAIL: 22_locale/time_get/get_year/wchar_t/3.cc (test for excess errors)
WARNING: 22_locale/time_get/get_year/wchar_t/3.cc compilation failed to produce executable
FAIL: 22_locale/time_get/get_year/wchar_t/wrapped_env.cc (test for excess errors)
WARNING: 22_locale/time_get/get_year/wchar_t/wrapped_env.cc compilation failed to produce executable
FAIL: 22_locale/time_get/get_year/wchar_t/wrapped_locale.cc (test for excess errors)
WARNING: 22_locale/time_get/get_year/wchar_t/wrapped_locale.cc compilation failed to produce executable
FAIL: 22_locale/time_put/put/char/1.cc (test for excess errors)
WARNING: 22_locale/time_put/put/char/1.cc compilation failed to produce executable
FAIL: 22_locale/time_put/put/char/10.cc (test for excess errors)
WARNING: 22_locale/time_put/put/char/10.cc compilation failed to produce executable
FAIL: 22_locale/time_put/put/char/17038.cc (test for excess errors)
WARNING: 22_locale/time_put/put/char/17038.cc compilation failed to produce executable
FAIL: 22_locale/time_put/put/char/2.cc (test for excess errors)
WARNING: 22_locale/time_put/put/char/2.cc compilation failed to produce executable
FAIL: 22_locale/time_put/put/char/3.cc (test for excess errors)
WARNING: 22_locale/time_put/put/char/3.cc compilation failed to produce executable
FAIL: 22_locale/time_put/put/char/4.cc (test for excess errors)
WARNING: 22_locale/time_put/put/char/4.cc compilation failed to produce executable
FAIL: 22_locale/time_put/put/char/5.cc (test for excess errors)
WARNING: 22_locale/time_put/put/char/5.cc compilation failed to produce executable
FAIL: 22_locale/time_put/put/char/6.cc (test for excess errors)
WARNING: 22_locale/time_put/put/char/6.cc compilation failed to produce executable
FAIL: 22_locale/time_put/put/char/7.cc (test for excess errors)
WARNING: 22_locale/time_put/put/char/7.cc compilation failed to produce executable
FAIL: 22_locale/time_put/put/char/8.cc (test for excess errors)
WARNING: 22_locale/time_put/put/char/8.cc compilation failed to produce executable
FAIL: 22_locale/time_put/put/char/9.cc (test for excess errors)
WARNING: 22_locale/time_put/put/char/9.cc compilation failed to produce executable
FAIL: 22_locale/time_put/put/char/9780-1.cc (test for excess errors)
WARNING: 22_locale/time_put/put/char/9780-1.cc compilation failed to produce executable
FAIL: 22_locale/time_put/put/char/wrapped_env.cc (test for excess errors)
WARNING: 22_locale/time_put/put/char/wrapped_env.cc compilation failed to produce executable
FAIL: 22_locale/time_put/put/char/wrapped_locale.cc (test for excess errors)
WARNING: 22_locale/time_put/put/char/wrapped_locale.cc compilation failed to produce executable
FAIL: 22_locale/time_put/put/wchar_t/1.cc (test for excess errors)
WARNING: 22_locale/time_put/put/wchar_t/1.cc compilation failed to produce executable
FAIL: 22_locale/time_put/put/wchar_t/10.cc (test for excess errors)
WARNING: 22_locale/time_put/put/wchar_t/10.cc compilation failed to produce executable
FAIL: 22_locale/time_put/put/wchar_t/12439_2.cc (test for excess errors)
WARNING: 22_locale/time_put/put/wchar_t/12439_2.cc compilation failed to produce executable
FAIL: 22_locale/time_put/put/wchar_t/17038.cc (test for excess errors)
WARNING: 22_locale/time_put/put/wchar_t/17038.cc compilation failed to produce executable
FAIL: 22_locale/time_put/put/wchar_t/2.cc (test for excess errors)
WARNING: 22_locale/time_put/put/wchar_t/2.cc compilation failed to produce executable
FAIL: 22_locale/time_put/put/wchar_t/3.cc (test for excess errors)
WARNING: 22_locale/time_put/put/wchar_t/3.cc compilation failed to produce executable
FAIL: 22_locale/time_put/put/wchar_t/4.cc (test for excess errors)
WARNING: 22_locale/time_put/put/wchar_t/4.cc compilation failed to produce executable
FAIL: 22_locale/time_put/put/wchar_t/5.cc (test for excess errors)
WARNING: 22_locale/time_put/put/wchar_t/5.cc compilation failed to produce executable
FAIL: 22_locale/time_put/put/wchar_t/6.cc (test for excess errors)
WARNING: 22_locale/time_put/put/wchar_t/6.cc compilation failed to produce executable
FAIL: 22_locale/time_put/put/wchar_t/7.cc (test for excess errors)
WARNING: 22_locale/time_put/put/wchar_t/7.cc compilation failed to produce executable
FAIL: 22_locale/time_put/put/wchar_t/8.cc (test for excess errors)
WARNING: 22_locale/time_put/put/wchar_t/8.cc compilation failed to produce executable
FAIL: 22_locale/time_put/put/wchar_t/9.cc (test for excess errors)
WARNING: 22_locale/time_put/put/wchar_t/9.cc compilation failed to produce executable
FAIL: 22_locale/time_put/put/wchar_t/wrapped_env.cc (test for excess errors)
WARNING: 22_locale/time_put/put/wchar_t/wrapped_env.cc compilation failed to produce executable
FAIL: 22_locale/time_put/put/wchar_t/wrapped_locale.cc (test for excess errors)
WARNING: 22_locale/time_put/put/wchar_t/wrapped_locale.cc compilation failed to produce executable
FAIL: 23_containers/deque/cons/2.cc (test for excess errors)
WARNING: 23_containers/deque/cons/2.cc compilation failed to produce executable
FAIL: 23_containers/multiset/modifiers/insert/1.cc (test for excess errors)
WARNING: 23_containers/multiset/modifiers/insert/1.cc compilation failed to produce executable
FAIL: 24_iterators/ostreambuf_iterator/2.cc (test for excess errors)
WARNING: 24_iterators/ostreambuf_iterator/2.cc compilation failed to produce executable
FAIL: 25_algorithms/copy/streambuf_iterators/char/1.cc (test for excess errors)
WARNING: 25_algorithms/copy/streambuf_iterators/char/1.cc compilation failed to produce executable
FAIL: 25_algorithms/copy/streambuf_iterators/char/2.cc (test for excess errors)
WARNING: 25_algorithms/copy/streambuf_iterators/char/2.cc compilation failed to produce executable
FAIL: 25_algorithms/copy/streambuf_iterators/char/3.cc (test for excess errors)
WARNING: 25_algorithms/copy/streambuf_iterators/char/3.cc compilation failed to produce executable
FAIL: 25_algorithms/copy/streambuf_iterators/wchar_t/1.cc (test for excess errors)
WARNING: 25_algorithms/copy/streambuf_iterators/wchar_t/1.cc compilation failed to produce executable
FAIL: 25_algorithms/copy/streambuf_iterators/wchar_t/2.cc (test for excess errors)
WARNING: 25_algorithms/copy/streambuf_iterators/wchar_t/2.cc compilation failed to produce executable
FAIL: 25_algorithms/copy/streambuf_iterators/wchar_t/3.cc (test for excess errors)
WARNING: 25_algorithms/copy/streambuf_iterators/wchar_t/3.cc compilation failed to produce executable
FAIL: 25_algorithms/unique_copy/26133.cc (test for excess errors)
WARNING: 25_algorithms/unique_copy/26133.cc compilation failed to produce executable
FAIL: 26_numerics/complex/inserters_extractors/char/1.cc (test for excess errors)
WARNING: 26_numerics/complex/inserters_extractors/char/1.cc compilation failed to produce executable
FAIL: 26_numerics/complex/inserters_extractors/wchar_t/1.cc (test for excess errors)
WARNING: 26_numerics/complex/inserters_extractors/wchar_t/1.cc compilation failed to produce executable
XPASS: 26_numerics/headers/cmath/c99_classification_macros_c.cc (test for excess errors)
FAIL: 27_io/basic_filebuf/seekoff/char/26777.cc (test for excess errors)
WARNING: 27_io/basic_filebuf/seekoff/char/26777.cc compilation failed to produce executable
FAIL: 27_io/basic_istream/extractors_arithmetic/char/dr696.cc (test for excess errors)
WARNING: 27_io/basic_istream/extractors_arithmetic/char/dr696.cc compilation failed to produce executable
FAIL: 27_io/basic_istream/extractors_arithmetic/wchar_t/dr696.cc (test for excess errors)
WARNING: 27_io/basic_istream/extractors_arithmetic/wchar_t/dr696.cc compilation failed to produce executable
FAIL: 27_io/basic_istream/extractors_other/char/1.cc (test for excess errors)
WARNING: 27_io/basic_istream/extractors_other/char/1.cc compilation failed to produce executable
FAIL: 27_io/basic_istream/extractors_other/wchar_t/1.cc (test for excess errors)
WARNING: 27_io/basic_istream/extractors_other/wchar_t/1.cc compilation failed to produce executable
FAIL: 27_io/basic_istream/get/char/1.cc (test for excess errors)
WARNING: 27_io/basic_istream/get/char/1.cc compilation failed to produce executable
FAIL: 27_io/basic_istream/get/char/2.cc (test for excess errors)
WARNING: 27_io/basic_istream/get/char/2.cc compilation failed to produce executable
FAIL: 27_io/basic_istream/get/wchar_t/1.cc (test for excess errors)
WARNING: 27_io/basic_istream/get/wchar_t/1.cc compilation failed to produce executable
FAIL: 27_io/basic_istream/get/wchar_t/2.cc (test for excess errors)
WARNING: 27_io/basic_istream/get/wchar_t/2.cc compilation failed to produce executable
FAIL: 27_io/basic_istream/seekg/char/sstream.cc (test for excess errors)
WARNING: 27_io/basic_istream/seekg/char/sstream.cc compilation failed to produce executable
FAIL: 27_io/basic_istream/seekg/wchar_t/sstream.cc (test for excess errors)
WARNING: 27_io/basic_istream/seekg/wchar_t/sstream.cc compilation failed to produce executable
FAIL: 27_io/basic_istream/tellg/char/sstream.cc (test for excess errors)
WARNING: 27_io/basic_istream/tellg/char/sstream.cc compilation failed to produce executable
FAIL: 27_io/basic_istream/tellg/wchar_t/sstream.cc (test for excess errors)
WARNING: 27_io/basic_istream/tellg/wchar_t/sstream.cc compilation failed to produce executable
FAIL: 27_io/basic_istringstream/rdbuf/char/2832.cc (test for excess errors)
WARNING: 27_io/basic_istringstream/rdbuf/char/2832.cc compilation failed to produce executable
FAIL: 27_io/basic_istringstream/rdbuf/wchar_t/2832.cc (test for excess errors)
WARNING: 27_io/basic_istringstream/rdbuf/wchar_t/2832.cc compilation failed to produce executable
FAIL: 27_io/basic_istringstream/str/char/1.cc (test for excess errors)
WARNING: 27_io/basic_istringstream/str/char/1.cc compilation failed to produce executable
FAIL: 27_io/basic_istringstream/str/wchar_t/1.cc (test for excess errors)
WARNING: 27_io/basic_istringstream/str/wchar_t/1.cc compilation failed to produce executable
FAIL: 27_io/basic_ostream/endl/char/1.cc (test for excess errors)
WARNING: 27_io/basic_ostream/endl/char/1.cc compilation failed to produce executable
FAIL: 27_io/basic_ostream/endl/wchar_t/1.cc (test for excess errors)
WARNING: 27_io/basic_ostream/endl/wchar_t/1.cc compilation failed to produce executable
FAIL: 27_io/basic_ostream/ends/char/1.cc (test for excess errors)
WARNING: 27_io/basic_ostream/ends/char/1.cc compilation failed to produce executable
FAIL: 27_io/basic_ostream/ends/char/2.cc (test for excess errors)
WARNING: 27_io/basic_ostream/ends/char/2.cc compilation failed to produce executable
FAIL: 27_io/basic_ostream/ends/wchar_t/1.cc (test for excess errors)
WARNING: 27_io/basic_ostream/ends/wchar_t/1.cc compilation failed to produce executable
FAIL: 27_io/basic_ostream/ends/wchar_t/2.cc (test for excess errors)
WARNING: 27_io/basic_ostream/ends/wchar_t/2.cc compilation failed to produce executable
FAIL: 27_io/basic_ostream/flush/char/1.cc (test for excess errors)
WARNING: 27_io/basic_ostream/flush/char/1.cc compilation failed to produce executable
FAIL: 27_io/basic_ostream/flush/wchar_t/1.cc (test for excess errors)
WARNING: 27_io/basic_ostream/flush/wchar_t/1.cc compilation failed to produce executable
FAIL: 27_io/basic_ostream/inserters_arithmetic/char/1.cc (test for excess errors)
WARNING: 27_io/basic_ostream/inserters_arithmetic/char/1.cc compilation failed to produce executable
FAIL: 27_io/basic_ostream/inserters_arithmetic/char/3.cc (test for excess errors)
WARNING: 27_io/basic_ostream/inserters_arithmetic/char/3.cc compilation failed to produce executable
FAIL: 27_io/basic_ostream/inserters_arithmetic/char/4.cc (test for excess errors)
WARNING: 27_io/basic_ostream/inserters_arithmetic/char/4.cc compilation failed to produce executable
FAIL: 27_io/basic_ostream/inserters_arithmetic/char/4402.cc (test for excess errors)
WARNING: 27_io/basic_ostream/inserters_arithmetic/char/4402.cc compilation failed to produce executable
FAIL: 27_io/basic_ostream/inserters_arithmetic/char/5.cc (test for excess errors)
WARNING: 27_io/basic_ostream/inserters_arithmetic/char/5.cc compilation failed to produce executable
FAIL: 27_io/basic_ostream/inserters_arithmetic/char/6.cc (test for excess errors)
WARNING: 27_io/basic_ostream/inserters_arithmetic/char/6.cc compilation failed to produce executable
FAIL: 27_io/basic_ostream/inserters_arithmetic/char/7.cc (test for excess errors)
WARNING: 27_io/basic_ostream/inserters_arithmetic/char/7.cc compilation failed to produce executable
FAIL: 27_io/basic_ostream/inserters_arithmetic/wchar_t/1.cc (test for excess errors)
WARNING: 27_io/basic_ostream/inserters_arithmetic/wchar_t/1.cc compilation failed to produce executable
FAIL: 27_io/basic_ostream/inserters_arithmetic/wchar_t/3.cc (test for excess errors)
WARNING: 27_io/basic_ostream/inserters_arithmetic/wchar_t/3.cc compilation failed to produce executable
FAIL: 27_io/basic_ostream/inserters_arithmetic/wchar_t/4.cc (test for excess errors)
WARNING: 27_io/basic_ostream/inserters_arithmetic/wchar_t/4.cc compilation failed to produce executable
FAIL: 27_io/basic_ostream/inserters_arithmetic/wchar_t/4402.cc (test for excess errors)
WARNING: 27_io/basic_ostream/inserters_arithmetic/wchar_t/4402.cc compilation failed to produce executable
FAIL: 27_io/basic_ostream/inserters_arithmetic/wchar_t/5.cc (test for excess errors)
WARNING: 27_io/basic_ostream/inserters_arithmetic/wchar_t/5.cc compilation failed to produce executable
FAIL: 27_io/basic_ostream/inserters_arithmetic/wchar_t/6.cc (test for excess errors)
WARNING: 27_io/basic_ostream/inserters_arithmetic/wchar_t/6.cc compilation failed to produce executable
FAIL: 27_io/basic_ostream/inserters_arithmetic/wchar_t/7.cc (test for excess errors)
WARNING: 27_io/basic_ostream/inserters_arithmetic/wchar_t/7.cc compilation failed to produce executable
FAIL: 27_io/basic_ostream/inserters_character/char/11095-oa.cc (test for excess errors)
WARNING: 27_io/basic_ostream/inserters_character/char/11095-oa.cc compilation failed to produce executable
FAIL: 27_io/basic_ostream/inserters_character/char/11095-ob.cc (test for excess errors)
WARNING: 27_io/basic_ostream/inserters_character/char/11095-ob.cc compilation failed to produce executable
FAIL: 27_io/basic_ostream/inserters_character/char/11095-oc.cc (test for excess errors)
WARNING: 27_io/basic_ostream/inserters_character/char/11095-oc.cc compilation failed to produce executable
FAIL: 27_io/basic_ostream/inserters_character/char/2.cc (test for excess errors)
WARNING: 27_io/basic_ostream/inserters_character/char/2.cc compilation failed to produce executable
FAIL: 27_io/basic_ostream/inserters_character/char/28277-3.cc (test for excess errors)
WARNING: 27_io/basic_ostream/inserters_character/char/28277-3.cc compilation failed to produce executable
FAIL: 27_io/basic_ostream/inserters_character/char/28277-4.cc (test for excess errors)
WARNING: 27_io/basic_ostream/inserters_character/char/28277-4.cc compilation failed to produce executable
FAIL: 27_io/basic_ostream/inserters_character/char/3.cc (test for excess errors)
WARNING: 27_io/basic_ostream/inserters_character/char/3.cc compilation failed to produce executable
FAIL: 27_io/basic_ostream/inserters_character/char/4.cc (test for excess errors)
WARNING: 27_io/basic_ostream/inserters_character/char/4.cc compilation failed to produce executable
FAIL: 27_io/basic_ostream/inserters_character/char/5.cc (test for excess errors)
WARNING: 27_io/basic_ostream/inserters_character/char/5.cc compilation failed to produce executable
FAIL: 27_io/basic_ostream/inserters_character/char/6.cc (test for excess errors)
WARNING: 27_io/basic_ostream/inserters_character/char/6.cc compilation failed to produce executable
FAIL: 27_io/basic_ostream/inserters_character/char/8.cc (test for excess errors)
WARNING: 27_io/basic_ostream/inserters_character/char/8.cc compilation failed to produce executable
FAIL: 27_io/basic_ostream/inserters_character/wchar_t/11095-od.cc (test for excess errors)
WARNING: 27_io/basic_ostream/inserters_character/wchar_t/11095-od.cc compilation failed to produce executable
FAIL: 27_io/basic_ostream/inserters_character/wchar_t/11095-oe.cc (test for excess errors)
WARNING: 27_io/basic_ostream/inserters_character/wchar_t/11095-oe.cc compilation failed to produce executable
FAIL: 27_io/basic_ostream/inserters_character/wchar_t/11095-of.cc (test for excess errors)
WARNING: 27_io/basic_ostream/inserters_character/wchar_t/11095-of.cc compilation failed to produce executable
FAIL: 27_io/basic_ostream/inserters_character/wchar_t/2.cc (test for excess errors)
WARNING: 27_io/basic_ostream/inserters_character/wchar_t/2.cc compilation failed to produce executable
FAIL: 27_io/basic_ostream/inserters_character/wchar_t/28277-1.cc (test for excess errors)
WARNING: 27_io/basic_ostream/inserters_character/wchar_t/28277-1.cc compilation failed to produce executable
FAIL: 27_io/basic_ostream/inserters_character/wchar_t/28277-2.cc (test for excess errors)
WARNING: 27_io/basic_ostream/inserters_character/wchar_t/28277-2.cc compilation failed to produce executable
FAIL: 27_io/basic_ostream/inserters_character/wchar_t/28277-3.cc (test for excess errors)
WARNING: 27_io/basic_ostream/inserters_character/wchar_t/28277-3.cc compilation failed to produce executable
FAIL: 27_io/basic_ostream/inserters_character/wchar_t/28277-4.cc (test for excess errors)
WARNING: 27_io/basic_ostream/inserters_character/wchar_t/28277-4.cc compilation failed to produce executable
FAIL: 27_io/basic_ostream/inserters_character/wchar_t/3.cc (test for excess errors)
WARNING: 27_io/basic_ostream/inserters_character/wchar_t/3.cc compilation failed to produce executable
FAIL: 27_io/basic_ostream/inserters_character/wchar_t/4.cc (test for excess errors)
WARNING: 27_io/basic_ostream/inserters_character/wchar_t/4.cc compilation failed to produce executable
FAIL: 27_io/basic_ostream/inserters_character/wchar_t/5.cc (test for excess errors)
WARNING: 27_io/basic_ostream/inserters_character/wchar_t/5.cc compilation failed to produce executable
FAIL: 27_io/basic_ostream/inserters_character/wchar_t/6.cc (test for excess errors)
WARNING: 27_io/basic_ostream/inserters_character/wchar_t/6.cc compilation failed to produce executable
FAIL: 27_io/basic_ostream/inserters_character/wchar_t/7.cc (test for excess errors)
WARNING: 27_io/basic_ostream/inserters_character/wchar_t/7.cc compilation failed to produce executable
FAIL: 27_io/basic_ostream/inserters_character/wchar_t/8.cc (test for excess errors)
WARNING: 27_io/basic_ostream/inserters_character/wchar_t/8.cc compilation failed to produce executable
FAIL: 27_io/basic_ostream/inserters_other/char/4.cc (test for excess errors)
WARNING: 27_io/basic_ostream/inserters_other/char/4.cc compilation failed to produce executable
FAIL: 27_io/basic_ostream/inserters_other/char/error_code.cc (test for excess errors)
WARNING: 27_io/basic_ostream/inserters_other/char/error_code.cc compilation failed to produce executable
FAIL: 27_io/basic_ostream/inserters_other/wchar_t/4.cc (test for excess errors)
WARNING: 27_io/basic_ostream/inserters_other/wchar_t/4.cc compilation failed to produce executable
FAIL: 27_io/basic_ostream/inserters_other/wchar_t/error_code.cc (test for excess errors)
WARNING: 27_io/basic_ostream/inserters_other/wchar_t/error_code.cc compilation failed to produce executable
FAIL: 27_io/basic_ostringstream/cons/char/3.cc (test for excess errors)
WARNING: 27_io/basic_ostringstream/cons/char/3.cc compilation failed to produce executable
FAIL: 27_io/basic_ostringstream/cons/wchar_t/3.cc (test for excess errors)
WARNING: 27_io/basic_ostringstream/cons/wchar_t/3.cc compilation failed to produce executable
FAIL: 27_io/basic_ostringstream/rdbuf/char/2832.cc (test for excess errors)
WARNING: 27_io/basic_ostringstream/rdbuf/char/2832.cc compilation failed to produce executable
FAIL: 27_io/basic_ostringstream/rdbuf/wchar_t/2832.cc (test for excess errors)
WARNING: 27_io/basic_ostringstream/rdbuf/wchar_t/2832.cc compilation failed to produce executable
FAIL: 27_io/basic_ostringstream/str/char/1.cc (test for excess errors)
WARNING: 27_io/basic_ostringstream/str/char/1.cc compilation failed to produce executable
FAIL: 27_io/basic_ostringstream/str/char/2.cc (test for excess errors)
WARNING: 27_io/basic_ostringstream/str/char/2.cc compilation failed to produce executable
FAIL: 27_io/basic_ostringstream/str/wchar_t/1.cc (test for excess errors)
WARNING: 27_io/basic_ostringstream/str/wchar_t/1.cc compilation failed to produce executable
FAIL: 27_io/basic_ostringstream/str/wchar_t/2.cc (test for excess errors)
WARNING: 27_io/basic_ostringstream/str/wchar_t/2.cc compilation failed to produce executable
FAIL: 27_io/basic_stringbuf/in_avail/char/21955.cc (test for excess errors)
WARNING: 27_io/basic_stringbuf/in_avail/char/21955.cc compilation failed to produce executable
FAIL: 27_io/basic_stringbuf/overflow/char/1.cc (test for excess errors)
WARNING: 27_io/basic_stringbuf/overflow/char/1.cc compilation failed to produce executable
FAIL: 27_io/basic_stringbuf/overflow/char/9988.cc (test for excess errors)
WARNING: 27_io/basic_stringbuf/overflow/char/9988.cc compilation failed to produce executable
FAIL: 27_io/basic_stringbuf/overflow/wchar_t/1.cc (test for excess errors)
WARNING: 27_io/basic_stringbuf/overflow/wchar_t/1.cc compilation failed to produce executable
FAIL: 27_io/basic_stringbuf/overflow/wchar_t/9988.cc (test for excess errors)
WARNING: 27_io/basic_stringbuf/overflow/wchar_t/9988.cc compilation failed to produce executable
FAIL: 27_io/basic_stringbuf/pbackfail/char/2.cc (test for excess errors)
WARNING: 27_io/basic_stringbuf/pbackfail/char/2.cc compilation failed to produce executable
FAIL: 27_io/basic_stringbuf/pbackfail/wchar_t/2.cc (test for excess errors)
WARNING: 27_io/basic_stringbuf/pbackfail/wchar_t/2.cc compilation failed to produce executable
FAIL: 27_io/basic_stringbuf/seekoff/char/1.cc (test for excess errors)
WARNING: 27_io/basic_stringbuf/seekoff/char/1.cc compilation failed to produce executable
FAIL: 27_io/basic_stringbuf/seekoff/char/16956.cc (test for excess errors)
WARNING: 27_io/basic_stringbuf/seekoff/char/16956.cc compilation failed to produce executable
FAIL: 27_io/basic_stringbuf/seekoff/wchar_t/1.cc (test for excess errors)
WARNING: 27_io/basic_stringbuf/seekoff/wchar_t/1.cc compilation failed to produce executable
FAIL: 27_io/basic_stringbuf/seekoff/wchar_t/16956.cc (test for excess errors)
WARNING: 27_io/basic_stringbuf/seekoff/wchar_t/16956.cc compilation failed to produce executable
FAIL: 27_io/basic_stringbuf/seekpos/char/1.cc (test for excess errors)
WARNING: 27_io/basic_stringbuf/seekpos/char/1.cc compilation failed to produce executable
FAIL: 27_io/basic_stringbuf/seekpos/wchar_t/1.cc (test for excess errors)
WARNING: 27_io/basic_stringbuf/seekpos/wchar_t/1.cc compilation failed to produce executable
FAIL: 27_io/basic_stringbuf/setbuf/char/1.cc (test for excess errors)
WARNING: 27_io/basic_stringbuf/setbuf/char/1.cc compilation failed to produce executable
FAIL: 27_io/basic_stringbuf/setbuf/wchar_t/1.cc (test for excess errors)
WARNING: 27_io/basic_stringbuf/setbuf/wchar_t/1.cc compilation failed to produce executable
FAIL: 27_io/basic_stringbuf/sputbackc/char/1.cc (test for excess errors)
WARNING: 27_io/basic_stringbuf/sputbackc/char/1.cc compilation failed to produce executable
FAIL: 27_io/basic_stringbuf/sputbackc/wchar_t/1.cc (test for excess errors)
WARNING: 27_io/basic_stringbuf/sputbackc/wchar_t/1.cc compilation failed to produce executable
FAIL: 27_io/basic_stringbuf/sputc/char/1.cc (test for excess errors)
WARNING: 27_io/basic_stringbuf/sputc/char/1.cc compilation failed to produce executable
FAIL: 27_io/basic_stringbuf/sputc/char/9404-1.cc (test for excess errors)
WARNING: 27_io/basic_stringbuf/sputc/char/9404-1.cc compilation failed to produce executable
FAIL: 27_io/basic_stringbuf/sputc/wchar_t/1.cc (test for excess errors)
WARNING: 27_io/basic_stringbuf/sputc/wchar_t/1.cc compilation failed to produce executable
FAIL: 27_io/basic_stringbuf/sputc/wchar_t/9404-1.cc (test for excess errors)
WARNING: 27_io/basic_stringbuf/sputc/wchar_t/9404-1.cc compilation failed to produce executable
FAIL: 27_io/basic_stringbuf/sputn/char/1.cc (test for excess errors)
WARNING: 27_io/basic_stringbuf/sputn/char/1.cc compilation failed to produce executable
FAIL: 27_io/basic_stringbuf/sputn/char/9404-2.cc (test for excess errors)
WARNING: 27_io/basic_stringbuf/sputn/char/9404-2.cc compilation failed to produce executable
FAIL: 27_io/basic_stringbuf/sputn/wchar_t/1.cc (test for excess errors)
WARNING: 27_io/basic_stringbuf/sputn/wchar_t/1.cc compilation failed to produce executable
FAIL: 27_io/basic_stringbuf/sputn/wchar_t/9404-2.cc (test for excess errors)
WARNING: 27_io/basic_stringbuf/sputn/wchar_t/9404-2.cc compilation failed to produce executable
FAIL: 27_io/basic_stringbuf/str/char/1.cc (test for excess errors)
WARNING: 27_io/basic_stringbuf/str/char/1.cc compilation failed to produce executable
FAIL: 27_io/basic_stringbuf/str/char/2.cc (test for excess errors)
WARNING: 27_io/basic_stringbuf/str/char/2.cc compilation failed to produce executable
FAIL: 27_io/basic_stringbuf/str/char/3.cc (test for excess errors)
WARNING: 27_io/basic_stringbuf/str/char/3.cc compilation failed to produce executable
FAIL: 27_io/basic_stringbuf/str/char/3955.cc (test for excess errors)
WARNING: 27_io/basic_stringbuf/str/char/3955.cc compilation failed to produce executable
FAIL: 27_io/basic_stringbuf/str/wchar_t/1.cc (test for excess errors)
WARNING: 27_io/basic_stringbuf/str/wchar_t/1.cc compilation failed to produce executable
FAIL: 27_io/basic_stringbuf/str/wchar_t/2.cc (test for excess errors)
WARNING: 27_io/basic_stringbuf/str/wchar_t/2.cc compilation failed to produce executable
FAIL: 27_io/basic_stringbuf/str/wchar_t/3.cc (test for excess errors)
WARNING: 27_io/basic_stringbuf/str/wchar_t/3.cc compilation failed to produce executable
FAIL: 27_io/basic_stringbuf/str/wchar_t/3955.cc (test for excess errors)
WARNING: 27_io/basic_stringbuf/str/wchar_t/3955.cc compilation failed to produce executable
FAIL: 27_io/basic_stringbuf/sungetc/char/1.cc (test for excess errors)
WARNING: 27_io/basic_stringbuf/sungetc/char/1.cc compilation failed to produce executable
FAIL: 27_io/basic_stringbuf/sungetc/wchar_t/1.cc (test for excess errors)
WARNING: 27_io/basic_stringbuf/sungetc/wchar_t/1.cc compilation failed to produce executable
FAIL: 27_io/basic_stringstream/str/char/1.cc (test for excess errors)
WARNING: 27_io/basic_stringstream/str/char/1.cc compilation failed to produce executable
FAIL: 27_io/basic_stringstream/str/char/2.cc (test for excess errors)
WARNING: 27_io/basic_stringstream/str/char/2.cc compilation failed to produce executable
FAIL: 27_io/basic_stringstream/str/char/3.cc (test for excess errors)
WARNING: 27_io/basic_stringstream/str/char/3.cc compilation failed to produce executable
FAIL: 27_io/basic_stringstream/str/wchar_t/1.cc (test for excess errors)
WARNING: 27_io/basic_stringstream/str/wchar_t/1.cc compilation failed to produce executable
FAIL: 27_io/basic_stringstream/str/wchar_t/2.cc (test for excess errors)
WARNING: 27_io/basic_stringstream/str/wchar_t/2.cc compilation failed to produce executable
FAIL: 27_io/basic_stringstream/str/wchar_t/3.cc (test for excess errors)
WARNING: 27_io/basic_stringstream/str/wchar_t/3.cc compilation failed to produce executable
FAIL: 27_io/ios_base/state/1.cc (test for excess errors)
WARNING: 27_io/ios_base/state/1.cc compilation failed to produce executable
FAIL: 27_io/manipulators/adjustfield/char/1.cc (test for excess errors)
WARNING: 27_io/manipulators/adjustfield/char/1.cc compilation failed to produce executable
FAIL: 27_io/manipulators/adjustfield/char/2.cc (test for excess errors)
WARNING: 27_io/manipulators/adjustfield/char/2.cc compilation failed to produce executable
FAIL: 27_io/manipulators/adjustfield/wchar_t/1.cc (test for excess errors)
WARNING: 27_io/manipulators/adjustfield/wchar_t/1.cc compilation failed to produce executable
FAIL: 27_io/manipulators/adjustfield/wchar_t/2.cc (test for excess errors)
WARNING: 27_io/manipulators/adjustfield/wchar_t/2.cc compilation failed to produce executable
FAIL: 27_io/manipulators/basefield/char/1.cc (test for excess errors)
WARNING: 27_io/manipulators/basefield/char/1.cc compilation failed to produce executable
FAIL: 27_io/manipulators/basefield/wchar_t/1.cc (test for excess errors)
WARNING: 27_io/manipulators/basefield/wchar_t/1.cc compilation failed to produce executable
FAIL: ext/pb_ds/regression/hash_data_map_rand.cc (test for excess errors)
WARNING: ext/pb_ds/regression/hash_data_map_rand.cc compilation failed to produce executable
FAIL: ext/pb_ds/regression/hash_no_data_map_rand.cc (test for excess errors)
WARNING: ext/pb_ds/regression/hash_no_data_map_rand.cc compilation failed to produce executable
FAIL: ext/pb_ds/regression/list_update_data_map_rand.cc (test for excess errors)
WARNING: ext/pb_ds/regression/list_update_data_map_rand.cc compilation failed to produce executable
FAIL: ext/pb_ds/regression/list_update_no_data_map_rand.cc (test for excess errors)
WARNING: ext/pb_ds/regression/list_update_no_data_map_rand.cc compilation failed to produce executable
FAIL: ext/pb_ds/regression/priority_queue_rand.cc (test for excess errors)
WARNING: ext/pb_ds/regression/priority_queue_rand.cc compilation failed to produce executable
FAIL: ext/pb_ds/regression/tree_no_data_map_rand.cc (test for excess errors)
WARNING: ext/pb_ds/regression/tree_no_data_map_rand.cc compilation failed to produce executable
FAIL: ext/pb_ds/regression/trie_data_map_rand.cc (test for excess errors)
WARNING: ext/pb_ds/regression/trie_data_map_rand.cc compilation failed to produce executable
FAIL: ext/pb_ds/regression/trie_no_data_map_rand.cc (test for excess errors)
WARNING: ext/pb_ds/regression/trie_no_data_map_rand.cc compilation failed to produce executable
FAIL: ext/vstring/inserters_extractors/char/28277.cc (test for excess errors)
WARNING: ext/vstring/inserters_extractors/char/28277.cc compilation failed to produce executable
FAIL: ext/vstring/inserters_extractors/wchar_t/28277.cc (test for excess errors)
WARNING: ext/vstring/inserters_extractors/wchar_t/28277.cc compilation failed to produce executable
FAIL: tr1/2_general_utilities/shared_ptr/misc/io.cc (test for excess errors)
WARNING: tr1/2_general_utilities/shared_ptr/misc/io.cc compilation failed to produce executable
=== libstdc++ Summary ===
# of expected passes 6274
# of unexpected failures 311
# of unexpected successes 1
# of expected failures 86
# of unsupported tests 83
=== libstdc++ Summary ===
Compiler version: 4.5.0 20091020 (experimental) (GCC)
Platform: i686-pc-linux-gnu
configure flags: --prefix=/home/regress/tbox/objs --target=i686-pc-linux-gnu