This is the mail archive of the
gcc-testresults@gcc.gnu.org
mailing list for the GCC project.
Results for 4.5.0 20091012 (experimental) [trunk revision 152691] (GCC) testsuite on x86_64-unknown-linux-gnu
- From: ghazi at gcc14 dot fsffrance dot org
- To: gcc-testresults at gcc dot gnu dot org
- Date: Tue, 13 Oct 2009 17:34:40 +0200
- Subject: Results for 4.5.0 20091012 (experimental) [trunk revision 152691] (GCC) testsuite on x86_64-unknown-linux-gnu
LAST_UPDATED: Tue Oct 13 00:01:56 UTC 2009 (revision 152691)
Native configuration is x86_64-unknown-linux-gnu
=== g++ tests ===
Running target unix/-m32/-fPIC
=== g++ Summary for unix/-m32/-fPIC ===
# of expected passes 21254
# of expected failures 152
# of unsupported tests 118
Running target unix/-m32/-fpic
=== g++ Summary for unix/-m32/-fpic ===
# of expected passes 21254
# of expected failures 152
# of unsupported tests 118
Running target unix/-m32
=== g++ Summary for unix/-m32 ===
# of expected passes 21258
# of expected failures 152
# of unsupported tests 115
Running target unix/-fPIC
=== g++ Summary for unix/-fPIC ===
# of expected passes 20929
# of expected failures 152
# of unsupported tests 268
Running target unix/-fpic
=== g++ Summary for unix/-fpic ===
# of expected passes 20929
# of expected failures 152
# of unsupported tests 268
Running target unix
=== g++ Summary for unix ===
# of expected passes 20931
# of expected failures 152
# of unsupported tests 267
=== g++ Summary ===
# of expected passes 126555
# of expected failures 912
# of unsupported tests 1154
/home/ghazi/gcc-testing/45/build/gcc/testsuite/g++/../../g++ version 4.5.0 20091012 (experimental) [trunk revision 152691] (GCC)
=== gcc tests ===
Running target unix/-m32/-fPIC
XPASS: gcc.dg/Warray-bounds.c (test for warnings, line 59)
XPASS: gcc.dg/Warray-bounds.c (test for warnings, line 65)
XPASS: gcc.dg/Wunreachable-8.c (test for bogus messages, line 7)
XPASS: gcc.dg/guality/example.c -O0 execution test
XPASS: gcc.dg/guality/pr41353-1.c -O0 line 28 j == 28 + 37
FAIL: gcc.dg/guality/pr41447-1.c -O0 (test for excess errors)
UNRESOLVED: gcc.dg/guality/pr41447-1.c -O0 compilation failed to produce executable
FAIL: gcc.dg/guality/pr41447-1.c -O1 (test for excess errors)
UNRESOLVED: gcc.dg/guality/pr41447-1.c -O1 compilation failed to produce executable
FAIL: gcc.dg/guality/pr41447-1.c -O2 (test for excess errors)
UNRESOLVED: gcc.dg/guality/pr41447-1.c -O2 compilation failed to produce executable
FAIL: gcc.dg/guality/pr41447-1.c -O3 -fomit-frame-pointer (test for excess errors)
UNRESOLVED: gcc.dg/guality/pr41447-1.c -O3 -fomit-frame-pointer compilation failed to produce executable
FAIL: gcc.dg/guality/pr41447-1.c -O3 -g (test for excess errors)
UNRESOLVED: gcc.dg/guality/pr41447-1.c -O3 -g compilation failed to produce executable
FAIL: gcc.dg/guality/pr41447-1.c -Os (test for excess errors)
UNRESOLVED: gcc.dg/guality/pr41447-1.c -Os compilation failed to produce executable
XPASS: gcc.dg/struct/wo_prof_array_through_pointer.c scan-ipa-dump ipa_struct_reorg "Number of structures to transform is 1"
FAIL: gcc.dg/struct/wo_prof_double_malloc.c (internal compiler error)
FAIL: gcc.dg/struct/wo_prof_double_malloc.c (test for excess errors)
UNRESOLVED: gcc.dg/struct/wo_prof_double_malloc.c compilation failed to produce executable
FAIL: gcc.dg/tree-ssa/ipa-cp-1.c scan-tree-dump-times optimized "very_long_function.clone.0 \\(\\)" 3
FAIL: gcc.target/i386/ms_hook_prologue.c (test for excess errors)
UNRESOLVED: gcc.target/i386/ms_hook_prologue.c compilation failed to produce executable
=== gcc Summary for unix/-m32/-fPIC ===
# of expected passes 58860
# of unexpected failures 10
# of unexpected successes 6
# of expected failures 231
# of unresolved testcases 8
# of unsupported tests 1097
Running target unix/-m32/-fpic
XPASS: gcc.dg/Warray-bounds.c (test for warnings, line 59)
XPASS: gcc.dg/Warray-bounds.c (test for warnings, line 65)
XPASS: gcc.dg/Wunreachable-8.c (test for bogus messages, line 7)
XPASS: gcc.dg/guality/example.c -O0 execution test
XPASS: gcc.dg/guality/pr41353-1.c -O0 line 28 j == 28 + 37
FAIL: gcc.dg/guality/pr41447-1.c -O0 (test for excess errors)
UNRESOLVED: gcc.dg/guality/pr41447-1.c -O0 compilation failed to produce executable
FAIL: gcc.dg/guality/pr41447-1.c -O1 (test for excess errors)
UNRESOLVED: gcc.dg/guality/pr41447-1.c -O1 compilation failed to produce executable
FAIL: gcc.dg/guality/pr41447-1.c -O2 (test for excess errors)
UNRESOLVED: gcc.dg/guality/pr41447-1.c -O2 compilation failed to produce executable
FAIL: gcc.dg/guality/pr41447-1.c -O3 -fomit-frame-pointer (test for excess errors)
UNRESOLVED: gcc.dg/guality/pr41447-1.c -O3 -fomit-frame-pointer compilation failed to produce executable
FAIL: gcc.dg/guality/pr41447-1.c -O3 -g (test for excess errors)
UNRESOLVED: gcc.dg/guality/pr41447-1.c -O3 -g compilation failed to produce executable
FAIL: gcc.dg/guality/pr41447-1.c -Os (test for excess errors)
UNRESOLVED: gcc.dg/guality/pr41447-1.c -Os compilation failed to produce executable
XPASS: gcc.dg/struct/wo_prof_array_through_pointer.c scan-ipa-dump ipa_struct_reorg "Number of structures to transform is 1"
FAIL: gcc.dg/struct/wo_prof_double_malloc.c (internal compiler error)
FAIL: gcc.dg/struct/wo_prof_double_malloc.c (test for excess errors)
UNRESOLVED: gcc.dg/struct/wo_prof_double_malloc.c compilation failed to produce executable
FAIL: gcc.dg/tree-ssa/ipa-cp-1.c scan-tree-dump-times optimized "very_long_function.clone.0 \\(\\)" 3
FAIL: gcc.target/i386/ms_hook_prologue.c (test for excess errors)
UNRESOLVED: gcc.target/i386/ms_hook_prologue.c compilation failed to produce executable
=== gcc Summary for unix/-m32/-fpic ===
# of expected passes 58860
# of unexpected failures 10
# of unexpected successes 6
# of expected failures 231
# of unresolved testcases 8
# of unsupported tests 1097
Running target unix/-m32
XPASS: gcc.dg/Warray-bounds.c (test for warnings, line 59)
XPASS: gcc.dg/Warray-bounds.c (test for warnings, line 65)
XPASS: gcc.dg/Wunreachable-8.c (test for bogus messages, line 7)
FAIL: gcc.dg/pr34668-1.c (internal compiler error)
FAIL: gcc.dg/pr34668-1.c (test for excess errors)
XPASS: gcc.dg/guality/example.c -O0 execution test
XPASS: gcc.dg/guality/pr41353-1.c -O0 line 28 j == 28 + 37
FAIL: gcc.dg/guality/pr41447-1.c -O0 (test for excess errors)
UNRESOLVED: gcc.dg/guality/pr41447-1.c -O0 compilation failed to produce executable
FAIL: gcc.dg/guality/pr41447-1.c -O1 (test for excess errors)
UNRESOLVED: gcc.dg/guality/pr41447-1.c -O1 compilation failed to produce executable
FAIL: gcc.dg/guality/pr41447-1.c -O2 (test for excess errors)
UNRESOLVED: gcc.dg/guality/pr41447-1.c -O2 compilation failed to produce executable
FAIL: gcc.dg/guality/pr41447-1.c -O3 -fomit-frame-pointer (test for excess errors)
UNRESOLVED: gcc.dg/guality/pr41447-1.c -O3 -fomit-frame-pointer compilation failed to produce executable
FAIL: gcc.dg/guality/pr41447-1.c -O3 -g (test for excess errors)
UNRESOLVED: gcc.dg/guality/pr41447-1.c -O3 -g compilation failed to produce executable
FAIL: gcc.dg/guality/pr41447-1.c -Os (test for excess errors)
UNRESOLVED: gcc.dg/guality/pr41447-1.c -Os compilation failed to produce executable
XPASS: gcc.dg/struct/wo_prof_array_through_pointer.c scan-ipa-dump ipa_struct_reorg "Number of structures to transform is 1"
FAIL: gcc.dg/struct/wo_prof_double_malloc.c (internal compiler error)
FAIL: gcc.dg/struct/wo_prof_double_malloc.c (test for excess errors)
UNRESOLVED: gcc.dg/struct/wo_prof_double_malloc.c compilation failed to produce executable
FAIL: gcc.target/i386/ms_hook_prologue.c (test for excess errors)
UNRESOLVED: gcc.target/i386/ms_hook_prologue.c compilation failed to produce executable
=== gcc Summary for unix/-m32 ===
# of expected passes 58998
# of unexpected failures 11
# of unexpected successes 6
# of expected failures 231
# of unresolved testcases 8
# of unsupported tests 1048
Running target unix/-fPIC
XPASS: gcc.dg/Warray-bounds.c (test for warnings, line 59)
XPASS: gcc.dg/Warray-bounds.c (test for warnings, line 65)
XPASS: gcc.dg/Wunreachable-8.c (test for bogus messages, line 7)
XPASS: gcc.dg/guality/example.c -O0 execution test
XPASS: gcc.dg/guality/guality.c -O0 execution test
XPASS: gcc.dg/guality/guality.c -O1 execution test
XPASS: gcc.dg/guality/guality.c -O2 execution test
XPASS: gcc.dg/guality/guality.c -O3 -fomit-frame-pointer execution test
XPASS: gcc.dg/guality/guality.c -O3 -g execution test
XPASS: gcc.dg/guality/guality.c -Os execution test
XPASS: gcc.dg/guality/pr41353-1.c -O0 line 28 j == 28 + 37
FAIL: gcc.dg/guality/pr41447-1.c -O0 (test for excess errors)
UNRESOLVED: gcc.dg/guality/pr41447-1.c -O0 compilation failed to produce executable
FAIL: gcc.dg/guality/pr41447-1.c -O1 (test for excess errors)
UNRESOLVED: gcc.dg/guality/pr41447-1.c -O1 compilation failed to produce executable
FAIL: gcc.dg/guality/pr41447-1.c -O2 (test for excess errors)
UNRESOLVED: gcc.dg/guality/pr41447-1.c -O2 compilation failed to produce executable
FAIL: gcc.dg/guality/pr41447-1.c -O3 -fomit-frame-pointer (test for excess errors)
UNRESOLVED: gcc.dg/guality/pr41447-1.c -O3 -fomit-frame-pointer compilation failed to produce executable
FAIL: gcc.dg/guality/pr41447-1.c -O3 -g (test for excess errors)
UNRESOLVED: gcc.dg/guality/pr41447-1.c -O3 -g compilation failed to produce executable
FAIL: gcc.dg/guality/pr41447-1.c -Os (test for excess errors)
UNRESOLVED: gcc.dg/guality/pr41447-1.c -Os compilation failed to produce executable
XPASS: gcc.dg/struct/wo_prof_array_through_pointer.c scan-ipa-dump ipa_struct_reorg "Number of structures to transform is 1"
FAIL: gcc.dg/struct/wo_prof_double_malloc.c (internal compiler error)
FAIL: gcc.dg/struct/wo_prof_double_malloc.c (test for excess errors)
UNRESOLVED: gcc.dg/struct/wo_prof_double_malloc.c compilation failed to produce executable
FAIL: gcc.dg/tree-ssa/ipa-cp-1.c scan-tree-dump-times optimized "very_long_function.clone.0 \\(\\)" 3
=== gcc Summary for unix/-fPIC ===
# of expected passes 58449
# of unexpected failures 9
# of unexpected successes 12
# of expected failures 226
# of unresolved testcases 7
# of unsupported tests 1388
Running target unix/-fpic
XPASS: gcc.dg/Warray-bounds.c (test for warnings, line 59)
XPASS: gcc.dg/Warray-bounds.c (test for warnings, line 65)
XPASS: gcc.dg/Wunreachable-8.c (test for bogus messages, line 7)
XPASS: gcc.dg/guality/example.c -O0 execution test
XPASS: gcc.dg/guality/guality.c -O0 execution test
XPASS: gcc.dg/guality/guality.c -O1 execution test
XPASS: gcc.dg/guality/guality.c -O2 execution test
XPASS: gcc.dg/guality/guality.c -O3 -fomit-frame-pointer execution test
XPASS: gcc.dg/guality/guality.c -O3 -g execution test
XPASS: gcc.dg/guality/guality.c -Os execution test
XPASS: gcc.dg/guality/pr41353-1.c -O0 line 28 j == 28 + 37
FAIL: gcc.dg/guality/pr41447-1.c -O0 (test for excess errors)
UNRESOLVED: gcc.dg/guality/pr41447-1.c -O0 compilation failed to produce executable
FAIL: gcc.dg/guality/pr41447-1.c -O1 (test for excess errors)
UNRESOLVED: gcc.dg/guality/pr41447-1.c -O1 compilation failed to produce executable
FAIL: gcc.dg/guality/pr41447-1.c -O2 (test for excess errors)
UNRESOLVED: gcc.dg/guality/pr41447-1.c -O2 compilation failed to produce executable
FAIL: gcc.dg/guality/pr41447-1.c -O3 -fomit-frame-pointer (test for excess errors)
UNRESOLVED: gcc.dg/guality/pr41447-1.c -O3 -fomit-frame-pointer compilation failed to produce executable
FAIL: gcc.dg/guality/pr41447-1.c -O3 -g (test for excess errors)
UNRESOLVED: gcc.dg/guality/pr41447-1.c -O3 -g compilation failed to produce executable
FAIL: gcc.dg/guality/pr41447-1.c -Os (test for excess errors)
UNRESOLVED: gcc.dg/guality/pr41447-1.c -Os compilation failed to produce executable
XPASS: gcc.dg/struct/wo_prof_array_through_pointer.c scan-ipa-dump ipa_struct_reorg "Number of structures to transform is 1"
FAIL: gcc.dg/struct/wo_prof_double_malloc.c (internal compiler error)
FAIL: gcc.dg/struct/wo_prof_double_malloc.c (test for excess errors)
UNRESOLVED: gcc.dg/struct/wo_prof_double_malloc.c compilation failed to produce executable
FAIL: gcc.dg/tree-ssa/ipa-cp-1.c scan-tree-dump-times optimized "very_long_function.clone.0 \\(\\)" 3
=== gcc Summary for unix/-fpic ===
# of expected passes 58449
# of unexpected failures 9
# of unexpected successes 12
# of expected failures 226
# of unresolved testcases 7
# of unsupported tests 1388
Running target unix
XPASS: gcc.dg/Warray-bounds.c (test for warnings, line 59)
XPASS: gcc.dg/Warray-bounds.c (test for warnings, line 65)
XPASS: gcc.dg/Wunreachable-8.c (test for bogus messages, line 7)
FAIL: gcc.dg/pr34668-1.c (internal compiler error)
FAIL: gcc.dg/pr34668-1.c (test for excess errors)
XPASS: gcc.dg/guality/example.c -O0 execution test
XPASS: gcc.dg/guality/example.c -O1 execution test
XPASS: gcc.dg/guality/example.c -O2 execution test
XPASS: gcc.dg/guality/guality.c -O0 execution test
XPASS: gcc.dg/guality/guality.c -O1 execution test
XPASS: gcc.dg/guality/guality.c -O2 execution test
XPASS: gcc.dg/guality/guality.c -O3 -fomit-frame-pointer execution test
XPASS: gcc.dg/guality/guality.c -O3 -g execution test
XPASS: gcc.dg/guality/guality.c -Os execution test
XPASS: gcc.dg/guality/pr41353-1.c -O0 line 28 j == 28 + 37
FAIL: gcc.dg/guality/pr41447-1.c -O0 (test for excess errors)
UNRESOLVED: gcc.dg/guality/pr41447-1.c -O0 compilation failed to produce executable
FAIL: gcc.dg/guality/pr41447-1.c -O1 (test for excess errors)
UNRESOLVED: gcc.dg/guality/pr41447-1.c -O1 compilation failed to produce executable
FAIL: gcc.dg/guality/pr41447-1.c -O2 (test for excess errors)
UNRESOLVED: gcc.dg/guality/pr41447-1.c -O2 compilation failed to produce executable
FAIL: gcc.dg/guality/pr41447-1.c -O3 -fomit-frame-pointer (test for excess errors)
UNRESOLVED: gcc.dg/guality/pr41447-1.c -O3 -fomit-frame-pointer compilation failed to produce executable
FAIL: gcc.dg/guality/pr41447-1.c -O3 -g (test for excess errors)
UNRESOLVED: gcc.dg/guality/pr41447-1.c -O3 -g compilation failed to produce executable
FAIL: gcc.dg/guality/pr41447-1.c -Os (test for excess errors)
UNRESOLVED: gcc.dg/guality/pr41447-1.c -Os compilation failed to produce executable
XPASS: gcc.dg/struct/wo_prof_array_through_pointer.c scan-ipa-dump ipa_struct_reorg "Number of structures to transform is 1"
FAIL: gcc.dg/struct/wo_prof_double_malloc.c (internal compiler error)
FAIL: gcc.dg/struct/wo_prof_double_malloc.c (test for excess errors)
UNRESOLVED: gcc.dg/struct/wo_prof_double_malloc.c compilation failed to produce executable
=== gcc Summary for unix ===
# of expected passes 58557
# of unexpected failures 10
# of unexpected successes 14
# of expected failures 224
# of unresolved testcases 7
# of unsupported tests 1357
=== gcc Summary ===
# of expected passes 352173
# of unexpected failures 59
# of unexpected successes 56
# of expected failures 1369
# of unresolved testcases 45
# of unsupported tests 7375
/home/ghazi/gcc-testing/45/build/gcc/xgcc version 4.5.0 20091012 (experimental) [trunk revision 152691] (GCC)
=== gfortran tests ===
Running target unix/-m32/-fPIC
=== gfortran Summary for unix/-m32/-fPIC ===
# of expected passes 32656
# of expected failures 30
# of unsupported tests 119
Running target unix/-m32/-fpic
=== gfortran Summary for unix/-m32/-fpic ===
# of expected passes 32656
# of expected failures 30
# of unsupported tests 119
Running target unix/-m32
=== gfortran Summary for unix/-m32 ===
# of expected passes 32656
# of expected failures 30
# of unsupported tests 119
Running target unix/-fPIC
=== gfortran Summary for unix/-fPIC ===
# of expected passes 32785
# of expected failures 30
# of unsupported tests 59
Running target unix/-fpic
=== gfortran Summary for unix/-fpic ===
# of expected passes 32785
# of expected failures 30
# of unsupported tests 59
Running target unix
=== gfortran Summary for unix ===
# of expected passes 32785
# of expected failures 30
# of unsupported tests 59
=== gfortran Summary ===
# of expected passes 196323
# of expected failures 180
# of unsupported tests 534
/home/ghazi/gcc-testing/45/build/gcc/testsuite/gfortran/../../gfortran version 4.5.0 20091012 (experimental) [trunk revision 152691] (GCC)
=== obj-c++ tests ===
Running target unix/-m32/-fPIC
UNRESOLVED: obj-c++.dg/lookup-2.mm compilation failed to produce executable
UNRESOLVED: obj-c++.dg/try-catch-2.mm compilation failed to produce executable
UNRESOLVED: obj-c++.dg/try-catch-9.mm compilation failed to produce executable
=== obj-c++ Summary for unix/-m32/-fPIC ===
# of expected passes 438
# of expected failures 10
# of unresolved testcases 3
# of unsupported tests 13
Running target unix/-m32/-fpic
UNRESOLVED: obj-c++.dg/lookup-2.mm compilation failed to produce executable
UNRESOLVED: obj-c++.dg/try-catch-2.mm compilation failed to produce executable
UNRESOLVED: obj-c++.dg/try-catch-9.mm compilation failed to produce executable
=== obj-c++ Summary for unix/-m32/-fpic ===
# of expected passes 438
# of expected failures 10
# of unresolved testcases 3
# of unsupported tests 13
Running target unix/-m32
UNRESOLVED: obj-c++.dg/lookup-2.mm compilation failed to produce executable
UNRESOLVED: obj-c++.dg/try-catch-2.mm compilation failed to produce executable
UNRESOLVED: obj-c++.dg/try-catch-9.mm compilation failed to produce executable
=== obj-c++ Summary for unix/-m32 ===
# of expected passes 438
# of expected failures 10
# of unresolved testcases 3
# of unsupported tests 13
Running target unix/-fPIC
UNRESOLVED: obj-c++.dg/lookup-2.mm compilation failed to produce executable
UNRESOLVED: obj-c++.dg/try-catch-2.mm compilation failed to produce executable
UNRESOLVED: obj-c++.dg/try-catch-9.mm compilation failed to produce executable
=== obj-c++ Summary for unix/-fPIC ===
# of expected passes 427
# of expected failures 21
# of unresolved testcases 3
# of unsupported tests 13
Running target unix/-fpic
UNRESOLVED: obj-c++.dg/lookup-2.mm compilation failed to produce executable
UNRESOLVED: obj-c++.dg/try-catch-2.mm compilation failed to produce executable
UNRESOLVED: obj-c++.dg/try-catch-9.mm compilation failed to produce executable
=== obj-c++ Summary for unix/-fpic ===
# of expected passes 427
# of expected failures 21
# of unresolved testcases 3
# of unsupported tests 13
Running target unix
UNRESOLVED: obj-c++.dg/lookup-2.mm compilation failed to produce executable
UNRESOLVED: obj-c++.dg/try-catch-2.mm compilation failed to produce executable
UNRESOLVED: obj-c++.dg/try-catch-9.mm compilation failed to produce executable
=== obj-c++ Summary for unix ===
# of expected passes 427
# of expected failures 21
# of unresolved testcases 3
# of unsupported tests 13
=== obj-c++ Summary ===
# of expected passes 2595
# of expected failures 93
# of unresolved testcases 18
# of unsupported tests 78
/home/ghazi/gcc-testing/45/build/gcc/testsuite/obj-c++/../../g++ version 4.5.0 20091012 (experimental) [trunk revision 152691] (GCC)
=== objc tests ===
Running target unix/-m32/-fPIC
=== objc Summary for unix/-m32/-fPIC ===
# of expected passes 1875
# of expected failures 7
# of unsupported tests 24
Running target unix/-m32/-fpic
=== objc Summary for unix/-m32/-fpic ===
# of expected passes 1875
# of expected failures 7
# of unsupported tests 24
Running target unix/-m32
=== objc Summary for unix/-m32 ===
# of expected passes 1875
# of expected failures 7
# of unsupported tests 24
Running target unix/-fPIC
=== objc Summary for unix/-fPIC ===
# of expected passes 1867
# of expected failures 15
# of unsupported tests 24
Running target unix/-fpic
=== objc Summary for unix/-fpic ===
# of expected passes 1867
# of expected failures 15
# of unsupported tests 24
Running target unix
=== objc Summary for unix ===
# of expected passes 1867
# of expected failures 15
# of unsupported tests 24
=== objc Summary ===
# of expected passes 11226
# of expected failures 66
# of unsupported tests 144
/home/ghazi/gcc-testing/45/build/gcc/xgcc version 4.5.0 20091012 (experimental) [trunk revision 152691] (GCC)
=== libffi tests ===
Running target unix/-m32/-fPIC
XPASS: libffi.call/cls_dbls_struct.c -O0 -W -Wall output pattern test, 1.0 2.0?
XPASS: libffi.call/cls_dbls_struct.c -O2 output pattern test, 1.0 2.0?
XPASS: libffi.call/cls_dbls_struct.c -O3 output pattern test, 1.0 2.0?
XPASS: libffi.call/cls_dbls_struct.c -Os output pattern test, 1.0 2.0?
XPASS: libffi.call/cls_dbls_struct.c -O2 -fomit-frame-pointer output pattern test, 1.0 2.0?
=== libffi Summary for unix/-m32/-fPIC ===
# of expected passes 1584
# of unexpected successes 5
# of expected failures 15
# of unsupported tests 15
Running target unix/-m32/-fpic
XPASS: libffi.call/cls_dbls_struct.c -O0 -W -Wall output pattern test, 1.0 2.0?
XPASS: libffi.call/cls_dbls_struct.c -O2 output pattern test, 1.0 2.0?
XPASS: libffi.call/cls_dbls_struct.c -O3 output pattern test, 1.0 2.0?
XPASS: libffi.call/cls_dbls_struct.c -Os output pattern test, 1.0 2.0?
XPASS: libffi.call/cls_dbls_struct.c -O2 -fomit-frame-pointer output pattern test, 1.0 2.0?
=== libffi Summary for unix/-m32/-fpic ===
# of expected passes 1584
# of unexpected successes 5
# of expected failures 15
# of unsupported tests 15
Running target unix/-m32
XPASS: libffi.call/cls_dbls_struct.c -O0 -W -Wall output pattern test, 1.0 2.0?
XPASS: libffi.call/cls_dbls_struct.c -O2 output pattern test, 1.0 2.0?
XPASS: libffi.call/cls_dbls_struct.c -O3 output pattern test, 1.0 2.0?
XPASS: libffi.call/cls_dbls_struct.c -Os output pattern test, 1.0 2.0?
XPASS: libffi.call/cls_dbls_struct.c -O2 -fomit-frame-pointer output pattern test, 1.0 2.0?
=== libffi Summary for unix/-m32 ===
# of expected passes 1584
# of unexpected successes 5
# of expected failures 15
# of unsupported tests 15
Running target unix/-fPIC
=== libffi Summary for unix/-fPIC ===
# of expected passes 1584
# of expected failures 20
# of unsupported tests 15
Running target unix/-fpic
=== libffi Summary for unix/-fpic ===
# of expected passes 1584
# of expected failures 20
# of unsupported tests 15
Running target unix
=== libffi Summary for unix ===
# of expected passes 1584
# of expected failures 20
# of unsupported tests 15
=== libffi Summary ===
# of expected passes 9504
# of unexpected successes 15
# of expected failures 105
# of unsupported tests 90
=== libgomp tests ===
Running target unix/-m32/-fPIC
=== libgomp Summary for unix/-m32/-fPIC ===
# of expected passes 2408
Running target unix/-m32/-fpic
=== libgomp Summary for unix/-m32/-fpic ===
# of expected passes 2408
Running target unix/-m32
=== libgomp Summary for unix/-m32 ===
# of expected passes 2408
Running target unix/-fPIC
=== libgomp Summary for unix/-fPIC ===
# of expected passes 2408
Running target unix/-fpic
=== libgomp Summary for unix/-fpic ===
# of expected passes 2408
Running target unix
=== libgomp Summary for unix ===
# of expected passes 2408
=== libgomp Summary ===
# of expected passes 14448
=== libjava tests ===
Running target unix/-m32/-fPIC
=== libjava Summary for unix/-m32/-fPIC ===
# of expected passes 2574
Running target unix/-m32/-fpic
=== libjava Summary for unix/-m32/-fpic ===
# of expected passes 2574
Running target unix/-m32
=== libjava Summary for unix/-m32 ===
# of expected passes 2574
Running target unix/-fPIC
=== libjava Summary for unix/-fPIC ===
# of expected passes 2574
Running target unix/-fpic
=== libjava Summary for unix/-fpic ===
# of expected passes 2574
Running target unix
=== libjava Summary for unix ===
# of expected passes 2574
=== libjava Summary ===
# of expected passes 15444
=== libmudflap tests ===
Running target unix/-m32/-fPIC
FAIL: libmudflap.c++/pass41-frag.cxx execution test
FAIL: libmudflap.c++/pass41-frag.cxx (-static) execution test
FAIL: libmudflap.c++/pass41-frag.cxx ( -O) execution test
FAIL: libmudflap.c++/pass41-frag.cxx (-O2) execution test
FAIL: libmudflap.c++/pass41-frag.cxx (-O3) execution test
=== libmudflap Summary for unix/-m32/-fPIC ===
# of expected passes 1889
# of unexpected failures 5
Running target unix/-m32/-fpic
FAIL: libmudflap.c++/pass41-frag.cxx execution test
FAIL: libmudflap.c++/pass41-frag.cxx (-static) execution test
FAIL: libmudflap.c++/pass41-frag.cxx ( -O) execution test
FAIL: libmudflap.c++/pass41-frag.cxx (-O2) execution test
FAIL: libmudflap.c++/pass41-frag.cxx (-O3) execution test
=== libmudflap Summary for unix/-m32/-fpic ===
# of expected passes 1889
# of unexpected failures 5
Running target unix/-m32
FAIL: libmudflap.c/fail31-frag.c (-O3) output pattern test
FAIL: libmudflap.c/pass45-frag.c (-O3) execution test
FAIL: libmudflap.c/pass45-frag.c (-O3) output pattern test
FAIL: libmudflap.c/pass45-frag.c (-O3) execution test
FAIL: libmudflap.c/pass45-frag.c (-O3) output pattern test
FAIL: libmudflap.c++/pass41-frag.cxx execution test
FAIL: libmudflap.c++/pass41-frag.cxx (-static) execution test
FAIL: libmudflap.c++/pass41-frag.cxx ( -O) execution test
FAIL: libmudflap.c++/pass41-frag.cxx (-O2) execution test
FAIL: libmudflap.c++/pass41-frag.cxx (-O3) execution test
=== libmudflap Summary for unix/-m32 ===
# of expected passes 1884
# of unexpected failures 10
Running target unix/-fPIC
FAIL: libmudflap.c++/pass41-frag.cxx execution test
FAIL: libmudflap.c++/pass41-frag.cxx (-static) execution test
FAIL: libmudflap.c++/pass41-frag.cxx ( -O) execution test
FAIL: libmudflap.c++/pass41-frag.cxx (-O2) execution test
FAIL: libmudflap.c++/pass41-frag.cxx (-O3) execution test
=== libmudflap Summary for unix/-fPIC ===
# of expected passes 1889
# of unexpected failures 5
Running target unix/-fpic
FAIL: libmudflap.c++/pass41-frag.cxx execution test
FAIL: libmudflap.c++/pass41-frag.cxx (-static) execution test
FAIL: libmudflap.c++/pass41-frag.cxx ( -O) execution test
FAIL: libmudflap.c++/pass41-frag.cxx (-O2) execution test
FAIL: libmudflap.c++/pass41-frag.cxx (-O3) execution test
=== libmudflap Summary for unix/-fpic ===
# of expected passes 1889
# of unexpected failures 5
Running target unix
FAIL: libmudflap.c/fail31-frag.c (-O3) output pattern test
FAIL: libmudflap.c/pass45-frag.c (-O3) execution test
FAIL: libmudflap.c/pass45-frag.c (-O3) output pattern test
FAIL: libmudflap.c/pass45-frag.c (-O3) execution test
FAIL: libmudflap.c/pass45-frag.c (-O3) output pattern test
FAIL: libmudflap.c++/pass41-frag.cxx execution test
FAIL: libmudflap.c++/pass41-frag.cxx (-static) execution test
FAIL: libmudflap.c++/pass41-frag.cxx ( -O) execution test
FAIL: libmudflap.c++/pass41-frag.cxx (-O2) execution test
FAIL: libmudflap.c++/pass41-frag.cxx (-O3) execution test
=== libmudflap Summary for unix ===
# of expected passes 1884
# of unexpected failures 10
=== libmudflap Summary ===
# of expected passes 11324
# of unexpected failures 40
=== libstdc++ tests ===
Running target unix/-m32/-fPIC
FAIL: 22_locale/time_get/get_date/wchar_t/4.cc execution test
XPASS: 26_numerics/headers/cmath/c99_classification_macros_c.cc (test for excess errors)
=== libstdc++ Summary for unix/-m32/-fPIC ===
# of expected passes 7110
# of unexpected failures 1
# of unexpected successes 1
# of expected failures 89
# of unsupported tests 83
Running target unix/-m32/-fpic
FAIL: 22_locale/time_get/get_date/wchar_t/4.cc execution test
XPASS: 26_numerics/headers/cmath/c99_classification_macros_c.cc (test for excess errors)
=== libstdc++ Summary for unix/-m32/-fpic ===
# of expected passes 7110
# of unexpected failures 1
# of unexpected successes 1
# of expected failures 89
# of unsupported tests 83
Running target unix/-m32
FAIL: 22_locale/time_get/get_date/wchar_t/4.cc execution test
XPASS: 26_numerics/headers/cmath/c99_classification_macros_c.cc (test for excess errors)
=== libstdc++ Summary for unix/-m32 ===
# of expected passes 7110
# of unexpected failures 1
# of unexpected successes 1
# of expected failures 89
# of unsupported tests 83
Running target unix/-fPIC
FAIL: 22_locale/time_get/get_date/wchar_t/4.cc execution test
XPASS: 26_numerics/headers/cmath/c99_classification_macros_c.cc (test for excess errors)
=== libstdc++ Summary for unix/-fPIC ===
# of expected passes 7255
# of unexpected failures 1
# of unexpected successes 1
# of expected failures 91
# of unsupported tests 13
Running target unix/-fpic
FAIL: 22_locale/time_get/get_date/wchar_t/4.cc execution test
XPASS: 26_numerics/headers/cmath/c99_classification_macros_c.cc (test for excess errors)
=== libstdc++ Summary for unix/-fpic ===
# of expected passes 7255
# of unexpected failures 1
# of unexpected successes 1
# of expected failures 91
# of unsupported tests 13
Running target unix
FAIL: 22_locale/time_get/get_date/wchar_t/4.cc execution test
XPASS: 26_numerics/headers/cmath/c99_classification_macros_c.cc (test for excess errors)
=== libstdc++ Summary for unix ===
# of expected passes 7255
# of unexpected failures 1
# of unexpected successes 1
# of expected failures 91
# of unsupported tests 13
=== libstdc++ Summary ===
# of expected passes 43095
# of unexpected failures 6
# of unexpected successes 6
# of expected failures 540
# of unsupported tests 288
Compiler version: 4.5.0 20091012 (experimental) [trunk revision 152691] (GCC)
Platform: x86_64-unknown-linux-gnu
configure flags: --enable-languages=c,c++,objc,f95,obj-c++,java --with-mpfr=/opt/cfarm/mpfr-2.4.1 --with-gmp=/opt/cfarm/gmp-4.2.4