This is the mail archive of the
gcc-testresults@gcc.gnu.org
mailing list for the GCC project.
Results for 4.5.0 20091010 (experimental) [trunk revision 152615] (Debian 20091010-1) testsuite on sparc-unknown-linux-gnu
- From: Matthias Klose <doko at debian dot org>
- To: gcc-testresults at gcc dot gnu dot org
- Cc: debian-gcc at lists dot debian dot org
- Date: Mon, 12 Oct 2009 17:54:15 +0000
- Subject: Results for 4.5.0 20091010 (experimental) [trunk revision 152615] (Debian 20091010-1) testsuite on sparc-unknown-linux-gnu
- Reply-to: Matthias Klose <doko at debian dot org>
LAST_UPDATED: Sat Oct 10 08:37:00 UTC 2009 (revision 152615)
Target: sparc-linux-gnu
gcc version 4.5.0 20091010 (experimental) [trunk revision 152615] (Debian 20091010-1)
=== acats tests ===
FAIL: a87b59a
FAIL: c32111a
FAIL: c32111b
FAIL: c32112b
FAIL: c32113a
FAIL: c32115a
FAIL: c32115b
FAIL: c330001
FAIL: c330002
FAIL: c34001c
FAIL: c34001f
FAIL: c34002c
FAIL: c34003c
FAIL: c34005c
FAIL: c34005f
FAIL: c34005i
FAIL: c34005l
FAIL: c34005o
FAIL: c34005r
FAIL: c34005u
FAIL: c34006f
FAIL: c34006l
FAIL: c34007a
FAIL: c34007d
FAIL: c34007f
FAIL: c34007g
FAIL: c34007i
FAIL: c34007j
FAIL: c34007m
FAIL: c34007p
FAIL: c34007r
FAIL: c34007s
FAIL: c34007u
FAIL: c34009f
FAIL: c34009l
FAIL: c34011b
FAIL: c34018a
FAIL: c35003a
FAIL: c35003b
FAIL: c35003d
FAIL: c354002
FAIL: c354003
FAIL: c35502c
FAIL: c35502e
FAIL: c35502k
FAIL: c35502l
FAIL: c35502m
FAIL: c35502n
FAIL: c35503c
FAIL: c35503e
FAIL: c35505c
FAIL: c35505e
FAIL: c35505f
FAIL: c35507c
FAIL: c35507e
FAIL: c35507k
FAIL: c35507l
FAIL: c35507m
FAIL: c35507n
FAIL: c35508c
FAIL: c35508e
FAIL: c35508g
FAIL: c35508h
FAIL: c35508k
FAIL: c35508l
FAIL: c35904a
FAIL: c35904b
FAIL: c36104a
FAIL: c36104b
FAIL: c36172a
FAIL: c36172b
FAIL: c36204c
FAIL: c36301a
FAIL: c36305a
FAIL: c37005a
FAIL: c37008a
FAIL: c371001
FAIL: c371002
FAIL: c371003
FAIL: c37108b
FAIL: c37207a
FAIL: c37208a
FAIL: c37208b
FAIL: c37209b
FAIL: c37211a
FAIL: c37211b
FAIL: c37211c
FAIL: c37211d
FAIL: c37211e
FAIL: c37213b
FAIL: c37213d
FAIL: c37213f
FAIL: c37213h
FAIL: c37213j
FAIL: c37213k
FAIL: c37213l
FAIL: c37215b
FAIL: c37215d
FAIL: c37215f
FAIL: c37215h
FAIL: c37217a
FAIL: c37217b
FAIL: c37217c
FAIL: c380001
FAIL: c380003
FAIL: c380004
FAIL: c38002a
FAIL: c38002b
FAIL: c38107a
FAIL: c38107b
FAIL: c38202a
FAIL: c390002
FAIL: c390010
FAIL: c39006a
FAIL: c39006b
FAIL: c39006c
FAIL: c39006d
FAIL: c39006g
FAIL: c39007a
FAIL: c39007b
FAIL: c39008a
FAIL: c39008b
FAIL: c39008c
FAIL: c391001
FAIL: c393a06
FAIL: c3a0014
FAIL: c3a2002
FAIL: c3a2003
FAIL: c3a2a01
FAIL: c3a2a02
FAIL: c410001
FAIL: c41104a
FAIL: c41105a
FAIL: c41204a
FAIL: c41205a
FAIL: c41304a
FAIL: c41304b
FAIL: c41401a
FAIL: c420001
FAIL: c42006a
FAIL: c43004a
FAIL: c43004c
FAIL: c43104a
FAIL: c432002
FAIL: c432003
FAIL: c43206a
FAIL: c43207b
FAIL: c43211a
FAIL: c43212a
FAIL: c43212c
FAIL: c43214a
FAIL: c43215a
FAIL: c43215b
FAIL: c433001
FAIL: c45113a
FAIL: c45304a
FAIL: c45304b
FAIL: c45304c
FAIL: c45504a
FAIL: c45504b
FAIL: c45504c
FAIL: c45504d
FAIL: c45504e
FAIL: c45504f
FAIL: c45534b
FAIL: c45613a
FAIL: c45613b
FAIL: c45613c
FAIL: c45614a
FAIL: c45614b
FAIL: c45614c
FAIL: c45632a
FAIL: c45632b
FAIL: c45632c
FAIL: c460001
FAIL: c460002
FAIL: c460004
FAIL: c460005
FAIL: c460008
FAIL: c460009
FAIL: c460011
FAIL: c460012
FAIL: c46014a
FAIL: c46043b
FAIL: c46044b
FAIL: c46052a
FAIL: c46053a
FAIL: c46054a
FAIL: c460a01
FAIL: c460a02
FAIL: c47003a
FAIL: c47004a
FAIL: c47005a
FAIL: c47006a
FAIL: c47007a
FAIL: c47008a
FAIL: c47009a
FAIL: c48006b
FAIL: c48007a
FAIL: c48007b
FAIL: c48007c
FAIL: c48008a
FAIL: c48008c
FAIL: c48009a
FAIL: c48009b
FAIL: c48009c
FAIL: c48009d
FAIL: c48009e
FAIL: c48009f
FAIL: c48009g
FAIL: c48009h
FAIL: c48009i
FAIL: c48009j
FAIL: c4a005b
FAIL: c4a006a
FAIL: c52005a
FAIL: c52005b
FAIL: c52005c
FAIL: c52005d
FAIL: c52005e
FAIL: c52005f
FAIL: c52008a
FAIL: c52008b
FAIL: c52009a
FAIL: c52009b
FAIL: c52011a
FAIL: c52011b
FAIL: c52101a
FAIL: c52104a
FAIL: c52104b
FAIL: c52104c
FAIL: c52104f
FAIL: c52104g
FAIL: c52104h
FAIL: c52104k
FAIL: c52104l
FAIL: c52104m
FAIL: c52104p
FAIL: c52104q
FAIL: c52104r
FAIL: c55b15a
FAIL: c58005a
FAIL: c58005b
FAIL: c58005h
FAIL: c58006a
FAIL: c58006b
FAIL: c59002a
FAIL: c61008a
FAIL: c62003a
FAIL: c62003b
FAIL: c641001
FAIL: c64103b
FAIL: c64103c
FAIL: c64103d
FAIL: c64103e
FAIL: c64103f
FAIL: c64104a
FAIL: c64104b
FAIL: c64104c
FAIL: c64104d
FAIL: c64104e
FAIL: c64104f
FAIL: c64104g
FAIL: c64104h
FAIL: c64104i
FAIL: c64104j
FAIL: c64104k
FAIL: c64104l
FAIL: c64104m
FAIL: c64104n
FAIL: c64104o
FAIL: c64106a
FAIL: c64106b
FAIL: c64106c
FAIL: c64201b
FAIL: c650001
FAIL: c65003a
FAIL: c65003b
FAIL: c74004a
FAIL: c760010
FAIL: c761002
FAIL: c761004
FAIL: c761006
FAIL: c761007
FAIL: c761011
FAIL: c761012
FAIL: c83030a
FAIL: c83030c
FAIL: c83e02b
FAIL: c85005g
FAIL: c85009a
FAIL: c85018a
FAIL: c85018b
FAIL: c854002
FAIL: c86003a
FAIL: c87b39a
FAIL: c91004b
FAIL: c91007a
FAIL: c930001
FAIL: c93004a
FAIL: c93004b
FAIL: c93004c
FAIL: c93004d
FAIL: c93004f
FAIL: c93005a
FAIL: c93005b
FAIL: c93005c
FAIL: c93005d
FAIL: c93005e
FAIL: c93005f
FAIL: c93005g
FAIL: c93005h
FAIL: c93007a
FAIL: c940010
FAIL: c940013
FAIL: c940014
FAIL: c940016
FAIL: c94001a
FAIL: c94001b
FAIL: c94001c
FAIL: c94001e
FAIL: c94001f
FAIL: c94002a
FAIL: c94002f
FAIL: c94002g
FAIL: c94007a
FAIL: c94008a
FAIL: c94008b
FAIL: c94008c
FAIL: c94008d
FAIL: c94010a
FAIL: c94011a
FAIL: c94020a
FAIL: c95008a
FAIL: c95021a
FAIL: c95022b
FAIL: c95040a
FAIL: c95040b
FAIL: c95040c
FAIL: c95040d
FAIL: c95065a
FAIL: c95065b
FAIL: c95065c
FAIL: c95065d
FAIL: c95065e
FAIL: c95065f
FAIL: c95072a
FAIL: c95072b
FAIL: c95078a
FAIL: c95085a
FAIL: c95085b
FAIL: c95085c
FAIL: c95085d
FAIL: c95085e
FAIL: c95085f
FAIL: c95085g
FAIL: c95085h
FAIL: c95085i
FAIL: c95085j
FAIL: c95085k
FAIL: c95085l
FAIL: c95085m
FAIL: c95085n
FAIL: c95085o
FAIL: c95087a
FAIL: c95087b
FAIL: c95087c
FAIL: c95095a
FAIL: c95095b
FAIL: c95095c
FAIL: c95095d
FAIL: c953001
FAIL: c954013
FAIL: c954014
FAIL: c954016
FAIL: c954017
FAIL: c954018
FAIL: c954019
FAIL: c954023
FAIL: c954024
FAIL: c954025
FAIL: c954a01
FAIL: c954a02
FAIL: c960004
FAIL: c96004a
FAIL: c96005d
FAIL: c96007a
FAIL: c97117a
FAIL: c97204a
FAIL: c97204b
FAIL: c97304a
FAIL: c97304b
FAIL: c97307a
FAIL: c974001
FAIL: c974002
FAIL: c974003
FAIL: c974004
FAIL: c974005
FAIL: c974006
FAIL: c974008
FAIL: c974009
FAIL: c974010
FAIL: c974011
FAIL: c974012
FAIL: c974013
FAIL: c980001
FAIL: c980002
FAIL: c980003
FAIL: c99004a
FAIL: c99005a
FAIL: c9a007a
FAIL: c9a009a
FAIL: c9a009c
FAIL: c9a009f
FAIL: c9a009g
FAIL: c9a009h
FAIL: c9a010a
FAIL: c9a011a
FAIL: c9a011b
FAIL: ca11001
FAIL: ca11002
FAIL: ca11004
FAIL: ca11012
FAIL: ca11015
FAIL: ca11017
FAIL: ca11d01
FAIL: ca11d02
FAIL: ca11d03
FAIL: ca5006a
FAIL: cb1001a
FAIL: cb1004a
FAIL: cb1005a
FAIL: cb20001
FAIL: cb20003
FAIL: cb20004
FAIL: cb20005
FAIL: cb20006
FAIL: cb20007
FAIL: cb2004a
FAIL: cb2005a
FAIL: cb2006a
FAIL: cb2007a
FAIL: cb20a02
FAIL: cb3003a
FAIL: cb3003b
FAIL: cb3004a
FAIL: cb40005
FAIL: cb4001a
FAIL: cb4002a
FAIL: cb4003a
FAIL: cb4004a
FAIL: cb4005a
FAIL: cb4006a
FAIL: cb4007a
FAIL: cb4008a
FAIL: cb4009a
FAIL: cb4013a
FAIL: cb40a01
FAIL: cb40a02
FAIL: cb40a03
FAIL: cb40a04
FAIL: cb41001
FAIL: cb41002
FAIL: cb41003
FAIL: cb41004
FAIL: cb5001a
FAIL: cb5001b
FAIL: cb5002a
FAIL: cc1004a
FAIL: cc1111a
FAIL: cc1220a
FAIL: cc1221c
FAIL: cc1311b
FAIL: cc3007a
FAIL: cc3017b
FAIL: cc3017c
FAIL: cc3019b
FAIL: cc3019c
FAIL: cc3120a
FAIL: cc3120b
FAIL: cc3125a
FAIL: cc3125b
FAIL: cc3125c
FAIL: cc3125d
FAIL: cc3126a
FAIL: cc3127a
FAIL: cc3128a
FAIL: cc3207b
FAIL: cc3305a
FAIL: cc3305b
FAIL: cc3305c
FAIL: cc3305d
FAIL: cc3602a
FAIL: cc3606b
FAIL: cc70a01
FAIL: cd2a23e
FAIL: cd2b11a
FAIL: cd2b15c
FAIL: cd72a02
FAIL: cdb0a02
FAIL: cdd2001
FAIL: ce2102a
FAIL: ce2102b
FAIL: ce2102c
FAIL: ce2102h
FAIL: ce2102l
FAIL: ce2102m
FAIL: ce2103a
FAIL: ce2103b
FAIL: ce2110a
FAIL: ce2110c
FAIL: ce2202a
FAIL: ce2203a
FAIL: ce2204a
FAIL: ce2204b
FAIL: ce2204c
FAIL: ce2204d
FAIL: ce2205a
FAIL: ce2206a
FAIL: ce2208b
FAIL: ce2402a
FAIL: ce2403a
FAIL: ce2404a
FAIL: ce2404b
FAIL: ce2405b
FAIL: ce2407a
FAIL: ce2407b
FAIL: ce2410a
FAIL: ce2410b
FAIL: ce3102a
FAIL: ce3102b
FAIL: ce3102d
FAIL: ce3102h
FAIL: ce3107a
FAIL: ce3114a
FAIL: ce3115a
FAIL: ce3206a
FAIL: ce3207a
FAIL: ce3302a
FAIL: ce3303a
FAIL: ce3304a
FAIL: ce3306a
FAIL: ce3402a
FAIL: ce3402e
FAIL: ce3403a
FAIL: ce3403d
FAIL: ce3403f
FAIL: ce3404a
FAIL: ce3405c
FAIL: ce3406b
FAIL: ce3406c
FAIL: ce3407b
FAIL: ce3408b
FAIL: ce3409a
FAIL: ce3409b
FAIL: ce3409e
FAIL: ce3410a
FAIL: ce3410b
FAIL: ce3410e
FAIL: ce3413b
FAIL: ce3414a
FAIL: ce3601a
FAIL: ce3602c
FAIL: ce3603a
FAIL: ce3605c
FAIL: ce3701a
FAIL: ce3704b
FAIL: ce3704c
FAIL: ce3704d
FAIL: ce3704e
FAIL: ce3704f
FAIL: ce3704m
FAIL: ce3704n
FAIL: ce3704o
FAIL: ce3705a
FAIL: ce3705b
FAIL: ce3705c
FAIL: ce3705d
FAIL: ce3705e
FAIL: ce3706c
FAIL: ce3706d
FAIL: ce3706f
FAIL: ce3707a
FAIL: ce3708a
FAIL: ce3801a
FAIL: ce3801b
FAIL: ce3804c
FAIL: ce3804d
FAIL: ce3804e
FAIL: ce3804f
FAIL: ce3804g
FAIL: ce3804h
FAIL: ce3804m
FAIL: ce3804o
FAIL: ce3804p
FAIL: ce3805a
FAIL: ce3805b
FAIL: ce3806a
FAIL: ce3806b
FAIL: ce3806c
FAIL: ce3806e
FAIL: ce3806f
FAIL: ce3806h
FAIL: ce3809a
FAIL: ce3809b
FAIL: ce3810a
FAIL: ce3810b
FAIL: ce3901a
FAIL: ce3904a
FAIL: ce3904b
FAIL: ce3905b
FAIL: ce3905c
FAIL: ce3905l
FAIL: ce3906b
FAIL: ce3906d
FAIL: ce3906e
FAIL: ce3907a
FAIL: ce3908a
FAIL: cxa4001
FAIL: cxa4004
FAIL: cxa4005
FAIL: cxa4008
FAIL: cxa4009
FAIL: cxa4012
FAIL: cxa4015
FAIL: cxa4016
FAIL: cxa4019
FAIL: cxa4020
FAIL: cxa4026
FAIL: cxa4027
FAIL: cxa4030
FAIL: cxa4032
FAIL: cxa4034
FAIL: cxa5012
FAIL: cxa5a01
FAIL: cxa5a02
FAIL: cxa5a03
FAIL: cxa5a04
FAIL: cxa5a05
FAIL: cxa5a06
FAIL: cxa5a07
FAIL: cxa5a08
FAIL: cxa5a09
FAIL: cxa5a10
FAIL: cxa8001
FAIL: cxa8003
FAIL: cxaa012
FAIL: cxaa013
FAIL: cxaa014
FAIL: cxaa015
FAIL: cxaa017
FAIL: cxaa018
FAIL: cxac003
FAIL: cxaf001
FAIL: cxb3004
FAIL: cxb3005
FAIL: cxb3007
FAIL: cxb3009
FAIL: cxb3010
FAIL: cxb3011
FAIL: cxb3012
FAIL: cxb3014
FAIL: cxb3015
FAIL: cxb3016
FAIL: cxb4002
FAIL: cxb4004
FAIL: cxb4006
FAIL: cxb4007
FAIL: cxb4008
FAIL: cxb5003
FAIL: cxf2001
FAIL: cxf3004
FAIL: cxf3a01
FAIL: cxf3a02
FAIL: cxf3a03
FAIL: cxf3a04
FAIL: cxf3a08
FAIL: cxg1003
FAIL: cxg1004
FAIL: cxg2002
FAIL: cxg2003
FAIL: cxg2006
FAIL: cxg2007
FAIL: cxg2011
FAIL: cxg2012
FAIL: cxg2013
FAIL: cxg2015
FAIL: cxg2016
FAIL: cxg2020
FAIL: cz1102a
FAIL: cz1103a
=== acats Summary ===
# of expected passes 1624
# of unexpected failures 691
Native configuration is sparc-unknown-linux-gnu
=== g++ tests ===
Running target unix
FAIL: g++.dg/lto/20081109 cp_lto_20081109_0.o-cp_lto_20081109_1.o execute -O2 -fwhopr
FAIL: g++.dg/lto/20090106 cp_lto_20090106_0.o-cp_lto_20090106_0.o link
UNRESOLVED: g++.dg/lto/20090106 cp_lto_20090106_0.o-cp_lto_20090106_0.o execute -O0 -fwhopr
FAIL: g++.dg/lto/20090106 cp_lto_20090106_0.o-cp_lto_20090106_0.o link
UNRESOLVED: g++.dg/lto/20090106 cp_lto_20090106_0.o-cp_lto_20090106_0.o execute -O0 -flto
FAIL: g++.dg/lto/20090303 cp_lto_20090303_0.o-cp_lto_20090303_0.o link
UNRESOLVED: g++.dg/lto/20090303 cp_lto_20090303_0.o-cp_lto_20090303_0.o execute -fwhopr
=== g++ Summary for unix ===
# of expected passes 21006
# of unexpected failures 4
# of expected failures 154
# of unresolved testcases 3
# of unsupported tests 167
Running target unix/-m64
FAIL: tmpdir-g++.dg-struct-layout-1/t003 cp_compat_x_tst.o-cp_compat_y_tst.o execute "-O2","-fwhopr"
FAIL: tmpdir-g++.dg-struct-layout-1/t003 cp_compat_x_tst.o-cp_compat_y_tst.o execute "-O2","-flto"
FAIL: tmpdir-g++.dg-struct-layout-1/t019 cp_compat_x_tst.o-cp_compat_y_tst.o execute "-O2","-fwhopr"
FAIL: tmpdir-g++.dg-struct-layout-1/t019 cp_compat_x_tst.o-cp_compat_y_tst.o execute "-O2","-flto"
FAIL: tmpdir-g++.dg-struct-layout-1/t030 cp_compat_x_tst.o-cp_compat_y_tst.o execute "-O2","-fwhopr"
FAIL: tmpdir-g++.dg-struct-layout-1/t030 cp_compat_x_tst.o-cp_compat_y_tst.o execute "-O2","-flto"
FAIL: g++.dg/lto/20080908-3 cp_lto_20080908-3_0.o-cp_lto_20080908-3_0.o execute -O0 -fwhopr
FAIL: g++.dg/lto/20080908-3 cp_lto_20080908-3_0.o-cp_lto_20080908-3_0.o execute -O0 -flto
FAIL: g++.dg/lto/20081109 cp_lto_20081109_0.o-cp_lto_20081109_1.o execute -O2 -fwhopr
FAIL: g++.dg/lto/20090106 cp_lto_20090106_0.o-cp_lto_20090106_0.o link
UNRESOLVED: g++.dg/lto/20090106 cp_lto_20090106_0.o-cp_lto_20090106_0.o execute -O0 -fwhopr
FAIL: g++.dg/lto/20090106 cp_lto_20090106_0.o-cp_lto_20090106_0.o link
UNRESOLVED: g++.dg/lto/20090106 cp_lto_20090106_0.o-cp_lto_20090106_0.o execute -O0 -flto
FAIL: g++.dg/lto/20090303 cp_lto_20090303_0.o-cp_lto_20090303_0.o link
UNRESOLVED: g++.dg/lto/20090303 cp_lto_20090303_0.o-cp_lto_20090303_0.o execute -fwhopr
=== g++ Summary for unix/-m64 ===
# of expected passes 21799
# of unexpected failures 12
# of expected failures 154
# of unresolved testcases 3
# of unsupported tests 168
=== g++ Summary ===
# of expected passes 42805
# of unexpected failures 16
# of expected failures 308
# of unresolved testcases 6
# of unsupported tests 335
/build/buildd-gcc-snapshot_20091010-1-sparc-HtiyH5/gcc-snapshot-20091010/build/gcc/testsuite/g++/../../g++ version 4.5.0 20091010 (experimental) [trunk revision 152615] (Debian 20091010-1)
=== gcc tests ===
Running target unix
WARNING: program timed out.
FAIL: gcc.c-torture/compile/20001226-1.c -O3 -g (test for excess errors)
FAIL: gcc.c-torture/compile/20010605-1.c -O0 (internal compiler error)
FAIL: gcc.c-torture/compile/20010605-1.c -O0 (test for excess errors)
FAIL: gcc.c-torture/execute/builtins/memmove-2.c compilation, -O2 -fwhopr
UNRESOLVED: gcc.c-torture/execute/builtins/memmove-2.c execution, -O2 -fwhopr
FAIL: gcc.c-torture/execute/builtins/sprintf-chk.c execution, -O2 -fwhopr
FAIL: gcc.c-torture/execute/builtins/stpcpy-chk.c execution, -O2 -fwhopr
FAIL: gcc.c-torture/execute/builtins/strcpy-chk.c execution, -O2 -fwhopr
FAIL: gcc.c-torture/execute/pr38819.c execution, -O2
FAIL: gcc.c-torture/execute/pr38819.c execution, -O3 -fomit-frame-pointer
FAIL: gcc.c-torture/execute/pr38819.c execution, -O3 -fomit-frame-pointer -funroll-loops
FAIL: gcc.c-torture/execute/pr38819.c execution, -O3 -fomit-frame-pointer -funroll-all-loops -finline-functions
FAIL: gcc.c-torture/execute/pr38819.c execution, -O3 -g
FAIL: gcc.c-torture/execute/pr38819.c execution, -O2 -flto
FAIL: gcc.c-torture/execute/pr38819.c execution, -O2 -fwhopr
XPASS: gcc.dg/Warray-bounds.c (test for warnings, line 59)
XPASS: gcc.dg/Warray-bounds.c (test for warnings, line 65)
XPASS: gcc.dg/Wunreachable-8.c (test for bogus messages, line 7)
FAIL: gcc.dg/pr34668-1.c (internal compiler error)
FAIL: gcc.dg/pr34668-1.c (test for excess errors)
FAIL: gcc.dg/lto/20090313 c_lto_20090313_0.o-c_lto_20090313_0.o link
UNRESOLVED: gcc.dg/lto/20090313 c_lto_20090313_0.o-c_lto_20090313_0.o execute -O0 -fwhopr
FAIL: gcc.dg/lto/20090313 c_lto_20090313_0.o-c_lto_20090313_0.o link
UNRESOLVED: gcc.dg/lto/20090313 c_lto_20090313_0.o-c_lto_20090313_0.o execute -O2 -fwhopr
FAIL: gcc.dg/lto/20090313 c_lto_20090313_0.o-c_lto_20090313_0.o link
UNRESOLVED: gcc.dg/lto/20090313 c_lto_20090313_0.o-c_lto_20090313_0.o execute -O0 -flto
FAIL: gcc.dg/lto/20090313 c_lto_20090313_0.o-c_lto_20090313_0.o link
UNRESOLVED: gcc.dg/lto/20090313 c_lto_20090313_0.o-c_lto_20090313_0.o execute -O2 -flto
FAIL: gcc.dg/lto/20090914-2 c_lto_20090914-2_0.o assemble, -O0 -fwhopr
UNRESOLVED: gcc.dg/lto/20090914-2 c_lto_20090914-2_0.o-c_lto_20090914-2_0.o link -O0 -fwhopr
UNRESOLVED: gcc.dg/lto/20090914-2 c_lto_20090914-2_0.o-c_lto_20090914-2_0.o execute -O0 -fwhopr
FAIL: gcc.dg/lto/20090914-2 c_lto_20090914-2_0.o assemble, -O2 -fwhopr
UNRESOLVED: gcc.dg/lto/20090914-2 c_lto_20090914-2_0.o-c_lto_20090914-2_0.o link -O2 -fwhopr
UNRESOLVED: gcc.dg/lto/20090914-2 c_lto_20090914-2_0.o-c_lto_20090914-2_0.o execute -O2 -fwhopr
FAIL: gcc.dg/lto/20090914-2 c_lto_20090914-2_0.o assemble, -O0 -flto
UNRESOLVED: gcc.dg/lto/20090914-2 c_lto_20090914-2_0.o-c_lto_20090914-2_0.o link -O0 -flto
UNRESOLVED: gcc.dg/lto/20090914-2 c_lto_20090914-2_0.o-c_lto_20090914-2_0.o execute -O0 -flto
FAIL: gcc.dg/lto/20090914-2 c_lto_20090914-2_0.o assemble, -O2 -flto
UNRESOLVED: gcc.dg/lto/20090914-2 c_lto_20090914-2_0.o-c_lto_20090914-2_0.o link -O2 -flto
UNRESOLVED: gcc.dg/lto/20090914-2 c_lto_20090914-2_0.o-c_lto_20090914-2_0.o execute -O2 -flto
XPASS: gcc.dg/struct/wo_prof_array_through_pointer.c scan-ipa-dump ipa_struct_reorg "Number of structures to transform is 1"
FAIL: gcc.dg/struct/wo_prof_double_malloc.c (internal compiler error)
FAIL: gcc.dg/struct/wo_prof_double_malloc.c (test for excess errors)
UNRESOLVED: gcc.dg/struct/wo_prof_double_malloc.c compilation failed to produce executable
FAIL: gcc.dg/torture/builtin-math-7.c -O2 -flto (internal compiler error)
FAIL: gcc.dg/torture/builtin-math-7.c -O2 -flto (test for excess errors)
UNRESOLVED: gcc.dg/torture/builtin-math-7.c -O2 -flto compilation failed to produce executable
FAIL: gcc.dg/torture/builtin-math-7.c -O2 -fwhopr (internal compiler error)
FAIL: gcc.dg/torture/builtin-math-7.c -O2 -fwhopr (test for excess errors)
UNRESOLVED: gcc.dg/torture/builtin-math-7.c -O2 -fwhopr compilation failed to produce executable
FAIL: gcc.dg/torture/pr26565.c -O1 execution test
FAIL: gcc.dg/torture/pr26565.c -O2 execution test
FAIL: gcc.dg/torture/pr26565.c -Os execution test
FAIL: gcc.dg/torture/pr26565.c -O2 -flto execution test
FAIL: gcc.dg/torture/pr26565.c -O2 -fwhopr execution test
FAIL: gcc.dg/torture/pr27116.c -O0 (test for excess errors)
UNRESOLVED: gcc.dg/torture/pr27116.c -O0 compilation failed to produce executable
FAIL: gcc.dg/vect/vect-multitypes-12.c scan-tree-dump-times vect "vectorized 1 loops" 1
FAIL: gcc.dg/vect/vect-multitypes-5.c scan-tree-dump-times vect "vectorized 1 loops" 1
FAIL: gcc.dg/vect/vect-multitypes-6.c scan-tree-dump-times vect "vectorized 1 loops" 1
FAIL: gcc.dg/vect/slp-multitypes-2.c execution test
FAIL: gcc.dg/vect/slp-multitypes-3.c scan-tree-dump-times vect "vectorized 1 loops" 1
FAIL: gcc.dg/vect/slp-multitypes-3.c scan-tree-dump-times vect "vectorizing stmts using SLP" 2
=== gcc Summary for unix ===
# of expected passes 62376
# of unexpected successes 4
# of unexpected failures 42
# of expected failures 192
# of unresolved testcases 17
# of unsupported tests 854
Running target unix/-m64
WARNING: program timed out.
FAIL: gcc.c-torture/compile/20001226-1.c -O3 -g (test for excess errors)
FAIL: gcc.c-torture/execute/builtins/memmove-2.c compilation, -O2 -fwhopr
UNRESOLVED: gcc.c-torture/execute/builtins/memmove-2.c execution, -O2 -fwhopr
FAIL: gcc.c-torture/execute/builtins/sprintf-chk.c execution, -O2 -fwhopr
FAIL: gcc.c-torture/execute/builtins/stpcpy-chk.c execution, -O2 -fwhopr
FAIL: gcc.c-torture/execute/builtins/strcpy-chk.c execution, -O2 -fwhopr
FAIL: gcc.c-torture/execute/widechar-1.c compilation, -O1
UNRESOLVED: gcc.c-torture/execute/widechar-1.c execution, -O1
FAIL: gcc.dg/compat/struct-by-value-5a c_compat_x_tst.o compile, "-O2","-fwhopr" (internal compiler error)
UNRESOLVED: gcc.dg/compat/struct-by-value-5a c_compat_x_tst.o-c_compat_y_tst.o link "-O2","-fwhopr"
UNRESOLVED: gcc.dg/compat/struct-by-value-5a c_compat_x_tst.o-c_compat_y_tst.o execute "-O2","-fwhopr"
FAIL: gcc.dg/compat/struct-by-value-5a c_compat_x_tst.o compile, "-O2","-flto" (internal compiler error)
UNRESOLVED: gcc.dg/compat/struct-by-value-5a c_compat_x_tst.o-c_compat_y_tst.o link "-O2","-flto"
UNRESOLVED: gcc.dg/compat/struct-by-value-5a c_compat_x_tst.o-c_compat_y_tst.o execute "-O2","-flto"
XPASS: gcc.dg/Warray-bounds.c (test for warnings, line 59)
XPASS: gcc.dg/Warray-bounds.c (test for warnings, line 65)
XPASS: gcc.dg/Wunreachable-8.c (test for bogus messages, line 7)
FAIL: gcc.dg/pr34668-1.c (internal compiler error)
FAIL: gcc.dg/pr34668-1.c (test for excess errors)
FAIL: gcc.dg/lto/20090914-2 c_lto_20090914-2_0.o assemble, -O0 -fwhopr
UNRESOLVED: gcc.dg/lto/20090914-2 c_lto_20090914-2_0.o-c_lto_20090914-2_0.o link -O0 -fwhopr
UNRESOLVED: gcc.dg/lto/20090914-2 c_lto_20090914-2_0.o-c_lto_20090914-2_0.o execute -O0 -fwhopr
FAIL: gcc.dg/lto/20090914-2 c_lto_20090914-2_0.o assemble, -O2 -fwhopr
UNRESOLVED: gcc.dg/lto/20090914-2 c_lto_20090914-2_0.o-c_lto_20090914-2_0.o link -O2 -fwhopr
UNRESOLVED: gcc.dg/lto/20090914-2 c_lto_20090914-2_0.o-c_lto_20090914-2_0.o execute -O2 -fwhopr
FAIL: gcc.dg/lto/20090914-2 c_lto_20090914-2_0.o assemble, -O0 -flto
UNRESOLVED: gcc.dg/lto/20090914-2 c_lto_20090914-2_0.o-c_lto_20090914-2_0.o link -O0 -flto
UNRESOLVED: gcc.dg/lto/20090914-2 c_lto_20090914-2_0.o-c_lto_20090914-2_0.o execute -O0 -flto
FAIL: gcc.dg/lto/20090914-2 c_lto_20090914-2_0.o assemble, -O2 -flto
UNRESOLVED: gcc.dg/lto/20090914-2 c_lto_20090914-2_0.o-c_lto_20090914-2_0.o link -O2 -flto
UNRESOLVED: gcc.dg/lto/20090914-2 c_lto_20090914-2_0.o-c_lto_20090914-2_0.o execute -O2 -flto
XPASS: gcc.dg/struct/wo_prof_array_through_pointer.c scan-ipa-dump ipa_struct_reorg "Number of structures to transform is 1"
FAIL: gcc.dg/struct/wo_prof_double_malloc.c (internal compiler error)
FAIL: gcc.dg/struct/wo_prof_double_malloc.c (test for excess errors)
UNRESOLVED: gcc.dg/struct/wo_prof_double_malloc.c compilation failed to produce executable
FAIL: gcc.dg/torture/builtin-math-7.c -O2 -flto (internal compiler error)
FAIL: gcc.dg/torture/builtin-math-7.c -O2 -flto (test for excess errors)
UNRESOLVED: gcc.dg/torture/builtin-math-7.c -O2 -flto compilation failed to produce executable
FAIL: gcc.dg/torture/builtin-math-7.c -O2 -fwhopr (internal compiler error)
FAIL: gcc.dg/torture/builtin-math-7.c -O2 -fwhopr (test for excess errors)
UNRESOLVED: gcc.dg/torture/builtin-math-7.c -O2 -fwhopr compilation failed to produce executable
FAIL: gcc.dg/torture/pr26565.c -O1 execution test
FAIL: gcc.dg/torture/pr26565.c -O2 execution test
FAIL: gcc.dg/torture/pr26565.c -Os execution test
FAIL: gcc.dg/torture/pr26565.c -O2 -flto execution test
FAIL: gcc.dg/torture/pr26565.c -O2 -fwhopr execution test
FAIL: gcc.dg/tree-ssa/gen-vect-11c.c scan-tree-dump-times vect "vectorized 0 loops" 1
FAIL: gcc.misc-tests/linkage.c link
=== gcc Summary for unix/-m64 ===
# of expected passes 63218
# of unexpected successes 4
# of unexpected failures 27
# of expected failures 193
# of unresolved testcases 17
# of unsupported tests 851
=== gcc Summary ===
# of expected passes 125594
# of unexpected failures 69
# of unexpected successes 8
# of expected failures 385
# of unresolved testcases 34
# of unsupported tests 1705
/build/buildd-gcc-snapshot_20091010-1-sparc-HtiyH5/gcc-snapshot-20091010/build/gcc/xgcc version 4.5.0 20091010 (experimental) [trunk revision 152615] (Debian 20091010-1)
=== gfortran tests ===
Running target unix
FAIL: gfortran.dg/lto/pr40725 f_lto_pr40725_0.o-f_lto_pr40725_1.o execute -O2 -fwhopr
FAIL: gfortran.dg/lto/pr40725 f_lto_pr40725_0.o-f_lto_pr40725_1.o execute -O2 -flto
WARNING: program timed out.
FAIL: gfortran.dg/vect/fast-math-pr38968.f90 execution test
FAIL: gfortran.fortran-torture/execute/where17.f90 compilation, -O2 -fomit-frame-pointer -finline-functions -funroll-loops
=== gfortran Summary for unix ===
# of expected passes 32556
# of unexpected failures 4
# of expected failures 25
# of untested testcases 1
# of unsupported tests 159
Running target unix/-m64
FAIL: gfortran.dg/random_3.f90 -O0 execution test
FAIL: gfortran.dg/random_3.f90 -O1 execution test
FAIL: gfortran.dg/random_3.f90 -O2 execution test
FAIL: gfortran.dg/random_3.f90 -O3 -fomit-frame-pointer execution test
FAIL: gfortran.dg/random_3.f90 -O3 -fomit-frame-pointer -funroll-loops execution test
FAIL: gfortran.dg/random_3.f90 -O3 -fomit-frame-pointer -funroll-all-loops -finline-functions execution test
FAIL: gfortran.dg/random_3.f90 -O3 -g execution test
FAIL: gfortran.dg/random_3.f90 -Os execution test
FAIL: gfortran.dg/lto/pr40725 f_lto_pr40725_0.o-f_lto_pr40725_1.o execute -O2 -fwhopr
FAIL: gfortran.dg/lto/pr40725 f_lto_pr40725_0.o-f_lto_pr40725_1.o execute -O2 -flto
WARNING: program timed out.
FAIL: gfortran.dg/vect/fast-math-pr38968.f90 execution test
=== gfortran Summary for unix/-m64 ===
# of expected passes 32717
# of unexpected failures 11
# of expected failures 25
# of unsupported tests 78
=== gfortran Summary ===
# of expected passes 65273
# of unexpected failures 15
# of expected failures 50
# of untested testcases 1
# of unsupported tests 237
/build/buildd-gcc-snapshot_20091010-1-sparc-HtiyH5/gcc-snapshot-20091010/build/gcc/testsuite/gfortran/../../gfortran version 4.5.0 20091010 (experimental) [trunk revision 152615] (Debian 20091010-1)
=== gnat tests ===
Running target unix
FAIL: gnat.dg/aliased_prefix_accessibility.adb execution test
FAIL: gnat.dg/conv_bug.adb execution test
FAIL: gnat.dg/curr_task.adb execution test
FAIL: gnat.dg/expect1.adb execution test
FAIL: gnat.dg/handle_and_return.adb execution test
FAIL: gnat.dg/iprot_test.adb execution test
FAIL: gnat.dg/missing_acc_check.adb execution test
FAIL: gnat.dg/nested_controlled_alloc.adb execution test
FAIL: gnat.dg/not_null.adb execution test
FAIL: gnat.dg/overflow_sum.adb execution test
FAIL: gnat.dg/regpat1.adb execution test
FAIL: gnat.dg/tag1.adb execution test
FAIL: gnat.dg/test_enum_io.adb execution test
FAIL: gnat.dg/test_fixed_io.adb execution test
FAIL: gnat.dg/test_image.adb execution test
FAIL: gnat.dg/timer_cancel.adb execution test
=== gnat Summary for unix ===
# of expected passes 698
# of unexpected failures 16
# of expected failures 5
# of unsupported tests 1
Running target unix/-m64
UNRESOLVED: gnat.dg/abstract_with_anonymous_result.adb compilation failed to produce executable
UNRESOLVED: gnat.dg/access4.adb compilation failed to produce executable
UNRESOLVED: gnat.dg/access_discr2.adb compilation failed to produce executable
UNRESOLVED: gnat.dg/access_test.adb compilation failed to produce executable
UNRESOLVED: gnat.dg/addr2.adb compilation failed to produce executable
UNRESOLVED: gnat.dg/address_conversion.adb compilation failed to produce executable
UNRESOLVED: gnat.dg/aggr1.adb compilation failed to produce executable
UNRESOLVED: gnat.dg/aggr3.adb compilation failed to produce executable
UNRESOLVED: gnat.dg/aliased_prefix_accessibility.adb compilation failed to produce executable
FAIL: gnat.dg/aliasing1.adb scan-tree-dump-not optimized "__gnat_rcheck": dump file does not exist
FAIL: gnat.dg/aliasing2.adb scan-tree-dump-not optimized "__gnat_rcheck": dump file does not exist
UNRESOLVED: gnat.dg/aliasing3.adb compilation failed to produce executable
UNRESOLVED: gnat.dg/align_check.adb compilation failed to produce executable
UNRESOLVED: gnat.dg/align_max.adb compilation failed to produce executable
UNRESOLVED: gnat.dg/aligned_vla.adb compilation failed to produce executable
UNRESOLVED: gnat.dg/alignment1.adb compilation failed to produce executable
UNRESOLVED: gnat.dg/alignment2.adb compilation failed to produce executable
FAIL: gnat.dg/alignment4.adb scan-tree-dump-not gimple ".F": dump file does not exist
FAIL: gnat.dg/alignment5.adb scan-tree-dump-not gimple ".F": dump file does not exist
FAIL: gnat.dg/alignment6.adb scan-tree-dump-not gimple "VIEW_CONVERT_EXPR": dump file does not exist
UNRESOLVED: gnat.dg/alignment7.adb compilation failed to produce executable
UNRESOLVED: gnat.dg/alignment8.adb compilation failed to produce executable
UNRESOLVED: gnat.dg/alignment9.adb compilation failed to produce executable
UNRESOLVED: gnat.dg/allocator_maxalign1.adb compilation failed to produce executable
FAIL: gnat.dg/ancestor_type.adb (test for errors, line 8)
UNRESOLVED: gnat.dg/array10.adb compilation failed to produce executable
FAIL: gnat.dg/array11.adb (test for warnings, line 8)
FAIL: gnat.dg/array11.adb (test for warnings, line 9)
FAIL: gnat.dg/array11.adb (test for warnings, line 12)
UNRESOLVED: gnat.dg/array12.adb compilation failed to produce executable
UNRESOLVED: gnat.dg/array3.adb compilation failed to produce executable
UNRESOLVED: gnat.dg/array4.adb compilation failed to produce executable
UNRESOLVED: gnat.dg/array5.adb compilation failed to produce executable
UNRESOLVED: gnat.dg/array6.adb compilation failed to produce executable
UNRESOLVED: gnat.dg/array9.adb compilation failed to produce executable
UNRESOLVED: gnat.dg/assert1.adb compilation failed to produce executable
UNRESOLVED: gnat.dg/assign_from_packed.adb compilation failed to produce executable
FAIL: gnat.dg/atomic2.adb (test for warnings, line 7)
UNRESOLVED: gnat.dg/biased_uc.adb compilation failed to produce executable
UNRESOLVED: gnat.dg/bip_aggregate_bug.adb compilation failed to produce executable
UNRESOLVED: gnat.dg/bit_packed_array3.adb compilation failed to produce executable
UNRESOLVED: gnat.dg/blkextract_from_reg.adb compilation failed to produce executable
UNRESOLVED: gnat.dg/bltins.adb compilation failed to produce executable
UNRESOLVED: gnat.dg/boolean_bitfield.adb compilation failed to produce executable
UNRESOLVED: gnat.dg/boolean_expr2.adb compilation failed to produce executable
UNRESOLVED: gnat.dg/capture_value.adb compilation failed to produce executable
UNRESOLVED: gnat.dg/check_displace_generation.adb compilation failed to produce executable
UNRESOLVED: gnat.dg/check_elaboration_code.adb compilation failed to produce executable
UNRESOLVED: gnat.dg/compose.adb compilation failed to produce executable
UNRESOLVED: gnat.dg/concat1.adb compilation failed to produce executable
UNRESOLVED: gnat.dg/concat_length.adb compilation failed to produce executable
UNRESOLVED: gnat.dg/conv_bug.adb compilation failed to produce executable
UNRESOLVED: gnat.dg/conv_decimal.adb compilation failed to produce executable
UNRESOLVED: gnat.dg/conv_real.adb compilation failed to produce executable
UNRESOLVED: gnat.dg/curr_task.adb compilation failed to produce executable
FAIL: gnat.dg/deferred_const1.adb (test for warnings, line 8)
UNRESOLVED: gnat.dg/deferred_const2.adb compilation failed to produce executable
UNRESOLVED: gnat.dg/deferred_const3.adb compilation failed to produce executable
UNRESOLVED: gnat.dg/derived_aggregate.adb compilation failed to produce executable
UNRESOLVED: gnat.dg/discr4.adb compilation failed to produce executable
UNRESOLVED: gnat.dg/dispatch1.adb compilation failed to produce executable
UNRESOLVED: gnat.dg/dispatch2.adb compilation failed to produce executable
UNRESOLVED: gnat.dg/elim2.adb compilation failed to produce executable
UNRESOLVED: gnat.dg/empty_vector_length.adb compilation failed to produce executable
UNRESOLVED: gnat.dg/entry_queues.adb compilation failed to produce executable
UNRESOLVED: gnat.dg/enum1.adb compilation failed to produce executable
UNRESOLVED: gnat.dg/enum2.adb compilation failed to produce executable
UNRESOLVED: gnat.dg/exp0_eval.adb compilation failed to produce executable
UNRESOLVED: gnat.dg/expect1.adb compilation failed to produce executable
UNRESOLVED: gnat.dg/fixce.adb compilation failed to produce executable
UNRESOLVED: gnat.dg/fixedpnt.adb compilation failed to produce executable
FAIL: gnat.dg/frame_overflow.adb (test for errors, line 14)
FAIL: gnat.dg/frame_overflow.adb (test for errors, line 17)
FAIL: gnat.dg/frame_overflow.adb (test for errors, line 24)
UNRESOLVED: gnat.dg/generic_dispatch.adb compilation failed to produce executable
UNRESOLVED: gnat.dg/gnat_malloc.adb compilation failed to produce executable
UNRESOLVED: gnat.dg/handle_and_return.adb compilation failed to produce executable
UNRESOLVED: gnat.dg/handle_raise_from_pure.adb compilation failed to produce executable
UNRESOLVED: gnat.dg/hyper_flat.adb compilation failed to produce executable
UNRESOLVED: gnat.dg/in_out_parameter.adb compilation failed to produce executable
XPASS: gnat.dg/incomplete2.adb (test for excess errors)
UNRESOLVED: gnat.dg/init_scalar1.adb compilation failed to produce executable
UNRESOLVED: gnat.dg/inline_tagged.adb compilation failed to produce executable
UNRESOLVED: gnat.dg/interface1.adb compilation failed to produce executable
UNRESOLVED: gnat.dg/interface2.adb compilation failed to produce executable
UNRESOLVED: gnat.dg/interface3.adb compilation failed to produce executable
UNRESOLVED: gnat.dg/interface_conv.adb compilation failed to produce executable
UNRESOLVED: gnat.dg/iprot_test.adb compilation failed to produce executable
UNRESOLVED: gnat.dg/kill_value.adb compilation failed to produce executable
UNRESOLVED: gnat.dg/lhs_view_convert.adb compilation failed to produce executable
UNRESOLVED: gnat.dg/loop_boolean.adb compilation failed to produce executable
UNRESOLVED: gnat.dg/loop_optimization3.adb compilation failed to produce executable
UNRESOLVED: gnat.dg/loop_optimization4.adb compilation failed to produce executable
UNRESOLVED: gnat.dg/md5_test.adb compilation failed to produce executable
UNRESOLVED: gnat.dg/misaligned_nest.adb compilation failed to produce executable
UNRESOLVED: gnat.dg/misaligned_param.adb compilation failed to produce executable
UNRESOLVED: gnat.dg/missing_acc_check.adb compilation failed to produce executable
UNRESOLVED: gnat.dg/modular1.adb compilation failed to produce executable
UNRESOLVED: gnat.dg/modular2.adb compilation failed to produce executable
UNRESOLVED: gnat.dg/mutable1.adb compilation failed to produce executable
UNRESOLVED: gnat.dg/named_test.adb compilation failed to produce executable
UNRESOLVED: gnat.dg/nat1r.adb compilation failed to produce executable
UNRESOLVED: gnat.dg/nested_controlled_alloc.adb compilation failed to produce executable
UNRESOLVED: gnat.dg/nested_proc.adb compilation failed to produce executable
UNRESOLVED: gnat.dg/nested_return_test.adb compilation failed to produce executable
UNRESOLVED: gnat.dg/no_final.adb compilation failed to produce executable
UNRESOLVED: gnat.dg/not_null.adb compilation failed to produce executable
FAIL: gnat.dg/notnot.adb (test for warnings, line 6)
FAIL: gnat.dg/object_overflow.adb (test for warnings, line 8)
ERROR: gnat.dg/oconst1.adb: error executing dg-final: couldn't open "oconst1.s": no such file or directory
UNRESOLVED: gnat.dg/oconst1.adb: error executing dg-final: couldn't open "oconst1.s": no such file or directory
ERROR: gnat.dg/oconst2.adb: error executing dg-final: couldn't open "oconst2.s": no such file or directory
UNRESOLVED: gnat.dg/oconst2.adb: error executing dg-final: couldn't open "oconst2.s": no such file or directory
ERROR: gnat.dg/oconst3.adb: error executing dg-final: couldn't open "oconst3.s": no such file or directory
UNRESOLVED: gnat.dg/oconst3.adb: error executing dg-final: couldn't open "oconst3.s": no such file or directory
ERROR: gnat.dg/oconst4.adb: error executing dg-final: couldn't open "oconst4.s": no such file or directory
UNRESOLVED: gnat.dg/oconst4.adb: error executing dg-final: couldn't open "oconst4.s": no such file or directory
ERROR: gnat.dg/oconst5.adb: error executing dg-final: couldn't open "oconst5.s": no such file or directory
UNRESOLVED: gnat.dg/oconst5.adb: error executing dg-final: couldn't open "oconst5.s": no such file or directory
FAIL: gnat.dg/old_errors.adb (test for errors, line 7)
FAIL: gnat.dg/old_errors.adb (test for errors, line 16)
FAIL: gnat.dg/old_errors.adb (test for errors, line 28)
FAIL: gnat.dg/old_errors.adb (test for errors, line 34)
FAIL: gnat.dg/old_errors.adb (test for errors, line 38)
FAIL: gnat.dg/old_errors.adb (test for warnings, line 40)
FAIL: gnat.dg/old_errors.adb (test for errors, line 44)
UNRESOLVED: gnat.dg/opt2.adb compilation failed to produce executable
UNRESOLVED: gnat.dg/outer_agg_bitfield_constructor.adb compilation failed to produce executable
UNRESOLVED: gnat.dg/overflow_sum.adb compilation failed to produce executable
UNRESOLVED: gnat.dg/pack10.adb compilation failed to produce executable
UNRESOLVED: gnat.dg/pack11.adb compilation failed to produce executable
UNRESOLVED: gnat.dg/pack12.adb compilation failed to produce executable
UNRESOLVED: gnat.dg/pack3.adb compilation failed to produce executable
UNRESOLVED: gnat.dg/pack4.adb compilation failed to produce executable
FAIL: gnat.dg/pack8.adb (test for errors, line 19)
FAIL: gnat.dg/pack9.adb scan-tree-dump-not optimized "__gnat_rcheck": dump file does not exist
UNRESOLVED: gnat.dg/packed_subtype.adb compilation failed to produce executable
UNRESOLVED: gnat.dg/pointer_conversion.adb compilation failed to produce executable
UNRESOLVED: gnat.dg/prot_def.adb compilation failed to produce executable
UNRESOLVED: gnat.dg/protected_self_ref1.adb compilation failed to produce executable
FAIL: gnat.dg/protected_self_ref2.adb (test for errors, line 12)
UNRESOLVED: gnat.dg/quote.adb compilation failed to produce executable
UNRESOLVED: gnat.dg/range_check.adb compilation failed to produce executable
UNRESOLVED: gnat.dg/regpat1.adb compilation failed to produce executable
UNRESOLVED: gnat.dg/release_unc_maxalign.adb compilation failed to produce executable
UNRESOLVED: gnat.dg/renaming2.adb compilation failed to produce executable
UNRESOLVED: gnat.dg/renaming3.adb compilation failed to produce executable
UNRESOLVED: gnat.dg/requeue1.adb compilation failed to produce executable
UNRESOLVED: gnat.dg/scalar_mode_agg_compare.adb compilation failed to produce executable
UNRESOLVED: gnat.dg/self_aggregate_with_array.adb compilation failed to produce executable
UNRESOLVED: gnat.dg/self_aggregate_with_call.adb compilation failed to produce executable
UNRESOLVED: gnat.dg/self_aggregate_with_pointer.adb compilation failed to produce executable
UNRESOLVED: gnat.dg/self_aggregate_with_zeros.adb compilation failed to produce executable
UNRESOLVED: gnat.dg/sizetype.adb compilation failed to produce executable
UNRESOLVED: gnat.dg/slice3.adb compilation failed to produce executable
UNRESOLVED: gnat.dg/slice4.adb compilation failed to produce executable
FAIL: gnat.dg/slice5.adb (test for warnings, line 15)
FAIL: gnat.dg/slice5.adb (test for warnings, line 21)
UNRESOLVED: gnat.dg/small_alignment.adb compilation failed to produce executable
UNRESOLVED: gnat.dg/socket1.adb compilation failed to produce executable
UNRESOLVED: gnat.dg/sort2.adb compilation failed to produce executable
UNRESOLVED: gnat.dg/spipaterr.adb compilation failed to produce executable
UNRESOLVED: gnat.dg/string_slice.adb compilation failed to produce executable
FAIL: gnat.dg/subp_elim_errors.adb (test for errors, line 25)
FAIL: gnat.dg/subp_elim_errors.adb (test for errors, line 27)
FAIL: gnat.dg/subp_elim_errors.adb (test for errors, line 29)
FAIL: gnat.dg/subp_elim_errors.adb (test for errors, line 31)
UNRESOLVED: gnat.dg/tag1.adb compilation failed to produce executable
UNRESOLVED: gnat.dg/tagged_alloc_free.adb compilation failed to produce executable
UNRESOLVED: gnat.dg/tail_call.adb compilation failed to produce executable
UNRESOLVED: gnat.dg/task_stack_align.adb compilation failed to produce executable
UNRESOLVED: gnat.dg/test_8bitlong_overflow.adb compilation failed to produce executable
UNRESOLVED: gnat.dg/test_address_null_init.adb compilation failed to produce executable
UNRESOLVED: gnat.dg/test_allocator_maxalign2.adb compilation failed to produce executable
UNRESOLVED: gnat.dg/test_bounded.adb compilation failed to produce executable
UNRESOLVED: gnat.dg/test_delay.adb compilation failed to produce executable
UNRESOLVED: gnat.dg/test_direct_io.adb compilation failed to produce executable
UNRESOLVED: gnat.dg/test_enum_io.adb compilation failed to produce executable
UNRESOLVED: gnat.dg/test_fixed_io.adb compilation failed to produce executable
UNRESOLVED: gnat.dg/test_iface_aggr.adb compilation failed to produce executable
UNRESOLVED: gnat.dg/test_ifaces.adb compilation failed to produce executable
UNRESOLVED: gnat.dg/test_image.adb compilation failed to produce executable
UNRESOLVED: gnat.dg/test_nested_subtype_byref.adb compilation failed to produce executable
UNRESOLVED: gnat.dg/test_oalign.adb compilation failed to produce executable
UNRESOLVED: gnat.dg/test_oconst.adb compilation failed to produce executable
UNRESOLVED: gnat.dg/test_prefix1.adb compilation failed to produce executable
UNRESOLVED: gnat.dg/test_prio.adb compilation failed to produce executable
UNRESOLVED: gnat.dg/test_raise_from_pure.adb compilation failed to produce executable
UNRESOLVED: gnat.dg/test_self.adb compilation failed to produce executable
UNRESOLVED: gnat.dg/test_self_ref.adb compilation failed to produce executable
UNRESOLVED: gnat.dg/test_table1.adb compilation failed to produce executable
UNRESOLVED: gnat.dg/test_tamdt.adb compilation failed to produce executable
UNRESOLVED: gnat.dg/test_time_stamp.adb compilation failed to produce executable
UNRESOLVED: gnat.dg/test_version.adb compilation failed to produce executable
UNRESOLVED: gnat.dg/testint.adb compilation failed to produce executable
UNRESOLVED: gnat.dg/tfren.adb compilation failed to produce executable
UNRESOLVED: gnat.dg/timer_cancel.adb compilation failed to produce executable
UNRESOLVED: gnat.dg/timing_events.adb compilation failed to produce executable
ERROR: gnat.dg/trampoline1.adb: error executing dg-final: couldn't open "trampoline1.s": no such file or directory
UNRESOLVED: gnat.dg/trampoline1.adb: error executing dg-final: couldn't open "trampoline1.s": no such file or directory
UNRESOLVED: gnat.dg/trampoline2.adb compilation failed to produce executable
UNRESOLVED: gnat.dg/tree_static_use.adb compilation failed to produce executable
UNRESOLVED: gnat.dg/unc_memfree.adb compilation failed to produce executable
UNRESOLVED: gnat.dg/unchecked_convert1.adb compilation failed to produce executable
UNRESOLVED: gnat.dg/unchecked_convert2.adb compilation failed to produce executable
UNRESOLVED: gnat.dg/unchecked_convert3.adb compilation failed to produce executable
UNRESOLVED: gnat.dg/unchecked_union1.adb compilation failed to produce executable
FAIL: gnat.dg/uninit_func.adb (test for warnings, line 5)
UNRESOLVED: gnat.dg/valid1.adb compilation failed to produce executable
ERROR: gnat.dg/volatile3.adb: error executing dg-final: couldn't open "volatile3.s": no such file or directory
UNRESOLVED: gnat.dg/volatile3.adb: error executing dg-final: couldn't open "volatile3.s": no such file or directory
UNRESOLVED: gnat.dg/warn1.adb compilation failed to produce executable
FAIL: gnat.dg/warn4.adb (test for warnings, line 14)
FAIL: gnat.dg/warn4.adb (test for warnings, line 14)
FAIL: gnat.dg/warn5.adb (test for warnings, line 29)
UNRESOLVED: gnat.dg/wide_test.adb compilation failed to produce executable
FAIL: gnat.dg/specs/abstract_private.ads (test for errors, line 12)
FAIL: gnat.dg/specs/access_constant.ads (test for errors, line 10)
FAIL: gnat.dg/specs/access_constant_decl.ads (test for errors, line 9)
FAIL: gnat.dg/specs/addr1.ads (test for warnings, line 30)
FAIL: gnat.dg/specs/alignment2.ads (test for warnings, line 12)
FAIL: gnat.dg/specs/alignment2.ads (test for warnings, line 18)
FAIL: gnat.dg/specs/alignment2.ads (test for warnings, line 36)
FAIL: gnat.dg/specs/alignment2.ads (test for warnings, line 40)
XPASS: gnat.dg/specs/fe_inlining_helper.ads (test for excess errors)
FAIL: gnat.dg/specs/import_abstract.ads (test for errors, line 5)
FAIL: gnat.dg/specs/integer_value.ads (test for errors, line 4)
FAIL: gnat.dg/specs/linker_section.ads (test for errors, line 6)
FAIL: gnat.dg/specs/linker_section.ads (test for errors, line 10)
FAIL: gnat.dg/specs/oversize.ads (test for errors, line 18)
FAIL: gnat.dg/specs/oversize.ads (test for errors, line 25)
FAIL: gnat.dg/specs/oversize.ads (test for errors, line 33)
FAIL: gnat.dg/specs/oversize.ads (test for errors, line 44)
XPASS: gnat.dg/specs/pack3_pkg.ads (test for excess errors)
FAIL: gnat.dg/specs/renamings.ads (test for errors, line 9)
FAIL: gnat.dg/specs/renamings.ads (test for errors, line 13)
FAIL: gnat.dg/specs/size_clause2.ads (test for errors, line 40)
FAIL: gnat.dg/specs/size_clause3.ads (test for errors, line 17)
FAIL: gnat.dg/specs/size_clause3.ads (test for errors, line 47)
ERROR: gnat.dg/specs/static_initializer.ads: error executing dg-final: couldn't open "static_initializer.s": no such file or directory
UNRESOLVED: gnat.dg/specs/static_initializer.ads: error executing dg-final: couldn't open "static_initializer.s": no such file or directory
ERROR: gnat.dg/specs/static_initializer2.ads: error executing dg-final: couldn't open "static_initializer2.s": no such file or directory
UNRESOLVED: gnat.dg/specs/static_initializer2.ads: error executing dg-final: couldn't open "static_initializer2.s": no such file or directory
FAIL: gnat.dg/specs/storage.ads (test for errors, line 6)
FAIL: gnat.dg/specs/tag2.ads (test for errors, line 11)
FAIL: gnat.dg/specs/tag2.ads (test for errors, line 12)
FAIL: gnat.dg/specs/tag2.ads (test for errors, line 13)
FAIL: gnat.dg/specs/variant_part.ads (test for errors, line 4)
XPASS: gnat.dg/specs/varsize_return_pkg1.ads (test for excess errors)
XPASS: gnat.dg/specs/varsize_return_pkg2.ads (test for excess errors)
=== gnat Summary for unix/-m64 ===
# of expected passes 478
# of unexpected failures 62
# of unexpected successes 5
# of unresolved testcases 174
# of unsupported tests 1
=== gnat Summary ===
# of expected passes 1176
# of unexpected failures 78
# of unexpected successes 5
# of expected failures 5
# of unresolved testcases 174
# of unsupported tests 2
=== obj-c++ tests ===
Running target unix
UNRESOLVED: obj-c++.dg/lookup-2.mm compilation failed to produce executable
UNRESOLVED: obj-c++.dg/try-catch-2.mm compilation failed to produce executable
UNRESOLVED: obj-c++.dg/try-catch-9.mm compilation failed to produce executable
=== obj-c++ Summary for unix ===
# of expected passes 438
# of expected failures 10
# of unresolved testcases 3
# of unsupported tests 13
Running target unix/-m64
UNRESOLVED: obj-c++.dg/lookup-2.mm compilation failed to produce executable
UNRESOLVED: obj-c++.dg/try-catch-2.mm compilation failed to produce executable
UNRESOLVED: obj-c++.dg/try-catch-9.mm compilation failed to produce executable
=== obj-c++ Summary for unix/-m64 ===
# of expected passes 427
# of expected failures 21
# of unresolved testcases 3
# of unsupported tests 13
=== obj-c++ Summary ===
# of expected passes 865
# of expected failures 31
# of unresolved testcases 6
# of unsupported tests 26
/build/buildd-gcc-snapshot_20091010-1-sparc-HtiyH5/gcc-snapshot-20091010/build/gcc/testsuite/obj-c++/../../g++ version 4.5.0 20091010 (experimental) [trunk revision 152615] (Debian 20091010-1)
=== objc tests ===
Running target unix
FAIL: objc/execute/bf-6.m compilation, -O1 -fgnu-runtime
UNRESOLVED: objc/execute/bf-6.m execution, -O1 -fgnu-runtime
FAIL: objc/execute/forward-1.m execution, -O0 -fgnu-runtime
FAIL: objc/execute/forward-1.m execution, -O1 -fgnu-runtime
FAIL: objc/execute/forward-1.m execution, -O2 -fgnu-runtime
FAIL: objc/execute/forward-1.m execution, -O3 -fomit-frame-pointer -fgnu-runtime
FAIL: objc/execute/forward-1.m execution, -O3 -fomit-frame-pointer -funroll-loops -fgnu-runtime
FAIL: objc/execute/forward-1.m execution, -O3 -fomit-frame-pointer -funroll-all-loops -finline-functions -fgnu-runtime
FAIL: objc/execute/forward-1.m execution, -O3 -g -fgnu-runtime
FAIL: objc/execute/forward-1.m execution, -Os -fgnu-runtime
=== objc Summary for unix ===
# of expected passes 1865
# of unexpected failures 9
# of expected failures 7
# of unresolved testcases 1
# of unsupported tests 24
Running target unix/-m64
FAIL: objc/execute/forward-1.m execution, -O0 -fgnu-runtime
FAIL: objc/execute/forward-1.m execution, -O1 -fgnu-runtime
FAIL: objc/execute/forward-1.m execution, -O2 -fgnu-runtime
FAIL: objc/execute/forward-1.m execution, -O3 -fomit-frame-pointer -fgnu-runtime
FAIL: objc/execute/forward-1.m execution, -O3 -fomit-frame-pointer -funroll-loops -fgnu-runtime
FAIL: objc/execute/forward-1.m execution, -O3 -fomit-frame-pointer -funroll-all-loops -finline-functions -fgnu-runtime
FAIL: objc/execute/forward-1.m execution, -O3 -g -fgnu-runtime
FAIL: objc/execute/forward-1.m execution, -Os -fgnu-runtime
=== objc Summary for unix/-m64 ===
# of expected passes 1867
# of unexpected failures 8
# of expected failures 7
# of unsupported tests 24
=== objc Summary ===
# of expected passes 3732
# of unexpected failures 17
# of expected failures 14
# of unresolved testcases 1
# of unsupported tests 48
/build/buildd-gcc-snapshot_20091010-1-sparc-HtiyH5/gcc-snapshot-20091010/build/gcc/xgcc version 4.5.0 20091010 (experimental) [trunk revision 152615] (Debian 20091010-1)
=== libffi tests ===
Running target unix
FAIL: libffi.call/cls_longdouble_va.c -O0 -W -Wall output pattern test, is %.1f
FAIL: libffi.call/cls_longdouble_va.c -O2 output pattern test, is %.1f
FAIL: libffi.call/cls_longdouble_va.c -O3 output pattern test, is %.1f
FAIL: libffi.call/cls_longdouble_va.c -Os output pattern test, is %.1f
FAIL: libffi.call/cls_longdouble_va.c -O2 -fomit-frame-pointer output pattern test, is %.1f
=== libffi Summary for unix ===
# of expected passes 1589
# of unexpected failures 5
# of expected failures 10
# of unsupported tests 15
Running target unix/-m64
FAIL: libffi.call/closure_fn0.c -O0 -W -Wall (test for excess errors)
UNRESOLVED: libffi.call/closure_fn0.c -O0 -W -Wall compilation failed to produce executable
FAIL: libffi.call/closure_fn1.c -O0 -W -Wall (test for excess errors)
UNRESOLVED: libffi.call/closure_fn1.c -O0 -W -Wall compilation failed to produce executable
FAIL: libffi.call/closure_fn2.c -O0 -W -Wall (test for excess errors)
UNRESOLVED: libffi.call/closure_fn2.c -O0 -W -Wall compilation failed to produce executable
FAIL: libffi.call/closure_fn3.c -O0 -W -Wall (test for excess errors)
UNRESOLVED: libffi.call/closure_fn3.c -O0 -W -Wall compilation failed to produce executable
FAIL: libffi.call/closure_fn4.c -O0 -W -Wall (test for excess errors)
UNRESOLVED: libffi.call/closure_fn4.c -O0 -W -Wall compilation failed to produce executable
FAIL: libffi.call/closure_fn5.c -O0 -W -Wall (test for excess errors)
UNRESOLVED: libffi.call/closure_fn5.c -O0 -W -Wall compilation failed to produce executable
FAIL: libffi.call/closure_fn6.c -O0 -W -Wall (test for excess errors)
UNRESOLVED: libffi.call/closure_fn6.c -O0 -W -Wall compilation failed to produce executable
FAIL: libffi.call/closure_loc_fn0.c -O0 -W -Wall (test for excess errors)
UNRESOLVED: libffi.call/closure_loc_fn0.c -O0 -W -Wall compilation failed to produce executable
FAIL: libffi.call/cls_12byte.c -O0 -W -Wall (test for excess errors)
UNRESOLVED: libffi.call/cls_12byte.c -O0 -W -Wall compilation failed to produce executable
FAIL: libffi.call/cls_16byte.c -O0 -W -Wall (test for excess errors)
UNRESOLVED: libffi.call/cls_16byte.c -O0 -W -Wall compilation failed to produce executable
FAIL: libffi.call/cls_18byte.c -O0 -W -Wall (test for excess errors)
UNRESOLVED: libffi.call/cls_18byte.c -O0 -W -Wall compilation failed to produce executable
FAIL: libffi.call/cls_19byte.c -O0 -W -Wall (test for excess errors)
UNRESOLVED: libffi.call/cls_19byte.c -O0 -W -Wall compilation failed to produce executable
FAIL: libffi.call/cls_1_1byte.c -O0 -W -Wall (test for excess errors)
UNRESOLVED: libffi.call/cls_1_1byte.c -O0 -W -Wall compilation failed to produce executable
FAIL: libffi.call/cls_20byte.c -O0 -W -Wall (test for excess errors)
UNRESOLVED: libffi.call/cls_20byte.c -O0 -W -Wall compilation failed to produce executable
FAIL: libffi.call/cls_20byte1.c -O0 -W -Wall (test for excess errors)
UNRESOLVED: libffi.call/cls_20byte1.c -O0 -W -Wall compilation failed to produce executable
FAIL: libffi.call/cls_24byte.c -O0 -W -Wall (test for excess errors)
UNRESOLVED: libffi.call/cls_24byte.c -O0 -W -Wall compilation failed to produce executable
FAIL: libffi.call/cls_2byte.c -O0 -W -Wall (test for excess errors)
UNRESOLVED: libffi.call/cls_2byte.c -O0 -W -Wall compilation failed to produce executable
FAIL: libffi.call/cls_3_1byte.c -O0 -W -Wall (test for excess errors)
UNRESOLVED: libffi.call/cls_3_1byte.c -O0 -W -Wall compilation failed to produce executable
FAIL: libffi.call/cls_3byte1.c -O0 -W -Wall (test for excess errors)
UNRESOLVED: libffi.call/cls_3byte1.c -O0 -W -Wall compilation failed to produce executable
FAIL: libffi.call/cls_3byte2.c -O0 -W -Wall (test for excess errors)
UNRESOLVED: libffi.call/cls_3byte2.c -O0 -W -Wall compilation failed to produce executable
FAIL: libffi.call/cls_4_1byte.c -O0 -W -Wall (test for excess errors)
UNRESOLVED: libffi.call/cls_4_1byte.c -O0 -W -Wall compilation failed to produce executable
FAIL: libffi.call/cls_4byte.c -O0 -W -Wall (test for excess errors)
UNRESOLVED: libffi.call/cls_4byte.c -O0 -W -Wall compilation failed to produce executable
FAIL: libffi.call/cls_5_1_byte.c -O0 -W -Wall (test for excess errors)
UNRESOLVED: libffi.call/cls_5_1_byte.c -O0 -W -Wall compilation failed to produce executable
FAIL: libffi.call/cls_5byte.c -O0 -W -Wall (test for excess errors)
UNRESOLVED: libffi.call/cls_5byte.c -O0 -W -Wall compilation failed to produce executable
FAIL: libffi.call/cls_64byte.c -O0 -W -Wall (test for excess errors)
UNRESOLVED: libffi.call/cls_64byte.c -O0 -W -Wall compilation failed to produce executable
FAIL: libffi.call/cls_6_1_byte.c -O0 -W -Wall (test for excess errors)
UNRESOLVED: libffi.call/cls_6_1_byte.c -O0 -W -Wall compilation failed to produce executable
FAIL: libffi.call/cls_6byte.c -O0 -W -Wall (test for excess errors)
UNRESOLVED: libffi.call/cls_6byte.c -O0 -W -Wall compilation failed to produce executable
FAIL: libffi.call/cls_7_1_byte.c -O0 -W -Wall (test for excess errors)
UNRESOLVED: libffi.call/cls_7_1_byte.c -O0 -W -Wall compilation failed to produce executable
FAIL: libffi.call/cls_7byte.c -O0 -W -Wall (test for excess errors)
UNRESOLVED: libffi.call/cls_7byte.c -O0 -W -Wall compilation failed to produce executable
FAIL: libffi.call/cls_8byte.c -O0 -W -Wall (test for excess errors)
UNRESOLVED: libffi.call/cls_8byte.c -O0 -W -Wall compilation failed to produce executable
FAIL: libffi.call/cls_9byte1.c -O0 -W -Wall (test for excess errors)
UNRESOLVED: libffi.call/cls_9byte1.c -O0 -W -Wall compilation failed to produce executable
FAIL: libffi.call/cls_9byte2.c -O0 -W -Wall (test for excess errors)
UNRESOLVED: libffi.call/cls_9byte2.c -O0 -W -Wall compilation failed to produce executable
FAIL: libffi.call/cls_align_double.c -O0 -W -Wall (test for excess errors)
UNRESOLVED: libffi.call/cls_align_double.c -O0 -W -Wall compilation failed to produce executable
FAIL: libffi.call/cls_align_float.c -O0 -W -Wall (test for excess errors)
UNRESOLVED: libffi.call/cls_align_float.c -O0 -W -Wall compilation failed to produce executable
FAIL: libffi.call/cls_align_longdouble.c -O0 -W -Wall (test for excess errors)
UNRESOLVED: libffi.call/cls_align_longdouble.c -O0 -W -Wall compilation failed to produce executable
FAIL: libffi.call/cls_align_longdouble_split.c -O0 -W -Wall (test for excess errors)
UNRESOLVED: libffi.call/cls_align_longdouble_split.c -O0 -W -Wall compilation failed to produce executable
FAIL: libffi.call/cls_align_longdouble_split2.c -O0 -W -Wall (test for excess errors)
UNRESOLVED: libffi.call/cls_align_longdouble_split2.c -O0 -W -Wall compilation failed to produce executable
FAIL: libffi.call/cls_align_pointer.c -O0 -W -Wall (test for excess errors)
UNRESOLVED: libffi.call/cls_align_pointer.c -O0 -W -Wall compilation failed to produce executable
FAIL: libffi.call/cls_align_sint16.c -O0 -W -Wall (test for excess errors)
UNRESOLVED: libffi.call/cls_align_sint16.c -O0 -W -Wall compilation failed to produce executable
FAIL: libffi.call/cls_align_sint32.c -O0 -W -Wall (test for excess errors)
UNRESOLVED: libffi.call/cls_align_sint32.c -O0 -W -Wall compilation failed to produce executable
FAIL: libffi.call/cls_align_sint64.c -O0 -W -Wall (test for excess errors)
UNRESOLVED: libffi.call/cls_align_sint64.c -O0 -W -Wall compilation failed to produce executable
FAIL: libffi.call/cls_align_uint16.c -O0 -W -Wall (test for excess errors)
UNRESOLVED: libffi.call/cls_align_uint16.c -O0 -W -Wall compilation failed to produce executable
FAIL: libffi.call/cls_align_uint32.c -O0 -W -Wall (test for excess errors)
UNRESOLVED: libffi.call/cls_align_uint32.c -O0 -W -Wall compilation failed to produce executable
FAIL: libffi.call/cls_align_uint64.c -O0 -W -Wall (test for excess errors)
UNRESOLVED: libffi.call/cls_align_uint64.c -O0 -W -Wall compilation failed to produce executable
FAIL: libffi.call/cls_dbls_struct.c -O0 -W -Wall (test for excess errors)
UNRESOLVED: libffi.call/cls_dbls_struct.c -O0 -W -Wall compilation failed to produce executable
FAIL: libffi.call/cls_double.c -O0 -W -Wall (test for excess errors)
UNRESOLVED: libffi.call/cls_double.c -O0 -W -Wall compilation failed to produce executable
FAIL: libffi.call/cls_double_va.c -O0 -W -Wall (test for excess errors)
UNRESOLVED: libffi.call/cls_double_va.c -O0 -W -Wall compilation failed to produce executable
FAIL: libffi.call/cls_float.c -O0 -W -Wall (test for excess errors)
UNRESOLVED: libffi.call/cls_float.c -O0 -W -Wall compilation failed to produce executable
FAIL: libffi.call/cls_longdouble.c -O0 -W -Wall (test for excess errors)
UNRESOLVED: libffi.call/cls_longdouble.c -O0 -W -Wall compilation failed to produce executable
FAIL: libffi.call/cls_longdouble_va.c -O0 -W -Wall (test for excess errors)
UNRESOLVED: libffi.call/cls_longdouble_va.c -O0 -W -Wall compilation failed to produce executable
FAIL: libffi.call/cls_multi_schar.c -O0 -W -Wall (test for excess errors)
UNRESOLVED: libffi.call/cls_multi_schar.c -O0 -W -Wall compilation failed to produce executable
FAIL: libffi.call/cls_multi_sshort.c -O0 -W -Wall (test for excess errors)
UNRESOLVED: libffi.call/cls_multi_sshort.c -O0 -W -Wall compilation failed to produce executable
FAIL: libffi.call/cls_multi_sshortchar.c -O0 -W -Wall (test for excess errors)
UNRESOLVED: libffi.call/cls_multi_sshortchar.c -O0 -W -Wall compilation failed to produce executable
FAIL: libffi.call/cls_multi_uchar.c -O0 -W -Wall (test for excess errors)
UNRESOLVED: libffi.call/cls_multi_uchar.c -O0 -W -Wall compilation failed to produce executable
FAIL: libffi.call/cls_multi_ushort.c -O0 -W -Wall (test for excess errors)
UNRESOLVED: libffi.call/cls_multi_ushort.c -O0 -W -Wall compilation failed to produce executable
FAIL: libffi.call/cls_multi_ushortchar.c -O0 -W -Wall (test for excess errors)
UNRESOLVED: libffi.call/cls_multi_ushortchar.c -O0 -W -Wall compilation failed to produce executable
FAIL: libffi.call/cls_pointer.c -O0 -W -Wall (test for excess errors)
UNRESOLVED: libffi.call/cls_pointer.c -O0 -W -Wall compilation failed to produce executable
FAIL: libffi.call/cls_pointer_stack.c -O0 -W -Wall (test for excess errors)
UNRESOLVED: libffi.call/cls_pointer_stack.c -O0 -W -Wall compilation failed to produce executable
FAIL: libffi.call/cls_schar.c -O0 -W -Wall (test for excess errors)
UNRESOLVED: libffi.call/cls_schar.c -O0 -W -Wall compilation failed to produce executable
FAIL: libffi.call/cls_sint.c -O0 -W -Wall (test for excess errors)
UNRESOLVED: libffi.call/cls_sint.c -O0 -W -Wall compilation failed to produce executable
FAIL: libffi.call/cls_sshort.c -O0 -W -Wall (test for excess errors)
UNRESOLVED: libffi.call/cls_sshort.c -O0 -W -Wall compilation failed to produce executable
FAIL: libffi.call/cls_uchar.c -O0 -W -Wall (test for excess errors)
UNRESOLVED: libffi.call/cls_uchar.c -O0 -W -Wall compilation failed to produce executable
FAIL: libffi.call/cls_uint.c -O0 -W -Wall (test for excess errors)
UNRESOLVED: libffi.call/cls_uint.c -O0 -W -Wall compilation failed to produce executable
FAIL: libffi.call/cls_ulonglong.c -O0 -W -Wall (test for excess errors)
UNRESOLVED: libffi.call/cls_ulonglong.c -O0 -W -Wall compilation failed to produce executable
FAIL: libffi.call/cls_ushort.c -O0 -W -Wall (test for excess errors)
UNRESOLVED: libffi.call/cls_ushort.c -O0 -W -Wall compilation failed to produce executable
FAIL: libffi.call/err_bad_abi.c -O0 -W -Wall (test for excess errors)
UNRESOLVED: libffi.call/err_bad_abi.c -O0 -W -Wall compilation failed to produce executable
FAIL: libffi.call/err_bad_typedef.c -O0 -W -Wall (test for excess errors)
UNRESOLVED: libffi.call/err_bad_typedef.c -O0 -W -Wall compilation failed to produce executable
FAIL: libffi.call/float.c -O0 -W -Wall (test for excess errors)
UNRESOLVED: libffi.call/float.c -O0 -W -Wall compilation failed to produce executable
FAIL: libffi.call/float1.c -O0 -W -Wall (test for excess errors)
UNRESOLVED: libffi.call/float1.c -O0 -W -Wall compilation failed to produce executable
FAIL: libffi.call/float2.c -O0 -W -Wall (test for excess errors)
UNRESOLVED: libffi.call/float2.c -O0 -W -Wall compilation failed to produce executable
FAIL: libffi.call/float3.c -O0 -W -Wall (test for excess errors)
UNRESOLVED: libffi.call/float3.c -O0 -W -Wall compilation failed to produce executable
FAIL: libffi.call/float4.c -O0 -W -Wall (test for excess errors)
UNRESOLVED: libffi.call/float4.c -O0 -W -Wall compilation failed to produce executable
FAIL: libffi.call/many.c -O0 -W -Wall (test for excess errors)
UNRESOLVED: libffi.call/many.c -O0 -W -Wall compilation failed to produce executable
FAIL: libffi.call/negint.c -O0 -W -Wall (test for excess errors)
UNRESOLVED: libffi.call/negint.c -O0 -W -Wall compilation failed to produce executable
FAIL: libffi.call/nested_struct.c -O0 -W -Wall (test for excess errors)
UNRESOLVED: libffi.call/nested_struct.c -O0 -W -Wall compilation failed to produce executable
FAIL: libffi.call/nested_struct1.c -O0 -W -Wall (test for excess errors)
UNRESOLVED: libffi.call/nested_struct1.c -O0 -W -Wall compilation failed to produce executable
FAIL: libffi.call/nested_struct10.c -O0 -W -Wall (test for excess errors)
UNRESOLVED: libffi.call/nested_struct10.c -O0 -W -Wall compilation failed to produce executable
FAIL: libffi.call/nested_struct2.c -O0 -W -Wall (test for excess errors)
UNRESOLVED: libffi.call/nested_struct2.c -O0 -W -Wall compilation failed to produce executable
FAIL: libffi.call/nested_struct3.c -O0 -W -Wall (test for excess errors)
UNRESOLVED: libffi.call/nested_struct3.c -O0 -W -Wall compilation failed to produce executable
FAIL: libffi.call/nested_struct4.c -O0 -W -Wall (test for excess errors)
UNRESOLVED: libffi.call/nested_struct4.c -O0 -W -Wall compilation failed to produce executable
FAIL: libffi.call/nested_struct5.c -O0 -W -Wall (test for excess errors)
UNRESOLVED: libffi.call/nested_struct5.c -O0 -W -Wall compilation failed to produce executable
FAIL: libffi.call/nested_struct6.c -O0 -W -Wall (test for excess errors)
UNRESOLVED: libffi.call/nested_struct6.c -O0 -W -Wall compilation failed to produce executable
FAIL: libffi.call/nested_struct7.c -O0 -W -Wall (test for excess errors)
UNRESOLVED: libffi.call/nested_struct7.c -O0 -W -Wall compilation failed to produce executable
FAIL: libffi.call/nested_struct8.c -O0 -W -Wall (test for excess errors)
UNRESOLVED: libffi.call/nested_struct8.c -O0 -W -Wall compilation failed to produce executable
FAIL: libffi.call/nested_struct9.c -O0 -W -Wall (test for excess errors)
UNRESOLVED: libffi.call/nested_struct9.c -O0 -W -Wall compilation failed to produce executable
FAIL: libffi.call/problem1.c -O0 -W -Wall (test for excess errors)
UNRESOLVED: libffi.call/problem1.c -O0 -W -Wall compilation failed to produce executable
FAIL: libffi.call/promotion.c -O0 -W -Wall (test for excess errors)
UNRESOLVED: libffi.call/promotion.c -O0 -W -Wall compilation failed to produce executable
FAIL: libffi.call/pyobjc-tc.c -O0 -W -Wall (test for excess errors)
UNRESOLVED: libffi.call/pyobjc-tc.c -O0 -W -Wall compilation failed to produce executable
FAIL: libffi.call/return_dbl.c -O0 -W -Wall (test for excess errors)
UNRESOLVED: libffi.call/return_dbl.c -O0 -W -Wall compilation failed to produce executable
FAIL: libffi.call/return_dbl1.c -O0 -W -Wall (test for excess errors)
UNRESOLVED: libffi.call/return_dbl1.c -O0 -W -Wall compilation failed to produce executable
FAIL: libffi.call/return_dbl2.c -O0 -W -Wall (test for excess errors)
UNRESOLVED: libffi.call/return_dbl2.c -O0 -W -Wall compilation failed to produce executable
FAIL: libffi.call/return_fl.c -O0 -W -Wall (test for excess errors)
UNRESOLVED: libffi.call/return_fl.c -O0 -W -Wall compilation failed to produce executable
FAIL: libffi.call/return_fl1.c -O0 -W -Wall (test for excess errors)
UNRESOLVED: libffi.call/return_fl1.c -O0 -W -Wall compilation failed to produce executable
FAIL: libffi.call/return_fl2.c -O0 -W -Wall (test for excess errors)
UNRESOLVED: libffi.call/return_fl2.c -O0 -W -Wall compilation failed to produce executable
FAIL: libffi.call/return_fl3.c -O0 -W -Wall (test for excess errors)
UNRESOLVED: libffi.call/return_fl3.c -O0 -W -Wall compilation failed to produce executable
FAIL: libffi.call/return_ldl.c -O0 -W -Wall (test for excess errors)
UNRESOLVED: libffi.call/return_ldl.c -O0 -W -Wall compilation failed to produce executable
FAIL: libffi.call/return_ll.c -O0 -W -Wall (test for excess errors)
UNRESOLVED: libffi.call/return_ll.c -O0 -W -Wall compilation failed to produce executable
FAIL: libffi.call/return_ll1.c -O0 -W -Wall (test for excess errors)
UNRESOLVED: libffi.call/return_ll1.c -O0 -W -Wall compilation failed to produce executable
FAIL: libffi.call/return_sc.c -O0 -W -Wall (test for excess errors)
UNRESOLVED: libffi.call/return_sc.c -O0 -W -Wall compilation failed to produce executable
FAIL: libffi.call/return_sl.c -O0 -W -Wall (test for excess errors)
UNRESOLVED: libffi.call/return_sl.c -O0 -W -Wall compilation failed to produce executable
FAIL: libffi.call/return_uc.c -O0 -W -Wall (test for excess errors)
UNRESOLVED: libffi.call/return_uc.c -O0 -W -Wall compilation failed to produce executable
FAIL: libffi.call/return_ul.c -O0 -W -Wall (test for excess errors)
UNRESOLVED: libffi.call/return_ul.c -O0 -W -Wall compilation failed to produce executable
FAIL: libffi.call/stret_large.c -O0 -W -Wall (test for excess errors)
UNRESOLVED: libffi.call/stret_large.c -O0 -W -Wall compilation failed to produce executable
FAIL: libffi.call/stret_large2.c -O0 -W -Wall (test for excess errors)
UNRESOLVED: libffi.call/stret_large2.c -O0 -W -Wall compilation failed to produce executable
FAIL: libffi.call/stret_medium.c -O0 -W -Wall (test for excess errors)
UNRESOLVED: libffi.call/stret_medium.c -O0 -W -Wall compilation failed to produce executable
FAIL: libffi.call/stret_medium2.c -O0 -W -Wall (test for excess errors)
UNRESOLVED: libffi.call/stret_medium2.c -O0 -W -Wall compilation failed to produce executable
FAIL: libffi.call/strlen.c -O0 -W -Wall (test for excess errors)
UNRESOLVED: libffi.call/strlen.c -O0 -W -Wall compilation failed to produce executable
FAIL: libffi.call/struct1.c -O0 -W -Wall (test for excess errors)
UNRESOLVED: libffi.call/struct1.c -O0 -W -Wall compilation failed to produce executable
FAIL: libffi.call/struct2.c -O0 -W -Wall (test for excess errors)
UNRESOLVED: libffi.call/struct2.c -O0 -W -Wall compilation failed to produce executable
FAIL: libffi.call/struct3.c -O0 -W -Wall (test for excess errors)
UNRESOLVED: libffi.call/struct3.c -O0 -W -Wall compilation failed to produce executable
FAIL: libffi.call/struct4.c -O0 -W -Wall (test for excess errors)
UNRESOLVED: libffi.call/struct4.c -O0 -W -Wall compilation failed to produce executable
FAIL: libffi.call/struct5.c -O0 -W -Wall (test for excess errors)
UNRESOLVED: libffi.call/struct5.c -O0 -W -Wall compilation failed to produce executable
FAIL: libffi.call/struct6.c -O0 -W -Wall (test for excess errors)
UNRESOLVED: libffi.call/struct6.c -O0 -W -Wall compilation failed to produce executable
FAIL: libffi.call/struct7.c -O0 -W -Wall (test for excess errors)
UNRESOLVED: libffi.call/struct7.c -O0 -W -Wall compilation failed to produce executable
FAIL: libffi.call/struct8.c -O0 -W -Wall (test for excess errors)
UNRESOLVED: libffi.call/struct8.c -O0 -W -Wall compilation failed to produce executable
FAIL: libffi.call/struct9.c -O0 -W -Wall (test for excess errors)
UNRESOLVED: libffi.call/struct9.c -O0 -W -Wall compilation failed to produce executable
FAIL: libffi.call/closure_fn0.c -O2 (test for excess errors)
UNRESOLVED: libffi.call/closure_fn0.c -O2 compilation failed to produce executable
FAIL: libffi.call/closure_fn1.c -O2 (test for excess errors)
UNRESOLVED: libffi.call/closure_fn1.c -O2 compilation failed to produce executable
FAIL: libffi.call/closure_fn2.c -O2 (test for excess errors)
UNRESOLVED: libffi.call/closure_fn2.c -O2 compilation failed to produce executable
FAIL: libffi.call/closure_fn3.c -O2 (test for excess errors)
UNRESOLVED: libffi.call/closure_fn3.c -O2 compilation failed to produce executable
FAIL: libffi.call/closure_fn4.c -O2 (test for excess errors)
UNRESOLVED: libffi.call/closure_fn4.c -O2 compilation failed to produce executable
FAIL: libffi.call/closure_fn5.c -O2 (test for excess errors)
UNRESOLVED: libffi.call/closure_fn5.c -O2 compilation failed to produce executable
FAIL: libffi.call/closure_fn6.c -O2 (test for excess errors)
UNRESOLVED: libffi.call/closure_fn6.c -O2 compilation failed to produce executable
FAIL: libffi.call/closure_loc_fn0.c -O2 (test for excess errors)
UNRESOLVED: libffi.call/closure_loc_fn0.c -O2 compilation failed to produce executable
FAIL: libffi.call/cls_12byte.c -O2 (test for excess errors)
UNRESOLVED: libffi.call/cls_12byte.c -O2 compilation failed to produce executable
FAIL: libffi.call/cls_16byte.c -O2 (test for excess errors)
UNRESOLVED: libffi.call/cls_16byte.c -O2 compilation failed to produce executable
FAIL: libffi.call/cls_18byte.c -O2 (test for excess errors)
UNRESOLVED: libffi.call/cls_18byte.c -O2 compilation failed to produce executable
FAIL: libffi.call/cls_19byte.c -O2 (test for excess errors)
UNRESOLVED: libffi.call/cls_19byte.c -O2 compilation failed to produce executable
FAIL: libffi.call/cls_1_1byte.c -O2 (test for excess errors)
UNRESOLVED: libffi.call/cls_1_1byte.c -O2 compilation failed to produce executable
FAIL: libffi.call/cls_20byte.c -O2 (test for excess errors)
UNRESOLVED: libffi.call/cls_20byte.c -O2 compilation failed to produce executable
FAIL: libffi.call/cls_20byte1.c -O2 (test for excess errors)
UNRESOLVED: libffi.call/cls_20byte1.c -O2 compilation failed to produce executable
FAIL: libffi.call/cls_24byte.c -O2 (test for excess errors)
UNRESOLVED: libffi.call/cls_24byte.c -O2 compilation failed to produce executable
FAIL: libffi.call/cls_2byte.c -O2 (test for excess errors)
UNRESOLVED: libffi.call/cls_2byte.c -O2 compilation failed to produce executable
FAIL: libffi.call/cls_3_1byte.c -O2 (test for excess errors)
UNRESOLVED: libffi.call/cls_3_1byte.c -O2 compilation failed to produce executable
FAIL: libffi.call/cls_3byte1.c -O2 (test for excess errors)
UNRESOLVED: libffi.call/cls_3byte1.c -O2 compilation failed to produce executable
FAIL: libffi.call/cls_3byte2.c -O2 (test for excess errors)
UNRESOLVED: libffi.call/cls_3byte2.c -O2 compilation failed to produce executable
FAIL: libffi.call/cls_4_1byte.c -O2 (test for excess errors)
UNRESOLVED: libffi.call/cls_4_1byte.c -O2 compilation failed to produce executable
FAIL: libffi.call/cls_4byte.c -O2 (test for excess errors)
UNRESOLVED: libffi.call/cls_4byte.c -O2 compilation failed to produce executable
FAIL: libffi.call/cls_5_1_byte.c -O2 (test for excess errors)
UNRESOLVED: libffi.call/cls_5_1_byte.c -O2 compilation failed to produce executable
FAIL: libffi.call/cls_5byte.c -O2 (test for excess errors)
UNRESOLVED: libffi.call/cls_5byte.c -O2 compilation failed to produce executable
FAIL: libffi.call/cls_64byte.c -O2 (test for excess errors)
UNRESOLVED: libffi.call/cls_64byte.c -O2 compilation failed to produce executable
FAIL: libffi.call/cls_6_1_byte.c -O2 (test for excess errors)
UNRESOLVED: libffi.call/cls_6_1_byte.c -O2 compilation failed to produce executable
FAIL: libffi.call/cls_6byte.c -O2 (test for excess errors)
UNRESOLVED: libffi.call/cls_6byte.c -O2 compilation failed to produce executable
FAIL: libffi.call/cls_7_1_byte.c -O2 (test for excess errors)
UNRESOLVED: libffi.call/cls_7_1_byte.c -O2 compilation failed to produce executable
FAIL: libffi.call/cls_7byte.c -O2 (test for excess errors)
UNRESOLVED: libffi.call/cls_7byte.c -O2 compilation failed to produce executable
FAIL: libffi.call/cls_8byte.c -O2 (test for excess errors)
UNRESOLVED: libffi.call/cls_8byte.c -O2 compilation failed to produce executable
FAIL: libffi.call/cls_9byte1.c -O2 (test for excess errors)
UNRESOLVED: libffi.call/cls_9byte1.c -O2 compilation failed to produce executable
FAIL: libffi.call/cls_9byte2.c -O2 (test for excess errors)
UNRESOLVED: libffi.call/cls_9byte2.c -O2 compilation failed to produce executable
FAIL: libffi.call/cls_align_double.c -O2 (test for excess errors)
UNRESOLVED: libffi.call/cls_align_double.c -O2 compilation failed to produce executable
FAIL: libffi.call/cls_align_float.c -O2 (test for excess errors)
UNRESOLVED: libffi.call/cls_align_float.c -O2 compilation failed to produce executable
FAIL: libffi.call/cls_align_longdouble.c -O2 (test for excess errors)
UNRESOLVED: libffi.call/cls_align_longdouble.c -O2 compilation failed to produce executable
FAIL: libffi.call/cls_align_longdouble_split.c -O2 (test for excess errors)
UNRESOLVED: libffi.call/cls_align_longdouble_split.c -O2 compilation failed to produce executable
FAIL: libffi.call/cls_align_longdouble_split2.c -O2 (test for excess errors)
UNRESOLVED: libffi.call/cls_align_longdouble_split2.c -O2 compilation failed to produce executable
FAIL: libffi.call/cls_align_pointer.c -O2 (test for excess errors)
UNRESOLVED: libffi.call/cls_align_pointer.c -O2 compilation failed to produce executable
FAIL: libffi.call/cls_align_sint16.c -O2 (test for excess errors)
UNRESOLVED: libffi.call/cls_align_sint16.c -O2 compilation failed to produce executable
FAIL: libffi.call/cls_align_sint32.c -O2 (test for excess errors)
UNRESOLVED: libffi.call/cls_align_sint32.c -O2 compilation failed to produce executable
FAIL: libffi.call/cls_align_sint64.c -O2 (test for excess errors)
UNRESOLVED: libffi.call/cls_align_sint64.c -O2 compilation failed to produce executable
FAIL: libffi.call/cls_align_uint16.c -O2 (test for excess errors)
UNRESOLVED: libffi.call/cls_align_uint16.c -O2 compilation failed to produce executable
FAIL: libffi.call/cls_align_uint32.c -O2 (test for excess errors)
UNRESOLVED: libffi.call/cls_align_uint32.c -O2 compilation failed to produce executable
FAIL: libffi.call/cls_align_uint64.c -O2 (test for excess errors)
UNRESOLVED: libffi.call/cls_align_uint64.c -O2 compilation failed to produce executable
FAIL: libffi.call/cls_dbls_struct.c -O2 (test for excess errors)
UNRESOLVED: libffi.call/cls_dbls_struct.c -O2 compilation failed to produce executable
FAIL: libffi.call/cls_double.c -O2 (test for excess errors)
UNRESOLVED: libffi.call/cls_double.c -O2 compilation failed to produce executable
FAIL: libffi.call/cls_double_va.c -O2 (test for excess errors)
UNRESOLVED: libffi.call/cls_double_va.c -O2 compilation failed to produce executable
FAIL: libffi.call/cls_float.c -O2 (test for excess errors)
UNRESOLVED: libffi.call/cls_float.c -O2 compilation failed to produce executable
FAIL: libffi.call/cls_longdouble.c -O2 (test for excess errors)
UNRESOLVED: libffi.call/cls_longdouble.c -O2 compilation failed to produce executable
FAIL: libffi.call/cls_longdouble_va.c -O2 (test for excess errors)
UNRESOLVED: libffi.call/cls_longdouble_va.c -O2 compilation failed to produce executable
FAIL: libffi.call/cls_multi_schar.c -O2 (test for excess errors)
UNRESOLVED: libffi.call/cls_multi_schar.c -O2 compilation failed to produce executable
FAIL: libffi.call/cls_multi_sshort.c -O2 (test for excess errors)
UNRESOLVED: libffi.call/cls_multi_sshort.c -O2 compilation failed to produce executable
FAIL: libffi.call/cls_multi_sshortchar.c -O2 (test for excess errors)
UNRESOLVED: libffi.call/cls_multi_sshortchar.c -O2 compilation failed to produce executable
FAIL: libffi.call/cls_multi_uchar.c -O2 (test for excess errors)
UNRESOLVED: libffi.call/cls_multi_uchar.c -O2 compilation failed to produce executable
FAIL: libffi.call/cls_multi_ushort.c -O2 (test for excess errors)
UNRESOLVED: libffi.call/cls_multi_ushort.c -O2 compilation failed to produce executable
FAIL: libffi.call/cls_multi_ushortchar.c -O2 (test for excess errors)
UNRESOLVED: libffi.call/cls_multi_ushortchar.c -O2 compilation failed to produce executable
FAIL: libffi.call/cls_pointer.c -O2 (test for excess errors)
UNRESOLVED: libffi.call/cls_pointer.c -O2 compilation failed to produce executable
FAIL: libffi.call/cls_pointer_stack.c -O2 (test for excess errors)
UNRESOLVED: libffi.call/cls_pointer_stack.c -O2 compilation failed to produce executable
FAIL: libffi.call/cls_schar.c -O2 (test for excess errors)
UNRESOLVED: libffi.call/cls_schar.c -O2 compilation failed to produce executable
FAIL: libffi.call/cls_sint.c -O2 (test for excess errors)
UNRESOLVED: libffi.call/cls_sint.c -O2 compilation failed to produce executable
FAIL: libffi.call/cls_sshort.c -O2 (test for excess errors)
UNRESOLVED: libffi.call/cls_sshort.c -O2 compilation failed to produce executable
FAIL: libffi.call/cls_uchar.c -O2 (test for excess errors)
UNRESOLVED: libffi.call/cls_uchar.c -O2 compilation failed to produce executable
FAIL: libffi.call/cls_uint.c -O2 (test for excess errors)
UNRESOLVED: libffi.call/cls_uint.c -O2 compilation failed to produce executable
FAIL: libffi.call/cls_ulonglong.c -O2 (test for excess errors)
UNRESOLVED: libffi.call/cls_ulonglong.c -O2 compilation failed to produce executable
FAIL: libffi.call/cls_ushort.c -O2 (test for excess errors)
UNRESOLVED: libffi.call/cls_ushort.c -O2 compilation failed to produce executable
FAIL: libffi.call/err_bad_abi.c -O2 (test for excess errors)
UNRESOLVED: libffi.call/err_bad_abi.c -O2 compilation failed to produce executable
FAIL: libffi.call/err_bad_typedef.c -O2 (test for excess errors)
UNRESOLVED: libffi.call/err_bad_typedef.c -O2 compilation failed to produce executable
FAIL: libffi.call/float.c -O2 (test for excess errors)
UNRESOLVED: libffi.call/float.c -O2 compilation failed to produce executable
FAIL: libffi.call/float1.c -O2 (test for excess errors)
UNRESOLVED: libffi.call/float1.c -O2 compilation failed to produce executable
FAIL: libffi.call/float2.c -O2 (test for excess errors)
UNRESOLVED: libffi.call/float2.c -O2 compilation failed to produce executable
FAIL: libffi.call/float3.c -O2 (test for excess errors)
UNRESOLVED: libffi.call/float3.c -O2 compilation failed to produce executable
FAIL: libffi.call/float4.c -O2 (test for excess errors)
UNRESOLVED: libffi.call/float4.c -O2 compilation failed to produce executable
FAIL: libffi.call/many.c -O2 (test for excess errors)
UNRESOLVED: libffi.call/many.c -O2 compilation failed to produce executable
FAIL: libffi.call/negint.c -O2 (test for excess errors)
UNRESOLVED: libffi.call/negint.c -O2 compilation failed to produce executable
FAIL: libffi.call/nested_struct.c -O2 (test for excess errors)
UNRESOLVED: libffi.call/nested_struct.c -O2 compilation failed to produce executable
FAIL: libffi.call/nested_struct1.c -O2 (test for excess errors)
UNRESOLVED: libffi.call/nested_struct1.c -O2 compilation failed to produce executable
FAIL: libffi.call/nested_struct10.c -O2 (test for excess errors)
UNRESOLVED: libffi.call/nested_struct10.c -O2 compilation failed to produce executable
FAIL: libffi.call/nested_struct2.c -O2 (test for excess errors)
UNRESOLVED: libffi.call/nested_struct2.c -O2 compilation failed to produce executable
FAIL: libffi.call/nested_struct3.c -O2 (test for excess errors)
UNRESOLVED: libffi.call/nested_struct3.c -O2 compilation failed to produce executable
FAIL: libffi.call/nested_struct4.c -O2 (test for excess errors)
UNRESOLVED: libffi.call/nested_struct4.c -O2 compilation failed to produce executable
FAIL: libffi.call/nested_struct5.c -O2 (test for excess errors)
UNRESOLVED: libffi.call/nested_struct5.c -O2 compilation failed to produce executable
FAIL: libffi.call/nested_struct6.c -O2 (test for excess errors)
UNRESOLVED: libffi.call/nested_struct6.c -O2 compilation failed to produce executable
FAIL: libffi.call/nested_struct7.c -O2 (test for excess errors)
UNRESOLVED: libffi.call/nested_struct7.c -O2 compilation failed to produce executable
FAIL: libffi.call/nested_struct8.c -O2 (test for excess errors)
UNRESOLVED: libffi.call/nested_struct8.c -O2 compilation failed to produce executable
FAIL: libffi.call/nested_struct9.c -O2 (test for excess errors)
UNRESOLVED: libffi.call/nested_struct9.c -O2 compilation failed to produce executable
FAIL: libffi.call/problem1.c -O2 (test for excess errors)
UNRESOLVED: libffi.call/problem1.c -O2 compilation failed to produce executable
FAIL: libffi.call/promotion.c -O2 (test for excess errors)
UNRESOLVED: libffi.call/promotion.c -O2 compilation failed to produce executable
FAIL: libffi.call/pyobjc-tc.c -O2 (test for excess errors)
UNRESOLVED: libffi.call/pyobjc-tc.c -O2 compilation failed to produce executable
FAIL: libffi.call/return_dbl.c -O2 (test for excess errors)
UNRESOLVED: libffi.call/return_dbl.c -O2 compilation failed to produce executable
FAIL: libffi.call/return_dbl1.c -O2 (test for excess errors)
UNRESOLVED: libffi.call/return_dbl1.c -O2 compilation failed to produce executable
FAIL: libffi.call/return_dbl2.c -O2 (test for excess errors)
UNRESOLVED: libffi.call/return_dbl2.c -O2 compilation failed to produce executable
FAIL: libffi.call/return_fl.c -O2 (test for excess errors)
UNRESOLVED: libffi.call/return_fl.c -O2 compilation failed to produce executable
FAIL: libffi.call/return_fl1.c -O2 (test for excess errors)
UNRESOLVED: libffi.call/return_fl1.c -O2 compilation failed to produce executable
FAIL: libffi.call/return_fl2.c -O2 (test for excess errors)
UNRESOLVED: libffi.call/return_fl2.c -O2 compilation failed to produce executable
FAIL: libffi.call/return_fl3.c -O2 (test for excess errors)
UNRESOLVED: libffi.call/return_fl3.c -O2 compilation failed to produce executable
FAIL: libffi.call/return_ldl.c -O2 (test for excess errors)
UNRESOLVED: libffi.call/return_ldl.c -O2 compilation failed to produce executable
FAIL: libffi.call/return_ll.c -O2 (test for excess errors)
UNRESOLVED: libffi.call/return_ll.c -O2 compilation failed to produce executable
FAIL: libffi.call/return_ll1.c -O2 (test for excess errors)
UNRESOLVED: libffi.call/return_ll1.c -O2 compilation failed to produce executable
FAIL: libffi.call/return_sc.c -O2 (test for excess errors)
UNRESOLVED: libffi.call/return_sc.c -O2 compilation failed to produce executable
FAIL: libffi.call/return_sl.c -O2 (test for excess errors)
UNRESOLVED: libffi.call/return_sl.c -O2 compilation failed to produce executable
FAIL: libffi.call/return_uc.c -O2 (test for excess errors)
UNRESOLVED: libffi.call/return_uc.c -O2 compilation failed to produce executable
FAIL: libffi.call/return_ul.c -O2 (test for excess errors)
UNRESOLVED: libffi.call/return_ul.c -O2 compilation failed to produce executable
FAIL: libffi.call/stret_large.c -O2 (test for excess errors)
UNRESOLVED: libffi.call/stret_large.c -O2 compilation failed to produce executable
FAIL: libffi.call/stret_large2.c -O2 (test for excess errors)
UNRESOLVED: libffi.call/stret_large2.c -O2 compilation failed to produce executable
FAIL: libffi.call/stret_medium.c -O2 (test for excess errors)
UNRESOLVED: libffi.call/stret_medium.c -O2 compilation failed to produce executable
FAIL: libffi.call/stret_medium2.c -O2 (test for excess errors)
UNRESOLVED: libffi.call/stret_medium2.c -O2 compilation failed to produce executable
FAIL: libffi.call/strlen.c -O2 (test for excess errors)
UNRESOLVED: libffi.call/strlen.c -O2 compilation failed to produce executable
FAIL: libffi.call/struct1.c -O2 (test for excess errors)
UNRESOLVED: libffi.call/struct1.c -O2 compilation failed to produce executable
FAIL: libffi.call/struct2.c -O2 (test for excess errors)
UNRESOLVED: libffi.call/struct2.c -O2 compilation failed to produce executable
FAIL: libffi.call/struct3.c -O2 (test for excess errors)
UNRESOLVED: libffi.call/struct3.c -O2 compilation failed to produce executable
FAIL: libffi.call/struct4.c -O2 (test for excess errors)
UNRESOLVED: libffi.call/struct4.c -O2 compilation failed to produce executable
FAIL: libffi.call/struct5.c -O2 (test for excess errors)
UNRESOLVED: libffi.call/struct5.c -O2 compilation failed to produce executable
FAIL: libffi.call/struct6.c -O2 (test for excess errors)
UNRESOLVED: libffi.call/struct6.c -O2 compilation failed to produce executable
FAIL: libffi.call/struct7.c -O2 (test for excess errors)
UNRESOLVED: libffi.call/struct7.c -O2 compilation failed to produce executable
FAIL: libffi.call/struct8.c -O2 (test for excess errors)
UNRESOLVED: libffi.call/struct8.c -O2 compilation failed to produce executable
FAIL: libffi.call/struct9.c -O2 (test for excess errors)
UNRESOLVED: libffi.call/struct9.c -O2 compilation failed to produce executable
FAIL: libffi.call/closure_fn0.c -O3 (test for excess errors)
UNRESOLVED: libffi.call/closure_fn0.c -O3 compilation failed to produce executable
FAIL: libffi.call/closure_fn1.c -O3 (test for excess errors)
UNRESOLVED: libffi.call/closure_fn1.c -O3 compilation failed to produce executable
FAIL: libffi.call/closure_fn2.c -O3 (test for excess errors)
UNRESOLVED: libffi.call/closure_fn2.c -O3 compilation failed to produce executable
FAIL: libffi.call/closure_fn3.c -O3 (test for excess errors)
UNRESOLVED: libffi.call/closure_fn3.c -O3 compilation failed to produce executable
FAIL: libffi.call/closure_fn4.c -O3 (test for excess errors)
UNRESOLVED: libffi.call/closure_fn4.c -O3 compilation failed to produce executable
FAIL: libffi.call/closure_fn5.c -O3 (test for excess errors)
UNRESOLVED: libffi.call/closure_fn5.c -O3 compilation failed to produce executable
FAIL: libffi.call/closure_fn6.c -O3 (test for excess errors)
UNRESOLVED: libffi.call/closure_fn6.c -O3 compilation failed to produce executable
FAIL: libffi.call/closure_loc_fn0.c -O3 (test for excess errors)
UNRESOLVED: libffi.call/closure_loc_fn0.c -O3 compilation failed to produce executable
FAIL: libffi.call/cls_12byte.c -O3 (test for excess errors)
UNRESOLVED: libffi.call/cls_12byte.c -O3 compilation failed to produce executable
FAIL: libffi.call/cls_16byte.c -O3 (test for excess errors)
UNRESOLVED: libffi.call/cls_16byte.c -O3 compilation failed to produce executable
FAIL: libffi.call/cls_18byte.c -O3 (test for excess errors)
UNRESOLVED: libffi.call/cls_18byte.c -O3 compilation failed to produce executable
FAIL: libffi.call/cls_19byte.c -O3 (test for excess errors)
UNRESOLVED: libffi.call/cls_19byte.c -O3 compilation failed to produce executable
FAIL: libffi.call/cls_1_1byte.c -O3 (test for excess errors)
UNRESOLVED: libffi.call/cls_1_1byte.c -O3 compilation failed to produce executable
FAIL: libffi.call/cls_20byte.c -O3 (test for excess errors)
UNRESOLVED: libffi.call/cls_20byte.c -O3 compilation failed to produce executable
FAIL: libffi.call/cls_20byte1.c -O3 (test for excess errors)
UNRESOLVED: libffi.call/cls_20byte1.c -O3 compilation failed to produce executable
FAIL: libffi.call/cls_24byte.c -O3 (test for excess errors)
UNRESOLVED: libffi.call/cls_24byte.c -O3 compilation failed to produce executable
FAIL: libffi.call/cls_2byte.c -O3 (test for excess errors)
UNRESOLVED: libffi.call/cls_2byte.c -O3 compilation failed to produce executable
FAIL: libffi.call/cls_3_1byte.c -O3 (test for excess errors)
UNRESOLVED: libffi.call/cls_3_1byte.c -O3 compilation failed to produce executable
FAIL: libffi.call/cls_3byte1.c -O3 (test for excess errors)
UNRESOLVED: libffi.call/cls_3byte1.c -O3 compilation failed to produce executable
FAIL: libffi.call/cls_3byte2.c -O3 (test for excess errors)
UNRESOLVED: libffi.call/cls_3byte2.c -O3 compilation failed to produce executable
FAIL: libffi.call/cls_4_1byte.c -O3 (test for excess errors)
UNRESOLVED: libffi.call/cls_4_1byte.c -O3 compilation failed to produce executable
FAIL: libffi.call/cls_4byte.c -O3 (test for excess errors)
UNRESOLVED: libffi.call/cls_4byte.c -O3 compilation failed to produce executable
FAIL: libffi.call/cls_5_1_byte.c -O3 (test for excess errors)
UNRESOLVED: libffi.call/cls_5_1_byte.c -O3 compilation failed to produce executable
FAIL: libffi.call/cls_5byte.c -O3 (test for excess errors)
UNRESOLVED: libffi.call/cls_5byte.c -O3 compilation failed to produce executable
FAIL: libffi.call/cls_64byte.c -O3 (test for excess errors)
UNRESOLVED: libffi.call/cls_64byte.c -O3 compilation failed to produce executable
FAIL: libffi.call/cls_6_1_byte.c -O3 (test for excess errors)
UNRESOLVED: libffi.call/cls_6_1_byte.c -O3 compilation failed to produce executable
FAIL: libffi.call/cls_6byte.c -O3 (test for excess errors)
UNRESOLVED: libffi.call/cls_6byte.c -O3 compilation failed to produce executable
FAIL: libffi.call/cls_7_1_byte.c -O3 (test for excess errors)
UNRESOLVED: libffi.call/cls_7_1_byte.c -O3 compilation failed to produce executable
FAIL: libffi.call/cls_7byte.c -O3 (test for excess errors)
UNRESOLVED: libffi.call/cls_7byte.c -O3 compilation failed to produce executable
FAIL: libffi.call/cls_8byte.c -O3 (test for excess errors)
UNRESOLVED: libffi.call/cls_8byte.c -O3 compilation failed to produce executable
FAIL: libffi.call/cls_9byte1.c -O3 (test for excess errors)
UNRESOLVED: libffi.call/cls_9byte1.c -O3 compilation failed to produce executable
FAIL: libffi.call/cls_9byte2.c -O3 (test for excess errors)
UNRESOLVED: libffi.call/cls_9byte2.c -O3 compilation failed to produce executable
FAIL: libffi.call/cls_align_double.c -O3 (test for excess errors)
UNRESOLVED: libffi.call/cls_align_double.c -O3 compilation failed to produce executable
FAIL: libffi.call/cls_align_float.c -O3 (test for excess errors)
UNRESOLVED: libffi.call/cls_align_float.c -O3 compilation failed to produce executable
FAIL: libffi.call/cls_align_longdouble.c -O3 (test for excess errors)
UNRESOLVED: libffi.call/cls_align_longdouble.c -O3 compilation failed to produce executable
FAIL: libffi.call/cls_align_longdouble_split.c -O3 (test for excess errors)
UNRESOLVED: libffi.call/cls_align_longdouble_split.c -O3 compilation failed to produce executable
FAIL: libffi.call/cls_align_longdouble_split2.c -O3 (test for excess errors)
UNRESOLVED: libffi.call/cls_align_longdouble_split2.c -O3 compilation failed to produce executable
FAIL: libffi.call/cls_align_pointer.c -O3 (test for excess errors)
UNRESOLVED: libffi.call/cls_align_pointer.c -O3 compilation failed to produce executable
FAIL: libffi.call/cls_align_sint16.c -O3 (test for excess errors)
UNRESOLVED: libffi.call/cls_align_sint16.c -O3 compilation failed to produce executable
FAIL: libffi.call/cls_align_sint32.c -O3 (test for excess errors)
UNRESOLVED: libffi.call/cls_align_sint32.c -O3 compilation failed to produce executable
FAIL: libffi.call/cls_align_sint64.c -O3 (test for excess errors)
UNRESOLVED: libffi.call/cls_align_sint64.c -O3 compilation failed to produce executable
FAIL: libffi.call/cls_align_uint16.c -O3 (test for excess errors)
UNRESOLVED: libffi.call/cls_align_uint16.c -O3 compilation failed to produce executable
FAIL: libffi.call/cls_align_uint32.c -O3 (test for excess errors)
UNRESOLVED: libffi.call/cls_align_uint32.c -O3 compilation failed to produce executable
FAIL: libffi.call/cls_align_uint64.c -O3 (test for excess errors)
UNRESOLVED: libffi.call/cls_align_uint64.c -O3 compilation failed to produce executable
FAIL: libffi.call/cls_dbls_struct.c -O3 (test for excess errors)
UNRESOLVED: libffi.call/cls_dbls_struct.c -O3 compilation failed to produce executable
FAIL: libffi.call/cls_double.c -O3 (test for excess errors)
UNRESOLVED: libffi.call/cls_double.c -O3 compilation failed to produce executable
FAIL: libffi.call/cls_double_va.c -O3 (test for excess errors)
UNRESOLVED: libffi.call/cls_double_va.c -O3 compilation failed to produce executable
FAIL: libffi.call/cls_float.c -O3 (test for excess errors)
UNRESOLVED: libffi.call/cls_float.c -O3 compilation failed to produce executable
FAIL: libffi.call/cls_longdouble.c -O3 (test for excess errors)
UNRESOLVED: libffi.call/cls_longdouble.c -O3 compilation failed to produce executable
FAIL: libffi.call/cls_longdouble_va.c -O3 (test for excess errors)
UNRESOLVED: libffi.call/cls_longdouble_va.c -O3 compilation failed to produce executable
FAIL: libffi.call/cls_multi_schar.c -O3 (test for excess errors)
UNRESOLVED: libffi.call/cls_multi_schar.c -O3 compilation failed to produce executable
FAIL: libffi.call/cls_multi_sshort.c -O3 (test for excess errors)
UNRESOLVED: libffi.call/cls_multi_sshort.c -O3 compilation failed to produce executable
FAIL: libffi.call/cls_multi_sshortchar.c -O3 (test for excess errors)
UNRESOLVED: libffi.call/cls_multi_sshortchar.c -O3 compilation failed to produce executable
FAIL: libffi.call/cls_multi_uchar.c -O3 (test for excess errors)
UNRESOLVED: libffi.call/cls_multi_uchar.c -O3 compilation failed to produce executable
FAIL: libffi.call/cls_multi_ushort.c -O3 (test for excess errors)
UNRESOLVED: libffi.call/cls_multi_ushort.c -O3 compilation failed to produce executable
FAIL: libffi.call/cls_multi_ushortchar.c -O3 (test for excess errors)
UNRESOLVED: libffi.call/cls_multi_ushortchar.c -O3 compilation failed to produce executable
FAIL: libffi.call/cls_pointer.c -O3 (test for excess errors)
UNRESOLVED: libffi.call/cls_pointer.c -O3 compilation failed to produce executable
FAIL: libffi.call/cls_pointer_stack.c -O3 (test for excess errors)
UNRESOLVED: libffi.call/cls_pointer_stack.c -O3 compilation failed to produce executable
FAIL: libffi.call/cls_schar.c -O3 (test for excess errors)
UNRESOLVED: libffi.call/cls_schar.c -O3 compilation failed to produce executable
FAIL: libffi.call/cls_sint.c -O3 (test for excess errors)
UNRESOLVED: libffi.call/cls_sint.c -O3 compilation failed to produce executable
FAIL: libffi.call/cls_sshort.c -O3 (test for excess errors)
UNRESOLVED: libffi.call/cls_sshort.c -O3 compilation failed to produce executable
FAIL: libffi.call/cls_uchar.c -O3 (test for excess errors)
UNRESOLVED: libffi.call/cls_uchar.c -O3 compilation failed to produce executable
FAIL: libffi.call/cls_uint.c -O3 (test for excess errors)
UNRESOLVED: libffi.call/cls_uint.c -O3 compilation failed to produce executable
FAIL: libffi.call/cls_ulonglong.c -O3 (test for excess errors)
UNRESOLVED: libffi.call/cls_ulonglong.c -O3 compilation failed to produce executable
FAIL: libffi.call/cls_ushort.c -O3 (test for excess errors)
UNRESOLVED: libffi.call/cls_ushort.c -O3 compilation failed to produce executable
FAIL: libffi.call/err_bad_abi.c -O3 (test for excess errors)
UNRESOLVED: libffi.call/err_bad_abi.c -O3 compilation failed to produce executable
FAIL: libffi.call/err_bad_typedef.c -O3 (test for excess errors)
UNRESOLVED: libffi.call/err_bad_typedef.c -O3 compilation failed to produce executable
FAIL: libffi.call/float.c -O3 (test for excess errors)
UNRESOLVED: libffi.call/float.c -O3 compilation failed to produce executable
FAIL: libffi.call/float1.c -O3 (test for excess errors)
UNRESOLVED: libffi.call/float1.c -O3 compilation failed to produce executable
FAIL: libffi.call/float2.c -O3 (test for excess errors)
UNRESOLVED: libffi.call/float2.c -O3 compilation failed to produce executable
FAIL: libffi.call/float3.c -O3 (test for excess errors)
UNRESOLVED: libffi.call/float3.c -O3 compilation failed to produce executable
FAIL: libffi.call/float4.c -O3 (test for excess errors)
UNRESOLVED: libffi.call/float4.c -O3 compilation failed to produce executable
FAIL: libffi.call/many.c -O3 (test for excess errors)
UNRESOLVED: libffi.call/many.c -O3 compilation failed to produce executable
FAIL: libffi.call/negint.c -O3 (test for excess errors)
UNRESOLVED: libffi.call/negint.c -O3 compilation failed to produce executable
FAIL: libffi.call/nested_struct.c -O3 (test for excess errors)
UNRESOLVED: libffi.call/nested_struct.c -O3 compilation failed to produce executable
FAIL: libffi.call/nested_struct1.c -O3 (test for excess errors)
UNRESOLVED: libffi.call/nested_struct1.c -O3 compilation failed to produce executable
FAIL: libffi.call/nested_struct10.c -O3 (test for excess errors)
UNRESOLVED: libffi.call/nested_struct10.c -O3 compilation failed to produce executable
FAIL: libffi.call/nested_struct2.c -O3 (test for excess errors)
UNRESOLVED: libffi.call/nested_struct2.c -O3 compilation failed to produce executable
FAIL: libffi.call/nested_struct3.c -O3 (test for excess errors)
UNRESOLVED: libffi.call/nested_struct3.c -O3 compilation failed to produce executable
FAIL: libffi.call/nested_struct4.c -O3 (test for excess errors)
UNRESOLVED: libffi.call/nested_struct4.c -O3 compilation failed to produce executable
FAIL: libffi.call/nested_struct5.c -O3 (test for excess errors)
UNRESOLVED: libffi.call/nested_struct5.c -O3 compilation failed to produce executable
FAIL: libffi.call/nested_struct6.c -O3 (test for excess errors)
UNRESOLVED: libffi.call/nested_struct6.c -O3 compilation failed to produce executable
FAIL: libffi.call/nested_struct7.c -O3 (test for excess errors)
UNRESOLVED: libffi.call/nested_struct7.c -O3 compilation failed to produce executable
FAIL: libffi.call/nested_struct8.c -O3 (test for excess errors)
UNRESOLVED: libffi.call/nested_struct8.c -O3 compilation failed to produce executable
FAIL: libffi.call/nested_struct9.c -O3 (test for excess errors)
UNRESOLVED: libffi.call/nested_struct9.c -O3 compilation failed to produce executable
FAIL: libffi.call/problem1.c -O3 (test for excess errors)
UNRESOLVED: libffi.call/problem1.c -O3 compilation failed to produce executable
FAIL: libffi.call/promotion.c -O3 (test for excess errors)
UNRESOLVED: libffi.call/promotion.c -O3 compilation failed to produce executable
FAIL: libffi.call/pyobjc-tc.c -O3 (test for excess errors)
UNRESOLVED: libffi.call/pyobjc-tc.c -O3 compilation failed to produce executable
FAIL: libffi.call/return_dbl.c -O3 (test for excess errors)
UNRESOLVED: libffi.call/return_dbl.c -O3 compilation failed to produce executable
FAIL: libffi.call/return_dbl1.c -O3 (test for excess errors)
UNRESOLVED: libffi.call/return_dbl1.c -O3 compilation failed to produce executable
FAIL: libffi.call/return_dbl2.c -O3 (test for excess errors)
UNRESOLVED: libffi.call/return_dbl2.c -O3 compilation failed to produce executable
FAIL: libffi.call/return_fl.c -O3 (test for excess errors)
UNRESOLVED: libffi.call/return_fl.c -O3 compilation failed to produce executable
FAIL: libffi.call/return_fl1.c -O3 (test for excess errors)
UNRESOLVED: libffi.call/return_fl1.c -O3 compilation failed to produce executable
FAIL: libffi.call/return_fl2.c -O3 (test for excess errors)
UNRESOLVED: libffi.call/return_fl2.c -O3 compilation failed to produce executable
FAIL: libffi.call/return_fl3.c -O3 (test for excess errors)
UNRESOLVED: libffi.call/return_fl3.c -O3 compilation failed to produce executable
FAIL: libffi.call/return_ldl.c -O3 (test for excess errors)
UNRESOLVED: libffi.call/return_ldl.c -O3 compilation failed to produce executable
FAIL: libffi.call/return_ll.c -O3 (test for excess errors)
UNRESOLVED: libffi.call/return_ll.c -O3 compilation failed to produce executable
FAIL: libffi.call/return_ll1.c -O3 (test for excess errors)
UNRESOLVED: libffi.call/return_ll1.c -O3 compilation failed to produce executable
FAIL: libffi.call/return_sc.c -O3 (test for excess errors)
UNRESOLVED: libffi.call/return_sc.c -O3 compilation failed to produce executable
FAIL: libffi.call/return_sl.c -O3 (test for excess errors)
UNRESOLVED: libffi.call/return_sl.c -O3 compilation failed to produce executable
FAIL: libffi.call/return_uc.c -O3 (test for excess errors)
UNRESOLVED: libffi.call/return_uc.c -O3 compilation failed to produce executable
FAIL: libffi.call/return_ul.c -O3 (test for excess errors)
UNRESOLVED: libffi.call/return_ul.c -O3 compilation failed to produce executable
FAIL: libffi.call/stret_large.c -O3 (test for excess errors)
UNRESOLVED: libffi.call/stret_large.c -O3 compilation failed to produce executable
FAIL: libffi.call/stret_large2.c -O3 (test for excess errors)
UNRESOLVED: libffi.call/stret_large2.c -O3 compilation failed to produce executable
FAIL: libffi.call/stret_medium.c -O3 (test for excess errors)
UNRESOLVED: libffi.call/stret_medium.c -O3 compilation failed to produce executable
FAIL: libffi.call/stret_medium2.c -O3 (test for excess errors)
UNRESOLVED: libffi.call/stret_medium2.c -O3 compilation failed to produce executable
FAIL: libffi.call/strlen.c -O3 (test for excess errors)
UNRESOLVED: libffi.call/strlen.c -O3 compilation failed to produce executable
FAIL: libffi.call/struct1.c -O3 (test for excess errors)
UNRESOLVED: libffi.call/struct1.c -O3 compilation failed to produce executable
FAIL: libffi.call/struct2.c -O3 (test for excess errors)
UNRESOLVED: libffi.call/struct2.c -O3 compilation failed to produce executable
FAIL: libffi.call/struct3.c -O3 (test for excess errors)
UNRESOLVED: libffi.call/struct3.c -O3 compilation failed to produce executable
FAIL: libffi.call/struct4.c -O3 (test for excess errors)
UNRESOLVED: libffi.call/struct4.c -O3 compilation failed to produce executable
FAIL: libffi.call/struct5.c -O3 (test for excess errors)
UNRESOLVED: libffi.call/struct5.c -O3 compilation failed to produce executable
FAIL: libffi.call/struct6.c -O3 (test for excess errors)
UNRESOLVED: libffi.call/struct6.c -O3 compilation failed to produce executable
FAIL: libffi.call/struct7.c -O3 (test for excess errors)
UNRESOLVED: libffi.call/struct7.c -O3 compilation failed to produce executable
FAIL: libffi.call/struct8.c -O3 (test for excess errors)
UNRESOLVED: libffi.call/struct8.c -O3 compilation failed to produce executable
FAIL: libffi.call/struct9.c -O3 (test for excess errors)
UNRESOLVED: libffi.call/struct9.c -O3 compilation failed to produce executable
FAIL: libffi.call/closure_fn0.c -Os (test for excess errors)
UNRESOLVED: libffi.call/closure_fn0.c -Os compilation failed to produce executable
FAIL: libffi.call/closure_fn1.c -Os (test for excess errors)
UNRESOLVED: libffi.call/closure_fn1.c -Os compilation failed to produce executable
FAIL: libffi.call/closure_fn2.c -Os (test for excess errors)
UNRESOLVED: libffi.call/closure_fn2.c -Os compilation failed to produce executable
FAIL: libffi.call/closure_fn3.c -Os (test for excess errors)
UNRESOLVED: libffi.call/closure_fn3.c -Os compilation failed to produce executable
FAIL: libffi.call/closure_fn4.c -Os (test for excess errors)
UNRESOLVED: libffi.call/closure_fn4.c -Os compilation failed to produce executable
FAIL: libffi.call/closure_fn5.c -Os (test for excess errors)
UNRESOLVED: libffi.call/closure_fn5.c -Os compilation failed to produce executable
FAIL: libffi.call/closure_fn6.c -Os (test for excess errors)
UNRESOLVED: libffi.call/closure_fn6.c -Os compilation failed to produce executable
FAIL: libffi.call/closure_loc_fn0.c -Os (test for excess errors)
UNRESOLVED: libffi.call/closure_loc_fn0.c -Os compilation failed to produce executable
FAIL: libffi.call/cls_12byte.c -Os (test for excess errors)
UNRESOLVED: libffi.call/cls_12byte.c -Os compilation failed to produce executable
FAIL: libffi.call/cls_16byte.c -Os (test for excess errors)
UNRESOLVED: libffi.call/cls_16byte.c -Os compilation failed to produce executable
FAIL: libffi.call/cls_18byte.c -Os (test for excess errors)
UNRESOLVED: libffi.call/cls_18byte.c -Os compilation failed to produce executable
FAIL: libffi.call/cls_19byte.c -Os (test for excess errors)
UNRESOLVED: libffi.call/cls_19byte.c -Os compilation failed to produce executable
FAIL: libffi.call/cls_1_1byte.c -Os (test for excess errors)
UNRESOLVED: libffi.call/cls_1_1byte.c -Os compilation failed to produce executable
FAIL: libffi.call/cls_20byte.c -Os (test for excess errors)
UNRESOLVED: libffi.call/cls_20byte.c -Os compilation failed to produce executable
FAIL: libffi.call/cls_20byte1.c -Os (test for excess errors)
UNRESOLVED: libffi.call/cls_20byte1.c -Os compilation failed to produce executable
FAIL: libffi.call/cls_24byte.c -Os (test for excess errors)
UNRESOLVED: libffi.call/cls_24byte.c -Os compilation failed to produce executable
FAIL: libffi.call/cls_2byte.c -Os (test for excess errors)
UNRESOLVED: libffi.call/cls_2byte.c -Os compilation failed to produce executable
FAIL: libffi.call/cls_3_1byte.c -Os (test for excess errors)
UNRESOLVED: libffi.call/cls_3_1byte.c -Os compilation failed to produce executable
FAIL: libffi.call/cls_3byte1.c -Os (test for excess errors)
UNRESOLVED: libffi.call/cls_3byte1.c -Os compilation failed to produce executable
FAIL: libffi.call/cls_3byte2.c -Os (test for excess errors)
UNRESOLVED: libffi.call/cls_3byte2.c -Os compilation failed to produce executable
FAIL: libffi.call/cls_4_1byte.c -Os (test for excess errors)
UNRESOLVED: libffi.call/cls_4_1byte.c -Os compilation failed to produce executable
FAIL: libffi.call/cls_4byte.c -Os (test for excess errors)
UNRESOLVED: libffi.call/cls_4byte.c -Os compilation failed to produce executable
FAIL: libffi.call/cls_5_1_byte.c -Os (test for excess errors)
UNRESOLVED: libffi.call/cls_5_1_byte.c -Os compilation failed to produce executable
FAIL: libffi.call/cls_5byte.c -Os (test for excess errors)
UNRESOLVED: libffi.call/cls_5byte.c -Os compilation failed to produce executable
FAIL: libffi.call/cls_64byte.c -Os (test for excess errors)
UNRESOLVED: libffi.call/cls_64byte.c -Os compilation failed to produce executable
FAIL: libffi.call/cls_6_1_byte.c -Os (test for excess errors)
UNRESOLVED: libffi.call/cls_6_1_byte.c -Os compilation failed to produce executable
FAIL: libffi.call/cls_6byte.c -Os (test for excess errors)
UNRESOLVED: libffi.call/cls_6byte.c -Os compilation failed to produce executable
FAIL: libffi.call/cls_7_1_byte.c -Os (test for excess errors)
UNRESOLVED: libffi.call/cls_7_1_byte.c -Os compilation failed to produce executable
FAIL: libffi.call/cls_7byte.c -Os (test for excess errors)
UNRESOLVED: libffi.call/cls_7byte.c -Os compilation failed to produce executable
FAIL: libffi.call/cls_8byte.c -Os (test for excess errors)
UNRESOLVED: libffi.call/cls_8byte.c -Os compilation failed to produce executable
FAIL: libffi.call/cls_9byte1.c -Os (test for excess errors)
UNRESOLVED: libffi.call/cls_9byte1.c -Os compilation failed to produce executable
FAIL: libffi.call/cls_9byte2.c -Os (test for excess errors)
UNRESOLVED: libffi.call/cls_9byte2.c -Os compilation failed to produce executable
FAIL: libffi.call/cls_align_double.c -Os (test for excess errors)
UNRESOLVED: libffi.call/cls_align_double.c -Os compilation failed to produce executable
FAIL: libffi.call/cls_align_float.c -Os (test for excess errors)
UNRESOLVED: libffi.call/cls_align_float.c -Os compilation failed to produce executable
FAIL: libffi.call/cls_align_longdouble.c -Os (test for excess errors)
UNRESOLVED: libffi.call/cls_align_longdouble.c -Os compilation failed to produce executable
FAIL: libffi.call/cls_align_longdouble_split.c -Os (test for excess errors)
UNRESOLVED: libffi.call/cls_align_longdouble_split.c -Os compilation failed to produce executable
FAIL: libffi.call/cls_align_longdouble_split2.c -Os (test for excess errors)
UNRESOLVED: libffi.call/cls_align_longdouble_split2.c -Os compilation failed to produce executable
FAIL: libffi.call/cls_align_pointer.c -Os (test for excess errors)
UNRESOLVED: libffi.call/cls_align_pointer.c -Os compilation failed to produce executable
FAIL: libffi.call/cls_align_sint16.c -Os (test for excess errors)
UNRESOLVED: libffi.call/cls_align_sint16.c -Os compilation failed to produce executable
FAIL: libffi.call/cls_align_sint32.c -Os (test for excess errors)
UNRESOLVED: libffi.call/cls_align_sint32.c -Os compilation failed to produce executable
FAIL: libffi.call/cls_align_sint64.c -Os (test for excess errors)
UNRESOLVED: libffi.call/cls_align_sint64.c -Os compilation failed to produce executable
FAIL: libffi.call/cls_align_uint16.c -Os (test for excess errors)
UNRESOLVED: libffi.call/cls_align_uint16.c -Os compilation failed to produce executable
FAIL: libffi.call/cls_align_uint32.c -Os (test for excess errors)
UNRESOLVED: libffi.call/cls_align_uint32.c -Os compilation failed to produce executable
FAIL: libffi.call/cls_align_uint64.c -Os (test for excess errors)
UNRESOLVED: libffi.call/cls_align_uint64.c -Os compilation failed to produce executable
FAIL: libffi.call/cls_dbls_struct.c -Os (test for excess errors)
UNRESOLVED: libffi.call/cls_dbls_struct.c -Os compilation failed to produce executable
FAIL: libffi.call/cls_double.c -Os (test for excess errors)
UNRESOLVED: libffi.call/cls_double.c -Os compilation failed to produce executable
FAIL: libffi.call/cls_double_va.c -Os (test for excess errors)
UNRESOLVED: libffi.call/cls_double_va.c -Os compilation failed to produce executable
FAIL: libffi.call/cls_float.c -Os (test for excess errors)
UNRESOLVED: libffi.call/cls_float.c -Os compilation failed to produce executable
FAIL: libffi.call/cls_longdouble.c -Os (test for excess errors)
UNRESOLVED: libffi.call/cls_longdouble.c -Os compilation failed to produce executable
FAIL: libffi.call/cls_longdouble_va.c -Os (test for excess errors)
UNRESOLVED: libffi.call/cls_longdouble_va.c -Os compilation failed to produce executable
FAIL: libffi.call/cls_multi_schar.c -Os (test for excess errors)
UNRESOLVED: libffi.call/cls_multi_schar.c -Os compilation failed to produce executable
FAIL: libffi.call/cls_multi_sshort.c -Os (test for excess errors)
UNRESOLVED: libffi.call/cls_multi_sshort.c -Os compilation failed to produce executable
FAIL: libffi.call/cls_multi_sshortchar.c -Os (test for excess errors)
UNRESOLVED: libffi.call/cls_multi_sshortchar.c -Os compilation failed to produce executable
FAIL: libffi.call/cls_multi_uchar.c -Os (test for excess errors)
UNRESOLVED: libffi.call/cls_multi_uchar.c -Os compilation failed to produce executable
FAIL: libffi.call/cls_multi_ushort.c -Os (test for excess errors)
UNRESOLVED: libffi.call/cls_multi_ushort.c -Os compilation failed to produce executable
FAIL: libffi.call/cls_multi_ushortchar.c -Os (test for excess errors)
UNRESOLVED: libffi.call/cls_multi_ushortchar.c -Os compilation failed to produce executable
FAIL: libffi.call/cls_pointer.c -Os (test for excess errors)
UNRESOLVED: libffi.call/cls_pointer.c -Os compilation failed to produce executable
FAIL: libffi.call/cls_pointer_stack.c -Os (test for excess errors)
UNRESOLVED: libffi.call/cls_pointer_stack.c -Os compilation failed to produce executable
FAIL: libffi.call/cls_schar.c -Os (test for excess errors)
UNRESOLVED: libffi.call/cls_schar.c -Os compilation failed to produce executable
FAIL: libffi.call/cls_sint.c -Os (test for excess errors)
UNRESOLVED: libffi.call/cls_sint.c -Os compilation failed to produce executable
FAIL: libffi.call/cls_sshort.c -Os (test for excess errors)
UNRESOLVED: libffi.call/cls_sshort.c -Os compilation failed to produce executable
FAIL: libffi.call/cls_uchar.c -Os (test for excess errors)
UNRESOLVED: libffi.call/cls_uchar.c -Os compilation failed to produce executable
FAIL: libffi.call/cls_uint.c -Os (test for excess errors)
UNRESOLVED: libffi.call/cls_uint.c -Os compilation failed to produce executable
FAIL: libffi.call/cls_ulonglong.c -Os (test for excess errors)
UNRESOLVED: libffi.call/cls_ulonglong.c -Os compilation failed to produce executable
FAIL: libffi.call/cls_ushort.c -Os (test for excess errors)
UNRESOLVED: libffi.call/cls_ushort.c -Os compilation failed to produce executable
FAIL: libffi.call/err_bad_abi.c -Os (test for excess errors)
UNRESOLVED: libffi.call/err_bad_abi.c -Os compilation failed to produce executable
FAIL: libffi.call/err_bad_typedef.c -Os (test for excess errors)
UNRESOLVED: libffi.call/err_bad_typedef.c -Os compilation failed to produce executable
FAIL: libffi.call/float.c -Os (test for excess errors)
UNRESOLVED: libffi.call/float.c -Os compilation failed to produce executable
FAIL: libffi.call/float1.c -Os (test for excess errors)
UNRESOLVED: libffi.call/float1.c -Os compilation failed to produce executable
FAIL: libffi.call/float2.c -Os (test for excess errors)
UNRESOLVED: libffi.call/float2.c -Os compilation failed to produce executable
FAIL: libffi.call/float3.c -Os (test for excess errors)
UNRESOLVED: libffi.call/float3.c -Os compilation failed to produce executable
FAIL: libffi.call/float4.c -Os (test for excess errors)
UNRESOLVED: libffi.call/float4.c -Os compilation failed to produce executable
FAIL: libffi.call/many.c -Os (test for excess errors)
UNRESOLVED: libffi.call/many.c -Os compilation failed to produce executable
FAIL: libffi.call/negint.c -Os (test for excess errors)
UNRESOLVED: libffi.call/negint.c -Os compilation failed to produce executable
FAIL: libffi.call/nested_struct.c -Os (test for excess errors)
UNRESOLVED: libffi.call/nested_struct.c -Os compilation failed to produce executable
FAIL: libffi.call/nested_struct1.c -Os (test for excess errors)
UNRESOLVED: libffi.call/nested_struct1.c -Os compilation failed to produce executable
FAIL: libffi.call/nested_struct10.c -Os (test for excess errors)
UNRESOLVED: libffi.call/nested_struct10.c -Os compilation failed to produce executable
FAIL: libffi.call/nested_struct2.c -Os (test for excess errors)
UNRESOLVED: libffi.call/nested_struct2.c -Os compilation failed to produce executable
FAIL: libffi.call/nested_struct3.c -Os (test for excess errors)
UNRESOLVED: libffi.call/nested_struct3.c -Os compilation failed to produce executable
FAIL: libffi.call/nested_struct4.c -Os (test for excess errors)
UNRESOLVED: libffi.call/nested_struct4.c -Os compilation failed to produce executable
FAIL: libffi.call/nested_struct5.c -Os (test for excess errors)
UNRESOLVED: libffi.call/nested_struct5.c -Os compilation failed to produce executable
FAIL: libffi.call/nested_struct6.c -Os (test for excess errors)
UNRESOLVED: libffi.call/nested_struct6.c -Os compilation failed to produce executable
FAIL: libffi.call/nested_struct7.c -Os (test for excess errors)
UNRESOLVED: libffi.call/nested_struct7.c -Os compilation failed to produce executable
FAIL: libffi.call/nested_struct8.c -Os (test for excess errors)
UNRESOLVED: libffi.call/nested_struct8.c -Os compilation failed to produce executable
FAIL: libffi.call/nested_struct9.c -Os (test for excess errors)
UNRESOLVED: libffi.call/nested_struct9.c -Os compilation failed to produce executable
FAIL: libffi.call/problem1.c -Os (test for excess errors)
UNRESOLVED: libffi.call/problem1.c -Os compilation failed to produce executable
FAIL: libffi.call/promotion.c -Os (test for excess errors)
UNRESOLVED: libffi.call/promotion.c -Os compilation failed to produce executable
FAIL: libffi.call/pyobjc-tc.c -Os (test for excess errors)
UNRESOLVED: libffi.call/pyobjc-tc.c -Os compilation failed to produce executable
FAIL: libffi.call/return_dbl.c -Os (test for excess errors)
UNRESOLVED: libffi.call/return_dbl.c -Os compilation failed to produce executable
FAIL: libffi.call/return_dbl1.c -Os (test for excess errors)
UNRESOLVED: libffi.call/return_dbl1.c -Os compilation failed to produce executable
FAIL: libffi.call/return_dbl2.c -Os (test for excess errors)
UNRESOLVED: libffi.call/return_dbl2.c -Os compilation failed to produce executable
FAIL: libffi.call/return_fl.c -Os (test for excess errors)
UNRESOLVED: libffi.call/return_fl.c -Os compilation failed to produce executable
FAIL: libffi.call/return_fl1.c -Os (test for excess errors)
UNRESOLVED: libffi.call/return_fl1.c -Os compilation failed to produce executable
FAIL: libffi.call/return_fl2.c -Os (test for excess errors)
UNRESOLVED: libffi.call/return_fl2.c -Os compilation failed to produce executable
FAIL: libffi.call/return_fl3.c -Os (test for excess errors)
UNRESOLVED: libffi.call/return_fl3.c -Os compilation failed to produce executable
FAIL: libffi.call/return_ldl.c -Os (test for excess errors)
UNRESOLVED: libffi.call/return_ldl.c -Os compilation failed to produce executable
FAIL: libffi.call/return_ll.c -Os (test for excess errors)
UNRESOLVED: libffi.call/return_ll.c -Os compilation failed to produce executable
FAIL: libffi.call/return_ll1.c -Os (test for excess errors)
UNRESOLVED: libffi.call/return_ll1.c -Os compilation failed to produce executable
FAIL: libffi.call/return_sc.c -Os (test for excess errors)
UNRESOLVED: libffi.call/return_sc.c -Os compilation failed to produce executable
FAIL: libffi.call/return_sl.c -Os (test for excess errors)
UNRESOLVED: libffi.call/return_sl.c -Os compilation failed to produce executable
FAIL: libffi.call/return_uc.c -Os (test for excess errors)
UNRESOLVED: libffi.call/return_uc.c -Os compilation failed to produce executable
FAIL: libffi.call/return_ul.c -Os (test for excess errors)
UNRESOLVED: libffi.call/return_ul.c -Os compilation failed to produce executable
FAIL: libffi.call/stret_large.c -Os (test for excess errors)
UNRESOLVED: libffi.call/stret_large.c -Os compilation failed to produce executable
FAIL: libffi.call/stret_large2.c -Os (test for excess errors)
UNRESOLVED: libffi.call/stret_large2.c -Os compilation failed to produce executable
FAIL: libffi.call/stret_medium.c -Os (test for excess errors)
UNRESOLVED: libffi.call/stret_medium.c -Os compilation failed to produce executable
FAIL: libffi.call/stret_medium2.c -Os (test for excess errors)
UNRESOLVED: libffi.call/stret_medium2.c -Os compilation failed to produce executable
FAIL: libffi.call/strlen.c -Os (test for excess errors)
UNRESOLVED: libffi.call/strlen.c -Os compilation failed to produce executable
FAIL: libffi.call/struct1.c -Os (test for excess errors)
UNRESOLVED: libffi.call/struct1.c -Os compilation failed to produce executable
FAIL: libffi.call/struct2.c -Os (test for excess errors)
UNRESOLVED: libffi.call/struct2.c -Os compilation failed to produce executable
FAIL: libffi.call/struct3.c -Os (test for excess errors)
UNRESOLVED: libffi.call/struct3.c -Os compilation failed to produce executable
FAIL: libffi.call/struct4.c -Os (test for excess errors)
UNRESOLVED: libffi.call/struct4.c -Os compilation failed to produce executable
FAIL: libffi.call/struct5.c -Os (test for excess errors)
UNRESOLVED: libffi.call/struct5.c -Os compilation failed to produce executable
FAIL: libffi.call/struct6.c -Os (test for excess errors)
UNRESOLVED: libffi.call/struct6.c -Os compilation failed to produce executable
FAIL: libffi.call/struct7.c -Os (test for excess errors)
UNRESOLVED: libffi.call/struct7.c -Os compilation failed to produce executable
FAIL: libffi.call/struct8.c -Os (test for excess errors)
UNRESOLVED: libffi.call/struct8.c -Os compilation failed to produce executable
FAIL: libffi.call/struct9.c -Os (test for excess errors)
UNRESOLVED: libffi.call/struct9.c -Os compilation failed to produce executable
FAIL: libffi.call/closure_fn0.c -O2 -fomit-frame-pointer (test for excess errors)
UNRESOLVED: libffi.call/closure_fn0.c -O2 -fomit-frame-pointer compilation failed to produce executable
FAIL: libffi.call/closure_fn1.c -O2 -fomit-frame-pointer (test for excess errors)
UNRESOLVED: libffi.call/closure_fn1.c -O2 -fomit-frame-pointer compilation failed to produce executable
FAIL: libffi.call/closure_fn2.c -O2 -fomit-frame-pointer (test for excess errors)
UNRESOLVED: libffi.call/closure_fn2.c -O2 -fomit-frame-pointer compilation failed to produce executable
FAIL: libffi.call/closure_fn3.c -O2 -fomit-frame-pointer (test for excess errors)
UNRESOLVED: libffi.call/closure_fn3.c -O2 -fomit-frame-pointer compilation failed to produce executable
FAIL: libffi.call/closure_fn4.c -O2 -fomit-frame-pointer (test for excess errors)
UNRESOLVED: libffi.call/closure_fn4.c -O2 -fomit-frame-pointer compilation failed to produce executable
FAIL: libffi.call/closure_fn5.c -O2 -fomit-frame-pointer (test for excess errors)
UNRESOLVED: libffi.call/closure_fn5.c -O2 -fomit-frame-pointer compilation failed to produce executable
FAIL: libffi.call/closure_fn6.c -O2 -fomit-frame-pointer (test for excess errors)
UNRESOLVED: libffi.call/closure_fn6.c -O2 -fomit-frame-pointer compilation failed to produce executable
FAIL: libffi.call/closure_loc_fn0.c -O2 -fomit-frame-pointer (test for excess errors)
UNRESOLVED: libffi.call/closure_loc_fn0.c -O2 -fomit-frame-pointer compilation failed to produce executable
FAIL: libffi.call/cls_12byte.c -O2 -fomit-frame-pointer (test for excess errors)
UNRESOLVED: libffi.call/cls_12byte.c -O2 -fomit-frame-pointer compilation failed to produce executable
FAIL: libffi.call/cls_16byte.c -O2 -fomit-frame-pointer (test for excess errors)
UNRESOLVED: libffi.call/cls_16byte.c -O2 -fomit-frame-pointer compilation failed to produce executable
FAIL: libffi.call/cls_18byte.c -O2 -fomit-frame-pointer (test for excess errors)
UNRESOLVED: libffi.call/cls_18byte.c -O2 -fomit-frame-pointer compilation failed to produce executable
FAIL: libffi.call/cls_19byte.c -O2 -fomit-frame-pointer (test for excess errors)
UNRESOLVED: libffi.call/cls_19byte.c -O2 -fomit-frame-pointer compilation failed to produce executable
FAIL: libffi.call/cls_1_1byte.c -O2 -fomit-frame-pointer (test for excess errors)
UNRESOLVED: libffi.call/cls_1_1byte.c -O2 -fomit-frame-pointer compilation failed to produce executable
FAIL: libffi.call/cls_20byte.c -O2 -fomit-frame-pointer (test for excess errors)
UNRESOLVED: libffi.call/cls_20byte.c -O2 -fomit-frame-pointer compilation failed to produce executable
FAIL: libffi.call/cls_20byte1.c -O2 -fomit-frame-pointer (test for excess errors)
UNRESOLVED: libffi.call/cls_20byte1.c -O2 -fomit-frame-pointer compilation failed to produce executable
FAIL: libffi.call/cls_24byte.c -O2 -fomit-frame-pointer (test for excess errors)
UNRESOLVED: libffi.call/cls_24byte.c -O2 -fomit-frame-pointer compilation failed to produce executable
FAIL: libffi.call/cls_2byte.c -O2 -fomit-frame-pointer (test for excess errors)
UNRESOLVED: libffi.call/cls_2byte.c -O2 -fomit-frame-pointer compilation failed to produce executable
FAIL: libffi.call/cls_3_1byte.c -O2 -fomit-frame-pointer (test for excess errors)
UNRESOLVED: libffi.call/cls_3_1byte.c -O2 -fomit-frame-pointer compilation failed to produce executable
FAIL: libffi.call/cls_3byte1.c -O2 -fomit-frame-pointer (test for excess errors)
UNRESOLVED: libffi.call/cls_3byte1.c -O2 -fomit-frame-pointer compilation failed to produce executable
FAIL: libffi.call/cls_3byte2.c -O2 -fomit-frame-pointer (test for excess errors)
UNRESOLVED: libffi.call/cls_3byte2.c -O2 -fomit-frame-pointer compilation failed to produce executable
FAIL: libffi.call/cls_4_1byte.c -O2 -fomit-frame-pointer (test for excess errors)
UNRESOLVED: libffi.call/cls_4_1byte.c -O2 -fomit-frame-pointer compilation failed to produce executable
FAIL: libffi.call/cls_4byte.c -O2 -fomit-frame-pointer (test for excess errors)
UNRESOLVED: libffi.call/cls_4byte.c -O2 -fomit-frame-pointer compilation failed to produce executable
FAIL: libffi.call/cls_5_1_byte.c -O2 -fomit-frame-pointer (test for excess errors)
UNRESOLVED: libffi.call/cls_5_1_byte.c -O2 -fomit-frame-pointer compilation failed to produce executable
FAIL: libffi.call/cls_5byte.c -O2 -fomit-frame-pointer (test for excess errors)
UNRESOLVED: libffi.call/cls_5byte.c -O2 -fomit-frame-pointer compilation failed to produce executable
FAIL: libffi.call/cls_64byte.c -O2 -fomit-frame-pointer (test for excess errors)
UNRESOLVED: libffi.call/cls_64byte.c -O2 -fomit-frame-pointer compilation failed to produce executable
FAIL: libffi.call/cls_6_1_byte.c -O2 -fomit-frame-pointer (test for excess errors)
UNRESOLVED: libffi.call/cls_6_1_byte.c -O2 -fomit-frame-pointer compilation failed to produce executable
FAIL: libffi.call/cls_6byte.c -O2 -fomit-frame-pointer (test for excess errors)
UNRESOLVED: libffi.call/cls_6byte.c -O2 -fomit-frame-pointer compilation failed to produce executable
FAIL: libffi.call/cls_7_1_byte.c -O2 -fomit-frame-pointer (test for excess errors)
UNRESOLVED: libffi.call/cls_7_1_byte.c -O2 -fomit-frame-pointer compilation failed to produce executable
FAIL: libffi.call/cls_7byte.c -O2 -fomit-frame-pointer (test for excess errors)
UNRESOLVED: libffi.call/cls_7byte.c -O2 -fomit-frame-pointer compilation failed to produce executable
FAIL: libffi.call/cls_8byte.c -O2 -fomit-frame-pointer (test for excess errors)
UNRESOLVED: libffi.call/cls_8byte.c -O2 -fomit-frame-pointer compilation failed to produce executable
FAIL: libffi.call/cls_9byte1.c -O2 -fomit-frame-pointer (test for excess errors)
UNRESOLVED: libffi.call/cls_9byte1.c -O2 -fomit-frame-pointer compilation failed to produce executable
FAIL: libffi.call/cls_9byte2.c -O2 -fomit-frame-pointer (test for excess errors)
UNRESOLVED: libffi.call/cls_9byte2.c -O2 -fomit-frame-pointer compilation failed to produce executable
FAIL: libffi.call/cls_align_double.c -O2 -fomit-frame-pointer (test for excess errors)
UNRESOLVED: libffi.call/cls_align_double.c -O2 -fomit-frame-pointer compilation failed to produce executable
FAIL: libffi.call/cls_align_float.c -O2 -fomit-frame-pointer (test for excess errors)
UNRESOLVED: libffi.call/cls_align_float.c -O2 -fomit-frame-pointer compilation failed to produce executable
FAIL: libffi.call/cls_align_longdouble.c -O2 -fomit-frame-pointer (test for excess errors)
UNRESOLVED: libffi.call/cls_align_longdouble.c -O2 -fomit-frame-pointer compilation failed to produce executable
FAIL: libffi.call/cls_align_longdouble_split.c -O2 -fomit-frame-pointer (test for excess errors)
UNRESOLVED: libffi.call/cls_align_longdouble_split.c -O2 -fomit-frame-pointer compilation failed to produce executable
FAIL: libffi.call/cls_align_longdouble_split2.c -O2 -fomit-frame-pointer (test for excess errors)
UNRESOLVED: libffi.call/cls_align_longdouble_split2.c -O2 -fomit-frame-pointer compilation failed to produce executable
FAIL: libffi.call/cls_align_pointer.c -O2 -fomit-frame-pointer (test for excess errors)
UNRESOLVED: libffi.call/cls_align_pointer.c -O2 -fomit-frame-pointer compilation failed to produce executable
FAIL: libffi.call/cls_align_sint16.c -O2 -fomit-frame-pointer (test for excess errors)
UNRESOLVED: libffi.call/cls_align_sint16.c -O2 -fomit-frame-pointer compilation failed to produce executable
FAIL: libffi.call/cls_align_sint32.c -O2 -fomit-frame-pointer (test for excess errors)
UNRESOLVED: libffi.call/cls_align_sint32.c -O2 -fomit-frame-pointer compilation failed to produce executable
FAIL: libffi.call/cls_align_sint64.c -O2 -fomit-frame-pointer (test for excess errors)
UNRESOLVED: libffi.call/cls_align_sint64.c -O2 -fomit-frame-pointer compilation failed to produce executable
FAIL: libffi.call/cls_align_uint16.c -O2 -fomit-frame-pointer (test for excess errors)
UNRESOLVED: libffi.call/cls_align_uint16.c -O2 -fomit-frame-pointer compilation failed to produce executable
FAIL: libffi.call/cls_align_uint32.c -O2 -fomit-frame-pointer (test for excess errors)
UNRESOLVED: libffi.call/cls_align_uint32.c -O2 -fomit-frame-pointer compilation failed to produce executable
FAIL: libffi.call/cls_align_uint64.c -O2 -fomit-frame-pointer (test for excess errors)
UNRESOLVED: libffi.call/cls_align_uint64.c -O2 -fomit-frame-pointer compilation failed to produce executable
FAIL: libffi.call/cls_dbls_struct.c -O2 -fomit-frame-pointer (test for excess errors)
UNRESOLVED: libffi.call/cls_dbls_struct.c -O2 -fomit-frame-pointer compilation failed to produce executable
FAIL: libffi.call/cls_double.c -O2 -fomit-frame-pointer (test for excess errors)
UNRESOLVED: libffi.call/cls_double.c -O2 -fomit-frame-pointer compilation failed to produce executable
FAIL: libffi.call/cls_double_va.c -O2 -fomit-frame-pointer (test for excess errors)
UNRESOLVED: libffi.call/cls_double_va.c -O2 -fomit-frame-pointer compilation failed to produce executable
FAIL: libffi.call/cls_float.c -O2 -fomit-frame-pointer (test for excess errors)
UNRESOLVED: libffi.call/cls_float.c -O2 -fomit-frame-pointer compilation failed to produce executable
FAIL: libffi.call/cls_longdouble.c -O2 -fomit-frame-pointer (test for excess errors)
UNRESOLVED: libffi.call/cls_longdouble.c -O2 -fomit-frame-pointer compilation failed to produce executable
FAIL: libffi.call/cls_longdouble_va.c -O2 -fomit-frame-pointer (test for excess errors)
UNRESOLVED: libffi.call/cls_longdouble_va.c -O2 -fomit-frame-pointer compilation failed to produce executable
FAIL: libffi.call/cls_multi_schar.c -O2 -fomit-frame-pointer (test for excess errors)
UNRESOLVED: libffi.call/cls_multi_schar.c -O2 -fomit-frame-pointer compilation failed to produce executable
FAIL: libffi.call/cls_multi_sshort.c -O2 -fomit-frame-pointer (test for excess errors)
UNRESOLVED: libffi.call/cls_multi_sshort.c -O2 -fomit-frame-pointer compilation failed to produce executable
FAIL: libffi.call/cls_multi_sshortchar.c -O2 -fomit-frame-pointer (test for excess errors)
UNRESOLVED: libffi.call/cls_multi_sshortchar.c -O2 -fomit-frame-pointer compilation failed to produce executable
FAIL: libffi.call/cls_multi_uchar.c -O2 -fomit-frame-pointer (test for excess errors)
UNRESOLVED: libffi.call/cls_multi_uchar.c -O2 -fomit-frame-pointer compilation failed to produce executable
FAIL: libffi.call/cls_multi_ushort.c -O2 -fomit-frame-pointer (test for excess errors)
UNRESOLVED: libffi.call/cls_multi_ushort.c -O2 -fomit-frame-pointer compilation failed to produce executable
FAIL: libffi.call/cls_multi_ushortchar.c -O2 -fomit-frame-pointer (test for excess errors)
UNRESOLVED: libffi.call/cls_multi_ushortchar.c -O2 -fomit-frame-pointer compilation failed to produce executable
FAIL: libffi.call/cls_pointer.c -O2 -fomit-frame-pointer (test for excess errors)
UNRESOLVED: libffi.call/cls_pointer.c -O2 -fomit-frame-pointer compilation failed to produce executable
FAIL: libffi.call/cls_pointer_stack.c -O2 -fomit-frame-pointer (test for excess errors)
UNRESOLVED: libffi.call/cls_pointer_stack.c -O2 -fomit-frame-pointer compilation failed to produce executable
FAIL: libffi.call/cls_schar.c -O2 -fomit-frame-pointer (test for excess errors)
UNRESOLVED: libffi.call/cls_schar.c -O2 -fomit-frame-pointer compilation failed to produce executable
FAIL: libffi.call/cls_sint.c -O2 -fomit-frame-pointer (test for excess errors)
UNRESOLVED: libffi.call/cls_sint.c -O2 -fomit-frame-pointer compilation failed to produce executable
FAIL: libffi.call/cls_sshort.c -O2 -fomit-frame-pointer (test for excess errors)
UNRESOLVED: libffi.call/cls_sshort.c -O2 -fomit-frame-pointer compilation failed to produce executable
FAIL: libffi.call/cls_uchar.c -O2 -fomit-frame-pointer (test for excess errors)
UNRESOLVED: libffi.call/cls_uchar.c -O2 -fomit-frame-pointer compilation failed to produce executable
FAIL: libffi.call/cls_uint.c -O2 -fomit-frame-pointer (test for excess errors)
UNRESOLVED: libffi.call/cls_uint.c -O2 -fomit-frame-pointer compilation failed to produce executable
FAIL: libffi.call/cls_ulonglong.c -O2 -fomit-frame-pointer (test for excess errors)
UNRESOLVED: libffi.call/cls_ulonglong.c -O2 -fomit-frame-pointer compilation failed to produce executable
FAIL: libffi.call/cls_ushort.c -O2 -fomit-frame-pointer (test for excess errors)
UNRESOLVED: libffi.call/cls_ushort.c -O2 -fomit-frame-pointer compilation failed to produce executable
FAIL: libffi.call/err_bad_abi.c -O2 -fomit-frame-pointer (test for excess errors)
UNRESOLVED: libffi.call/err_bad_abi.c -O2 -fomit-frame-pointer compilation failed to produce executable
FAIL: libffi.call/err_bad_typedef.c -O2 -fomit-frame-pointer (test for excess errors)
UNRESOLVED: libffi.call/err_bad_typedef.c -O2 -fomit-frame-pointer compilation failed to produce executable
FAIL: libffi.call/float.c -O2 -fomit-frame-pointer (test for excess errors)
UNRESOLVED: libffi.call/float.c -O2 -fomit-frame-pointer compilation failed to produce executable
FAIL: libffi.call/float1.c -O2 -fomit-frame-pointer (test for excess errors)
UNRESOLVED: libffi.call/float1.c -O2 -fomit-frame-pointer compilation failed to produce executable
FAIL: libffi.call/float2.c -O2 -fomit-frame-pointer (test for excess errors)
UNRESOLVED: libffi.call/float2.c -O2 -fomit-frame-pointer compilation failed to produce executable
FAIL: libffi.call/float3.c -O2 -fomit-frame-pointer (test for excess errors)
UNRESOLVED: libffi.call/float3.c -O2 -fomit-frame-pointer compilation failed to produce executable
FAIL: libffi.call/float4.c -O2 -fomit-frame-pointer (test for excess errors)
UNRESOLVED: libffi.call/float4.c -O2 -fomit-frame-pointer compilation failed to produce executable
FAIL: libffi.call/many.c -O2 -fomit-frame-pointer (test for excess errors)
UNRESOLVED: libffi.call/many.c -O2 -fomit-frame-pointer compilation failed to produce executable
FAIL: libffi.call/negint.c -O2 -fomit-frame-pointer (test for excess errors)
UNRESOLVED: libffi.call/negint.c -O2 -fomit-frame-pointer compilation failed to produce executable
FAIL: libffi.call/nested_struct.c -O2 -fomit-frame-pointer (test for excess errors)
UNRESOLVED: libffi.call/nested_struct.c -O2 -fomit-frame-pointer compilation failed to produce executable
FAIL: libffi.call/nested_struct1.c -O2 -fomit-frame-pointer (test for excess errors)
UNRESOLVED: libffi.call/nested_struct1.c -O2 -fomit-frame-pointer compilation failed to produce executable
FAIL: libffi.call/nested_struct10.c -O2 -fomit-frame-pointer (test for excess errors)
UNRESOLVED: libffi.call/nested_struct10.c -O2 -fomit-frame-pointer compilation failed to produce executable
FAIL: libffi.call/nested_struct2.c -O2 -fomit-frame-pointer (test for excess errors)
UNRESOLVED: libffi.call/nested_struct2.c -O2 -fomit-frame-pointer compilation failed to produce executable
FAIL: libffi.call/nested_struct3.c -O2 -fomit-frame-pointer (test for excess errors)
UNRESOLVED: libffi.call/nested_struct3.c -O2 -fomit-frame-pointer compilation failed to produce executable
FAIL: libffi.call/nested_struct4.c -O2 -fomit-frame-pointer (test for excess errors)
UNRESOLVED: libffi.call/nested_struct4.c -O2 -fomit-frame-pointer compilation failed to produce executable
FAIL: libffi.call/nested_struct5.c -O2 -fomit-frame-pointer (test for excess errors)
UNRESOLVED: libffi.call/nested_struct5.c -O2 -fomit-frame-pointer compilation failed to produce executable
FAIL: libffi.call/nested_struct6.c -O2 -fomit-frame-pointer (test for excess errors)
UNRESOLVED: libffi.call/nested_struct6.c -O2 -fomit-frame-pointer compilation failed to produce executable
FAIL: libffi.call/nested_struct7.c -O2 -fomit-frame-pointer (test for excess errors)
UNRESOLVED: libffi.call/nested_struct7.c -O2 -fomit-frame-pointer compilation failed to produce executable
FAIL: libffi.call/nested_struct8.c -O2 -fomit-frame-pointer (test for excess errors)
UNRESOLVED: libffi.call/nested_struct8.c -O2 -fomit-frame-pointer compilation failed to produce executable
FAIL: libffi.call/nested_struct9.c -O2 -fomit-frame-pointer (test for excess errors)
UNRESOLVED: libffi.call/nested_struct9.c -O2 -fomit-frame-pointer compilation failed to produce executable
FAIL: libffi.call/problem1.c -O2 -fomit-frame-pointer (test for excess errors)
UNRESOLVED: libffi.call/problem1.c -O2 -fomit-frame-pointer compilation failed to produce executable
FAIL: libffi.call/promotion.c -O2 -fomit-frame-pointer (test for excess errors)
UNRESOLVED: libffi.call/promotion.c -O2 -fomit-frame-pointer compilation failed to produce executable
FAIL: libffi.call/pyobjc-tc.c -O2 -fomit-frame-pointer (test for excess errors)
UNRESOLVED: libffi.call/pyobjc-tc.c -O2 -fomit-frame-pointer compilation failed to produce executable
FAIL: libffi.call/return_dbl.c -O2 -fomit-frame-pointer (test for excess errors)
UNRESOLVED: libffi.call/return_dbl.c -O2 -fomit-frame-pointer compilation failed to produce executable
FAIL: libffi.call/return_dbl1.c -O2 -fomit-frame-pointer (test for excess errors)
UNRESOLVED: libffi.call/return_dbl1.c -O2 -fomit-frame-pointer compilation failed to produce executable
FAIL: libffi.call/return_dbl2.c -O2 -fomit-frame-pointer (test for excess errors)
UNRESOLVED: libffi.call/return_dbl2.c -O2 -fomit-frame-pointer compilation failed to produce executable
FAIL: libffi.call/return_fl.c -O2 -fomit-frame-pointer (test for excess errors)
UNRESOLVED: libffi.call/return_fl.c -O2 -fomit-frame-pointer compilation failed to produce executable
FAIL: libffi.call/return_fl1.c -O2 -fomit-frame-pointer (test for excess errors)
UNRESOLVED: libffi.call/return_fl1.c -O2 -fomit-frame-pointer compilation failed to produce executable
FAIL: libffi.call/return_fl2.c -O2 -fomit-frame-pointer (test for excess errors)
UNRESOLVED: libffi.call/return_fl2.c -O2 -fomit-frame-pointer compilation failed to produce executable
FAIL: libffi.call/return_fl3.c -O2 -fomit-frame-pointer (test for excess errors)
UNRESOLVED: libffi.call/return_fl3.c -O2 -fomit-frame-pointer compilation failed to produce executable
FAIL: libffi.call/return_ldl.c -O2 -fomit-frame-pointer (test for excess errors)
UNRESOLVED: libffi.call/return_ldl.c -O2 -fomit-frame-pointer compilation failed to produce executable
FAIL: libffi.call/return_ll.c -O2 -fomit-frame-pointer (test for excess errors)
UNRESOLVED: libffi.call/return_ll.c -O2 -fomit-frame-pointer compilation failed to produce executable
FAIL: libffi.call/return_ll1.c -O2 -fomit-frame-pointer (test for excess errors)
UNRESOLVED: libffi.call/return_ll1.c -O2 -fomit-frame-pointer compilation failed to produce executable
FAIL: libffi.call/return_sc.c -O2 -fomit-frame-pointer (test for excess errors)
UNRESOLVED: libffi.call/return_sc.c -O2 -fomit-frame-pointer compilation failed to produce executable
FAIL: libffi.call/return_sl.c -O2 -fomit-frame-pointer (test for excess errors)
UNRESOLVED: libffi.call/return_sl.c -O2 -fomit-frame-pointer compilation failed to produce executable
FAIL: libffi.call/return_uc.c -O2 -fomit-frame-pointer (test for excess errors)
UNRESOLVED: libffi.call/return_uc.c -O2 -fomit-frame-pointer compilation failed to produce executable
FAIL: libffi.call/return_ul.c -O2 -fomit-frame-pointer (test for excess errors)
UNRESOLVED: libffi.call/return_ul.c -O2 -fomit-frame-pointer compilation failed to produce executable
FAIL: libffi.call/stret_large.c -O2 -fomit-frame-pointer (test for excess errors)
UNRESOLVED: libffi.call/stret_large.c -O2 -fomit-frame-pointer compilation failed to produce executable
FAIL: libffi.call/stret_large2.c -O2 -fomit-frame-pointer (test for excess errors)
UNRESOLVED: libffi.call/stret_large2.c -O2 -fomit-frame-pointer compilation failed to produce executable
FAIL: libffi.call/stret_medium.c -O2 -fomit-frame-pointer (test for excess errors)
UNRESOLVED: libffi.call/stret_medium.c -O2 -fomit-frame-pointer compilation failed to produce executable
FAIL: libffi.call/stret_medium2.c -O2 -fomit-frame-pointer (test for excess errors)
UNRESOLVED: libffi.call/stret_medium2.c -O2 -fomit-frame-pointer compilation failed to produce executable
FAIL: libffi.call/strlen.c -O2 -fomit-frame-pointer (test for excess errors)
UNRESOLVED: libffi.call/strlen.c -O2 -fomit-frame-pointer compilation failed to produce executable
FAIL: libffi.call/struct1.c -O2 -fomit-frame-pointer (test for excess errors)
UNRESOLVED: libffi.call/struct1.c -O2 -fomit-frame-pointer compilation failed to produce executable
FAIL: libffi.call/struct2.c -O2 -fomit-frame-pointer (test for excess errors)
UNRESOLVED: libffi.call/struct2.c -O2 -fomit-frame-pointer compilation failed to produce executable
FAIL: libffi.call/struct3.c -O2 -fomit-frame-pointer (test for excess errors)
UNRESOLVED: libffi.call/struct3.c -O2 -fomit-frame-pointer compilation failed to produce executable
FAIL: libffi.call/struct4.c -O2 -fomit-frame-pointer (test for excess errors)
UNRESOLVED: libffi.call/struct4.c -O2 -fomit-frame-pointer compilation failed to produce executable
FAIL: libffi.call/struct5.c -O2 -fomit-frame-pointer (test for excess errors)
UNRESOLVED: libffi.call/struct5.c -O2 -fomit-frame-pointer compilation failed to produce executable
FAIL: libffi.call/struct6.c -O2 -fomit-frame-pointer (test for excess errors)
UNRESOLVED: libffi.call/struct6.c -O2 -fomit-frame-pointer compilation failed to produce executable
FAIL: libffi.call/struct7.c -O2 -fomit-frame-pointer (test for excess errors)
UNRESOLVED: libffi.call/struct7.c -O2 -fomit-frame-pointer compilation failed to produce executable
FAIL: libffi.call/struct8.c -O2 -fomit-frame-pointer (test for excess errors)
UNRESOLVED: libffi.call/struct8.c -O2 -fomit-frame-pointer compilation failed to produce executable
FAIL: libffi.call/struct9.c -O2 -fomit-frame-pointer (test for excess errors)
UNRESOLVED: libffi.call/struct9.c -O2 -fomit-frame-pointer compilation failed to produce executable
FAIL: libffi.special/unwindtest.cc -shared-libgcc -lstdc++ (test for excess errors)
UNRESOLVED: libffi.special/unwindtest.cc -shared-libgcc -lstdc++ compilation failed to produce executable
FAIL: libffi.special/unwindtest_ffi_call.cc -shared-libgcc -lstdc++ (test for excess errors)
UNRESOLVED: libffi.special/unwindtest_ffi_call.cc -shared-libgcc -lstdc++ compilation failed to produce executable
FAIL: libffi.special/unwindtest.cc -shared-libgcc -lstdc++ (test for excess errors)
UNRESOLVED: libffi.special/unwindtest.cc -shared-libgcc -lstdc++ compilation failed to produce executable
FAIL: libffi.special/unwindtest_ffi_call.cc -shared-libgcc -lstdc++ (test for excess errors)
UNRESOLVED: libffi.special/unwindtest_ffi_call.cc -shared-libgcc -lstdc++ compilation failed to produce executable
FAIL: libffi.special/unwindtest.cc -shared-libgcc -lstdc++ (test for excess errors)
UNRESOLVED: libffi.special/unwindtest.cc -shared-libgcc -lstdc++ compilation failed to produce executable
FAIL: libffi.special/unwindtest_ffi_call.cc -shared-libgcc -lstdc++ (test for excess errors)
UNRESOLVED: libffi.special/unwindtest_ffi_call.cc -shared-libgcc -lstdc++ compilation failed to produce executable
FAIL: libffi.special/unwindtest.cc -shared-libgcc -lstdc++ (test for excess errors)
UNRESOLVED: libffi.special/unwindtest.cc -shared-libgcc -lstdc++ compilation failed to produce executable
FAIL: libffi.special/unwindtest_ffi_call.cc -shared-libgcc -lstdc++ (test for excess errors)
UNRESOLVED: libffi.special/unwindtest_ffi_call.cc -shared-libgcc -lstdc++ compilation failed to produce executable
=== libffi Summary for unix/-m64 ===
# of unexpected failures 588
# of unresolved testcases 588
# of unsupported tests 15
=== libffi Summary ===
# of expected passes 1589
# of unexpected failures 593
# of expected failures 10
# of unresolved testcases 588
# of unsupported tests 30
=== libgomp tests ===
Running target unix
=== libgomp Summary for unix ===
# of expected passes 2394
# of unsupported tests 7
Running target unix/-m64
FAIL: libgomp.c++/for-7.C -O2 (test for excess errors)
UNRESOLVED: libgomp.c++/for-7.C -O2 compilation failed to produce executable
=== libgomp Summary for unix/-m64 ===
# of expected passes 2392
# of unexpected failures 1
# of unresolved testcases 1
# of unsupported tests 7
=== libgomp Summary ===
# of expected passes 4786
# of unexpected failures 1
# of unresolved testcases 1
# of unsupported tests 14
=== libjava tests ===
Running target unix
FAIL: events output
FAIL: ArrayStore -findirect-dispatch execution - source compiled test
FAIL: ArrayStore -O3 -findirect-dispatch execution - source compiled test
FAIL: ArrayStore2 -findirect-dispatch execution - source compiled test
FAIL: ArrayStore2 -O3 -findirect-dispatch execution - source compiled test
FAIL: Array_1 -findirect-dispatch execution - source compiled test
FAIL: Array_1 -O3 -findirect-dispatch execution - source compiled test
FAIL: Array_2 -findirect-dispatch execution - source compiled test
FAIL: Array_2 -O3 -findirect-dispatch execution - source compiled test
FAIL: Array_3 -findirect-dispatch execution - source compiled test
FAIL: Array_3 -O3 -findirect-dispatch execution - source compiled test
FAIL: Class_1 -findirect-dispatch execution - source compiled test
FAIL: Class_1 -O3 -findirect-dispatch execution - source compiled test
FAIL: CompareNaN -findirect-dispatch execution - source compiled test
FAIL: CompareNaN -O3 -findirect-dispatch execution - source compiled test
FAIL: Divide_1 -findirect-dispatch execution - source compiled test
FAIL: Divide_1 -O3 -findirect-dispatch execution - source compiled test
FAIL: Divide_2 -findirect-dispatch execution - source compiled test
FAIL: Divide_2 -O3 -findirect-dispatch execution - source compiled test
FAIL: EvaluationOrder -findirect-dispatch execution - source compiled test
FAIL: EvaluationOrder -O3 -findirect-dispatch execution - source compiled test
FAIL: ExtraClassLoader -findirect-dispatch execution - source compiled test
FAIL: ExtraClassLoader -O3 -findirect-dispatch execution - source compiled test
FAIL: FileHandleGcTest -findirect-dispatch execution - source compiled test
FAIL: FileHandleGcTest -O3 -findirect-dispatch execution - source compiled test
FAIL: Final -findirect-dispatch execution - source compiled test
FAIL: Final -O3 -findirect-dispatch execution - source compiled test
FAIL: Float_1 -findirect-dispatch execution - source compiled test
FAIL: Float_1 -O3 -findirect-dispatch execution - source compiled test
FAIL: Float_2 -findirect-dispatch execution - source compiled test
FAIL: Float_2 -O3 -findirect-dispatch execution - source compiled test
FAIL: G19990301_01 -findirect-dispatch execution - source compiled test
FAIL: G19990301_01 -O3 -findirect-dispatch execution - source compiled test
FAIL: G19990302_02 -findirect-dispatch execution - source compiled test
FAIL: G19990302_02 -O3 -findirect-dispatch execution - source compiled test
FAIL: G19990303_01 -findirect-dispatch execution - source compiled test
FAIL: G19990303_01 -O3 -findirect-dispatch execution - source compiled test
FAIL: G19990303_02 -findirect-dispatch execution - source compiled test
FAIL: G19990303_02 -O3 -findirect-dispatch execution - source compiled test
FAIL: G19990304_01 -findirect-dispatch execution - source compiled test
FAIL: G19990304_01 -O3 -findirect-dispatch execution - source compiled test
FAIL: G19990310_01 -findirect-dispatch execution - source compiled test
FAIL: G19990310_01 -O3 -findirect-dispatch execution - source compiled test
FAIL: II -findirect-dispatch execution - source compiled test
FAIL: II -O3 -findirect-dispatch execution - source compiled test
FAIL: InterfaceDispatch -findirect-dispatch execution - source compiled test
FAIL: InterfaceDispatch -O3 -findirect-dispatch execution - source compiled test
FAIL: InvokeInterface -findirect-dispatch execution - source compiled test
FAIL: InvokeInterface -O3 -findirect-dispatch execution - source compiled test
FAIL: InvokeReturn -findirect-dispatch execution - source compiled test
FAIL: InvokeReturn -O3 -findirect-dispatch execution - source compiled test
FAIL: Invoke_1 -findirect-dispatch execution - source compiled test
FAIL: Invoke_1 -O3 -findirect-dispatch execution - source compiled test
FAIL: Invoke_2 -findirect-dispatch execution - source compiled test
FAIL: Invoke_2 -O3 -findirect-dispatch execution - source compiled test
FAIL: KeepInline -findirect-dispatch execution - source compiled test
FAIL: KeepInline -O3 -findirect-dispatch execution - source compiled test
FAIL: LargeFile -findirect-dispatch execution - source compiled test
FAIL: LargeFile -O3 -findirect-dispatch execution - source compiled test
FAIL: MathBuiltin -findirect-dispatch execution - source compiled test
FAIL: MathBuiltin -O3 -findirect-dispatch execution - source compiled test
FAIL: Matrix4f -findirect-dispatch execution - source compiled test
FAIL: Matrix4f -O3 -findirect-dispatch execution - source compiled test
FAIL: N19990310_02 -findirect-dispatch execution - source compiled test
FAIL: N19990310_02 -O3 -findirect-dispatch execution - source compiled test
FAIL: N19990310_3 -findirect-dispatch execution - source compiled test
FAIL: N19990310_3 -O3 -findirect-dispatch execution - source compiled test
FAIL: N19990310_4 -findirect-dispatch execution - source compiled test
FAIL: N19990310_4 -O3 -findirect-dispatch execution - source compiled test
FAIL: N19990310_5 -findirect-dispatch execution - source compiled test
FAIL: N19990310_5 -O3 -findirect-dispatch execution - source compiled test
FAIL: Overflow -findirect-dispatch execution - source compiled test
FAIL: Overflow -O3 -findirect-dispatch execution - source compiled test
FAIL: PR12350 -findirect-dispatch execution - source compiled test
FAIL: PR12350 -O3 -findirect-dispatch execution - source compiled test
FAIL: PR12416 -findirect-dispatch execution - source compiled test
FAIL: PR12416 -O3 -findirect-dispatch execution - source compiled test
FAIL: PR12656 -findirect-dispatch execution - source compiled test
FAIL: PR12656 -O3 -findirect-dispatch execution - source compiled test
FAIL: PR12915 -findirect-dispatch execution - source compiled test
FAIL: PR12915 -O3 -findirect-dispatch execution - source compiled test
FAIL: PR141 -findirect-dispatch execution - source compiled test
FAIL: PR141 -O3 -findirect-dispatch execution - source compiled test
FAIL: PR160 -findirect-dispatch execution - source compiled test
FAIL: PR160 -O3 -findirect-dispatch execution - source compiled test
FAIL: PR162 -findirect-dispatch execution - source compiled test
FAIL: PR162 -O3 -findirect-dispatch execution - source compiled test
FAIL: PR16867 -findirect-dispatch execution - source compiled test
FAIL: PR16867 -O3 -findirect-dispatch execution - source compiled test
FAIL: PR18699 -findirect-dispatch execution - source compiled test
FAIL: PR18699 -O3 -findirect-dispatch execution - source compiled test
FAIL: PR19870 -findirect-dispatch execution - source compiled test
FAIL: PR19870 -O3 -findirect-dispatch execution - source compiled test
FAIL: PR19870_2 -findirect-dispatch execution - source compiled test
FAIL: PR19870_2 -O3 -findirect-dispatch execution - source compiled test
FAIL: PR19921 -findirect-dispatch execution - source compiled test
FAIL: PR19921 -O3 -findirect-dispatch execution - source compiled test
FAIL: PR20056 -findirect-dispatch execution - source compiled test
FAIL: PR20056 -O3 -findirect-dispatch execution - source compiled test
FAIL: PR218 execution - source compiled test
FAIL: PR218 -findirect-dispatch execution - source compiled test
FAIL: PR218 -O3 execution - source compiled test
FAIL: PR218 -O3 -findirect-dispatch execution - source compiled test
FAIL: PR242 -findirect-dispatch execution - source compiled test
FAIL: PR242 -O3 -findirect-dispatch execution - source compiled test
FAIL: PR25535 -findirect-dispatch execution - source compiled test
FAIL: PR25535 -O3 -findirect-dispatch execution - source compiled test
FAIL: PR260 -findirect-dispatch execution - source compiled test
FAIL: PR260 -O3 -findirect-dispatch execution - source compiled test
FAIL: PR26858 -findirect-dispatch execution - source compiled test
FAIL: PR26858 -O3 -findirect-dispatch execution - source compiled test
FAIL: PR27908 -findirect-dispatch execution - source compiled test
FAIL: PR27908 -O3 -findirect-dispatch execution - source compiled test
FAIL: PR29013 -findirect-dispatch execution - source compiled test
FAIL: PR29013 -O3 -findirect-dispatch execution - source compiled test
FAIL: PR29495 -findirect-dispatch execution - source compiled test
FAIL: PR29495 -O3 -findirect-dispatch execution - source compiled test
FAIL: PR3096 -findirect-dispatch execution - source compiled test
FAIL: PR3096 -O3 -findirect-dispatch execution - source compiled test
FAIL: PR31264 -findirect-dispatch execution - source compiled test
FAIL: PR31264 -O3 -findirect-dispatch execution - source compiled test
FAIL: PR35020 -findirect-dispatch execution - source compiled test
FAIL: PR35020 -O3 -findirect-dispatch execution - source compiled test
FAIL: PR36252 -findirect-dispatch execution - source compiled test
FAIL: PR36252 -O3 -findirect-dispatch execution - source compiled test
FAIL: PR3731 -findirect-dispatch execution - source compiled test
FAIL: PR3731 -O3 -findirect-dispatch execution - source compiled test
FAIL: PR5057 -findirect-dispatch execution - source compiled test
FAIL: PR5057 -O3 -findirect-dispatch execution - source compiled test
FAIL: PR5057_2 -findirect-dispatch execution - source compiled test
FAIL: PR5057_2 -O3 -findirect-dispatch execution - source compiled test
FAIL: PR55 -findirect-dispatch execution - source compiled test
FAIL: PR55 -O3 -findirect-dispatch execution - source compiled test
FAIL: PR56 -findirect-dispatch execution - source compiled test
FAIL: PR56 -O3 -findirect-dispatch execution - source compiled test
FAIL: PR6085 -findirect-dispatch execution - source compiled test
FAIL: PR6085 -O3 -findirect-dispatch execution - source compiled test
FAIL: PR6204 -findirect-dispatch execution - source compiled test
FAIL: PR6204 -O3 -findirect-dispatch execution - source compiled test
FAIL: PR6729 -findirect-dispatch execution - source compiled test
FAIL: PR6729 -O3 -findirect-dispatch execution - source compiled test
FAIL: PR6820 -findirect-dispatch execution - source compiled test
FAIL: PR6820 -O3 -findirect-dispatch execution - source compiled test
FAIL: PR7482 -findirect-dispatch execution - source compiled test
FAIL: PR7482 -O3 -findirect-dispatch execution - source compiled test
FAIL: Process_1 -findirect-dispatch execution - source compiled test
FAIL: Process_1 -O3 -findirect-dispatch execution - source compiled test
FAIL: Process_2 -findirect-dispatch execution - source compiled test
FAIL: Process_2 -O3 -findirect-dispatch execution - source compiled test
FAIL: Process_3 -findirect-dispatch execution - source compiled test
FAIL: Process_3 -O3 -findirect-dispatch execution - source compiled test
FAIL: Process_4 -findirect-dispatch execution - source compiled test
FAIL: Process_4 -O3 -findirect-dispatch execution - source compiled test
FAIL: Process_5 -findirect-dispatch execution - source compiled test
FAIL: Process_5 -O3 -findirect-dispatch execution - source compiled test
FAIL: Process_6 -findirect-dispatch execution - source compiled test
FAIL: Process_6 -O3 -findirect-dispatch execution - source compiled test
FAIL: Process_7 -findirect-dispatch execution - source compiled test
FAIL: Process_7 -O3 -findirect-dispatch execution - source compiled test
FAIL: ProxyTest -findirect-dispatch execution - source compiled test
FAIL: ProxyTest -O3 -findirect-dispatch execution - source compiled test
FAIL: RH194522 -findirect-dispatch execution - source compiled test
FAIL: RH194522 -O3 -findirect-dispatch execution - source compiled test
FAIL: Serialization -findirect-dispatch execution - source compiled test
FAIL: Serialization -O3 -findirect-dispatch execution - source compiled test
FAIL: Shazam -findirect-dispatch execution - source compiled test
FAIL: Shazam -O3 -findirect-dispatch execution - source compiled test
WARNING: program timed out.
FAIL: StackTrace2 execution - source compiled test
FAIL: StackTrace2 -findirect-dispatch execution - source compiled test
WARNING: program timed out.
FAIL: StackTrace2 -O3 execution - source compiled test
FAIL: StackTrace2 -O3 -findirect-dispatch execution - source compiled test
FAIL: StaticConstructor -findirect-dispatch execution - source compiled test
FAIL: StaticConstructor -O3 -findirect-dispatch execution - source compiled test
FAIL: StringBuffer_1 -findirect-dispatch execution - source compiled test
FAIL: StringBuffer_1 -O3 -findirect-dispatch execution - source compiled test
FAIL: StringBuffer_overflow -findirect-dispatch execution - source compiled test
FAIL: StringBuffer_overflow -O3 -findirect-dispatch execution - source compiled test
FAIL: String_overflow -findirect-dispatch execution - source compiled test
FAIL: String_overflow -O3 -findirect-dispatch execution - source compiled test
FAIL: SyncGlobal -findirect-dispatch execution - source compiled test
FAIL: SyncGlobal -O3 -findirect-dispatch execution - source compiled test
FAIL: SyncTest -findirect-dispatch execution - source compiled test
FAIL: SyncTest -O3 -findirect-dispatch execution - source compiled test
FAIL: Synch -findirect-dispatch execution - source compiled test
FAIL: Synch -O3 -findirect-dispatch execution - source compiled test
FAIL: TLtest -findirect-dispatch execution - source compiled test
FAIL: TLtest -O3 -findirect-dispatch execution - source compiled test
FAIL: TestProxy -findirect-dispatch execution - source compiled test
FAIL: TestProxy -O3 -findirect-dispatch execution - source compiled test
FAIL: Thread_Alive -findirect-dispatch execution - source compiled test
FAIL: Thread_Alive -O3 -findirect-dispatch execution - source compiled test
FAIL: Thread_HoldsLock -findirect-dispatch execution - source compiled test
FAIL: Thread_HoldsLock -O3 -findirect-dispatch execution - source compiled test
FAIL: Thread_Interrupt -findirect-dispatch execution - source compiled test
FAIL: Thread_Interrupt -O3 -findirect-dispatch execution - source compiled test
FAIL: Thread_Join -findirect-dispatch execution - source compiled test
FAIL: Thread_Join -O3 -findirect-dispatch execution - source compiled test
FAIL: Thread_Monitor -findirect-dispatch execution - source compiled test
FAIL: Thread_Monitor -O3 -findirect-dispatch execution - source compiled test
FAIL: Thread_Sleep -findirect-dispatch execution - source compiled test
FAIL: Thread_Sleep -O3 -findirect-dispatch execution - source compiled test
FAIL: Thread_Sleep_2 -findirect-dispatch execution - source compiled test
FAIL: Thread_Sleep_2 -O3 -findirect-dispatch execution - source compiled test
FAIL: Thread_Wait -findirect-dispatch execution - source compiled test
FAIL: Thread_Wait -O3 -findirect-dispatch execution - source compiled test
FAIL: Thread_Wait_2 -findirect-dispatch execution - source compiled test
FAIL: Thread_Wait_2 -O3 -findirect-dispatch execution - source compiled test
FAIL: Thread_Wait_Interrupt -findirect-dispatch execution - source compiled test
FAIL: Thread_Wait_Interrupt -O3 -findirect-dispatch execution - source compiled test
FAIL: Throw_1 -findirect-dispatch execution - source compiled test
FAIL: Throw_1 -O3 -findirect-dispatch execution - source compiled test
FAIL: Throw_2 -findirect-dispatch execution - source compiled test
FAIL: Throw_2 -O3 -findirect-dispatch execution - source compiled test
FAIL: Throw_3 execution - source compiled test
FAIL: Throw_3 -findirect-dispatch execution - source compiled test
FAIL: Throw_3 -O3 execution - source compiled test
FAIL: Throw_3 -O3 -findirect-dispatch execution - source compiled test
FAIL: WalkerTest -findirect-dispatch execution - source compiled test
FAIL: WalkerTest -O3 -findirect-dispatch execution - source compiled test
FAIL: anfi -findirect-dispatch execution - source compiled test
FAIL: anfi -O3 -findirect-dispatch execution - source compiled test
FAIL: anon -findirect-dispatch execution - source compiled test
FAIL: anon -O3 -findirect-dispatch execution - source compiled test
FAIL: anon2 -findirect-dispatch execution - source compiled test
FAIL: anon2 -O3 -findirect-dispatch execution - source compiled test
FAIL: anon3 -findirect-dispatch execution - source compiled test
FAIL: anon3 -O3 -findirect-dispatch execution - source compiled test
FAIL: anon4 -findirect-dispatch execution - source compiled test
FAIL: anon4 -O3 -findirect-dispatch execution - source compiled test
FAIL: anon_ctor_itf_arg -findirect-dispatch execution - source compiled test
FAIL: anon_ctor_itf_arg -O3 -findirect-dispatch execution - source compiled test
FAIL: anonarray -findirect-dispatch execution - source compiled test
FAIL: anonarray -O3 -findirect-dispatch execution - source compiled test
FAIL: anonarray2 -findirect-dispatch execution - source compiled test
FAIL: anonarray2 -O3 -findirect-dispatch execution - source compiled test
FAIL: anonarray3 -findirect-dispatch execution - source compiled test
FAIL: anonarray3 -O3 -findirect-dispatch execution - source compiled test
FAIL: assign -findirect-dispatch execution - source compiled test
FAIL: assign -O3 -findirect-dispatch execution - source compiled test
FAIL: assign2 -findirect-dispatch execution - source compiled test
FAIL: assign2 -O3 -findirect-dispatch execution - source compiled test
FAIL: bclink -findirect-dispatch execution - source compiled test
FAIL: bclink -O3 -findirect-dispatch execution - source compiled test
FAIL: bytearray -findirect-dispatch execution - source compiled test
FAIL: bytearray -O3 -findirect-dispatch execution - source compiled test
FAIL: direct_read -findirect-dispatch execution - source compiled test
FAIL: direct_read -O3 -findirect-dispatch execution - source compiled test
FAIL: direct_write -findirect-dispatch execution - source compiled test
FAIL: direct_write -O3 -findirect-dispatch execution - source compiled test
FAIL: emptystring -findirect-dispatch execution - source compiled test
FAIL: emptystring -O3 -findirect-dispatch execution - source compiled test
FAIL: err1 -findirect-dispatch execution - source compiled test
FAIL: err1 -O3 -findirect-dispatch execution - source compiled test
FAIL: err10 -findirect-dispatch execution - source compiled test
FAIL: err10 -O3 -findirect-dispatch execution - source compiled test
FAIL: err11 -findirect-dispatch execution - source compiled test
FAIL: err11 -O3 -findirect-dispatch execution - source compiled test
FAIL: err12 -findirect-dispatch execution - source compiled test
FAIL: err12 -O3 -findirect-dispatch execution - source compiled test
FAIL: err13 -findirect-dispatch execution - source compiled test
FAIL: err13 -O3 -findirect-dispatch execution - source compiled test
FAIL: err14 -findirect-dispatch execution - source compiled test
FAIL: err14 -O3 -findirect-dispatch execution - source compiled test
FAIL: err2 -findirect-dispatch execution - source compiled test
FAIL: err2 -O3 -findirect-dispatch execution - source compiled test
FAIL: err3 -findirect-dispatch execution - source compiled test
FAIL: err3 -O3 -findirect-dispatch execution - source compiled test
FAIL: err4 -findirect-dispatch execution - source compiled test
FAIL: err4 -O3 -findirect-dispatch execution - source compiled test
FAIL: err5 -findirect-dispatch execution - source compiled test
FAIL: err5 -O3 -findirect-dispatch execution - source compiled test
FAIL: err6 -findirect-dispatch execution - source compiled test
FAIL: err6 -O3 -findirect-dispatch execution - source compiled test
FAIL: err7 -findirect-dispatch execution - source compiled test
FAIL: err7 -O3 -findirect-dispatch execution - source compiled test
FAIL: err8 -findirect-dispatch execution - source compiled test
FAIL: err8 -O3 -findirect-dispatch execution - source compiled test
FAIL: err9 -findirect-dispatch execution - source compiled test
FAIL: err9 -O3 -findirect-dispatch execution - source compiled test
FAIL: final_inner -findirect-dispatch execution - source compiled test
FAIL: final_inner -O3 -findirect-dispatch execution - source compiled test
FAIL: final_int -findirect-dispatch execution - source compiled test
FAIL: final_int -O3 -findirect-dispatch execution - source compiled test
FAIL: final_static_and_friend -findirect-dispatch execution - source compiled test
FAIL: final_static_and_friend -O3 -findirect-dispatch execution - source compiled test
FAIL: indirect -findirect-dispatch execution - source compiled test
FAIL: indirect -O3 -findirect-dispatch execution - source compiled test
FAIL: indirect_read -findirect-dispatch execution - source compiled test
FAIL: indirect_read -O3 -findirect-dispatch execution - source compiled test
FAIL: indirect_write -findirect-dispatch execution - source compiled test
FAIL: indirect_write -O3 -findirect-dispatch execution - source compiled test
FAIL: initexc -findirect-dispatch execution - source compiled test
FAIL: initexc -O3 -findirect-dispatch execution - source compiled test
FAIL: initfield -findirect-dispatch execution - source compiled test
FAIL: initfield -O3 -findirect-dispatch execution - source compiled test
FAIL: inline -findirect-dispatch execution - source compiled test
FAIL: inline -O3 -findirect-dispatch execution - source compiled test
FAIL: inner1 -findirect-dispatch execution - source compiled test
FAIL: inner1 -O3 -findirect-dispatch execution - source compiled test
FAIL: inner2 -findirect-dispatch execution - source compiled test
FAIL: inner2 -O3 -findirect-dispatch execution - source compiled test
FAIL: inner3 -findirect-dispatch execution - source compiled test
FAIL: inner3 -O3 -findirect-dispatch execution - source compiled test
FAIL: inner4 -findirect-dispatch execution - source compiled test
FAIL: inner4 -O3 -findirect-dispatch execution - source compiled test
FAIL: inner_array -findirect-dispatch execution - source compiled test
FAIL: inner_array -O3 -findirect-dispatch execution - source compiled test
FAIL: inner_interface -findirect-dispatch execution - source compiled test
FAIL: inner_interface -O3 -findirect-dispatch execution - source compiled test
FAIL: instance -findirect-dispatch execution - source compiled test
FAIL: instance -O3 -findirect-dispatch execution - source compiled test
FAIL: instinit -findirect-dispatch execution - source compiled test
FAIL: instinit -O3 -findirect-dispatch execution - source compiled test
FAIL: instinit2 -findirect-dispatch execution - source compiled test
FAIL: instinit2 -O3 -findirect-dispatch execution - source compiled test
FAIL: invoke_from_inner -findirect-dispatch execution - source compiled test
FAIL: invoke_from_inner -O3 -findirect-dispatch execution - source compiled test
FAIL: invokethrow -findirect-dispatch execution - source compiled test
FAIL: invokethrow -O3 -findirect-dispatch execution - source compiled test
FAIL: klass -findirect-dispatch execution - source compiled test
FAIL: klass -O3 -findirect-dispatch execution - source compiled test
FAIL: md5test -findirect-dispatch execution - source compiled test
FAIL: md5test -O3 -findirect-dispatch execution - source compiled test
FAIL: multiple_finit -findirect-dispatch execution - source compiled test
FAIL: multiple_finit -O3 -findirect-dispatch execution - source compiled test
FAIL: negzero -findirect-dispatch execution - source compiled test
FAIL: negzero -O3 -findirect-dispatch execution - source compiled test
FAIL: nested_with_ctor -findirect-dispatch execution - source compiled test
FAIL: nested_with_ctor -O3 -findirect-dispatch execution - source compiled test
FAIL: newarray_overflow -findirect-dispatch execution - source compiled test
FAIL: newarray_overflow -O3 -findirect-dispatch execution - source compiled test
FAIL: override -findirect-dispatch execution - source compiled test
FAIL: override -O3 -findirect-dispatch execution - source compiled test
FAIL: pr109 -findirect-dispatch execution - source compiled test
FAIL: pr109 -O3 -findirect-dispatch execution - source compiled test
FAIL: pr13107 -findirect-dispatch execution - source compiled test
FAIL: pr13107 -O3 -findirect-dispatch execution - source compiled test
FAIL: pr13107_2 -findirect-dispatch execution - source compiled test
FAIL: pr13107_2 -O3 -findirect-dispatch execution - source compiled test
FAIL: pr13107_3 -findirect-dispatch execution - source compiled test
FAIL: pr13107_3 -O3 -findirect-dispatch execution - source compiled test
FAIL: pr133 -findirect-dispatch execution - source compiled test
FAIL: pr133 -O3 -findirect-dispatch execution - source compiled test
FAIL: pr16789 -findirect-dispatch execution - source compiled test
FAIL: pr16789 -O3 -findirect-dispatch execution - source compiled test
FAIL: pr17536 -findirect-dispatch execution - source compiled test
FAIL: pr17536 -O3 -findirect-dispatch execution - source compiled test
FAIL: pr179 -findirect-dispatch execution - source compiled test
FAIL: pr179 -O3 -findirect-dispatch execution - source compiled test
FAIL: pr184 -findirect-dispatch execution - source compiled test
FAIL: pr184 -O3 -findirect-dispatch execution - source compiled test
FAIL: pr21785 -findirect-dispatch execution - source compiled test
FAIL: pr21785 -O3 -findirect-dispatch execution - source compiled test
FAIL: pr21844 -findirect-dispatch execution - source compiled test
FAIL: pr21844 -O3 -findirect-dispatch execution - source compiled test
FAIL: pr24321 -findirect-dispatch execution - source compiled test
FAIL: pr24321 -O3 -findirect-dispatch execution - source compiled test
FAIL: pr25676 -findirect-dispatch execution - source compiled test
FAIL: pr25676 -O3 -findirect-dispatch execution - source compiled test
FAIL: pr26390 -findirect-dispatch execution - source compiled test
FAIL: pr26390 -O3 -findirect-dispatch execution - source compiled test
FAIL: pr26990 -findirect-dispatch execution - source compiled test
FAIL: pr26990 -O3 -findirect-dispatch execution - source compiled test
FAIL: pr27171 -findirect-dispatch execution - source compiled test
FAIL: pr27171 -O3 -findirect-dispatch execution - source compiled test
FAIL: pr6388 -findirect-dispatch execution - source compiled test
FAIL: pr6388 -O3 -findirect-dispatch execution - source compiled test
FAIL: pr83 -findirect-dispatch execution - source compiled test
FAIL: pr83 -O3 -findirect-dispatch execution - source compiled test
FAIL: pr8415 -findirect-dispatch execution - source compiled test
FAIL: pr8415 -O3 -findirect-dispatch execution - source compiled test
FAIL: pr8676 -findirect-dispatch execution - source compiled test
FAIL: pr8676 -O3 -findirect-dispatch execution - source compiled test
FAIL: pr8823 -findirect-dispatch execution - source compiled test
FAIL: pr8823 -O3 -findirect-dispatch execution - source compiled test
FAIL: pr8945 -findirect-dispatch execution - source compiled test
FAIL: pr8945 -O3 -findirect-dispatch execution - source compiled test
FAIL: private_direct_read -findirect-dispatch execution - source compiled test
FAIL: private_direct_read -O3 -findirect-dispatch execution - source compiled test
FAIL: search_outer -findirect-dispatch execution - source compiled test
FAIL: search_outer -O3 -findirect-dispatch execution - source compiled test
FAIL: shatest -findirect-dispatch execution - source compiled test
FAIL: shatest -O3 -findirect-dispatch execution - source compiled test
FAIL: stacktrace -findirect-dispatch execution - source compiled test
FAIL: stacktrace -O3 -findirect-dispatch execution - source compiled test
FAIL: stringconst -findirect-dispatch execution - source compiled test
FAIL: stringconst -O3 -findirect-dispatch execution - source compiled test
FAIL: stringconst2 -findirect-dispatch execution - source compiled test
FAIL: stringconst2 -O3 -findirect-dispatch execution - source compiled test
FAIL: stub -findirect-dispatch execution - source compiled test
FAIL: stub -O3 -findirect-dispatch execution - source compiled test
FAIL: test_long -findirect-dispatch execution - source compiled test
FAIL: test_long -O3 -findirect-dispatch execution - source compiled test
FAIL: tmi -findirect-dispatch execution - source compiled test
FAIL: tmi -O3 -findirect-dispatch execution - source compiled test
FAIL: tp -findirect-dispatch execution - source compiled test
FAIL: tp -O3 -findirect-dispatch execution - source compiled test
FAIL: update_outer -findirect-dispatch execution - source compiled test
FAIL: update_outer -O3 -findirect-dispatch execution - source compiled test
FAIL: utf8concat -findirect-dispatch execution - source compiled test
FAIL: utf8concat -O3 -findirect-dispatch execution - source compiled test
FAIL: utilTest -findirect-dispatch execution - source compiled test
FAIL: utilTest -O3 -findirect-dispatch execution - source compiled test
FAIL: verify -findirect-dispatch execution - source compiled test
FAIL: verify -O3 -findirect-dispatch execution - source compiled test
=== libjava Summary ===
# of expected passes 1765
# of unexpected failures 405
# of untested testcases 404
=== libmudflap tests ===
Running target unix
FAIL: libmudflap.c/pass54-frag.c execution test
FAIL: libmudflap.c/pass54-frag.c execution test
FAIL: libmudflap.c/fail31-frag.c (-O3) crash test
FAIL: libmudflap.c/fail31-frag.c (-O3) output pattern test
FAIL: libmudflap.c/pass45-frag.c (-O3) execution test
FAIL: libmudflap.c/pass45-frag.c (-O3) output pattern test
FAIL: libmudflap.c/pass45-frag.c (-O3) execution test
FAIL: libmudflap.c/pass45-frag.c (-O3) output pattern test
FAIL: libmudflap.c++/pass41-frag.cxx execution test
FAIL: libmudflap.c++/pass41-frag.cxx (-static) execution test
FAIL: libmudflap.c++/pass41-frag.cxx ( -O) execution test
FAIL: libmudflap.c++/pass41-frag.cxx (-O2) execution test
FAIL: libmudflap.c++/pass41-frag.cxx (-O3) execution test
=== libmudflap Summary for unix ===
# of expected passes 1881
# of unexpected failures 13
Running target unix/-m64
FAIL: libmudflap.c/pass54-frag.c execution test
FAIL: libmudflap.c/pass54-frag.c execution test
FAIL: libmudflap.c/fail31-frag.c (-O3) crash test
FAIL: libmudflap.c/fail31-frag.c (-O3) output pattern test
FAIL: libmudflap.c/pass45-frag.c (-O3) execution test
FAIL: libmudflap.c/pass45-frag.c (-O3) output pattern test
FAIL: libmudflap.c/pass45-frag.c (-O3) execution test
FAIL: libmudflap.c/pass45-frag.c (-O3) output pattern test
FAIL: libmudflap.c++/pass41-frag.cxx execution test
FAIL: libmudflap.c++/pass41-frag.cxx (-static) execution test
FAIL: libmudflap.c++/pass41-frag.cxx ( -O) execution test
FAIL: libmudflap.c++/pass41-frag.cxx (-O2) execution test
FAIL: libmudflap.c++/pass41-frag.cxx (-O3) execution test
=== libmudflap Summary for unix/-m64 ===
# of expected passes 1881
# of unexpected failures 13
=== libmudflap Summary ===
# of expected passes 3762
# of unexpected failures 26
=== libstdc++ tests ===
Running target unix
XPASS: 26_numerics/headers/cmath/c99_classification_macros_c.cc (test for excess errors)
=== libstdc++ Summary for unix ===
# of expected passes 6247
# of unexpected successes 1
# of expected failures 87
# of unsupported tests 403
Running target unix/-m64
FAIL: abi_check
XPASS: 26_numerics/headers/cmath/c99_classification_macros_c.cc (test for excess errors)
=== libstdc++ Summary for unix/-m64 ===
# of expected passes 6391
# of unexpected successes 1
# of unexpected failures 1
# of expected failures 89
# of unsupported tests 333
=== libstdc++ Summary ===
# of expected passes 12638
# of unexpected failures 1
# of unexpected successes 2
# of expected failures 176
# of unsupported tests 736
Compiler version: 4.5.0 20091010 (experimental) [trunk revision 152615] (Debian 20091010-1)
Platform: sparc-unknown-linux-gnu
configure flags: -v --with-pkgversion='Debian 20091010-1' --with-bugurl=file:///usr/share/doc/gcc-snapshot/README.Bugs --enable-languages=c,ada,c++,java,fortran,objc,obj-c++ --prefix=/usr/lib/gcc-snapshot --enable-shared --enable-multiarch --enable-linker-build-id --with-system-zlib --disable-nls --enable-clocale=gnu --enable-libstdcxx-debug --enable-mpfr --enable-java-awt=gtk --enable-gtk-cairo --disable-plugin --with-java-home=//usr/lib/jvm/java-1.5.0-gcj-4.5-snap/jre --enable-java-home --with-jvm-root-dir=//usr/lib/jvm/java-1.5.0-gcj-4.5-snap --with-jvm-jar-dir=/usr/lib/jvm-exports/java-1.5.0-gcj-4.5-snap --with-arch-directory=sparc --with-ecj-jar=/usr/share/java/eclipse-ecj.jar --enable-objc-gc --enable-targets=all --with-cpu=v8 --with-long-double-128 --disable-werror --build=sparc-linux-gnu --host=sparc-linux-gnu --target=sparc-linux-gnu
BOOT_CFLAGS=
Build Dependencies:
Desired=Unknown/Install/Remove/Purge/Hold
| Status=Not/Inst/Cfg-files/Unpacked/Failed-cfg/Half-inst/trig-aWait/Trig-pend
|/ Err?=(none)/Reinst-required (Status,Err: uppercase=bad)
||/ Name Version Description
+++-====================================================-=====================-==============================================
ii binutils 2.19.91.20091006-1 The GNU assembler, linker and binary utilities
ii g++-4.3 4.3.4-5 The GNU C++ compiler
ii libc6 2.9-26 GNU C Library: Shared libraries
pi libcloog-ppl-dev 0.15.7-1 the Chunky Loop Generator (development files)
pi libgmp3-dev 2:4.3.1+dfsg-3 Multiprecision arithmetic library developers t
pi libmpc-dev 0.7-1 multiple precision complex floating-point libr
pi libmpfr-dev 2.4.1-2 multiple precision floating-point computation
pi libppl0.10-dev 0.10.2-2 Parma Polyhedra Library (development)
pr40133:
Do link tests to check for the atomic builtins
pr40134-snap:
pr40521-revert-woraround:
Revert the dwarf2cfi_asm workaround, obsoleted by PR debug/40521.
gcc-ice-hack:
Retry the build on an ice, save the calling options and preprocessed
source when the ice is reproducible.
gcc-ice-apport:
Report an ICE to apport (if apport is available
and the environment variable GCC_NOAPPORT is not set)
libjava-disable-static:
Disable building the static libjava.
libjava-fixed-symlinks:
Remove unneed '..' elements from symlinks in JAVA_HOME
ada-arm-eabi:
Add preliminary Ada support for ARM/EABI to gcc-4.4.1 (sjlj only).
arm-unbreak-eabi-armv4t:
Fix armv4t build on ARM
libjava-nobiarch-check-snap:
For biarch builds, disable the testsuite for the non-default architecture
for runtime libraries, which are not built by default (libjava).
config-ml:
disable some biarch libraries for biarch builds
Counting all warnings,
there are 0 warnings in stage3 of this bootstrap.
Number of warnings per file:
Number of warning types: