This is the mail archive of the
gcc-testresults@gcc.gnu.org
mailing list for the GCC project.
Results for 4.5.0 20091001 (experimental) [trunk revision 152389] (GCC) testsuite on i686-pc-linux-gnu
- From: hjl at gnu-29 dot sc dot intel dot com (H.J. Lu (ia32))
- To: gcc-testresults at gcc dot gnu dot org
- Date: Thu, 01 Oct 2009 19:36:31 -0700
- Subject: Results for 4.5.0 20091001 (experimental) [trunk revision 152389] (GCC) testsuite on i686-pc-linux-gnu
LAST_UPDATED: Fri Oct 2 00:10:14 UTC 2009 (revision 152389)
Native configuration is i686-pc-linux-gnu
=== g++ tests ===
Running target unix
FAIL: g++.dg/lookup/friend12.C (internal compiler error)
FAIL: g++.dg/lookup/friend12.C (test for errors, line 9)
FAIL: g++.dg/lookup/friend12.C (test for excess errors)
FAIL: g++.dg/parse/dtor6.C (internal compiler error)
FAIL: g++.dg/parse/dtor6.C (test for excess errors)
FAIL: g++.dg/parse/local-class1.C (internal compiler error)
FAIL: g++.dg/parse/local-class1.C (test for excess errors)
FAIL: g++.dg/template/friend17.C (internal compiler error)
FAIL: g++.dg/template/friend17.C (test for excess errors)
FAIL: g++.dg/template/memfriend2.C (internal compiler error)
FAIL: g++.dg/template/memfriend2.C (test for excess errors)
FAIL: g++.dg/template/memfriend4.C (internal compiler error)
FAIL: g++.dg/template/memfriend4.C (test for excess errors)
FAIL: g++.dg/template/memfriend5.C (internal compiler error)
FAIL: g++.dg/template/memfriend5.C (test for excess errors)
FAIL: g++.dg/template/memfriend6.C (internal compiler error)
FAIL: g++.dg/template/memfriend6.C (test for errors, line 11)
FAIL: g++.dg/template/memfriend6.C (test for errors, line 12)
FAIL: g++.dg/template/memfriend6.C (test for errors, line 13)
FAIL: g++.dg/template/memfriend6.C (test for errors, line 20)
FAIL: g++.dg/template/memfriend6.C (test for errors, line 21)
FAIL: g++.dg/template/memfriend6.C (test for errors, line 22)
FAIL: g++.dg/template/memfriend6.C (test for excess errors)
FAIL: g++.dg/template/memfriend7.C (internal compiler error)
FAIL: g++.dg/template/memfriend7.C (test for errors, line 18)
FAIL: g++.dg/template/memfriend7.C (test for errors, line 39)
FAIL: g++.dg/template/memfriend7.C (test for errors, line 45)
FAIL: g++.dg/template/memfriend7.C (test for errors, line 51)
FAIL: g++.dg/template/memfriend7.C (test for errors, line 57)
FAIL: g++.dg/template/memfriend7.C (test for errors, line 63)
FAIL: g++.dg/template/memfriend7.C (test for errors, line 77)
FAIL: g++.dg/template/memfriend7.C (test for errors, line 83)
FAIL: g++.dg/template/memfriend7.C (test for errors, line 89)
FAIL: g++.dg/template/memfriend7.C (test for errors, line 95)
FAIL: g++.dg/template/memfriend7.C (test for errors, line 101)
FAIL: g++.dg/template/memfriend7.C (test for errors, line 107)
FAIL: g++.dg/template/memfriend7.C (test for errors, line 113)
FAIL: g++.dg/template/memfriend7.C (test for warnings, line 119)
FAIL: g++.dg/template/memfriend7.C (test for warnings, line 120)
FAIL: g++.dg/template/memfriend7.C (test for warnings, line 121)
FAIL: g++.dg/template/memfriend7.C (test for warnings, line 122)
FAIL: g++.dg/template/memfriend7.C (test for warnings, line 123)
FAIL: g++.dg/template/memfriend7.C (test for warnings, line 124)
FAIL: g++.dg/template/memfriend7.C (test for warnings, line 127)
FAIL: g++.dg/template/memfriend7.C (test for warnings, line 131)
FAIL: g++.dg/template/memfriend7.C (test for excess errors)
FAIL: g++.dg/template/new6.C (internal compiler error)
FAIL: g++.dg/template/new6.C (test for excess errors)
UNRESOLVED: selfassign.c compilation, -I. -I/export/gnu/import/svn/gcc-test/src-trunk/gcc/testsuite -I/export/gnu/import/svn/gcc-test/src-trunk/gcc/testsuite/../../gcc -I/export/gnu/import/svn/gcc-test/bld/gcc/testsuite/g++/../../../gcc -I/export/gnu/import/svn/gcc-test/src-trunk/gcc/testsuite/../../include -I/export/gnu/import/svn/gcc-test/src-trunk/gcc/testsuite/../../libcpp/include -O -DIN_GCC -fPIC -shared
UNRESOLVED: dumb_plugin.c compilation, -I. -I/export/gnu/import/svn/gcc-test/src-trunk/gcc/testsuite -I/export/gnu/import/svn/gcc-test/src-trunk/gcc/testsuite/../../gcc -I/export/gnu/import/svn/gcc-test/bld/gcc/testsuite/g++/../../../gcc -I/export/gnu/import/svn/gcc-test/src-trunk/gcc/testsuite/../../include -I/export/gnu/import/svn/gcc-test/src-trunk/gcc/testsuite/../../libcpp/include -DIN_GCC -fPIC -shared
FAIL: g++.old-deja/g++.brendan/crash18.C (internal compiler error)
FAIL: g++.old-deja/g++.brendan/crash18.C (test for errors, line 11)
FAIL: g++.old-deja/g++.brendan/crash18.C (test for errors, line 17)
FAIL: g++.old-deja/g++.brendan/crash18.C (test for excess errors)
FAIL: g++.old-deja/g++.jason/scoping12.C (internal compiler error)
FAIL: g++.old-deja/g++.jason/scoping12.C (test for errors, line 9)
FAIL: g++.old-deja/g++.jason/scoping12.C (test for excess errors)
WARNING: program timed out.
FAIL: g++.old-deja/g++.other/friend6.C (internal compiler error)
FAIL: g++.old-deja/g++.other/friend6.C (test for excess errors)
FAIL: g++.old-deja/g++.pt/friend11.C (internal compiler error)
FAIL: g++.old-deja/g++.pt/friend11.C (test for errors, line 12)
FAIL: g++.old-deja/g++.pt/friend11.C (test for errors, line 24)
FAIL: g++.old-deja/g++.pt/friend11.C (test for excess errors)
FAIL: g++.old-deja/g++.pt/friend12.C (internal compiler error)
FAIL: g++.old-deja/g++.pt/friend12.C (test for excess errors)
WARNING: g++.old-deja/g++.pt/friend12.C compilation failed to produce executable
FAIL: g++.old-deja/g++.pt/friend13.C (internal compiler error)
FAIL: g++.old-deja/g++.pt/friend13.C (test for excess errors)
WARNING: g++.old-deja/g++.pt/friend13.C compilation failed to produce executable
=== g++ Summary ===
# of expected passes 21120
# of unexpected failures 65
# of expected failures 156
# of unresolved testcases 2
# of unsupported tests 110
/export/gnu/import/svn/gcc-test/bld/gcc/testsuite/g++/../../g++ version 4.5.0 20091001 (experimental) [trunk revision 152389] (GCC)
=== gcc tests ===
Running target unix
FAIL: gcc.c-torture/compile/limits-exprparen.c -O0 (test for excess errors)
FAIL: gcc.c-torture/compile/limits-exprparen.c -O1 (test for excess errors)
FAIL: gcc.c-torture/compile/limits-exprparen.c -O2 (test for excess errors)
FAIL: gcc.c-torture/compile/limits-exprparen.c -O3 -fomit-frame-pointer (test for excess errors)
FAIL: gcc.c-torture/compile/limits-exprparen.c -O3 -g (test for excess errors)
FAIL: gcc.c-torture/compile/limits-exprparen.c -Os (test for excess errors)
XPASS: gcc.dg/Warray-bounds.c (test for warnings, line 59)
XPASS: gcc.dg/Warray-bounds.c (test for warnings, line 65)
XPASS: gcc.dg/Wunreachable-8.c (test for bogus messages, line 7)
FAIL: gcc.dg/pr34668-1.c (internal compiler error)
FAIL: gcc.dg/pr34668-1.c (test for excess errors)
UNRESOLVED: selfassign.c compilation, -I. -I/export/gnu/import/svn/gcc-test/src-trunk/gcc/testsuite -I/export/gnu/import/svn/gcc-test/src-trunk/gcc/testsuite/../../gcc -I/export/gnu/import/svn/gcc-test/bld/gcc/testsuite/gcc/../../../gcc -I/export/gnu/import/svn/gcc-test/src-trunk/gcc/testsuite/../../include -I/export/gnu/import/svn/gcc-test/src-trunk/gcc/testsuite/../../libcpp/include -O -DIN_GCC -fPIC -shared
UNRESOLVED: one_time_plugin.c compilation, -I. -I/export/gnu/import/svn/gcc-test/src-trunk/gcc/testsuite -I/export/gnu/import/svn/gcc-test/src-trunk/gcc/testsuite/../../gcc -I/export/gnu/import/svn/gcc-test/bld/gcc/testsuite/gcc/../../../gcc -I/export/gnu/import/svn/gcc-test/src-trunk/gcc/testsuite/../../include -I/export/gnu/import/svn/gcc-test/src-trunk/gcc/testsuite/../../libcpp/include -DIN_GCC -fPIC -shared
XPASS: gcc.dg/struct/wo_prof_array_through_pointer.c scan-ipa-dump ipa_struct_reorg "Number of structures to transform is 1"
FAIL: gcc.dg/struct/wo_prof_double_malloc.c (internal compiler error)
FAIL: gcc.dg/struct/wo_prof_double_malloc.c (test for excess errors)
WARNING: gcc.dg/struct/wo_prof_double_malloc.c compilation failed to produce executable
FAIL: gcc.dg/tree-ssa/ipa-cp-1.c (test for excess errors)
FAIL: gcc.dg/tree-ssa/ipa-cp-1.c scan-tree-dump-times optimized "very_long_function.clone.0 \\(\\)" 3: dump file does not exist
FAIL: gcc.dg/tree-ssa/ipa-cp-1.c scan-tree-dump-times optimized "very_long_function.clone.0 \\(\\)" 3: dump file does not exist
FAIL: gcc.dg/tree-ssa/ipa-cp-1.c scan-tree-dump-times optimized "very_long_function.clone.0 \\(\\)" 3: dump file does not exist
=== gcc Summary ===
# of expected passes 59644
# of unexpected failures 14
# of unexpected successes 4
# of expected failures 201
# of unresolved testcases 2
# of unsupported tests 518
/export/gnu/import/svn/gcc-test/bld/gcc/xgcc version 4.5.0 20091001 (experimental) [trunk revision 152389] (GCC)
=== gfortran tests ===
Running target unix
=== gfortran Summary ===
# of expected passes 32423
# of expected failures 30
# of unsupported tests 112
/export/gnu/import/svn/gcc-test/bld/gcc/testsuite/gfortran/../../gfortran version 4.5.0 20091001 (experimental) [trunk revision 152389] (GCC)
=== objc tests ===
Running target unix
=== objc Summary ===
# of expected passes 1875
# of expected failures 7
# of unsupported tests 24
/export/gnu/import/svn/gcc-test/bld/gcc/xgcc version 4.5.0 20091001 (experimental) [trunk revision 152389] (GCC)
=== libffi tests ===
Running target unix
=== libffi Summary ===
# of expected passes 1589
# of expected failures 15
# of unsupported tests 15
=== libgomp tests ===
Running target unix
=== libgomp Summary ===
# of expected passes 2408
=== libjava tests ===
Running target unix
=== libjava Summary ===
# of expected passes 2574
=== libmudflap tests ===
Running target unix
FAIL: libmudflap.c/fail31-frag.c (-O3) output pattern test
FAIL: libmudflap.c/pass45-frag.c (-O3) execution test
FAIL: libmudflap.c/pass45-frag.c (-O3) output pattern test
FAIL: libmudflap.c/pass45-frag.c (-O3) execution test
FAIL: libmudflap.c/pass45-frag.c (-O3) output pattern test
FAIL: libmudflap.c++/pass41-frag.cxx execution test
FAIL: libmudflap.c++/pass41-frag.cxx (-static) execution test
FAIL: libmudflap.c++/pass41-frag.cxx ( -O) execution test
FAIL: libmudflap.c++/pass41-frag.cxx (-O2) execution test
FAIL: libmudflap.c++/pass41-frag.cxx (-O3) execution test
=== libmudflap Summary ===
# of expected passes 1884
# of unexpected failures 10
=== libstdc++ tests ===
Running target unix
XPASS: 26_numerics/headers/cmath/c99_classification_macros_c.cc (test for excess errors)
=== libstdc++ Summary ===
# of expected passes 6877
# of unexpected successes 1
# of expected failures 86
# of unsupported tests 81
Compiler version: 4.5.0 20091001 (experimental) [trunk revision 152389] (GCC)
Platform: i686-pc-linux-gnu
configure flags: --enable-clocale=gnu --with-system-zlib --enable-shared --with-demangler-in-ld