This is the mail archive of the
gcc-testresults@gcc.gnu.org
mailing list for the GCC project.
Results for 4.5.0 20090827 (experimental) [trunk revision 151135] (GCC) testsuite on x86_64-unknown-linux-gnu
- From: hjl at gnu-33 dot sc dot intel dot com (H.J. Lu (Intel64))
- To: gcc-testresults at gcc dot gnu dot org
- Date: Wed, 26 Aug 2009 22:09:56 -0700
- Subject: Results for 4.5.0 20090827 (experimental) [trunk revision 151135] (GCC) testsuite on x86_64-unknown-linux-gnu
Native configuration is x86_64-unknown-linux-gnu
=== g++ tests ===
Running target unix/-m32
=== g++ Summary for unix/-m32 ===
# of expected passes 6800
# of expected failures 26
# of unsupported tests 10
Running target unix
=== g++ Summary for unix ===
# of expected passes 6753
# of expected failures 26
# of unsupported tests 20
=== g++ Summary ===
# of expected passes 41169
# of expected failures 298
# of unsupported tests 372
/export/gnu/import/svn/gcc-test/bld/gcc/testsuite/g++/../../g++ version 4.5.0 20090827 (experimental) [trunk revision 151135] (GCC)
=== gcc tests ===
Running target unix/-m32
FAIL: gcc.c-torture/compile/limits-exprparen.c -O0 (test for excess errors)
FAIL: gcc.c-torture/compile/limits-exprparen.c -O1 (test for excess errors)
FAIL: gcc.c-torture/compile/limits-exprparen.c -O2 (test for excess errors)
FAIL: gcc.c-torture/compile/limits-exprparen.c -O3 -fomit-frame-pointer (test for excess errors)
FAIL: gcc.c-torture/compile/limits-exprparen.c -O3 -g (test for excess errors)
FAIL: gcc.c-torture/compile/limits-exprparen.c -Os (test for excess errors)
XPASS: gcc.dg/Warray-bounds.c (test for warnings, line 59)
XPASS: gcc.dg/Warray-bounds.c (test for warnings, line 65)
XPASS: gcc.dg/Wunreachable-8.c (test for bogus messages, line 7)
FAIL: gcc.dg/pr34668-1.c (internal compiler error)
FAIL: gcc.dg/pr34668-1.c (test for excess errors)
FAIL: gcc.dg/matrix/matrix-2.c scan-ipa-dump-times matrix-reorg "Flattened 2 dimensions" 1
XPASS: gcc.dg/struct/wo_prof_array_through_pointer.c scan-ipa-dump ipa_struct_reorg "Number of structures to transform is 1"
FAIL: gcc.dg/struct/wo_prof_double_malloc.c (internal compiler error)
FAIL: gcc.dg/struct/wo_prof_double_malloc.c (test for excess errors)
WARNING: gcc.dg/struct/wo_prof_double_malloc.c compilation failed to produce executable
FAIL: gcc.target/i386/funcspec-5.c (test for excess errors)
=== gcc Summary for unix/-m32 ===
Running target unix
FAIL: gcc.c-torture/compile/limits-exprparen.c -O0 (test for excess errors)
FAIL: gcc.c-torture/compile/limits-exprparen.c -O1 (test for excess errors)
FAIL: gcc.c-torture/compile/limits-exprparen.c -O2 (test for excess errors)
FAIL: gcc.c-torture/compile/limits-exprparen.c -O3 -fomit-frame-pointer (test for excess errors)
FAIL: gcc.c-torture/compile/limits-exprparen.c -O3 -g (test for excess errors)
FAIL: gcc.c-torture/compile/limits-exprparen.c -Os (test for excess errors)
XPASS: gcc.dg/Warray-bounds.c (test for warnings, line 59)
XPASS: gcc.dg/Warray-bounds.c (test for warnings, line 65)
XPASS: gcc.dg/Wunreachable-8.c (test for bogus messages, line 7)
FAIL: gcc.dg/pr34668-1.c (internal compiler error)
FAIL: gcc.dg/pr34668-1.c (test for excess errors)
FAIL: gcc.dg/matrix/matrix-2.c scan-ipa-dump-times matrix-reorg "Flattened 2 dimensions" 1
XPASS: gcc.dg/struct/wo_prof_array_through_pointer.c scan-ipa-dump ipa_struct_reorg "Number of structures to transform is 1"
FAIL: gcc.dg/struct/wo_prof_double_malloc.c (internal compiler error)
FAIL: gcc.dg/struct/wo_prof_double_malloc.c (test for excess errors)
WARNING: gcc.dg/struct/wo_prof_double_malloc.c compilation failed to produce executable
=== gcc Summary for unix ===
=== gcc Summary ===
# of expected passes 118354
# of unexpected failures 23
# of unexpected successes 8
# of expected failures 393
# of unsupported tests 1325
/export/gnu/import/svn/gcc-test/bld/gcc/xgcc version 4.5.0 20090827 (experimental) [trunk revision 151135] (GCC)
=== gfortran tests ===
Running target unix/-m32
FAIL: gfortran.dg/fmt_with_extra.f -O (test for warnings, line 7)
=== gfortran Summary for unix/-m32 ===
# of expected passes 3996
Running target unix
FAIL: gfortran.dg/fmt_with_extra.f -O (test for warnings, line 7)
=== gfortran Summary for unix ===
# of expected passes 3996
=== gfortran Summary ===
# of expected passes 64185
# of unexpected failures 2
# of expected failures 40
# of unsupported tests 164
/export/gnu/import/svn/gcc-test/bld/gcc/testsuite/gfortran/../../gfortran version 4.5.0 20090827 (experimental) [trunk revision 151135] (GCC)
=== objc tests ===
Running target unix/-m32
=== objc Summary for unix/-m32 ===
# of expected passes 2
Running target unix
=== objc Summary for unix ===
# of expected passes 2
=== objc Summary ===
# of expected passes 3742
# of expected failures 22
# of unsupported tests 48
/export/gnu/import/svn/gcc-test/bld/gcc/xgcc version 4.5.0 20090827 (experimental) [trunk revision 151135] (GCC)
=== libffi tests ===
Running target unix/-m32
XPASS: libffi.call/cls_dbls_struct.c -O0 -W -Wall output pattern test, 1.0 2.0?
XPASS: libffi.call/cls_dbls_struct.c -O2 output pattern test, 1.0 2.0?
XPASS: libffi.call/cls_dbls_struct.c -O3 output pattern test, 1.0 2.0?
XPASS: libffi.call/cls_dbls_struct.c -Os output pattern test, 1.0 2.0?
XPASS: libffi.call/cls_dbls_struct.c -O2 -fomit-frame-pointer output pattern test, 1.0 2.0?
=== libffi Summary for unix/-m32 ===
# of expected passes 24
Running target unix
=== libffi Summary for unix ===
# of expected passes 24
=== libffi Summary ===
# of expected passes 3168
# of unexpected successes 5
# of expected failures 35
# of unsupported tests 30
=== libgomp tests ===
Running target unix/-m32
=== libgomp Summary for unix/-m32 ===
Running target unix
=== libgomp Summary for unix ===
=== libgomp Summary ===
# of expected passes 4816
=== libjava tests ===
Running target unix/-m32
=== libjava Summary for unix/-m32 ===
Running target unix
=== libjava Summary for unix ===
=== libjava Summary ===
# of expected passes 5148
=== libmudflap tests ===
Running target unix/-m32
FAIL: libmudflap.c/fail31-frag.c (-O3) output pattern test
FAIL: libmudflap.c/pass45-frag.c (-O3) execution test
FAIL: libmudflap.c/pass45-frag.c (-O3) output pattern test
FAIL: libmudflap.c/pass45-frag.c (-O3) execution test
FAIL: libmudflap.c/pass45-frag.c (-O3) output pattern test
FAIL: libmudflap.c++/pass41-frag.cxx execution test
FAIL: libmudflap.c++/pass41-frag.cxx (-static) execution test
FAIL: libmudflap.c++/pass41-frag.cxx ( -O) execution test
FAIL: libmudflap.c++/pass41-frag.cxx (-O2) execution test
FAIL: libmudflap.c++/pass41-frag.cxx (-O3) execution test
FAIL: libmudflap.cth/pass39-frag.c (rerun 11) execution test
FAIL: libmudflap.cth/pass39-frag.c (rerun 11) output pattern test
FAIL: libmudflap.cth/pass39-frag.c (-O2) (rerun 8) execution test
FAIL: libmudflap.cth/pass39-frag.c (-O2) (rerun 8) output pattern test
FAIL: libmudflap.cth/pass39-frag.c (-O2) (rerun 18) execution test
FAIL: libmudflap.cth/pass39-frag.c (-O2) (rerun 18) output pattern test
FAIL: libmudflap.cth/pass39-frag.c (-O3) (rerun 7) execution test
FAIL: libmudflap.cth/pass39-frag.c (-O3) (rerun 7) output pattern test
FAIL: libmudflap.cth/pass39-frag.c (-O3) (rerun 10) execution test
FAIL: libmudflap.cth/pass39-frag.c (-O3) (rerun 10) output pattern test
FAIL: libmudflap.cth/pass39-frag.c (-O3) (rerun 15) execution test
FAIL: libmudflap.cth/pass39-frag.c (-O3) (rerun 15) output pattern test
=== libmudflap Summary for unix/-m32 ===
# of expected passes 340
# of unexpected failures 12
Running target unix
FAIL: libmudflap.c/fail31-frag.c (-O3) output pattern test
FAIL: libmudflap.c/pass45-frag.c (-O3) execution test
FAIL: libmudflap.c/pass45-frag.c (-O3) output pattern test
FAIL: libmudflap.c/pass45-frag.c (-O3) execution test
FAIL: libmudflap.c/pass45-frag.c (-O3) output pattern test
FAIL: libmudflap.c++/pass41-frag.cxx execution test
FAIL: libmudflap.c++/pass41-frag.cxx (-static) execution test
FAIL: libmudflap.c++/pass41-frag.cxx ( -O) execution test
FAIL: libmudflap.c++/pass41-frag.cxx (-O2) execution test
FAIL: libmudflap.c++/pass41-frag.cxx (-O3) execution test
=== libmudflap Summary for unix ===
# of expected passes 352
=== libmudflap Summary ===
# of expected passes 3756
# of unexpected failures 32
=== libstdc++ tests ===
Running target unix/-m32
FAIL: abi_check
FAIL: 22_locale/money_get/get/char/5.cc (test for excess errors)
WARNING: 22_locale/money_get/get/char/5.cc compilation failed to produce executable
FAIL: 22_locale/money_get/get/char/wrapped_env.cc (test for excess errors)
WARNING: 22_locale/money_get/get/char/wrapped_env.cc compilation failed to produce executable
FAIL: 22_locale/money_get/get/char/wrapped_locale.cc (test for excess errors)
WARNING: 22_locale/money_get/get/char/wrapped_locale.cc compilation failed to produce executable
FAIL: 22_locale/money_get/get/wchar_t/5.cc (test for excess errors)
WARNING: 22_locale/money_get/get/wchar_t/5.cc compilation failed to produce executable
FAIL: 22_locale/money_get/get/wchar_t/wrapped_env.cc (test for excess errors)
WARNING: 22_locale/money_get/get/wchar_t/wrapped_env.cc compilation failed to produce executable
FAIL: 22_locale/money_get/get/wchar_t/wrapped_locale.cc (test for excess errors)
WARNING: 22_locale/money_get/get/wchar_t/wrapped_locale.cc compilation failed to produce executable
FAIL: 22_locale/money_put/put/char/4.cc (test for excess errors)
WARNING: 22_locale/money_put/put/char/4.cc compilation failed to produce executable
FAIL: 22_locale/money_put/put/char/wrapped_env.cc (test for excess errors)
WARNING: 22_locale/money_put/put/char/wrapped_env.cc compilation failed to produce executable
FAIL: 22_locale/money_put/put/char/wrapped_locale.cc (test for excess errors)
WARNING: 22_locale/money_put/put/char/wrapped_locale.cc compilation failed to produce executable
FAIL: 22_locale/money_put/put/wchar_t/4.cc (test for excess errors)
WARNING: 22_locale/money_put/put/wchar_t/4.cc compilation failed to produce executable
FAIL: 22_locale/money_put/put/wchar_t/wrapped_env.cc (test for excess errors)
WARNING: 22_locale/money_put/put/wchar_t/wrapped_env.cc compilation failed to produce executable
FAIL: 22_locale/money_put/put/wchar_t/wrapped_locale.cc (test for excess errors)
WARNING: 22_locale/money_put/put/wchar_t/wrapped_locale.cc compilation failed to produce executable
FAIL: 22_locale/num_get/get/char/4.cc (test for excess errors)
WARNING: 22_locale/num_get/get/char/4.cc compilation failed to produce executable
FAIL: 22_locale/num_get/get/char/wrapped_env.cc (test for excess errors)
WARNING: 22_locale/num_get/get/char/wrapped_env.cc compilation failed to produce executable
FAIL: 22_locale/num_get/get/char/wrapped_locale.cc (test for excess errors)
WARNING: 22_locale/num_get/get/char/wrapped_locale.cc compilation failed to produce executable
FAIL: 22_locale/num_get/get/wchar_t/4.cc (test for excess errors)
WARNING: 22_locale/num_get/get/wchar_t/4.cc compilation failed to produce executable
FAIL: 22_locale/num_get/get/wchar_t/wrapped_env.cc (test for excess errors)
WARNING: 22_locale/num_get/get/wchar_t/wrapped_env.cc compilation failed to produce executable
FAIL: 22_locale/num_get/get/wchar_t/wrapped_locale.cc (test for excess errors)
WARNING: 22_locale/num_get/get/wchar_t/wrapped_locale.cc compilation failed to produce executable
FAIL: 22_locale/num_put/put/char/4.cc (test for excess errors)
WARNING: 22_locale/num_put/put/char/4.cc compilation failed to produce executable
FAIL: 22_locale/num_put/put/char/wrapped_env.cc (test for excess errors)
WARNING: 22_locale/num_put/put/char/wrapped_env.cc compilation failed to produce executable
FAIL: 22_locale/num_put/put/char/wrapped_locale.cc (test for excess errors)
WARNING: 22_locale/num_put/put/char/wrapped_locale.cc compilation failed to produce executable
FAIL: 22_locale/num_put/put/wchar_t/4.cc (test for excess errors)
WARNING: 22_locale/num_put/put/wchar_t/4.cc compilation failed to produce executable
FAIL: 22_locale/num_put/put/wchar_t/wrapped_env.cc (test for excess errors)
WARNING: 22_locale/num_put/put/wchar_t/wrapped_env.cc compilation failed to produce executable
FAIL: 22_locale/num_put/put/wchar_t/wrapped_locale.cc (test for excess errors)
WARNING: 22_locale/num_put/put/wchar_t/wrapped_locale.cc compilation failed to produce executable
FAIL: 22_locale/numpunct/members/pod/2.cc (test for excess errors)
WARNING: 22_locale/numpunct/members/pod/2.cc compilation failed to produce executable
FAIL: 26_numerics/complex/inserters_extractors/char/1.cc (test for excess errors)
WARNING: 26_numerics/complex/inserters_extractors/char/1.cc compilation failed to produce executable
FAIL: 26_numerics/complex/inserters_extractors/wchar_t/1.cc (test for excess errors)
WARNING: 26_numerics/complex/inserters_extractors/wchar_t/1.cc compilation failed to produce executable
XPASS: 26_numerics/headers/cmath/c99_classification_macros_c.cc (test for excess errors)
FAIL: 27_io/basic_ios/imbue/14072.cc (test for excess errors)
WARNING: 27_io/basic_ios/imbue/14072.cc compilation failed to produce executable
=== libstdc++ Summary for unix/-m32 ===
# of expected passes 6780
# of unexpected failures 28
# of unexpected successes 1
# of expected failures 86
# of unsupported tests 84
Running target unix
XPASS: 26_numerics/headers/cmath/c99_classification_macros_c.cc (test for excess errors)
=== libstdc++ Summary for unix ===
# of expected passes 6981
# of unexpected successes 1
# of expected failures 88
# of unsupported tests 14
=== libstdc++ Summary ===
# of expected passes 13762
# of unexpected failures 29
# of unexpected successes 2
# of expected failures 174
# of unsupported tests 98
Compiler version: 4.5.0 20090827 (experimental) [trunk revision 151135] (GCC)
Platform: x86_64-unknown-linux-gnu
configure flags: --enable-clocale=gnu --with-system-zlib --enable-shared --with-demangler-in-ld"