This is the mail archive of the
gcc-testresults@gcc.gnu.org
mailing list for the GCC project.
Results for 4.5.0 20090820 (experimental) (GCC) testsuite on i686-pc-cygwin
- From: "Timothy C Prince" <tprince at myrealbox dot com>
- To: gcc-testresults at gcc dot gnu dot org
- Date: Fri, 21 Aug 2009 22:40:18 +0000
- Subject: Results for 4.5.0 20090820 (experimental) (GCC) testsuite on i686-pc-cygwin
- Reply-to: tprince at computer dot org
LAST_UPDATED: Obtained from SVN: trunk revision 150977
Native configuration is i686-pc-cygwin
=== g++ tests ===
Running target unix
FAIL: g++.dg/debug/dwarf2/pubnames-1.C scan-assembler-times "main".*external name 1
FAIL: g++.dg/debug/dwarf2/pubnames-1.C scan-assembler-times "main".*external name 1
FAIL: g++.dg/abi/rtti3.C scan-assembler .weak[ \\t]_?_ZTSPP1A
FAIL: g++.dg/abi/thunk4.C scan-assembler .weak[ \\t]_?_ZThn._N7Derived3FooEv
FAIL: g++.dg/eh/weak1.C execution test
FAIL: g++.dg/ext/dllimport7.C C++ specific error (test for errors, line 24)
FAIL: g++.dg/ext/selectany1.C scan-assembler-dem
FAIL: g++.dg/init/cleanup3.C scan-assembler-not _tcf
FAIL: g++.dg/opt/vt1.C scan-assembler-not section[^\\n\\r]*_ZTV1S[^\\n\\r]*"[^w"\\n\\r]*"
FAIL: g++.old-deja/g++.eh/badalloc1.C execution test
XPASS: g++.old-deja/g++.ext/attrib5.C execution test
FAIL: g++.old-deja/g++.other/init5.C execution test
=== g++ Summary ===
# of expected passes 11864
# of unexpected failures 4
# of unexpected successes 1
# of expected failures 33
# of unsupported tests 57
/cygdrive/e/gnu/xp/gcc/testsuite/g++/../../g++ version 4.5.0 20090820 (experimental) (GCC)
=== gcc tests ===
Running target unix
FAIL: gcc.dg/cpp/include2.c (test for excess errors)
FAIL: gcc.dg/debug/dwarf2-3.c (test for excess errors)
FAIL: gcc.dg/dfp/fe-binop.c (test for excess errors)
FAIL: gcc.dg/dfp/fe-convert-1.c (test for excess errors)
FAIL: gcc.dg/dfp/fe-convert-2.c (test for excess errors)
FAIL: gcc.dg/dfp/fe-convert-3.c (test for excess errors)
FAIL: gcc.dg/dfp/func-vararg-mixed-2.c (test for excess errors)
WARNING: gcc.dg/dfp/func-vararg-mixed-2.c compilation failed to produce executable
FAIL: gcc.dg/dfp/pr36800.c (test for excess errors)
WARNING: gcc.dg/dfp/pr36800.c compilation failed to produce executable
FAIL: gcc.dg/dfp/pr39034.c (test for excess errors)
WARNING: gcc.dg/dfp/pr39034.c compilation failed to produce executable
FAIL: gcc.dg/dfp/pr39035.c (test for excess errors)
WARNING: gcc.dg/dfp/pr39035.c compilation failed to produce executable
=== gcc tests ===
Running target unix
WARNING: program timed out.
FAIL: gcc.c-torture/execute/961017-1.c compilation, -O3 -fomit-frame-pointer -funroll-loops
UNRESOLVED: gcc.c-torture/execute/961017-1.c execution, -O3 -fomit-frame-pointer -funroll-loops
WARNING: program timed out.
FAIL: gcc.c-torture/execute/980424-1.c compilation, -Os
UNRESOLVED: gcc.c-torture/execute/980424-1.c execution, -Os
=== gfortran tests ===
Running target unix
WARNING: program timed out.
FAIL: gfortran.dg/alloc_comp_assign_4.f90 (test for excess errors)
WARNING: program timed out.
FAIL: gfortran.dg/alloc_comp_assign_8.f90 (test for excess errors)
WARNING: program timed out.
FAIL: gfortran.dg/alloc_comp_constructor_1.f90 (test for excess errors)
WARNING: program timed out.
FAIL: gfortran.dg/ambiguous_specific_2.f90 (test for excess errors)
FAIL: gfortran.dg/atan2_1.f90 execution test
=== gfortran Summary ===
# of expected passes 6981
# of unexpected failures 5
# of unsupported tests 49
/cygdrive/e/gnu/xp/gcc/testsuite/gfortran1/../../gfortran version 4.5.0 20090820 (experimental) (GCC)
=== libstdc++ tests ===
Running target unix
XPASS: 26_numerics/headers/cmath/c99_classification_macros_c.cc (test for excess errors)
XPASS: 26_numerics/headers/cmath/c99_classification_macros_c.cc (test for excess errors)
FAIL: 27_io/basic_filebuf/seekoff/char/1-io.cc execution test
FAIL: 27_io/basic_filebuf/seekoff/char/1-io.cc execution test
FAIL: 27_io/basic_filebuf/seekoff/char/2-io.cc execution test
FAIL: 27_io/basic_filebuf/seekoff/char/2-io.cc execution test
FAIL: 27_io/basic_filebuf/seekpos/char/1-io.cc execution test
FAIL: 27_io/basic_filebuf/seekpos/char/1-io.cc execution test
FAIL: 27_io/basic_filebuf/seekpos/char/2-io.cc execution test
FAIL: 27_io/basic_filebuf/seekpos/char/2-io.cc execution test
FAIL: 27_io/basic_filebuf/sgetn/char/1-in.cc execution test
FAIL: 27_io/basic_filebuf/sgetn/char/1-in.cc execution test
FAIL: 27_io/basic_filebuf/sgetn/char/1-in.cc execution test
FAIL: 27_io/basic_filebuf/sgetn/char/1-io.cc execution test
FAIL: 27_io/basic_filebuf/sgetn/char/1-io.cc execution test
FAIL: 27_io/basic_filebuf/sgetn/char/1-io.cc execution test
FAIL: 27_io/basic_filebuf/sgetn/char/2-in.cc execution test
FAIL: 27_io/basic_filebuf/sgetn/char/2-in.cc execution test
FAIL: 27_io/basic_filebuf/sgetn/char/2-in.cc execution test
FAIL: 27_io/basic_filebuf/sgetn/char/2-io.cc execution test
FAIL: 27_io/basic_filebuf/sgetn/char/2-io.cc execution test
FAIL: 27_io/basic_filebuf/sgetn/char/2-io.cc execution test
FAIL: 27_io/basic_filebuf/underflow/wchar_t/11603.cc execution test
FAIL: 27_io/basic_filebuf/underflow/wchar_t/11603.cc execution test
FAIL: 27_io/basic_filebuf/underflow/wchar_t/11603.cc execution test
FAIL: 27_io/basic_istream/readsome/char/6746-2.cc execution test
FAIL: 27_io/basic_istream/readsome/char/6746-2.cc execution test
FAIL: 27_io/basic_istream/readsome/char/6746-2.cc execution test
FAIL: 27_io/basic_istream/readsome/wchar_t/6746-2.cc execution test
FAIL: 27_io/basic_istream/readsome/wchar_t/6746-2.cc execution test
FAIL: 27_io/basic_istream/readsome/wchar_t/6746-2.cc execution test
FAIL: 27_io/basic_ostream/inserters_arithmetic/wchar_t/4402.cc execution test
FAIL: 27_io/basic_ostream/inserters_arithmetic/wchar_t/4402.cc execution test
FAIL: 27_io/basic_ostream/inserters_arithmetic/wchar_t/4402.cc execution test
=== libstdc++ Summary ===
# of expected passes 6174
# of unexpected failures 32
# of unexpected successes 2
# of expected failures 50
# of unsupported tests 186
Compiler version: 4.5.0 20090820 (experimental) (GCC)
Platform: i686-pc-cygwin
configure flags: --prefix=/usr/local/gcc45 --enable-languages='c c++ fortran objc' --enable-threads=posix --disable-sjlj-exceptions --enable-maintainer-mode --disable-shared --disable-mudflap --with-dwarf2 --enable-decimal-float
Tim Prince