This is the mail archive of the
gcc-testresults@gcc.gnu.org
mailing list for the GCC project.
Results for 4.4.2 20090820 (prerelease) [gcc-4_4-branch revision 150977] (GCC) testsuite on i686-unknown-freebsd7.2
- From: Loren James Rittle <rittle at latour dot labs dot mot dot com>
- To: gcc-testresults at gcc dot gnu dot org, rittle at latour dot labs dot mot dot com
- Date: Thu, 20 Aug 2009 23:16:50 -0500 (CDT)
- Subject: Results for 4.4.2 20090820 (prerelease) [gcc-4_4-branch revision 150977] (GCC) testsuite on i686-unknown-freebsd7.2
Using gmake with objdir configuration (see key)
LAST_UPDATED: Thu Aug 20 22:32:45 UTC 2009 (revision 150977)
Native configuration is i686-unknown-freebsd7.2
=== binutils tests ===
Running target unix
FAIL: simple objcopy of debug data
=== binutils Summary ===
# of expected passes 34
# of unexpected failures 1
# of unsupported tests 1
=== gas tests ===
Running target unix
=== gas Summary ===
# of expected passes 194
=== g++ tests ===
Running target unix
FAIL: g++.dg/cdce3.C (test for excess errors)
WARNING: g++.dg/cdce3.C compilation failed to produce executable
FAIL: g++.dg/cdce3.C scan-tree-dump cdce "cdce3.C:94: note: function call is shrink-wrapped into error conditions.": dump file does not exist
FAIL: g++.dg/cdce3.C scan-tree-dump cdce "cdce3.C:95: note: function call is shrink-wrapped into error conditions.": dump file does not exist
FAIL: g++.dg/cdce3.C scan-tree-dump cdce "cdce3.C:96: note: function call is shrink-wrapped into error conditions.": dump file does not exist
FAIL: g++.dg/cdce3.C scan-tree-dump cdce "cdce3.C:97: note: function call is shrink-wrapped into error conditions.": dump file does not exist
FAIL: g++.dg/cdce3.C scan-tree-dump cdce "cdce3.C:98: note: function call is shrink-wrapped into error conditions.": dump file does not exist
FAIL: g++.dg/cdce3.C scan-tree-dump cdce "cdce3.C:99: note: function call is shrink-wrapped into error conditions.": dump file does not exist
FAIL: g++.dg/cdce3.C scan-tree-dump cdce "cdce3.C:100: note: function call is shrink-wrapped into error conditions.": dump file does not exist
FAIL: g++.dg/cdce3.C scan-tree-dump cdce "cdce3.C:101: note: function call is shrink-wrapped into error conditions.": dump file does not exist
FAIL: g++.dg/cdce3.C scan-tree-dump cdce "cdce3.C:102: note: function call is shrink-wrapped into error conditions.": dump file does not exist
FAIL: g++.dg/cdce3.C scan-tree-dump cdce "cdce3.C:103: note: function call is shrink-wrapped into error conditions.": dump file does not exist
FAIL: g++.dg/cdce3.C scan-tree-dump cdce "cdce3.C:104: note: function call is shrink-wrapped into error conditions.": dump file does not exist
FAIL: g++.dg/cdce3.C scan-tree-dump cdce "cdce3.C:105: note: function call is shrink-wrapped into error conditions.": dump file does not exist
FAIL: g++.dg/cdce3.C scan-tree-dump cdce "cdce3.C:106: note: function call is shrink-wrapped into error conditions.": dump file does not exist
FAIL: g++.dg/cdce3.C scan-tree-dump cdce "cdce3.C:107: note: function call is shrink-wrapped into error conditions.": dump file does not exist
WARNING: program timed out.
FAIL: g++.dg/warn/Wconversion-real.C (test for warnings, line 25)
FAIL: g++.dg/warn/Wconversion-real.C (test for warnings, line 26)
=== g++ Summary ===
# of expected passes 19827
# of unexpected failures 17
# of expected failures 158
# of unsupported tests 125
/usr/local/tmp/gcc-build-latour-4.4-0820/gcc/testsuite/g++/../../g++ version 4.4.2 20090820 (prerelease) [gcc-4_4-branch revision 150977] (GCC)
=== gcc tests ===
Running target unix
FAIL: gcc.c-torture/execute/20080502-1.c execution, -O0
FAIL: gcc.c-torture/execute/conversion.c execution, -O0
FAIL: gcc.c-torture/execute/conversion.c execution, -O1
FAIL: gcc.c-torture/execute/ieee/copysign1.c execution, -O3 -fomit-frame-pointer
FAIL: gcc.c-torture/execute/ieee/copysign1.c execution, -O3 -fomit-frame-pointer -funroll-loops
FAIL: gcc.c-torture/execute/ieee/copysign1.c execution, -O3 -fomit-frame-pointer -funroll-all-loops -finline-functions
FAIL: gcc.c-torture/execute/ieee/copysign1.c execution, -O3 -g
FAIL: gcc.c-torture/execute/ieee/copysign2.c execution, -O1
FAIL: gcc.dg/20021014-1.c consider using \`-pg' instead of \`-p' with gprof(1) (test for errors, line )
FAIL: gcc.dg/20021014-1.c (test for excess errors)
FAIL: gcc.dg/Wconversion-real.c (test for warnings, line 25)
FAIL: gcc.dg/Wconversion-real.c (test for warnings, line 26)
FAIL: gcc.dg/builtins-20.c (test for excess errors)
FAIL: gcc.dg/builtins-57.c (test for excess errors)
FAIL: gcc.dg/builtins-58.c scan-assembler-not pow
FAIL: gcc.dg/builtins-59.c scan-tree-dump gimple "__builtin_cexpi"
FAIL: gcc.dg/builtins-59.c scan-tree-dump-not gimple "sincos"
FAIL: gcc.dg/builtins-61.c scan-tree-dump optimized "cexpi"
FAIL: gcc.dg/builtins-61.c scan-tree-dump optimized "sin"
FAIL: gcc.dg/builtins-61.c scan-tree-dump optimized "cos"
FAIL: gcc.dg/builtins-61.c scan-tree-dump optimized "return 0.0"
FAIL: gcc.dg/builtins-62.c scan-tree-dump-times optimized "cexpi" 3
FAIL: gcc.dg/c99-tgmath-2.c (test for excess errors)
ERROR: gcc.dg/c99-tgmath-2.c: error executing dg-final: couldn't open "c99-tgmath-2.s": no such file or directory
UNRESOLVED: gcc.dg/c99-tgmath-2.c: error executing dg-final: couldn't open "c99-tgmath-2.s": no such file or directory
FAIL: gcc.dg/c99-tgmath-3.c (test for excess errors)
ERROR: gcc.dg/c99-tgmath-3.c: error executing dg-final: couldn't open "c99-tgmath-3.s": no such file or directory
UNRESOLVED: gcc.dg/c99-tgmath-3.c: error executing dg-final: couldn't open "c99-tgmath-3.s": no such file or directory
FAIL: gcc.dg/c99-tgmath-4.c (test for excess errors)
ERROR: gcc.dg/c99-tgmath-4.c: error executing dg-final: couldn't open "c99-tgmath-4.s": no such file or directory
UNRESOLVED: gcc.dg/c99-tgmath-4.c: error executing dg-final: couldn't open "c99-tgmath-4.s": no such file or directory
FAIL: gcc.dg/utf-array-short-wchar.c (test for errors, line 38)
FAIL: gcc.dg/utf-array-short-wchar.c (test for errors, line 40)
FAIL: gcc.dg/utf-array-short-wchar.c (test for excess errors)
FAIL: gcc.dg/wint_t-1.c (test for excess errors)
FAIL: largefile.c -O0 -g -I. -O0 -g -I. (test for excess errors)
FAIL: gcc.dg/pch/largefile.c -O0 -g assembly comparison
FAIL: largefile.c -O0 -I. -O0 -I. (internal compiler error)
FAIL: largefile.c -O0 -I. -O0 -I. (test for excess errors)
FAIL: gcc.dg/pch/largefile.c -O0 assembly comparison
FAIL: largefile.c -O1 -I. -O1 -I. (internal compiler error)
FAIL: largefile.c -O1 -I. -O1 -I. (test for excess errors)
FAIL: gcc.dg/pch/largefile.c -O1 assembly comparison
FAIL: largefile.c -O2 -I. -O2 -I. (internal compiler error)
FAIL: largefile.c -O2 -I. -O2 -I. (test for excess errors)
FAIL: gcc.dg/pch/largefile.c -O2 assembly comparison
FAIL: largefile.c -O3 -fomit-frame-pointer -I. -O3 -fomit-frame-pointer -I. (internal compiler error)
FAIL: largefile.c -O3 -fomit-frame-pointer -I. -O3 -fomit-frame-pointer -I. (test for excess errors)
FAIL: gcc.dg/pch/largefile.c -O3 -fomit-frame-pointer assembly comparison
FAIL: largefile.c -O3 -g -I. -O3 -g -I. (test for excess errors)
FAIL: gcc.dg/pch/largefile.c -O3 -g assembly comparison
FAIL: largefile.c -Os -I. -Os -I. (internal compiler error)
FAIL: largefile.c -Os -I. -Os -I. (test for excess errors)
FAIL: gcc.dg/pch/largefile.c -Os assembly comparison
WARNING: program timed out.
FAIL: gcc.dg/torture/builtin-convert-1.c -O1 -O1 (test for excess errors)
FAIL: gcc.dg/torture/builtin-convert-1.c -O2 -O2 (test for excess errors)
FAIL: gcc.dg/torture/builtin-convert-1.c -O3 -fomit-frame-pointer -O3 -fomit-frame-pointer (test for excess errors)
FAIL: gcc.dg/torture/builtin-convert-1.c -O3 -g -O3 -g (test for excess errors)
FAIL: gcc.dg/torture/builtin-convert-1.c -Os -Os (test for excess errors)
FAIL: gcc.dg/torture/builtin-convert-2.c -O1 -O1 (test for excess errors)
FAIL: gcc.dg/torture/builtin-convert-2.c -O2 -O2 (test for excess errors)
FAIL: gcc.dg/torture/builtin-convert-2.c -O3 -fomit-frame-pointer -O3 -fomit-frame-pointer (test for excess errors)
FAIL: gcc.dg/torture/builtin-convert-2.c -O3 -g -O3 -g (test for excess errors)
FAIL: gcc.dg/torture/builtin-convert-2.c -Os -Os (test for excess errors)
FAIL: gcc.dg/torture/builtin-convert-3.c -O1 -O1 (test for excess errors)
FAIL: gcc.dg/torture/builtin-convert-3.c -O2 -O2 (test for excess errors)
FAIL: gcc.dg/torture/builtin-convert-3.c -O3 -fomit-frame-pointer -O3 -fomit-frame-pointer (test for excess errors)
FAIL: gcc.dg/torture/builtin-convert-3.c -O3 -g -O3 -g (test for excess errors)
FAIL: gcc.dg/torture/builtin-convert-3.c -Os -Os (test for excess errors)
FAIL: gcc.dg/torture/builtin-power-1.c -O0 -O0 (test for excess errors)
FAIL: gcc.dg/torture/builtin-power-1.c -O1 -O1 (test for excess errors)
FAIL: gcc.dg/torture/builtin-power-1.c -O2 -O2 (test for excess errors)
FAIL: gcc.dg/torture/builtin-power-1.c -O3 -fomit-frame-pointer -O3 -fomit-frame-pointer (test for excess errors)
FAIL: gcc.dg/torture/builtin-power-1.c -O3 -g -O3 -g (test for excess errors)
FAIL: gcc.dg/torture/builtin-power-1.c -Os -Os (test for excess errors)
FAIL: gcc.dg/torture/fp-int-convert-float.c -O0 -O0 execution test
FAIL: gcc.dg/torture/fp-int-convert-float.c -O1 -O1 execution test
FAIL: gcc.dg/torture/fp-int-convert-float.c -O2 -O2 execution test
FAIL: gcc.dg/torture/fp-int-convert-float.c -O3 -fomit-frame-pointer -O3 -fomit-frame-pointer execution test
FAIL: gcc.dg/torture/fp-int-convert-float.c -O3 -g -O3 -g execution test
FAIL: gcc.dg/torture/fp-int-convert-float.c -Os -Os execution test
FAIL: gcc.dg/torture/fp-int-convert-float128-timode.c -O0 -O0 (test for excess errors)
WARNING: gcc.dg/torture/fp-int-convert-float128-timode.c -O0 -O0 compilation failed to produce executable
FAIL: gcc.dg/torture/fp-int-convert-float128-timode.c -O1 -O1 (test for excess errors)
WARNING: gcc.dg/torture/fp-int-convert-float128-timode.c -O1 -O1 compilation failed to produce executable
FAIL: gcc.dg/torture/fp-int-convert-float128-timode.c -O2 -O2 (test for excess errors)
WARNING: gcc.dg/torture/fp-int-convert-float128-timode.c -O2 -O2 compilation failed to produce executable
FAIL: gcc.dg/torture/fp-int-convert-float128-timode.c -O3 -fomit-frame-pointer -O3 -fomit-frame-pointer (test for excess errors)
WARNING: gcc.dg/torture/fp-int-convert-float128-timode.c -O3 -fomit-frame-pointer -O3 -fomit-frame-pointer compilation failed to produce executable
FAIL: gcc.dg/torture/fp-int-convert-float128-timode.c -O3 -g -O3 -g (test for excess errors)
WARNING: gcc.dg/torture/fp-int-convert-float128-timode.c -O3 -g -O3 -g compilation failed to produce executable
FAIL: gcc.dg/torture/fp-int-convert-float128-timode.c -Os -Os (test for excess errors)
WARNING: gcc.dg/torture/fp-int-convert-float128-timode.c -Os -Os compilation failed to produce executable
FAIL: gcc.dg/torture/fp-int-convert-float128.c -O0 -O0 (test for excess errors)
WARNING: gcc.dg/torture/fp-int-convert-float128.c -O0 -O0 compilation failed to produce executable
FAIL: gcc.dg/torture/fp-int-convert-float128.c -O1 -O1 (test for excess errors)
WARNING: gcc.dg/torture/fp-int-convert-float128.c -O1 -O1 compilation failed to produce executable
FAIL: gcc.dg/torture/fp-int-convert-float128.c -O2 -O2 (test for excess errors)
WARNING: gcc.dg/torture/fp-int-convert-float128.c -O2 -O2 compilation failed to produce executable
FAIL: gcc.dg/torture/fp-int-convert-float128.c -O3 -fomit-frame-pointer -O3 -fomit-frame-pointer (test for excess errors)
WARNING: gcc.dg/torture/fp-int-convert-float128.c -O3 -fomit-frame-pointer -O3 -fomit-frame-pointer compilation failed to produce executable
FAIL: gcc.dg/torture/fp-int-convert-float128.c -O3 -g -O3 -g (test for excess errors)
WARNING: gcc.dg/torture/fp-int-convert-float128.c -O3 -g -O3 -g compilation failed to produce executable
FAIL: gcc.dg/torture/fp-int-convert-float128.c -Os -Os (test for excess errors)
WARNING: gcc.dg/torture/fp-int-convert-float128.c -Os -Os compilation failed to produce executable
FAIL: gcc.dg/torture/fp-int-convert-float80.c -O0 -O0 execution test
FAIL: gcc.dg/torture/fp-int-convert-float80.c -O1 -O1 execution test
FAIL: gcc.dg/torture/fp-int-convert-float80.c -O2 -O2 execution test
FAIL: gcc.dg/torture/fp-int-convert-float80.c -O3 -fomit-frame-pointer -O3 -fomit-frame-pointer execution test
FAIL: gcc.dg/torture/fp-int-convert-float80.c -O3 -g -O3 -g execution test
FAIL: gcc.dg/torture/fp-int-convert-float80.c -Os -Os execution test
FAIL: gcc.dg/torture/fp-int-convert-long-double.c -O0 -O0 execution test
FAIL: gcc.dg/torture/fp-int-convert-long-double.c -O1 -O1 execution test
FAIL: gcc.dg/torture/fp-int-convert-long-double.c -O2 -O2 execution test
FAIL: gcc.dg/torture/fp-int-convert-long-double.c -O3 -fomit-frame-pointer -O3 -fomit-frame-pointer execution test
FAIL: gcc.dg/torture/fp-int-convert-long-double.c -O3 -g -O3 -g execution test
FAIL: gcc.dg/torture/fp-int-convert-long-double.c -Os -Os execution test
FAIL: gcc.target/i386/avx-vmovntdq-256-1.c (test for excess errors)
WARNING: gcc.target/i386/avx-vmovntdq-256-1.c compilation failed to produce executable
FAIL: gcc.target/i386/avx-vmovntpd-256-1.c (test for excess errors)
WARNING: gcc.target/i386/avx-vmovntpd-256-1.c compilation failed to produce executable
FAIL: gcc.target/i386/avx-vmovntps-256-1.c (test for excess errors)
WARNING: gcc.target/i386/avx-vmovntps-256-1.c compilation failed to produce executable
FAIL: gcc.target/i386/pr36578-1.c execution test
FAIL: gcc.target/i386/pr36578-2.c execution test
=== gcc Summary ===
# of expected passes 56006
# of unexpected failures 104
# of expected failures 193
# of unresolved testcases 3
# of unsupported tests 527
/usr/local/tmp/gcc-build-latour-4.4-0820/gcc/xgcc version 4.4.2 20090820 (prerelease) [gcc-4_4-branch revision 150977] (GCC)
=== gfortran tests ===
Running target unix
FAIL: gfortran.dg/stat_1.f90 -O0 -O0 execution test
FAIL: gfortran.dg/stat_1.f90 -O1 -O1 execution test
FAIL: gfortran.dg/stat_1.f90 -O2 -O2 execution test
FAIL: gfortran.dg/stat_1.f90 -O3 -fomit-frame-pointer -O3 -fomit-frame-pointer execution test
FAIL: gfortran.dg/stat_1.f90 -O3 -fomit-frame-pointer -funroll-loops -O3 -fomit-frame-pointer -funroll-loops execution test
FAIL: gfortran.dg/stat_1.f90 -O3 -fomit-frame-pointer -funroll-all-loops -finline-functions -O3 -fomit-frame-pointer -funroll-all-loops -finline-functions execution test
FAIL: gfortran.dg/stat_1.f90 -O3 -g -O3 -g execution test
FAIL: gfortran.dg/stat_1.f90 -Os -Os execution test
FAIL: gfortran.dg/stat_2.f90 -O0 -O0 execution test
FAIL: gfortran.dg/stat_2.f90 -O1 -O1 execution test
FAIL: gfortran.dg/stat_2.f90 -O2 -O2 execution test
FAIL: gfortran.dg/stat_2.f90 -O3 -fomit-frame-pointer -O3 -fomit-frame-pointer execution test
FAIL: gfortran.dg/stat_2.f90 -O3 -fomit-frame-pointer -funroll-loops -O3 -fomit-frame-pointer -funroll-loops execution test
FAIL: gfortran.dg/stat_2.f90 -O3 -fomit-frame-pointer -funroll-all-loops -finline-functions -O3 -fomit-frame-pointer -funroll-all-loops -finline-functions execution test
FAIL: gfortran.dg/stat_2.f90 -O3 -g -O3 -g execution test
FAIL: gfortran.dg/stat_2.f90 -Os -Os execution test
=== gfortran Summary ===
# of expected passes 29304
# of unexpected failures 16
# of expected failures 22
# of unsupported tests 242
/usr/local/tmp/gcc-build-latour-4.4-0820/gcc/testsuite/gfortran/../../gfortran version 4.4.2 20090820 (prerelease) [gcc-4_4-branch revision 150977] (GCC)
=== objc tests ===
Running target unix
=== objc Summary ===
# of expected passes 1874
# of expected failures 7
# of unsupported tests 24
/usr/local/tmp/gcc-build-latour-4.4-0820/gcc/xgcc version 4.4.2 20090820 (prerelease) [gcc-4_4-branch revision 150977] (GCC)
=== libffi tests ===
Running target unix
FAIL: libffi.call/cls_1_1byte.c -O0 -W -Wall -O0 -W -Wall output pattern test, is 5 12: 17
FAIL: libffi.call/cls_2byte.c -O0 -W -Wall -O0 -W -Wall execution test
FAIL: libffi.call/cls_3byte1.c -O0 -W -Wall -O0 -W -Wall execution test
FAIL: libffi.call/cls_3byte2.c -O0 -W -Wall -O0 -W -Wall execution test
FAIL: libffi.call/cls_4_1byte.c -O0 -W -Wall -O0 -W -Wall execution test
FAIL: libffi.call/cls_4byte.c -O0 -W -Wall -O0 -W -Wall execution test
FAIL: libffi.call/cls_7byte.c -O0 -W -Wall -O0 -W -Wall execution test
FAIL: libffi.call/cls_8byte.c -O0 -W -Wall -O0 -W -Wall execution test
FAIL: libffi.call/struct3.c -O0 -W -Wall -O0 -W -Wall execution test
FAIL: libffi.call/struct5.c -O0 -W -Wall -O0 -W -Wall execution test
FAIL: libffi.call/struct9.c -O0 -W -Wall -O0 -W -Wall execution test
FAIL: libffi.call/cls_1_1byte.c -O2 -O2 output pattern test, is 77 12: 89
FAIL: libffi.call/cls_2byte.c -O2 -O2 execution test
FAIL: libffi.call/cls_3byte1.c -O2 -O2 execution test
FAIL: libffi.call/cls_3byte2.c -O2 -O2 execution test
FAIL: libffi.call/cls_4_1byte.c -O2 -O2 execution test
FAIL: libffi.call/cls_4byte.c -O2 -O2 execution test
FAIL: libffi.call/cls_7byte.c -O2 -O2 execution test
FAIL: libffi.call/cls_8byte.c -O2 -O2 execution test
FAIL: libffi.call/struct3.c -O2 -O2 execution test
FAIL: libffi.call/struct5.c -O2 -O2 execution test
FAIL: libffi.call/struct9.c -O2 -O2 execution test
FAIL: libffi.call/cls_1_1byte.c -O3 -O3 output pattern test, is 77 12: 89
FAIL: libffi.call/cls_2byte.c -O3 -O3 execution test
FAIL: libffi.call/cls_3byte1.c -O3 -O3 execution test
FAIL: libffi.call/cls_3byte2.c -O3 -O3 execution test
FAIL: libffi.call/cls_4_1byte.c -O3 -O3 execution test
FAIL: libffi.call/cls_4byte.c -O3 -O3 execution test
FAIL: libffi.call/cls_7byte.c -O3 -O3 execution test
FAIL: libffi.call/cls_8byte.c -O3 -O3 execution test
FAIL: libffi.call/struct3.c -O3 -O3 execution test
FAIL: libffi.call/struct5.c -O3 -O3 execution test
FAIL: libffi.call/struct9.c -O3 -O3 execution test
FAIL: libffi.call/cls_1_1byte.c -Os -Os execution test
FAIL: libffi.call/cls_2byte.c -Os -Os execution test
FAIL: libffi.call/cls_3byte1.c -Os -Os execution test
FAIL: libffi.call/cls_3byte2.c -Os -Os execution test
FAIL: libffi.call/cls_4_1byte.c -Os -Os execution test
FAIL: libffi.call/cls_4byte.c -Os -Os execution test
FAIL: libffi.call/cls_7byte.c -Os -Os execution test
FAIL: libffi.call/cls_8byte.c -Os -Os execution test
FAIL: libffi.call/struct3.c -Os -Os execution test
FAIL: libffi.call/struct5.c -Os -Os execution test
FAIL: libffi.call/struct9.c -Os -Os execution test
FAIL: libffi.call/cls_1_1byte.c -O2 -fomit-frame-pointer -O2 -fomit-frame-pointer output pattern test, is 77 12: 89
FAIL: libffi.call/cls_2byte.c -O2 -fomit-frame-pointer -O2 -fomit-frame-pointer execution test
FAIL: libffi.call/cls_3byte1.c -O2 -fomit-frame-pointer -O2 -fomit-frame-pointer execution test
FAIL: libffi.call/cls_3byte2.c -O2 -fomit-frame-pointer -O2 -fomit-frame-pointer execution test
FAIL: libffi.call/cls_4_1byte.c -O2 -fomit-frame-pointer -O2 -fomit-frame-pointer execution test
FAIL: libffi.call/cls_4byte.c -O2 -fomit-frame-pointer -O2 -fomit-frame-pointer execution test
FAIL: libffi.call/cls_7byte.c -O2 -fomit-frame-pointer -O2 -fomit-frame-pointer execution test
FAIL: libffi.call/cls_8byte.c -O2 -fomit-frame-pointer -O2 -fomit-frame-pointer execution test
FAIL: libffi.call/struct3.c -O2 -fomit-frame-pointer -O2 -fomit-frame-pointer execution test
FAIL: libffi.call/struct5.c -O2 -fomit-frame-pointer -O2 -fomit-frame-pointer execution test
FAIL: libffi.call/struct9.c -O2 -fomit-frame-pointer -O2 -fomit-frame-pointer execution test
=== libffi Summary ===
# of expected passes 1298
# of unexpected failures 55
# of unsupported tests 10
=== libgomp tests ===
Running target unix
FAIL: libgomp.fortran/condinc2.f -O -O (test for excess errors)
WARNING: libgomp.fortran/condinc2.f -O -O compilation failed to produce executable
FAIL: libgomp.fortran/condinc4.f90 -O -O (test for excess errors)
WARNING: libgomp.fortran/condinc4.f90 -O -O compilation failed to produce executable
FAIL: libgomp.fortran/omp_cond2.f -O -O (test for excess errors)
WARNING: libgomp.fortran/omp_cond2.f -O -O compilation failed to produce executable
FAIL: libgomp.fortran/omp_cond4.F90 -O -O (test for excess errors)
WARNING: libgomp.fortran/omp_cond4.F90 -O -O compilation failed to produce executable
=== libgomp Summary ===
# of expected passes 2394
# of unexpected failures 4
# of unsupported tests 2
=== libjava tests ===
Running target unix
FAIL: TestClosureGC run
FAIL: PR16923.c compilation
FAIL: Throw_2 execution - source compiled test
FAIL: Throw_2 -findirect-dispatch execution - source compiled test
FAIL: Throw_2 -O3 execution - source compiled test
FAIL: Throw_2 -O3 -findirect-dispatch execution - source compiled test
=== libjava Summary ===
# of expected passes 2563
# of unexpected failures 6
# of untested testcases 5
=== libmudflap tests ===
Running target unix
FAIL: libmudflap.c++/pass41-frag.cxx execution test
FAIL: libmudflap.c++/pass41-frag.cxx (-static) execution test
FAIL: libmudflap.c++/pass41-frag.cxx (-O2) execution test
FAIL: libmudflap.c++/pass41-frag.cxx (-O3) execution test
=== libmudflap Summary ===
# of expected passes 1890
# of unexpected failures 4
=== libstdc++ tests ===
Running target unix
FAIL: 27_io/basic_istream/extractors_arithmetic/char/12.cc execution test
FAIL: 27_io/basic_istream/extractors_arithmetic/wchar_t/12.cc execution test
FAIL: 30_threads/thread/native_handle/typesizes.cc (test for excess errors)
WARNING: 30_threads/thread/native_handle/typesizes.cc compilation failed to produce executable
=== libstdc++ Summary ===
# of expected passes 5823
# of unexpected failures 3
# of expected failures 79
# of unsupported tests 353
=== ld tests ===
Running target unix
FAIL: bootstrap with --static
=== ld Summary ===
# of expected passes 57
# of unexpected failures 1
# of expected failures 1
# of unsupported tests 4
Compiler version: 4.4.2 20090820 (prerelease) [gcc-4_4-branch revision 150977] (GCC)
Platform: i686-unknown-freebsd7.2
configure flags: --prefix=/usr/local/beta-gcc --with-gnu-as --with-gnu-ld i686-unknown-freebsd7.2
BOOT_CFLAGS=-g -O2
Key: gmake is GNU make
make is BSD make as shipped on i386-unknown-freebsd7.2
srcdir means in-source configuration was done within the gcc source tree
objdir means out-source configuration was done within a fresh directory