This is the mail archive of the
gcc-testresults@gcc.gnu.org
mailing list for the GCC project.
Results for 4.4.2 20090807 (prerelease) (GCC) testsuite on arm-none-eabi
- From: CodeSourcery Automatic Testing System <gcc at codesourcery dot com>
- To: gcc-testresults at gcc dot gnu dot org
- Date: Fri, 7 Aug 2009 05:35:26 -0700
- Subject: Results for 4.4.2 20090807 (prerelease) (GCC) testsuite on arm-none-eabi
LAST_UPDATED: Fri Aug 7 09:35:11 UTC 2009 (/branches/gcc-4_4-branch revision 150553)
Target is arm-none-eabi
Host is i686-pc-linux-gnu
=== g++ tests ===
Running target arm-sim-fsf
FAIL: tmpdir-g++.dg-struct-layout-1/t004 cp_compat_x_tst.o compile
FAIL: tmpdir-g++.dg-struct-layout-1/t004 cp_compat_y_tst.o compile
FAIL: g++.dg/conversion/enum1.C execution test
FAIL: g++.dg/init/copy7.C execution test
FAIL: g++.dg/init/ref15.C execution test
FAIL: g++.dg/ipa/iinline-1.C scan-ipa-dump inline "String::funcOne[^\\n]*inline copy in int main"
XPASS: g++.dg/other/packed1.C execution test
FAIL: g++.dg/tree-ssa/new1.C scan-tree-dump-not forwprop1 "= .* \\+ -"
=== g++ Summary ===
# of expected passes 18698
# of unexpected failures 7
# of unexpected successes 1
# of expected failures 155
# of unsupported tests 180
/scratch/gcc/nightly-2009-08-05-4.4/arm-none-eabi/obj/test-4.4-0-arm-none-eabi/host-i686-pc-linux-gnu/fsf-4.4/bin/arm-none-eabi-g++ version 4.4.2 20090807 (prerelease) (GCC)
Host is i686-pc-linux-gnu
=== gcc tests ===
Running target arm-sim-fsf
FAIL: gcc.c-torture/compile/pr11832.c -O0 (internal compiler error)
FAIL: gcc.c-torture/compile/pr11832.c -O1 (internal compiler error)
FAIL: gcc.c-torture/compile/pr11832.c -O2 (internal compiler error)
FAIL: gcc.c-torture/compile/pr11832.c -O3 -fomit-frame-pointer (internal compiler error)
FAIL: gcc.c-torture/compile/pr11832.c -O3 -fomit-frame-pointer -funroll-loops (internal compiler error)
FAIL: gcc.c-torture/compile/pr11832.c -O3 -fomit-frame-pointer -funroll-all-loops -finline-functions (internal compiler error)
FAIL: gcc.c-torture/compile/pr11832.c -O3 -g (internal compiler error)
FAIL: gcc.c-torture/compile/pr11832.c -Os (internal compiler error)
FAIL: gcc.c-torture/compile/pr33009.c -O0 (internal compiler error)
FAIL: gcc.c-torture/compile/pr33009.c -O1 (internal compiler error)
FAIL: gcc.c-torture/compile/pr33009.c -O2 (internal compiler error)
FAIL: gcc.c-torture/compile/pr33009.c -O3 -fomit-frame-pointer (internal compiler error)
FAIL: gcc.c-torture/compile/pr33009.c -O3 -fomit-frame-pointer -funroll-loops (internal compiler error)
FAIL: gcc.c-torture/compile/pr33009.c -O3 -fomit-frame-pointer -funroll-all-loops -finline-functions (internal compiler error)
FAIL: gcc.c-torture/compile/pr33009.c -O3 -g (internal compiler error)
FAIL: gcc.c-torture/compile/pr33009.c -Os (internal compiler error)
FAIL: gcc.c-torture/compile/pr39845.c -O0 (test for excess errors)
FAIL: gcc.c-torture/compile/pr39845.c -O1 (test for excess errors)
FAIL: gcc.c-torture/compile/pr39845.c -O2 (test for excess errors)
FAIL: gcc.c-torture/compile/pr39845.c -O3 -fomit-frame-pointer (test for excess errors)
FAIL: gcc.c-torture/compile/pr39845.c -O3 -fomit-frame-pointer -funroll-loops (test for excess errors)
FAIL: gcc.c-torture/compile/pr39845.c -O3 -fomit-frame-pointer -funroll-all-loops -finline-functions (test for excess errors)
FAIL: gcc.c-torture/compile/pr39845.c -O3 -g (test for excess errors)
FAIL: gcc.c-torture/compile/pr39845.c -Os (test for excess errors)
FAIL: gcc.dg/compat/struct-layout-1 c_compat_x_tst.o compile
FAIL: gcc.dg/compat/struct-layout-1 c_compat_y_tst.o compile
UNRESOLVED: gcc.dg/compat/struct-layout-1 c_compat_x_tst.o-c_compat_y_tst.o link
UNRESOLVED: gcc.dg/compat/struct-layout-1 c_compat_x_tst.o-c_compat_y_tst.o execute
FAIL: gcc.dg/uninit-13.c unconditional (test for warnings, line 8)
FAIL: gcc.dg/uninit-13.c (test for excess errors)
FAIL: gcc.target/arm/neon/polytypes.c (test for excess errors)
FAIL: gcc.target/arm/neon/vget_lowf32.c scan-assembler vmov[ \\t]+[dD][0-9]+, [dD][0-9]+!?([ \\t]+@[a-zA-Z0-9 ]+)?\\n
FAIL: gcc.target/arm/neon/vget_lowp16.c scan-assembler vmov[ \\t]+[dD][0-9]+, [dD][0-9]+!?([ \\t]+@[a-zA-Z0-9 ]+)?\\n
FAIL: gcc.target/arm/neon/vget_lowp8.c scan-assembler vmov[ \\t]+[dD][0-9]+, [dD][0-9]+!?([ \\t]+@[a-zA-Z0-9 ]+)?\\n
FAIL: gcc.target/arm/neon/vget_lows16.c scan-assembler vmov[ \\t]+[dD][0-9]+, [dD][0-9]+!?([ \\t]+@[a-zA-Z0-9 ]+)?\\n
FAIL: gcc.target/arm/neon/vget_lows32.c scan-assembler vmov[ \\t]+[dD][0-9]+, [dD][0-9]+!?([ \\t]+@[a-zA-Z0-9 ]+)?\\n
FAIL: gcc.target/arm/neon/vget_lows64.c scan-assembler vmov[ \\t]+[dD][0-9]+, [dD][0-9]+!?([ \\t]+@[a-zA-Z0-9 ]+)?\\n
FAIL: gcc.target/arm/neon/vget_lows8.c scan-assembler vmov[ \\t]+[dD][0-9]+, [dD][0-9]+!?([ \\t]+@[a-zA-Z0-9 ]+)?\\n
FAIL: gcc.target/arm/neon/vget_lowu16.c scan-assembler vmov[ \\t]+[dD][0-9]+, [dD][0-9]+!?([ \\t]+@[a-zA-Z0-9 ]+)?\\n
FAIL: gcc.target/arm/neon/vget_lowu32.c scan-assembler vmov[ \\t]+[dD][0-9]+, [dD][0-9]+!?([ \\t]+@[a-zA-Z0-9 ]+)?\\n
FAIL: gcc.target/arm/neon/vget_lowu64.c scan-assembler vmov[ \\t]+[dD][0-9]+, [dD][0-9]+!?([ \\t]+@[a-zA-Z0-9 ]+)?\\n
FAIL: gcc.target/arm/neon/vget_lowu8.c scan-assembler vmov[ \\t]+[dD][0-9]+, [dD][0-9]+!?([ \\t]+@[a-zA-Z0-9 ]+)?\\n
=== gcc Summary ===
# of expected passes 53471
# of unexpected failures 40
# of expected failures 239
# of unresolved testcases 2
# of unsupported tests 668
/scratch/gcc/nightly-2009-08-05-4.4/arm-none-eabi/obj/test-4.4-0-arm-none-eabi/host-i686-pc-linux-gnu/fsf-4.4/bin/arm-none-eabi-gcc version 4.4.2 20090807 (prerelease) (GCC)
Host is i686-pc-linux-gnu
=== libstdc++ tests ===
Running target arm-sim-fsf
FAIL: 22_locale/collate/transform/wchar_t/28277.cc execution test
FAIL: 22_locale/ctype/scan/wchar_t/1.cc execution test
FAIL: 27_io/basic_filebuf/underflow/wchar_t/11603.cc execution test
FAIL: 27_io/basic_ostream/inserters_arithmetic/wchar_t/4402.cc execution test
FAIL: 27_io/basic_stringbuf/overflow/wchar_t/1.cc execution test
XPASS: ext/stdio_filebuf/char/10063-2.cc execution test
XPASS: ext/stdio_filebuf/char/10063-3.cc execution test
=== libstdc++ Summary ===
# of expected passes 5510
# of unexpected failures 5
# of unexpected successes 2
# of expected failures 83
# of unsupported tests 360
Host is i686-pc-linux-gnu
=== g++ tests ===
Running target arm-sim-fsf/-mthumb
FAIL: g++.dg/compat/break/vbase11 cp_compat_y_tst.o compile
UNRESOLVED: g++.dg/compat/break/vbase11 cp_compat_x_tst.o-cp_compat_y_tst.o link
UNRESOLVED: g++.dg/compat/break/vbase11 cp_compat_x_tst.o-cp_compat_y_tst.o execute
FAIL: tmpdir-g++.dg-struct-layout-1/t004 cp_compat_x_tst.o compile
FAIL: tmpdir-g++.dg-struct-layout-1/t004 cp_compat_y_tst.o compile
FAIL: g++.dg/abi/covariant5.C (test for excess errors)
UNRESOLVED: g++.dg/abi/covariant5.C compilation failed to produce executable
FAIL: g++.dg/conversion/enum1.C execution test
FAIL: g++.dg/init/copy7.C execution test
FAIL: g++.dg/init/ref15.C execution test
FAIL: g++.dg/ipa/iinline-1.C scan-ipa-dump inline "String::funcOne[^\\n]*inline copy in int main"
XPASS: g++.dg/other/packed1.C execution test
FAIL: g++.dg/tree-ssa/new1.C scan-tree-dump-not forwprop1 "= .* \\+ -"
FAIL: g++.dg/torture/pr30252.C -O1 (test for excess errors)
UNRESOLVED: g++.dg/torture/pr30252.C -O1 compilation failed to produce executable
FAIL: g++.dg/torture/pr30252.C -O2 (test for excess errors)
UNRESOLVED: g++.dg/torture/pr30252.C -O2 compilation failed to produce executable
FAIL: g++.dg/torture/pr30252.C -Os (test for excess errors)
UNRESOLVED: g++.dg/torture/pr30252.C -Os compilation failed to produce executable
FAIL: g++.old-deja/g++.brendan/ptrmem1.C (test for excess errors)
FAIL: g++.old-deja/g++.bugs/900212_03.C (test for excess errors)
UNRESOLVED: g++.old-deja/g++.bugs/900212_03.C compilation failed to produce executable
FAIL: g++.old-deja/g++.jason/pmf9.C (test for excess errors)
FAIL: g++.old-deja/g++.mike/misc12.C (test for excess errors)
FAIL: g++.old-deja/g++.mike/net28.C (test for excess errors)
FAIL: g++.old-deja/g++.mike/p4068.C (test for excess errors)
UNRESOLVED: g++.old-deja/g++.mike/p4068.C compilation failed to produce executable
FAIL: g++.old-deja/g++.mike/p6610a.C (test for excess errors)
UNRESOLVED: g++.old-deja/g++.mike/p6610a.C compilation failed to produce executable
FAIL: g++.old-deja/g++.mike/p6610b.C (test for excess errors)
UNRESOLVED: g++.old-deja/g++.mike/p6610b.C compilation failed to produce executable
FAIL: g++.old-deja/g++.mike/pmf1.C (test for excess errors)
UNRESOLVED: g++.old-deja/g++.mike/pmf1.C compilation failed to produce executable
FAIL: g++.old-deja/g++.other/conv9.C (test for excess errors)
FAIL: g++.old-deja/g++.other/inline3.C (test for excess errors)
FAIL: g++.old-deja/g++.other/overload7.C (test for excess errors)
UNRESOLVED: g++.old-deja/g++.other/overload7.C compilation failed to produce executable
FAIL: g++.old-deja/g++.other/vbase5.C (test for excess errors)
UNRESOLVED: g++.old-deja/g++.other/vbase5.C compilation failed to produce executable
FAIL: g++.old-deja/g++.robertl/eb17.C (test for excess errors)
UNRESOLVED: g++.old-deja/g++.robertl/eb17.C compilation failed to produce executable
=== g++ Summary ===
# of expected passes 18628
# of unexpected failures 26
# of unexpected successes 1
# of expected failures 155
# of unresolved testcases 14
# of unsupported tests 183
/scratch/gcc/nightly-2009-08-05-4.4/arm-none-eabi/obj/test-4.4-0-arm-none-eabi/host-i686-pc-linux-gnu/fsf-4.4/bin/arm-none-eabi-g++ version 4.4.2 20090807 (prerelease) (GCC)
Host is i686-pc-linux-gnu
=== gcc tests ===
Running target arm-sim-fsf/-mthumb
FAIL: gcc.c-torture/compile/20010102-1.c -O0 (test for excess errors)
FAIL: gcc.c-torture/compile/20011218-1.c -O0 (test for excess errors)
FAIL: gcc.c-torture/compile/20011218-1.c -O1 (test for excess errors)
FAIL: gcc.c-torture/compile/20011218-1.c -O2 (test for excess errors)
FAIL: gcc.c-torture/compile/20011218-1.c -O3 -fomit-frame-pointer (test for excess errors)
FAIL: gcc.c-torture/compile/20011218-1.c -Os (test for excess errors)
FAIL: gcc.c-torture/compile/20011229-1.c -O0 (test for excess errors)
FAIL: gcc.c-torture/compile/20011229-1.c -O1 (test for excess errors)
FAIL: gcc.c-torture/compile/20011229-1.c -O2 (test for excess errors)
FAIL: gcc.c-torture/compile/20011229-1.c -O3 -fomit-frame-pointer (test for excess errors)
FAIL: gcc.c-torture/compile/20011229-1.c -Os (test for excess errors)
FAIL: gcc.c-torture/compile/20020706-2.c -O0 (test for excess errors)
FAIL: gcc.c-torture/compile/20020706-2.c -O1 (test for excess errors)
FAIL: gcc.c-torture/compile/20020706-2.c -O2 (test for excess errors)
FAIL: gcc.c-torture/compile/20020706-2.c -O3 -fomit-frame-pointer (test for excess errors)
FAIL: gcc.c-torture/compile/20020706-2.c -Os (test for excess errors)
FAIL: gcc.c-torture/compile/20021205-1.c -O0 (test for excess errors)
FAIL: gcc.c-torture/compile/20021205-1.c -O1 (test for excess errors)
FAIL: gcc.c-torture/compile/20021205-1.c -O2 (test for excess errors)
FAIL: gcc.c-torture/compile/20021205-1.c -O3 -fomit-frame-pointer (test for excess errors)
FAIL: gcc.c-torture/compile/20021205-1.c -Os (test for excess errors)
FAIL: gcc.c-torture/compile/20030921-1.c -O0 (test for excess errors)
FAIL: gcc.c-torture/compile/20030921-1.c -O1 (test for excess errors)
FAIL: gcc.c-torture/compile/20030921-1.c -O2 (test for excess errors)
FAIL: gcc.c-torture/compile/20030921-1.c -O3 -fomit-frame-pointer (test for excess errors)
FAIL: gcc.c-torture/compile/20030921-1.c -Os (test for excess errors)
FAIL: gcc.c-torture/compile/20031023-1.c -O0 (test for excess errors)
FAIL: gcc.c-torture/compile/20031023-2.c -O0 (test for excess errors)
FAIL: gcc.c-torture/compile/20031023-3.c -O0 (test for excess errors)
FAIL: gcc.c-torture/compile/20031023-4.c -O0 (test for excess errors)
FAIL: gcc.c-torture/compile/920428-2.c -O1 (test for excess errors)
FAIL: gcc.c-torture/compile/920428-2.c -O2 (test for excess errors)
FAIL: gcc.c-torture/compile/920428-2.c -O3 -fomit-frame-pointer (test for excess errors)
FAIL: gcc.c-torture/compile/920428-2.c -O3 -fomit-frame-pointer -funroll-loops (test for excess errors)
FAIL: gcc.c-torture/compile/920428-2.c -O3 -fomit-frame-pointer -funroll-all-loops -finline-functions (test for excess errors)
FAIL: gcc.c-torture/compile/920428-2.c -Os (test for excess errors)
FAIL: gcc.c-torture/compile/920928-5.c -O0 (test for excess errors)
FAIL: gcc.c-torture/compile/920928-5.c -O1 (test for excess errors)
FAIL: gcc.c-torture/compile/920928-5.c -O2 (test for excess errors)
FAIL: gcc.c-torture/compile/920928-5.c -O3 -fomit-frame-pointer (test for excess errors)
FAIL: gcc.c-torture/compile/920928-5.c -Os (test for excess errors)
FAIL: gcc.c-torture/compile/930117-1.c -O0 (test for excess errors)
FAIL: gcc.c-torture/compile/930117-1.c -O1 (test for excess errors)
FAIL: gcc.c-torture/compile/930117-1.c -O2 (test for excess errors)
FAIL: gcc.c-torture/compile/930117-1.c -O3 -fomit-frame-pointer (test for excess errors)
FAIL: gcc.c-torture/compile/930117-1.c -Os (test for excess errors)
FAIL: gcc.c-torture/compile/991213-2.c -O0 (test for excess errors)
FAIL: gcc.c-torture/compile/991213-2.c -O1 (test for excess errors)
FAIL: gcc.c-torture/compile/991213-2.c -Os (test for excess errors)
FAIL: gcc.c-torture/compile/calls.c -O1 (test for excess errors)
FAIL: gcc.c-torture/compile/calls.c -O2 (test for excess errors)
FAIL: gcc.c-torture/compile/calls.c -O3 -fomit-frame-pointer (test for excess errors)
FAIL: gcc.c-torture/compile/calls.c -Os (test for excess errors)
FAIL: gcc.c-torture/compile/pr11832.c -O0 (internal compiler error)
FAIL: gcc.c-torture/compile/pr11832.c -O1 (internal compiler error)
FAIL: gcc.c-torture/compile/pr11832.c -O2 (internal compiler error)
FAIL: gcc.c-torture/compile/pr11832.c -O3 -fomit-frame-pointer (internal compiler error)
FAIL: gcc.c-torture/compile/pr11832.c -O3 -fomit-frame-pointer -funroll-loops (internal compiler error)
FAIL: gcc.c-torture/compile/pr11832.c -O3 -fomit-frame-pointer -funroll-all-loops -finline-functions (internal compiler error)
FAIL: gcc.c-torture/compile/pr11832.c -O3 -g (internal compiler error)
FAIL: gcc.c-torture/compile/pr11832.c -Os (internal compiler error)
FAIL: gcc.c-torture/compile/pr33009.c -O0 (internal compiler error)
FAIL: gcc.c-torture/compile/pr33009.c -O1 (internal compiler error)
FAIL: gcc.c-torture/compile/pr33009.c -O2 (internal compiler error)
FAIL: gcc.c-torture/compile/pr33009.c -O3 -fomit-frame-pointer (internal compiler error)
FAIL: gcc.c-torture/compile/pr33009.c -O3 -fomit-frame-pointer -funroll-loops (internal compiler error)
FAIL: gcc.c-torture/compile/pr33009.c -O3 -fomit-frame-pointer -funroll-all-loops -finline-functions (internal compiler error)
FAIL: gcc.c-torture/compile/pr33009.c -O3 -g (internal compiler error)
FAIL: gcc.c-torture/compile/pr33009.c -Os (internal compiler error)
FAIL: gcc.c-torture/compile/pr34091.c -Os (test for excess errors)
FAIL: gcc.c-torture/compile/pr37433.c -O0 (test for excess errors)
FAIL: gcc.c-torture/compile/pr39845.c -O0 (test for excess errors)
FAIL: gcc.c-torture/compile/pr39845.c -O1 (test for excess errors)
FAIL: gcc.c-torture/compile/pr39845.c -O2 (test for excess errors)
FAIL: gcc.c-torture/compile/pr39845.c -O3 -fomit-frame-pointer (test for excess errors)
FAIL: gcc.c-torture/compile/pr39845.c -O3 -fomit-frame-pointer -funroll-loops (test for excess errors)
FAIL: gcc.c-torture/compile/pr39845.c -O3 -fomit-frame-pointer -funroll-all-loops -finline-functions (test for excess errors)
FAIL: gcc.c-torture/compile/pr39845.c -O3 -g (test for excess errors)
FAIL: gcc.c-torture/compile/pr39845.c -Os (test for excess errors)
FAIL: gcc.c-torture/execute/20000822-1.c compilation, -O0
UNRESOLVED: gcc.c-torture/execute/20000822-1.c execution, -O0
FAIL: gcc.c-torture/execute/20000822-1.c compilation, -O1
UNRESOLVED: gcc.c-torture/execute/20000822-1.c execution, -O1
FAIL: gcc.c-torture/execute/20000822-1.c compilation, -O2
UNRESOLVED: gcc.c-torture/execute/20000822-1.c execution, -O2
FAIL: gcc.c-torture/execute/20000822-1.c compilation, -Os
UNRESOLVED: gcc.c-torture/execute/20000822-1.c execution, -Os
FAIL: gcc.c-torture/execute/20021118-2.c compilation, -O3 -fomit-frame-pointer
UNRESOLVED: gcc.c-torture/execute/20021118-2.c execution, -O3 -fomit-frame-pointer
FAIL: gcc.c-torture/execute/921208-1.c compilation, -O3 -fomit-frame-pointer
UNRESOLVED: gcc.c-torture/execute/921208-1.c execution, -O3 -fomit-frame-pointer
FAIL: gcc.c-torture/execute/921215-1.c compilation, -O0
UNRESOLVED: gcc.c-torture/execute/921215-1.c execution, -O0
FAIL: gcc.c-torture/execute/921215-1.c compilation, -O2
UNRESOLVED: gcc.c-torture/execute/921215-1.c execution, -O2
FAIL: gcc.c-torture/execute/921215-1.c compilation, -O3 -fomit-frame-pointer
UNRESOLVED: gcc.c-torture/execute/921215-1.c execution, -O3 -fomit-frame-pointer
FAIL: gcc.c-torture/execute/921215-1.c compilation, -Os
UNRESOLVED: gcc.c-torture/execute/921215-1.c execution, -Os
FAIL: gcc.c-torture/execute/931002-1.c compilation, -O0
UNRESOLVED: gcc.c-torture/execute/931002-1.c execution, -O0
FAIL: gcc.c-torture/execute/931002-1.c compilation, -O1
UNRESOLVED: gcc.c-torture/execute/931002-1.c execution, -O1
FAIL: gcc.c-torture/execute/931002-1.c compilation, -O2
UNRESOLVED: gcc.c-torture/execute/931002-1.c execution, -O2
FAIL: gcc.c-torture/execute/931002-1.c compilation, -O3 -fomit-frame-pointer
UNRESOLVED: gcc.c-torture/execute/931002-1.c execution, -O3 -fomit-frame-pointer
FAIL: gcc.c-torture/execute/931002-1.c compilation, -Os
UNRESOLVED: gcc.c-torture/execute/931002-1.c execution, -Os
XPASS: gcc.c-torture/execute/941014-1.c execution, -O0
FAIL: gcc.c-torture/execute/func-ptr-1.c compilation, -O0
UNRESOLVED: gcc.c-torture/execute/func-ptr-1.c execution, -O0
FAIL: gcc.c-torture/execute/nestfunc-1.c compilation, -O0
UNRESOLVED: gcc.c-torture/execute/nestfunc-1.c execution, -O0
FAIL: gcc.c-torture/execute/nestfunc-1.c compilation, -O1
UNRESOLVED: gcc.c-torture/execute/nestfunc-1.c execution, -O1
FAIL: gcc.c-torture/execute/nestfunc-1.c compilation, -O2
UNRESOLVED: gcc.c-torture/execute/nestfunc-1.c execution, -O2
FAIL: gcc.c-torture/execute/nestfunc-1.c compilation, -O3 -fomit-frame-pointer
UNRESOLVED: gcc.c-torture/execute/nestfunc-1.c execution, -O3 -fomit-frame-pointer
FAIL: gcc.c-torture/execute/nestfunc-1.c compilation, -Os
UNRESOLVED: gcc.c-torture/execute/nestfunc-1.c execution, -Os
FAIL: gcc.c-torture/execute/nestfunc-2.c compilation, -O0
UNRESOLVED: gcc.c-torture/execute/nestfunc-2.c execution, -O0
FAIL: gcc.c-torture/execute/nestfunc-3.c compilation, -O0
UNRESOLVED: gcc.c-torture/execute/nestfunc-3.c execution, -O0
FAIL: gcc.c-torture/execute/pr28289.c compilation, -O0
UNRESOLVED: gcc.c-torture/execute/pr28289.c execution, -O0
FAIL: gcc.dg/compat/struct-layout-1 c_compat_x_tst.o compile
FAIL: gcc.dg/compat/struct-layout-1 c_compat_y_tst.o compile
UNRESOLVED: gcc.dg/compat/struct-layout-1 c_compat_x_tst.o-c_compat_y_tst.o link
UNRESOLVED: gcc.dg/compat/struct-layout-1 c_compat_x_tst.o-c_compat_y_tst.o execute
FAIL: gcc.dg/builtin-apply3.c (test for excess errors)
UNRESOLVED: gcc.dg/builtin-apply3.c compilation failed to produce executable
FAIL: gcc.dg/pr27758.c (test for excess errors)
UNRESOLVED: gcc.dg/pr27758.c compilation failed to produce executable
FAIL: gcc.dg/pr35616.c (test for excess errors)
UNRESOLVED: gcc.dg/pr35616.c compilation failed to produce executable
FAIL: gcc.dg/trampoline-1.c (test for excess errors)
UNRESOLVED: gcc.dg/trampoline-1.c compilation failed to produce executable
FAIL: gcc.dg/uninit-13.c unconditional (test for warnings, line 8)
FAIL: gcc.dg/uninit-13.c (test for excess errors)
=== gcc Summary ===
# of expected passes 48741
# of unexpected failures 111
# of unexpected successes 1
# of expected failures 112
# of unresolved testcases 30
# of unsupported tests 2502
/scratch/gcc/nightly-2009-08-05-4.4/arm-none-eabi/obj/test-4.4-0-arm-none-eabi/host-i686-pc-linux-gnu/fsf-4.4/bin/arm-none-eabi-gcc version 4.4.2 20090807 (prerelease) (GCC)
Host is i686-pc-linux-gnu
=== libstdc++ tests ===
Running target arm-sim-fsf/-mthumb
FAIL: 22_locale/collate/transform/wchar_t/28277.cc execution test
FAIL: 22_locale/ctype/scan/wchar_t/1.cc execution test
FAIL: 27_io/basic_filebuf/underflow/wchar_t/11603.cc execution test
FAIL: 27_io/basic_ostream/inserters_arithmetic/wchar_t/4402.cc execution test
FAIL: 27_io/basic_stringbuf/overflow/wchar_t/1.cc execution test
XPASS: ext/stdio_filebuf/char/10063-2.cc execution test
XPASS: ext/stdio_filebuf/char/10063-3.cc execution test
=== libstdc++ Summary ===
# of expected passes 5510
# of unexpected failures 5
# of unexpected successes 2
# of expected failures 83
# of unsupported tests 360
Compiler version: 4.4.2 20090807 (prerelease) (GCC)
Platform: arm-none-eabi
configure flags: --build=i686-pc-linux-gnu --host=i686-pc-linux-gnu --target=arm-none-eabi --enable-threads --disable-libmudflap --disable-libssp --disable-libstdcxx-pch --with-gnu-as --with-gnu-ld --enable-languages=c,c++ --disable-shared --with-newlib --disable-nls --prefix=/opt/codesourcery --with-headers=yes --with-sysroot=/opt/codesourcery/arm-none-eabi --with-build-sysroot=/scratch/gcc/nightly-2009-08-05-4.4/arm-none-eabi/install/arm-none-eabi --with-gmp=/scratch/gcc/nightly-2009-08-05-4.4/arm-none-eabi/obj/host-libs-4.4-0-arm-none-eabi-i686-pc-linux-gnu/usr --with-mpfr=/scratch/gcc/nightly-2009-08-05-4.4/arm-none-eabi/obj/host-libs-4.4-0-arm-none-eabi-i686-pc-linux-gnu/usr --with-ppl=/scratch/gcc/nightly-2009-08-05-4.4/arm-none-eabi/obj/host-libs-4.4-0-arm-none-eabi-i686-pc-linux-gnu/usr --with-host-libstdcxx='-static-libgcc -Wl,-Bstatic,-lstdc++,-Bdynamic -lm' --with-cloog=/scratch/gcc/nightly-2009-08-05-4.4/arm-none-eabi/obj/host-libs-4.4-0-arm-none-eabi-i686-pc-lin!
ux-gnu/usr --disable-libgomp --enable-poison-system-directories --with-build-time-tools=/scratch/gcc/nightly-2009-08-05-4.4/arm-none-eabi/install/arm-none-eabi/bin --with-build-time-tools=/scratch/gcc/nightly-2009-08-05-4.4/arm-none-eabi/install/arm-none-eabi/bin