This is the mail archive of the
gcc-testresults@gcc.gnu.org
mailing list for the GCC project.
[PATCHED] Results for 4.5.0 20090730 (experimental) (GCC) testsuite on i686-pc-cygwin
- From: Dave Korn <dave dot korn dot cygwin at googlemail dot com>
- To: gcc-testresults at gcc dot gnu dot org
- Date: Tue, 04 Aug 2009 11:00:48 +0100
- Subject: [PATCHED] Results for 4.5.0 20090730 (experimental) (GCC) testsuite on i686-pc-cygwin
These results come from HEAD at r.150247 patched with both of:
http://gcc.gnu.org/ml/gcc-patches/2009-07/msg01644.html
[patch] Allow building libgfortran as a DLL
http://gcc.gnu.org/ml/gcc-patches/2009-08/msg00012.html
[PATCH] Fix Ada on Cygwin
and should be compared to
http://gcc.gnu.org/ml/gcc-testresults/2009-08/msg00115.html
=== acats tests ===
FAIL: c250002
FAIL: cxb3011
=== acats Summary ===
# of expected passes 2313
# of unexpected failures 2
Native configuration is i686-pc-cygwin
=== gfortran tests ===
Running target unix
FAIL: gfortran.dg/atan2_1.f90 execution test
=== gfortran Summary ===
# of expected passes 31217
# of unexpected failures 1
# of expected failures 28
# of unsupported tests 296
/gnu/gcc/obj-patched-gnat/gcc/testsuite/gfortran/../../gfortran version 4.5.0
20090730 (experimental) (GCC)
=== gnat tests ===
Running target unix
FAIL: gnat.dg/socket1.adb (test for excess errors)
WARNING: gnat.dg/socket1.adb compilation failed to produce executable
FAIL: gnat.dg/test_raise_from_pure.adb execution test
=== gnat Summary ===
# of expected passes 678
# of unexpected failures 2
# of expected failures 5
Compiler version: 4.5.0 20090730 (experimental) (GCC)
Platform: i686-pc-cygwin
configure flags: --prefix=/opt/gcc-tools -v --with-gmp=/usr --with-mpfr=/usr
--enable-bootstrap --enable-version-specific-runtime-libs --enable-static
--enable-shared --enable-shared-libgcc --disable-__cxa_atexit --with-gnu-ld
--with-gnu-as --with-dwarf2 --disable-sjlj-exceptions --disable-symvers
--disable-libjava --disable-interpreter --program-suffix=-4 --enable-libgomp
--enable-libssp --enable-libada --enable-threads=posix --with-arch=i686
--with-tune=generic CC=gcc-4 CXX=g++-4 CC_FOR_TARGET=gcc-4 CXX_FOR_TARGET=g++-4
--with-ecj-jar=/usr/share/java/ecj.jar LD=/opt/gcc-tools/bin/ld.exe
LD_FOR_TARGET=/opt/gcc-tools/bin/ld.exe AS=/opt/gcc-tools/bin/as.exe
AS_FOR_TARGET=/opt/gcc-tools/bin/as.exe --disable-win32-registry
--disable-libgcj-debug --enable-languages=c,c++,fortran,ada