This is the mail archive of the
gcc-testresults@gcc.gnu.org
mailing list for the GCC project.
Results for 4.4.1 (GCC) testsuite on powerpc-unknown-linux-gnu
- From: Laurent GUERBY gcc53 <guerby at gcc53 dot fsffrance dot org>
- To: gcc-testresults at gcc dot gnu dot org
- Date: Sun, 02 Aug 2009 19:24:45 +0200
- Subject: Results for 4.4.1 (GCC) testsuite on powerpc-unknown-linux-gnu
LAST_UPDATED: Obtained from SVN: tags/gcc_4_4_1_release revision 149916
=== acats tests ===
FAIL: c83031a
=== acats Summary ===
# of expected passes 2314
# of unexpected failures 1
Native configuration is powerpc-unknown-linux-gnu
=== gcc tests ===
Running target unix
FAIL: gcc.target/powerpc/ppc64-double-1.c scan-assembler-not stfd
=== gcc Summary ===
# of expected passes 53635
# of unexpected failures 1
# of expected failures 205
# of unsupported tests 571
/home/guerby/build441/gcc/xgcc version 4.4.1 (GCC)
=== gfortran tests ===
Running target unix
=== gfortran Summary ===
# of expected passes 29175
# of expected failures 11
# of unsupported tests 264
/home/guerby/build441/gcc/testsuite/gfortran/../../gfortran version 4.4.1 (GCC)
=== g++ tests ===
Running target unix
=== g++ Summary ===
# of expected passes 19338
# of expected failures 156
# of unsupported tests 133
/home/guerby/build441/gcc/testsuite/g++/../../g++ version 4.4.1 (GCC)
=== gnat tests ===
Running target unix
=== gnat Summary ===
# of expected passes 612
# of expected failures 6
=== objc tests ===
Running target unix
=== objc Summary ===
# of expected passes 1866
# of expected failures 15
# of unsupported tests 24
/home/guerby/build441/gcc/xgcc version 4.4.1 (GCC)
=== libffi tests ===
Running target unix
=== libffi Summary ===
# of expected passes 1389
# of unsupported tests 10
=== libgomp tests ===
Running target unix
=== libgomp Summary ===
# of expected passes 2406
=== libjava tests ===
Running target unix
=== libjava Summary ===
# of expected passes 2574
=== libmudflap tests ===
Running target unix
FAIL: libmudflap.c++/pass41-frag.cxx execution test
FAIL: libmudflap.c++/pass41-frag.cxx (-static) execution test
FAIL: libmudflap.c++/pass41-frag.cxx (-O2) execution test
FAIL: libmudflap.c++/pass41-frag.cxx (-O3) execution test
=== libmudflap Summary ===
# of expected passes 1890
# of unexpected failures 4
=== libstdc++ tests ===
Running target unix
FAIL: abi_check
XPASS: 26_numerics/headers/cmath/c99_classification_macros_c.cc (test for excess errors)
=== libstdc++ Summary ===
# of expected passes 5865
# of unexpected failures 1
# of unexpected successes 1
# of expected failures 79
# of unsupported tests 333
Compiler version: 4.4.1 (GCC)
Platform: powerpc-unknown-linux-gnu
configure flags: --enable-languages=all,ada --enable-__cxa_atexit --disable-nls --with-mpfr=/opt/cfarm/mpfr-2.4.1 --with-gmp=/opt/cfarm/gmp-4.2.4 --prefix=/opt/cfarm/release/4.4.1 --disable-multilib --with-cpu=default32