This is the mail archive of the
gcc-testresults@gcc.gnu.org
mailing list for the GCC project.
Results for 4.5.0 20090705 (experimental) [trunk revision 149246] (GCC) testsuite on hppa1.1-hp-hpux10.20
- From: dave at hiauly1 dot hia dot nrc dot ca (John David Anglin)
- To: dave at hiauly1 dot hia dot nrc dot ca, gcc-testresults at gcc dot gnu dot org
- Date: Wed, 15 Jul 2009 20:34:31 -0400 (EDT)
- Subject: Results for 4.5.0 20090705 (experimental) [trunk revision 149246] (GCC) testsuite on hppa1.1-hp-hpux10.20
LAST_UPDATED: Sun Jul 5 01:56:23 UTC 2009 (revision 149246)
=== acats tests ===
FAIL: c37003a
Native configuration is hppa1.1-hp-hpux10.20
=== g++ tests ===
Running target unix
WARNING: program timed out.
FAIL: tmpdir-g++.dg-struct-layout-1/t001 cp_compat_y_tst.o compile
UNRESOLVED: tmpdir-g++.dg-struct-layout-1/t001 cp_compat_x_tst.o-cp_compat_y_tst.o link
UNRESOLVED: tmpdir-g++.dg-struct-layout-1/t001 cp_compat_x_tst.o-cp_compat_y_tst.o execute
WARNING: program timed out.
FAIL: tmpdir-g++.dg-struct-layout-1/t002 cp_compat_y_tst.o compile
UNRESOLVED: tmpdir-g++.dg-struct-layout-1/t002 cp_compat_x_tst.o-cp_compat_y_tst.o link
UNRESOLVED: tmpdir-g++.dg-struct-layout-1/t002 cp_compat_x_tst.o-cp_compat_y_tst.o execute
WARNING: program timed out.
FAIL: tmpdir-g++.dg-struct-layout-1/t003 cp_compat_y_tst.o compile
UNRESOLVED: tmpdir-g++.dg-struct-layout-1/t003 cp_compat_x_tst.o-cp_compat_y_tst.o link
UNRESOLVED: tmpdir-g++.dg-struct-layout-1/t003 cp_compat_x_tst.o-cp_compat_y_tst.o execute
WARNING: program timed out.
FAIL: tmpdir-g++.dg-struct-layout-1/t024 cp_compat_y_tst.o compile
UNRESOLVED: tmpdir-g++.dg-struct-layout-1/t024 cp_compat_x_tst.o-cp_compat_y_tst.o link
UNRESOLVED: tmpdir-g++.dg-struct-layout-1/t024 cp_compat_x_tst.o-cp_compat_y_tst.o execute
WARNING: program timed out.
FAIL: tmpdir-g++.dg-struct-layout-1/t025 cp_compat_y_tst.o compile
UNRESOLVED: tmpdir-g++.dg-struct-layout-1/t025 cp_compat_x_tst.o-cp_compat_y_tst.o link
UNRESOLVED: tmpdir-g++.dg-struct-layout-1/t025 cp_compat_x_tst.o-cp_compat_y_tst.o execute
WARNING: program timed out.
FAIL: tmpdir-g++.dg-struct-layout-1/t026 cp_compat_y_tst.o compile
UNRESOLVED: tmpdir-g++.dg-struct-layout-1/t026 cp_compat_x_tst.o-cp_compat_y_tst.o link
UNRESOLVED: tmpdir-g++.dg-struct-layout-1/t026 cp_compat_x_tst.o-cp_compat_y_tst.o execute
WARNING: program timed out.
FAIL: tmpdir-g++.dg-struct-layout-1/t027 cp_compat_y_tst.o compile
UNRESOLVED: tmpdir-g++.dg-struct-layout-1/t027 cp_compat_x_tst.o-cp_compat_y_tst.o link
UNRESOLVED: tmpdir-g++.dg-struct-layout-1/t027 cp_compat_x_tst.o-cp_compat_y_tst.o execute
WARNING: program timed out.
FAIL: tmpdir-g++.dg-struct-layout-1/t030 cp_compat_y_tst.o compile
UNRESOLVED: tmpdir-g++.dg-struct-layout-1/t030 cp_compat_x_tst.o-cp_compat_y_tst.o link
UNRESOLVED: tmpdir-g++.dg-struct-layout-1/t030 cp_compat_x_tst.o-cp_compat_y_tst.o execute
WARNING: program timed out.
FAIL: g++.dg/eh/cleanup1.C (test for excess errors)
WARNING: program timed out.
FAIL: g++.dg/torture/pr31863.C -O0 (test for excess errors)
WARNING: program timed out.
FAIL: g++.dg/torture/pr31863.C -O1 (test for excess errors)
WARNING: program timed out.
FAIL: g++.dg/torture/pr31863.C -O2 (test for excess errors)
WARNING: program timed out.
FAIL: g++.dg/torture/pr31863.C -O3 -fomit-frame-pointer (test for excess errors)
WARNING: program timed out.
FAIL: g++.dg/torture/pr31863.C -O3 -g (test for excess errors)
WARNING: program timed out.
FAIL: g++.dg/torture/pr31863.C -Os (test for excess errors)
FAIL: g++.dg/torture/pr34099.C -O1 (internal compiler error)
FAIL: g++.dg/torture/pr34099.C -O1 (test for excess errors)
WARNING: g++.dg/torture/pr34099.C -O1 compilation failed to produce executable
FAIL: g++.dg/torture/pr34099.C -O2 (internal compiler error)
FAIL: g++.dg/torture/pr34099.C -O2 (test for excess errors)
WARNING: g++.dg/torture/pr34099.C -O2 compilation failed to produce executable
FAIL: g++.dg/torture/pr34099.C -O3 -fomit-frame-pointer (internal compiler error)
FAIL: g++.dg/torture/pr34099.C -O3 -fomit-frame-pointer (test for excess errors)
WARNING: g++.dg/torture/pr34099.C -O3 -fomit-frame-pointer compilation failed to produce executable
FAIL: g++.dg/torture/pr34099.C -O3 -fomit-frame-pointer -funroll-loops (internal compiler error)
FAIL: g++.dg/torture/pr34099.C -O3 -fomit-frame-pointer -funroll-loops (test for excess errors)
WARNING: g++.dg/torture/pr34099.C -O3 -fomit-frame-pointer -funroll-loops compilation failed to produce executable
FAIL: g++.dg/torture/pr34099.C -O3 -fomit-frame-pointer -funroll-all-loops -finline-functions (internal compiler error)
FAIL: g++.dg/torture/pr34099.C -O3 -fomit-frame-pointer -funroll-all-loops -finline-functions (test for excess errors)
WARNING: g++.dg/torture/pr34099.C -O3 -fomit-frame-pointer -funroll-all-loops -finline-functions compilation failed to produce executable
FAIL: g++.dg/torture/pr34099.C -O3 -g (internal compiler error)
FAIL: g++.dg/torture/pr34099.C -O3 -g (test for excess errors)
WARNING: g++.dg/torture/pr34099.C -O3 -g compilation failed to produce executable
FAIL: g++.dg/torture/pr34099.C -Os execution test
=== g++ Summary ===
# of expected passes 17944
# of unexpected failures 28
# of expected failures 148
# of unresolved testcases 16
# of unsupported tests 267
/xxx/gnu/gcc/objdir/gcc/testsuite/g++/../../g++ version 4.5.0 20090705 (experimental) [trunk revision 149246] (GCC)
=== gcc tests ===
Running target unix
WARNING: program timed out.
FAIL: gcc.c-torture/compile/20001226-1.c -O2 (test for excess errors)
WARNING: program timed out.
FAIL: gcc.c-torture/compile/20001226-1.c -O3 -fomit-frame-pointer (test for excess errors)
WARNING: program timed out.
FAIL: gcc.c-torture/compile/20001226-1.c -O3 -g (test for excess errors)
WARNING: program timed out.
FAIL: gcc.c-torture/compile/20001226-1.c -Os (test for excess errors)
WARNING: program timed out.
FAIL: gcc.c-torture/compile/limits-fndefn.c -O1 (test for excess errors)
WARNING: program timed out.
FAIL: gcc.c-torture/compile/limits-fndefn.c -O2 (test for excess errors)
WARNING: program timed out.
FAIL: gcc.c-torture/compile/limits-fndefn.c -O3 -fomit-frame-pointer (test for excess errors)
WARNING: program timed out.
FAIL: gcc.c-torture/compile/limits-fndefn.c -O3 -g (test for excess errors)
WARNING: program timed out.
FAIL: gcc.c-torture/compile/limits-fndefn.c -Os (test for excess errors)
FAIL: gcc.c-torture/compile/limits-structnest.c -O2 (test for excess errors)
FAIL: gcc.c-torture/compile/limits-structnest.c -O3 -fomit-frame-pointer (test for excess errors)
FAIL: gcc.c-torture/compile/limits-structnest.c -O3 -g (test for excess errors)
FAIL: gcc.c-torture/compile/limits-structnest.c -Os (test for excess errors)
WARNING: program timed out.
FAIL: gcc.c-torture/execute/builtins/memset-chk.c compilation, -O3 -fomit-frame-pointer
UNRESOLVED: gcc.c-torture/execute/builtins/memset-chk.c execution, -O3 -fomit-frame-pointer
WARNING: program timed out.
FAIL: gcc.c-torture/execute/builtins/memset-chk.c compilation, -O3 -fomit-frame-pointer -funroll-loops
UNRESOLVED: gcc.c-torture/execute/builtins/memset-chk.c execution, -O3 -fomit-frame-pointer -funroll-loops
WARNING: program timed out.
FAIL: gcc.c-torture/execute/builtins/memset-chk.c compilation, -O3 -fomit-frame-pointer -funroll-all-loops -finline-functions
UNRESOLVED: gcc.c-torture/execute/builtins/memset-chk.c execution, -O3 -fomit-frame-pointer -funroll-all-loops -finline-functions
WARNING: program timed out.
FAIL: gcc.c-torture/execute/builtins/memset-chk.c compilation, -O3 -g
UNRESOLVED: gcc.c-torture/execute/builtins/memset-chk.c execution, -O3 -g
WARNING: program timed out.
FAIL: tmpdir-gcc.dg-struct-layout-1/t001 c_compat_y_tst.o compile
UNRESOLVED: tmpdir-gcc.dg-struct-layout-1/t001 c_compat_x_tst.o-c_compat_y_tst.o link
UNRESOLVED: tmpdir-gcc.dg-struct-layout-1/t001 c_compat_x_tst.o-c_compat_y_tst.o execute
WARNING: program timed out.
FAIL: tmpdir-gcc.dg-struct-layout-1/t002 c_compat_y_tst.o compile
UNRESOLVED: tmpdir-gcc.dg-struct-layout-1/t002 c_compat_x_tst.o-c_compat_y_tst.o link
UNRESOLVED: tmpdir-gcc.dg-struct-layout-1/t002 c_compat_x_tst.o-c_compat_y_tst.o execute
WARNING: program timed out.
FAIL: tmpdir-gcc.dg-struct-layout-1/t003 c_compat_y_tst.o compile
UNRESOLVED: tmpdir-gcc.dg-struct-layout-1/t003 c_compat_x_tst.o-c_compat_y_tst.o link
UNRESOLVED: tmpdir-gcc.dg-struct-layout-1/t003 c_compat_x_tst.o-c_compat_y_tst.o execute
WARNING: program timed out.
FAIL: tmpdir-gcc.dg-struct-layout-1/t024 c_compat_y_tst.o compile
UNRESOLVED: tmpdir-gcc.dg-struct-layout-1/t024 c_compat_x_tst.o-c_compat_y_tst.o link
UNRESOLVED: tmpdir-gcc.dg-struct-layout-1/t024 c_compat_x_tst.o-c_compat_y_tst.o execute
WARNING: program timed out.
FAIL: tmpdir-gcc.dg-struct-layout-1/t025 c_compat_y_tst.o compile
UNRESOLVED: tmpdir-gcc.dg-struct-layout-1/t025 c_compat_x_tst.o-c_compat_y_tst.o link
UNRESOLVED: tmpdir-gcc.dg-struct-layout-1/t025 c_compat_x_tst.o-c_compat_y_tst.o execute
WARNING: program timed out.
FAIL: tmpdir-gcc.dg-struct-layout-1/t026 c_compat_y_tst.o compile
UNRESOLVED: tmpdir-gcc.dg-struct-layout-1/t026 c_compat_x_tst.o-c_compat_y_tst.o link
UNRESOLVED: tmpdir-gcc.dg-struct-layout-1/t026 c_compat_x_tst.o-c_compat_y_tst.o execute
WARNING: program timed out.
FAIL: tmpdir-gcc.dg-struct-layout-1/t027 c_compat_y_tst.o compile
UNRESOLVED: tmpdir-gcc.dg-struct-layout-1/t027 c_compat_x_tst.o-c_compat_y_tst.o link
UNRESOLVED: tmpdir-gcc.dg-struct-layout-1/t027 c_compat_x_tst.o-c_compat_y_tst.o execute
WARNING: program timed out.
FAIL: tmpdir-gcc.dg-struct-layout-1/t028 c_compat_y_tst.o compile
UNRESOLVED: tmpdir-gcc.dg-struct-layout-1/t028 c_compat_x_tst.o-c_compat_y_tst.o link
UNRESOLVED: tmpdir-gcc.dg-struct-layout-1/t028 c_compat_x_tst.o-c_compat_y_tst.o execute
WARNING: program timed out.
FAIL: gcc.dg/20020425-1.c (test for excess errors)
XPASS: gcc.dg/Warray-bounds.c (test for warnings, line 59)
XPASS: gcc.dg/Warray-bounds.c (test for warnings, line 65)
FAIL: gcc.dg/Wshadow-3.c (test for warnings, line 47)
FAIL: gcc.dg/Wshadow-3.c (test for excess errors)
XPASS: gcc.dg/Wunreachable-8.c (test for bogus messages, line 7)
WARNING: program timed out.
FAIL: gcc.dg/binary-constants-1.c (test for excess errors)
WARNING: program timed out.
FAIL: gcc.dg/c99-intconst-1.c (test for excess errors)
FAIL: gcc.dg/c99-stdint-1.c (test for excess errors)
FAIL: gcc.dg/c99-stdint-2.c (test for excess errors)
FAIL: gcc.dg/c99-stdint-3.c (test for excess errors)
FAIL: gcc.dg/c99-stdint-4.c (test for excess errors)
FAIL: gcc.dg/c99-stdint-5.c (test for excess errors)
FAIL: gcc.dg/c99-stdint-6.c (test for excess errors)
FAIL: gcc.dg/c99-stdint-7.c (test for excess errors)
FAIL: gcc.dg/c99-stdint-8.c (test for excess errors)
FAIL: gcc.dg/pr34989-1.c (internal compiler error)
FAIL: gcc.dg/pr34989-1.c (test for excess errors)
FAIL: gcc.dg/pr36902.c (test for warnings, line 47)
FAIL: gcc.dg/pr36902.c (test for excess errors)
FAIL: gcc.dg/ucnid-11.c (test for excess errors)
FAIL: gcc.dg/ucnid-12.c (test for excess errors)
FAIL: gcc.dg/vector-4.c (test for excess errors)
XPASS: gcc.dg/struct/wo_prof_array_through_pointer.c scan-ipa-dump ipa_struct_reorg "Number of structures to transform is 1"
FAIL: gcc.dg/struct/wo_prof_double_malloc.c (internal compiler error)
FAIL: gcc.dg/struct/wo_prof_double_malloc.c (test for excess errors)
WARNING: gcc.dg/struct/wo_prof_double_malloc.c compilation failed to produce executable
FAIL: gcc.dg/torture/pr26565.c -O1 execution test
FAIL: gcc.dg/torture/pr26565.c -O2 execution test
FAIL: gcc.dg/torture/pr26565.c -Os execution test
XPASS: gcc.dg/tree-ssa/20040204-1.c scan-tree-dump-times optimized "link_error" 0
FAIL: gcc.dg/tree-ssa/vrp47.c scan-tree-dump-times vrp1 "[xy][^ ]* !=" 0
FAIL: gcc.dg/tree-ssa/vrp47.c scan-tree-dump-times dom1 "x[^ ]* & y" 1
FAIL: gcc.dg/tree-ssa/vrp47.c scan-tree-dump-times vrp1 "x[^ ]* [|] y" 1
=== gcc Summary ===
# of expected passes 49665
# of unexpected failures 53
# of unexpected successes 5
# of expected failures 77
# of unresolved testcases 20
# of unsupported tests 812
/xxx/gnu/gcc/objdir/gcc/xgcc version 4.5.0 20090705 (experimental) [trunk revision 149246] (GCC)
=== gfortran tests ===
Running target unix
FAIL: gfortran.dg/c_ptr_tests_13.f03 -O (test for excess errors)
WARNING: program timed out.
FAIL: gfortran.dg/cray_pointers_2.f90 -O1 (test for excess errors)
WARNING: gfortran.dg/cray_pointers_2.f90 -O1 compilation failed to produce executable
WARNING: program timed out.
FAIL: gfortran.dg/cray_pointers_2.f90 -O2 (test for excess errors)
WARNING: gfortran.dg/cray_pointers_2.f90 -O2 compilation failed to produce executable
WARNING: program timed out.
FAIL: gfortran.dg/cray_pointers_2.f90 -O3 -fomit-frame-pointer (test for excess errors)
WARNING: gfortran.dg/cray_pointers_2.f90 -O3 -fomit-frame-pointer compilation failed to produce executable
WARNING: program timed out.
FAIL: gfortran.dg/cray_pointers_2.f90 -O3 -fomit-frame-pointer -funroll-loops (test for excess errors)
WARNING: gfortran.dg/cray_pointers_2.f90 -O3 -fomit-frame-pointer -funroll-loops compilation failed to produce executable
WARNING: program timed out.
FAIL: gfortran.dg/cray_pointers_2.f90 -O3 -fomit-frame-pointer -funroll-all-loops -finline-functions (test for excess errors)
WARNING: gfortran.dg/cray_pointers_2.f90 -O3 -fomit-frame-pointer -funroll-all-loops -finline-functions compilation failed to produce executable
WARNING: program timed out.
FAIL: gfortran.dg/cray_pointers_2.f90 -O3 -g (test for excess errors)
WARNING: gfortran.dg/cray_pointers_2.f90 -O3 -g compilation failed to produce executable
WARNING: program timed out.
FAIL: gfortran.dg/cray_pointers_2.f90 -Os (test for excess errors)
WARNING: gfortran.dg/cray_pointers_2.f90 -Os compilation failed to produce executable
FAIL: gfortran.dg/cray_pointers_9.f90 -O (test for excess errors)
FAIL: gfortran.dg/erf_2.F90 -O0 execution test
WARNING: program timed out.
FAIL: gfortran.dg/initialization_21.f90 -O (test for excess errors)
FAIL: gfortran.dg/integer_exponentiation_4.f90 -O (internal compiler error)
FAIL: gfortran.dg/integer_exponentiation_4.f90 -O (test for errors, line 24)
FAIL: gfortran.dg/integer_exponentiation_4.f90 -O (test for errors, line 25)
FAIL: gfortran.dg/integer_exponentiation_4.f90 -O (test for errors, line 26)
FAIL: gfortran.dg/integer_exponentiation_4.f90 -O (test for errors, line 27)
FAIL: gfortran.dg/integer_exponentiation_4.f90 -O (test for errors, line 35)
FAIL: gfortran.dg/integer_exponentiation_4.f90 -O (test for errors, line 36)
FAIL: gfortran.dg/integer_exponentiation_4.f90 -O (test for errors, line 37)
FAIL: gfortran.dg/integer_exponentiation_4.f90 -O (test for errors, line 38)
FAIL: gfortran.dg/integer_exponentiation_4.f90 -O (test for excess errors)
FAIL: gfortran.dg/namelist_42.f90 -O0 execution test
FAIL: gfortran.dg/namelist_42.f90 -O1 execution test
FAIL: gfortran.dg/namelist_42.f90 -O2 execution test
FAIL: gfortran.dg/namelist_42.f90 -O3 -fomit-frame-pointer execution test
FAIL: gfortran.dg/namelist_42.f90 -O3 -fomit-frame-pointer -funroll-loops execution test
FAIL: gfortran.dg/namelist_42.f90 -O3 -fomit-frame-pointer -funroll-all-loops -finline-functions execution test
FAIL: gfortran.dg/namelist_42.f90 -O3 -g execution test
FAIL: gfortran.dg/namelist_42.f90 -Os execution test
FAIL: gfortran.dg/namelist_43.f90 -O0 execution test
FAIL: gfortran.dg/namelist_43.f90 -O1 execution test
FAIL: gfortran.dg/namelist_43.f90 -O2 execution test
FAIL: gfortran.dg/namelist_43.f90 -O3 -fomit-frame-pointer execution test
FAIL: gfortran.dg/namelist_43.f90 -O3 -fomit-frame-pointer -funroll-loops execution test
FAIL: gfortran.dg/namelist_43.f90 -O3 -fomit-frame-pointer -funroll-all-loops -finline-functions execution test
FAIL: gfortran.dg/namelist_43.f90 -O3 -g execution test
FAIL: gfortran.dg/namelist_43.f90 -Os execution test
FAIL: gfortran.dg/nan_3.f90 -O0 execution test
FAIL: gfortran.dg/nan_3.f90 -O1 execution test
FAIL: gfortran.dg/nan_3.f90 -O2 execution test
FAIL: gfortran.dg/nan_3.f90 -O3 -fomit-frame-pointer execution test
FAIL: gfortran.dg/nan_3.f90 -O3 -fomit-frame-pointer -funroll-loops execution test
FAIL: gfortran.dg/nan_3.f90 -O3 -fomit-frame-pointer -funroll-all-loops -finline-functions execution test
FAIL: gfortran.dg/nan_3.f90 -O3 -g execution test
FAIL: gfortran.dg/nan_3.f90 -Os execution test
FAIL: gfortran.dg/pr35983.f90 -O0 (test for excess errors)
WARNING: gfortran.dg/pr35983.f90 -O0 compilation failed to produce executable
FAIL: gfortran.dg/pr35983.f90 -O1 (test for excess errors)
WARNING: gfortran.dg/pr35983.f90 -O1 compilation failed to produce executable
FAIL: gfortran.dg/pr35983.f90 -O2 (test for excess errors)
WARNING: gfortran.dg/pr35983.f90 -O2 compilation failed to produce executable
FAIL: gfortran.dg/pr35983.f90 -O3 -fomit-frame-pointer (test for excess errors)
WARNING: gfortran.dg/pr35983.f90 -O3 -fomit-frame-pointer compilation failed to produce executable
FAIL: gfortran.dg/pr35983.f90 -O3 -fomit-frame-pointer -funroll-loops (test for excess errors)
WARNING: gfortran.dg/pr35983.f90 -O3 -fomit-frame-pointer -funroll-loops compilation failed to produce executable
FAIL: gfortran.dg/pr35983.f90 -O3 -fomit-frame-pointer -funroll-all-loops -finline-functions (test for excess errors)
WARNING: gfortran.dg/pr35983.f90 -O3 -fomit-frame-pointer -funroll-all-loops -finline-functions compilation failed to produce executable
FAIL: gfortran.dg/pr35983.f90 -O3 -g (test for excess errors)
WARNING: gfortran.dg/pr35983.f90 -O3 -g compilation failed to produce executable
FAIL: gfortran.dg/pr35983.f90 -Os (test for excess errors)
WARNING: gfortran.dg/pr35983.f90 -Os compilation failed to produce executable
WARNING: program timed out.
FAIL: gfortran.fortran-torture/execute/forall_7.f90 compilation, -O3 -g
=== gfortran Summary ===
# of expected passes 29806
# of unexpected failures 54
# of expected failures 9
# of untested testcases 1
# of unsupported tests 264
/xxx/gnu/gcc/objdir/gcc/testsuite/gfortran/../../gfortran version 4.5.0 20090705 (experimental) [trunk revision 149246] (GCC)
=== gnat tests ===
Running target unix
FAIL: gnat.dg/handle_raise_from_pure.adb (test for excess errors)
WARNING: gnat.dg/handle_raise_from_pure.adb compilation failed to produce executable
FAIL: gnat.dg/test_image.adb execution test
=== gnat Summary ===
# of expected passes 673
# of unexpected failures 2
# of expected failures 5
=== obj-c++ tests ===
Running target unix
WARNING: obj-c++.dg/lookup-2.mm compilation failed to produce executable
WARNING: obj-c++.dg/try-catch-2.mm compilation failed to produce executable
WARNING: obj-c++.dg/try-catch-9.mm compilation failed to produce executable
=== obj-c++ Summary ===
# of expected passes 436
# of expected failures 10
# of unsupported tests 14
/xxx/gnu/gcc/objdir/gcc/testsuite/obj-c++/../../g++ version 4.5.0 20090705 (experimental) [trunk revision 149246] (GCC)
=== objc tests ===
Running target unix
=== objc Summary ===
# of expected passes 1861
# of expected failures 15
# of unsupported tests 27
/xxx/gnu/gcc/objdir/gcc/xgcc version 4.5.0 20090705 (experimental) [trunk revision 149246] (GCC)
=== libstdc++ tests ===
Running target unix
FAIL: 20_util/owner_less/cmp.cc (test for excess errors)
WARNING: 20_util/owner_less/cmp.cc compilation failed to produce executable
FAIL: 20_util/shared_ptr/comparison/cmp.cc (test for excess errors)
WARNING: 20_util/shared_ptr/comparison/cmp.cc compilation failed to produce executable
FAIL: 27_io/basic_istream/extractors_arithmetic/char/12.cc execution test
WARNING: program timed out.
FAIL: ext/pb_ds/regression/hash_data_map_rand.cc (test for excess errors)
WARNING: ext/pb_ds/regression/hash_data_map_rand.cc compilation failed to produce executable
WARNING: program timed out.
FAIL: ext/pb_ds/regression/hash_no_data_map_rand.cc (test for excess errors)
WARNING: ext/pb_ds/regression/hash_no_data_map_rand.cc compilation failed to produce executable
WARNING: program timed out.
FAIL: ext/pb_ds/regression/list_update_data_map_rand.cc (test for excess errors)
WARNING: ext/pb_ds/regression/list_update_data_map_rand.cc compilation failed to produce executable
WARNING: program timed out.
FAIL: ext/pb_ds/regression/list_update_no_data_map_rand.cc (test for excess errors)
WARNING: ext/pb_ds/regression/list_update_no_data_map_rand.cc compilation failed to produce executable
WARNING: program timed out.
FAIL: ext/pb_ds/regression/priority_queue_rand.cc (test for excess errors)
WARNING: ext/pb_ds/regression/priority_queue_rand.cc compilation failed to produce executable
WARNING: program timed out.
FAIL: ext/pb_ds/regression/tree_data_map_rand.cc (test for excess errors)
WARNING: ext/pb_ds/regression/tree_data_map_rand.cc compilation failed to produce executable
WARNING: program timed out.
FAIL: ext/pb_ds/regression/tree_no_data_map_rand.cc (test for excess errors)
WARNING: ext/pb_ds/regression/tree_no_data_map_rand.cc compilation failed to produce executable
WARNING: program timed out.
FAIL: ext/pb_ds/regression/trie_data_map_rand.cc (test for excess errors)
WARNING: ext/pb_ds/regression/trie_data_map_rand.cc compilation failed to produce executable
WARNING: program timed out.
FAIL: ext/pb_ds/regression/trie_no_data_map_rand.cc (test for excess errors)
WARNING: ext/pb_ds/regression/trie_no_data_map_rand.cc compilation failed to produce executable
FAIL: ext/vstring/requirements/citerators.cc (test for excess errors)
WARNING: ext/vstring/requirements/citerators.cc compilation failed to produce executable
FAIL: tr1/5_numerical_facilities/special_functions/22_sph_legendre/compile.cc (test for excess errors)
FAIL: tr1/5_numerical_facilities/special_functions/22_sph_legendre/compile_2.cc (test for excess errors)
=== libstdc++ Summary ===
# of expected passes 4768
# of unexpected failures 15
# of expected failures 69
# of unsupported tests 257
Compiler version: 4.5.0 20090705 (experimental) [trunk revision 149246] (GCC)
Platform: hppa1.1-hp-hpux10.20
configure flags: --with-gnu-as --with-as=/usr/local/bin/as --enable-shared --prefix=/opt/gnu/gcc/gcc-4.5.0 --with-gmp=/opt/gnu/gcc/gcc-4.5.0 --enable-debug=no --disable-nls --enable-languages=c,c++,objc,fortran,ada,obj-c++