This is the mail archive of the
gcc-testresults@gcc.gnu.org
mailing list for the GCC project.
Results for 4.5.0 20090705 (experimental) [trunk revision 149259] (GCC) testsuite on i686-pc-cygwin
- From: Christian Joensson <christian dot joensson at gmail dot com>
- To: gcc-testresults at gcc dot gnu dot org
- Date: Tue, 7 Jul 2009 06:57:37 +0200
- Subject: Results for 4.5.0 20090705 (experimental) [trunk revision 149259] (GCC) testsuite on i686-pc-cygwin
Windows XP Pro/SP3 cygwin Intel Core2 Duo T9600@2.80GHz system with packages:
binutils 2.19.51-1 2.19.51.20090704
bison 2.3-1 2.3
cloog-ppl 0.15.3-1
cygwin 1.7.0-50
dejagnu 20021217-2 1.4.2.x
expect 20030128-1 5.26
gcc-ada 3.4.4-999
gcc-core 3.4.4-999
gcc-g++ 3.4.4-999
gmp 4.3.1-3
libcloog-devel 0.15.3-1
libgmp-devel 4.3.1-3
libmpfr-devel 2.4.1-4
libppl 0.10.2-1
make 3.81-2
mpfr 2.4.1-4
ppl 0.10.2-1
ppl-devel 0.10.2-1
tcltk 20080420-1 8.4
w32api 3.13-1
LAST_UPDATED: Sun Jul 5 17:42:08 UTC 2009 (revision 149259)
Native configuration is i686-pc-cygwin
=== g++ tests ===
Running target unix
FAIL: g++.dg/abi/local1.C execution test
FAIL: g++.dg/abi/rtti3.C scan-assembler .weak[ \\t]_?_ZTSPP1A
FAIL: g++.dg/abi/thunk4.C scan-assembler .weak[ \\t]_?_ZThn._N7Derived3FooEv
FAIL: g++.dg/eh/weak1.C execution test
FAIL: g++.dg/ext/dllimport7.C C++ specific error (test for errors, line 24)
FAIL: g++.dg/ext/selectany1.C scan-assembler-dem
FAIL: g++.dg/init/cleanup3.C scan-assembler-not _tcf
FAIL: g++.dg/opt/vt1.C scan-assembler-not
section[^\\n\\r]*_ZTV1S[^\\n\\r]*"[^w"\\n\\r]*"
FAIL: g++.dg/template/spec35.C scan-assembler .weak(_definition)?[\\t
]*_?_Z2f2IiEvT_
FAIL: g++.old-deja/g++.eh/badalloc1.C execution test
XPASS: g++.old-deja/g++.ext/attrib5.C execution test
FAIL: g++.old-deja/g++.other/init5.C execution test
=== g++ Summary ===
# of expected passes 21231
# of unexpected failures 11
# of unexpected successes 1
# of expected failures 149
# of unsupported tests 255
/usr/local/src/trunk/objdir/gcc/testsuite/g++/../../g++ version 4.5.0
20090705 (experimental) [trunk revision 149259] (GCC)
=== gcc tests ===
Running target unix
XPASS: gcc.dg/Warray-bounds.c (test for warnings, line 59)
XPASS: gcc.dg/Warray-bounds.c (test for warnings, line 65)
FAIL: gcc.dg/Wshadow-3.c (test for warnings, line 47)
FAIL: gcc.dg/Wshadow-3.c (test for excess errors)
XPASS: gcc.dg/Wunreachable-8.c (test for bogus messages, line 7)
FAIL: gcc.dg/alias-7.c execution test
FAIL: gcc.dg/dll-4.c scan-assembler (foo2:.*.comm[ \\t_]*foo1)
FAIL: gcc.dg/pr34989-1.c (internal compiler error)
FAIL: gcc.dg/pr34989-1.c (test for excess errors)
FAIL: gcc.dg/pr36902.c (test for warnings, line 47)
FAIL: gcc.dg/pr36902.c (test for excess errors)
FAIL: largefile.c (test for excess errors)
FAIL: gcc.dg/pch/largefile.c -O0 -g assembly comparison
FAIL: largefile.c (test for excess errors)
FAIL: gcc.dg/pch/largefile.c -O0 assembly comparison
FAIL: largefile.c (test for excess errors)
FAIL: gcc.dg/pch/largefile.c -O1 assembly comparison
FAIL: largefile.c (test for excess errors)
FAIL: gcc.dg/pch/largefile.c -O2 assembly comparison
FAIL: largefile.c (test for excess errors)
FAIL: gcc.dg/pch/largefile.c -O3 -fomit-frame-pointer assembly comparison
FAIL: largefile.c (test for excess errors)
FAIL: gcc.dg/pch/largefile.c -O3 -g assembly comparison
FAIL: largefile.c (test for excess errors)
FAIL: gcc.dg/pch/largefile.c -Os assembly comparison
XPASS: gcc.dg/struct/wo_prof_array_through_pointer.c scan-ipa-dump
ipa_struct_reorg "Number of structures to transform is 1"
FAIL: gcc.dg/struct/wo_prof_double_malloc.c (internal compiler error)
FAIL: gcc.dg/struct/wo_prof_double_malloc.c (test for excess errors)
WARNING: gcc.dg/struct/wo_prof_double_malloc.c compilation failed to
produce executable
FAIL: gcc.dg/torture/builtin-math-6.c (test for excess errors)
FAIL: gcc.dg/torture/builtin-math-6.c (test for excess errors)
FAIL: gcc.dg/torture/builtin-math-6.c (test for excess errors)
FAIL: gcc.dg/torture/builtin-math-6.c (test for excess errors)
FAIL: gcc.dg/torture/builtin-math-6.c (test for excess errors)
FAIL: gcc.dg/torture/builtin-math-6.c (test for excess errors)
FAIL: gcc.dg/torture/builtin-math-6.c (test for excess errors)
FAIL: gcc.dg/torture/builtin-math-6.c (test for excess errors)
FAIL: gcc.dg/tree-ssa/pr27781.c scan-tree-dump optimized "func \\(\\);"
FAIL: gcc.dg/tree-ssa/pr36881.c scan-assembler-not CSWTCH
FAIL: gcc.dg/tree-ssa/pr36881.c scan-tree-dump switchconv "need
runtime relocations"
FAIL: gcc.dg/tree-ssa/ssa-store-ccp-2.c scan-tree-dump-times optimized
"conststaticvariable" 1
FAIL: gcc.dg/tree-ssa/ssa-store-ccp-4.c scan-tree-dump-times optimized
"conststaticvariable" 1
FAIL: gcc.target/i386/pic-1.c (test for errors, line 11)
FAIL: gcc.target/i386/pr25993.c (test for excess errors)
FAIL: gcc.target/i386/pr32000-2.c (test for excess errors)
WARNING: gcc.target/i386/pr32000-2.c compilation failed to produce executable
FAIL: gcc.target/i386/pr37843-1.c scan-assembler call[\\\\t ]*foo
FAIL: gcc.target/i386/pr37843-2.c scan-assembler jmp[\\\\t ]*foo
FAIL: gcc.target/i386/pr37843-3.c scan-assembler jmp[\\\\t ]*foo
XPASS: gcc.target/i386/push-1.c scan-assembler-not movups
FAIL: gcc.target/i386/stackalign/return-3.c (test for excess errors)
FAIL: gcc.target/i386/stackalign/return-3.c (test for excess errors)
FAIL: gcc.target/i386/stackalign/return-3.c (test for excess errors)
FAIL: gcc.target/i386/stackalign/return-3.c (test for excess errors)
=== gcc Summary ===
# of expected passes 62356
# of unexpected failures 47
# of unexpected successes 5
# of expected failures 197
# of unsupported tests 711
/usr/local/src/trunk/objdir/gcc/xgcc version 4.5.0 20090705
(experimental) [trunk revision 149259] (GCC)
=== gfortran tests ===
Running target unix
=== gfortran Summary ===
# of expected passes 30623
# of expected failures 28
# of unsupported tests 295
/usr/local/src/trunk/objdir/gcc/testsuite/gfortran/../../gfortran
version 4.5.0 20090705 (experimental) [trunk revision 149259] (GCC)
=== obj-c++ tests ===
Running target unix
WARNING: obj-c++.dg/lookup-2.mm compilation failed to produce executable
WARNING: obj-c++.dg/try-catch-2.mm compilation failed to produce executable
WARNING: obj-c++.dg/try-catch-9.mm compilation failed to produce executable
=== obj-c++ Summary ===
# of expected passes 438
# of expected failures 10
# of unsupported tests 13
/usr/local/src/trunk/objdir/gcc/testsuite/obj-c++/../../g++ version
4.5.0 20090705 (experimental) [trunk revision 149259] (GCC)
=== objc tests ===
Running target unix
=== objc Summary ===
# of expected passes 1967
# of expected failures 7
# of unsupported tests 24
/usr/local/src/trunk/objdir/gcc/xgcc version 4.5.0 20090705
(experimental) [trunk revision 149259] (GCC)
=== libstdc++ tests ===
Running target unix
FAIL: 20_util/shared_ptr/thread/default_weaktoshared.cc execution test
FAIL: 20_util/shared_ptr/thread/default_weaktoshared.cc execution test
FAIL: 20_util/shared_ptr/thread/mutex_weaktoshared.cc execution test
FAIL: 20_util/shared_ptr/thread/mutex_weaktoshared.cc execution test
FAIL: 21_strings/basic_string/pthread18185.cc execution test
FAIL: 22_locale/ctype/scan/wchar_t/1.cc execution test
FAIL: 22_locale/ctype/scan/wchar_t/1.cc execution test
FAIL: 22_locale/ctype/scan/wchar_t/1.cc execution test
XPASS: 26_numerics/headers/cmath/c99_classification_macros_c.cc (test
for excess errors)
XPASS: 26_numerics/headers/cmath/c99_classification_macros_c.cc (test
for excess errors)
FAIL: 27_io/basic_filebuf/seekoff/char/1-io.cc execution test
FAIL: 27_io/basic_filebuf/seekoff/char/1-io.cc execution test
FAIL: 27_io/basic_filebuf/seekoff/char/2-io.cc execution test
FAIL: 27_io/basic_filebuf/seekoff/char/2-io.cc execution test
FAIL: 27_io/basic_filebuf/seekpos/char/1-io.cc execution test
FAIL: 27_io/basic_filebuf/seekpos/char/1-io.cc execution test
FAIL: 27_io/basic_filebuf/seekpos/char/2-io.cc execution test
FAIL: 27_io/basic_filebuf/seekpos/char/2-io.cc execution test
FAIL: 27_io/basic_filebuf/sgetn/char/1-in.cc execution test
FAIL: 27_io/basic_filebuf/sgetn/char/1-in.cc execution test
FAIL: 27_io/basic_filebuf/sgetn/char/1-in.cc execution test
FAIL: 27_io/basic_filebuf/sgetn/char/1-io.cc execution test
FAIL: 27_io/basic_filebuf/sgetn/char/1-io.cc execution test
FAIL: 27_io/basic_filebuf/sgetn/char/1-io.cc execution test
FAIL: 27_io/basic_filebuf/sgetn/char/2-in.cc execution test
FAIL: 27_io/basic_filebuf/sgetn/char/2-in.cc execution test
FAIL: 27_io/basic_filebuf/sgetn/char/2-in.cc execution test
FAIL: 27_io/basic_filebuf/sgetn/char/2-io.cc execution test
FAIL: 27_io/basic_filebuf/sgetn/char/2-io.cc execution test
FAIL: 27_io/basic_filebuf/sgetn/char/2-io.cc execution test
FAIL: 27_io/basic_filebuf/underflow/wchar_t/11603.cc execution test
FAIL: 27_io/basic_filebuf/underflow/wchar_t/11603.cc execution test
FAIL: 27_io/basic_filebuf/underflow/wchar_t/11603.cc execution test
FAIL: 27_io/basic_istream/readsome/char/6746-2.cc execution test
FAIL: 27_io/basic_istream/readsome/char/6746-2.cc execution test
FAIL: 27_io/basic_istream/readsome/char/6746-2.cc execution test
FAIL: 27_io/basic_istream/readsome/wchar_t/6746-2.cc execution test
FAIL: 27_io/basic_istream/readsome/wchar_t/6746-2.cc execution test
FAIL: 27_io/basic_istream/readsome/wchar_t/6746-2.cc execution test
FAIL: 27_io/basic_ostream/inserters_arithmetic/wchar_t/4402.cc execution test
FAIL: 27_io/basic_ostream/inserters_arithmetic/wchar_t/4402.cc execution test
FAIL: 27_io/basic_ostream/inserters_arithmetic/wchar_t/4402.cc execution test
FAIL: ext/bitmap_allocator/variadic_construct.cc execution test
FAIL: ext/codecvt/wchar_t.cc execution test
FAIL: tr1/2_general_utilities/shared_ptr/thread/default_weaktoshared.cc
execution test
FAIL: tr1/2_general_utilities/shared_ptr/thread/default_weaktoshared.cc
execution test
FAIL: tr1/2_general_utilities/shared_ptr/thread/default_weaktoshared.cc
execution test
FAIL: tr1/2_general_utilities/shared_ptr/thread/mutex_weaktoshared.cc
execution test
FAIL: tr1/2_general_utilities/shared_ptr/thread/mutex_weaktoshared.cc
execution test
FAIL: tr1/2_general_utilities/shared_ptr/thread/mutex_weaktoshared.cc
execution test
=== libstdc++ Summary ===
# of expected passes 13835
# of unexpected failures 48
# of unexpected successes 2
# of expected failures 180
# of unsupported tests 1363
Compiler version: 4.5.0 20090705 (experimental) [trunk revision 149259] (GCC)
Platform: i686-pc-cygwin
configure flags: --prefix=/usr/local/gnu --enable-threads=posix
--disable-libgcj --disable-sjlj-exceptions --with-system-zlib
--enable-nls --enable-static --enable-shared --enable-shared-libgcc
--enable-__cxa_atexit --disable-libmudflap
--enable-version-specific-runtime-libs --without-included-gettext
--with-dwarf2 --disable-symvers --enable-libssp --with-mpc
--without-ppl --without-cloog
--enable-languages=c,c++,fortran,objc,obj-c++
BOOT_CFLAGS=-O2 -pipe
Counting all warnings,
there are 699 warnings in stage0 of this bootstrap.
Number of warnings per file:
264 gcc/gimple.h
48 gcc/fold-const.c
48 gcc/config/soft-fp/fixunstfsi.c
48 gcc/config/soft-fp/fixtfsi.c
41 gcc/builtins.c
26 libgfortran/intrinsics/c99_functions.c
18 gcc/gcc.c
16 libgfortran/io/list_read.c
15 gcc/tree.c
10 gcc/tree-ssa-loop-ivopts.c
9 gcc/expr.c
9 gcc/config/i386/i386.md
7 libgfortran/io/write.c
6 libtool
6 gcc/config/soft-fp/multf3.c
6 gcc/config/soft-fp/divtf3.c
6 gcc/config/i386/cygming-crtend.c
6 fixincludes/fixincl.x
5 gcc/tree-ssa-ccp.c
5 gcc/tree-data-ref.c
4 gcc/tree-ssa-loop-niter.c
4 gcc/tree-cfg.c
4 gcc/gimplify.c
4 gcc/gengtype.c
4 gcc/gengtype-parse.c
4 gcc/c-typeck.c
4 gcc/alias.c
3 libiberty/regex.c
3 libiberty/choose-temp.c
3 libgfortran/runtime/environ.c
3 gengtype-lex.c
3 gcc/dwarf2out.c
3 gcc/config/i386/sse.md
3 gcc/c-format.c
2 libgfortran/io/read.c
2 gcc/var-tracking.c
2 gcc/tree-vect-data-refs.c
2 gcc/stringpool.c
2 gcc/sel-sched-ir.c
2 gcc/sched-deps.c
2 gcc/pretty-print.c
2 gcc/jump.c
2 gcc/config/i386/i386.c
2 gcc/c-lex.c
2 ctype_members.cc
1 libssp/ssp.c
1 libssp/ssp-local.c
1 libgfortran/io/format.c
1 libgfortran/intrinsics/iso_c_binding.c
1 gcc/varasm.c
1 gcc/tree-vrp.c
1 gcc/tree-vect-loop-manip.c
1 gcc/tree-ssa-structalias.c
1 gcc/tree-ssa-pre.c
1 gcc/tree-ssa-forwprop.c
1 gcc/tree-inline.c
1 gcc/tree-dfa.c
1 gcc/tree-complex.c
1 gcc/tree-affine.c
1 gcc/statistics.c
1 gcc/rtlanal.c
1 gcc/prefix.c
1 gcc/passes.c
1 gcc/langhooks.c
1 gcc/gimple.c
1 gcc/gimple-low.c
1 gcc/ggc-page.c
1 gcc/ggc-common.c
1 gcc/except.c
1 gcc/cselib.c
1 gcc/c-decl.c
1 gcc/c-common.c
1 gcc/attribs.c
1 ./runtime-info.h
Number of warning types:
489 cast discards qualifiers from pointer target type
96 left shift count >= width of type
26 no previous prototype for \`???'
19 array subscript has type \`???'
13 \`???' may be used uninitialized in this function
12 operand 1 missing mode?
6 undefined symbols not allowed in i686-pc-cygwin shared libraries
6 string length \`???' is greater than the length \`???' ISO C89
compilers are required to support
6 comparison between \`???' and \`???'
4 case value \`???' not in enumerated type \`???'
3 the use of \`???' is dangerous; use \`???' instead
3 jump skips variable initialization
3 destructor priorities from 0 to 100 are reserved for the implementation
3 constructor priorities from 0 to 100 are reserved for the implementation
3 comparison between signed and unsigned
2 visibility attribute not supported in this configuration; ignored
2 comparison is always true due to limited range of data type
2 comparison between signed and unsigned integer expressions
1 \`???' defined but not used