This is the mail archive of the
gcc-testresults@gcc.gnu.org
mailing list for the GCC project.
Results for 4.5.0 20090625 (experimental) [trunk revision 148947] (GCC) testsuite on armv5tejl-unknown-linux-gnueabi
- From: dave at hiauly1 dot hia dot nrc dot ca (John David Anglin)
- To: dave at hiauly1 dot hia dot nrc dot ca, gcc-testresults at gcc dot gnu dot org
- Date: Tue, 30 Jun 2009 12:22:10 -0400 (EDT)
- Subject: Results for 4.5.0 20090625 (experimental) [trunk revision 148947] (GCC) testsuite on armv5tejl-unknown-linux-gnueabi
LAST_UPDATED: Thu Jun 25 16:09:05 UTC 2009 (revision 148947)
Native configuration is armv5tejl-unknown-linux-gnueabi
=== libgomp tests ===
Running target unix
WARNING: program timed out.
FAIL: libgomp.fortran/strassen.f90 -O execution test
=== libgomp Summary ===
# of expected passes 2393
# of unexpected failures 1
# of unsupported tests 7
=== libstdc++ tests ===
Running target unix
FAIL: 18_support/headers/exception/synopsis.cc (test for excess errors)
FAIL: 23_containers/list/modifiers/swap/1.cc execution test
FAIL: 27_io/fpos/14775.cc execution test
FAIL: ext/array_allocator/check_delete.cc (test for excess errors)
WARNING: ext/array_allocator/check_delete.cc compilation failed to produce executable
FAIL: ext/array_allocator/check_new.cc (test for excess errors)
WARNING: ext/array_allocator/check_new.cc compilation failed to produce executable
FAIL: ext/bitmap_allocator/check_delete.cc (test for excess errors)
WARNING: ext/bitmap_allocator/check_delete.cc compilation failed to produce executable
FAIL: ext/bitmap_allocator/check_new.cc (test for excess errors)
WARNING: ext/bitmap_allocator/check_new.cc compilation failed to produce executable
FAIL: ext/debug_allocator/check_delete.cc (test for excess errors)
WARNING: ext/debug_allocator/check_delete.cc compilation failed to produce executable
FAIL: ext/debug_allocator/check_new.cc (test for excess errors)
WARNING: ext/debug_allocator/check_new.cc compilation failed to produce executable
FAIL: ext/malloc_allocator/check_delete.cc (test for excess errors)
WARNING: ext/malloc_allocator/check_delete.cc compilation failed to produce executable
FAIL: ext/malloc_allocator/check_new.cc (test for excess errors)
WARNING: ext/malloc_allocator/check_new.cc compilation failed to produce executable
FAIL: ext/malloc_allocator/deallocate_global.cc (test for excess errors)
WARNING: ext/malloc_allocator/deallocate_global.cc compilation failed to produce executable
FAIL: ext/malloc_allocator/deallocate_local.cc (test for excess errors)
WARNING: ext/malloc_allocator/deallocate_local.cc compilation failed to produce executable
FAIL: ext/mt_allocator/check_delete.cc (test for excess errors)
WARNING: ext/mt_allocator/check_delete.cc compilation failed to produce executable
FAIL: ext/mt_allocator/check_new.cc (test for excess errors)
WARNING: ext/mt_allocator/check_new.cc compilation failed to produce executable
FAIL: ext/new_allocator/check_delete.cc (test for excess errors)
WARNING: ext/new_allocator/check_delete.cc compilation failed to produce executable
FAIL: ext/new_allocator/check_new.cc (test for excess errors)
WARNING: ext/new_allocator/check_new.cc compilation failed to produce executable
FAIL: ext/new_allocator/deallocate_global.cc (test for excess errors)
WARNING: ext/new_allocator/deallocate_global.cc compilation failed to produce executable
FAIL: ext/new_allocator/deallocate_local.cc (test for excess errors)
WARNING: ext/new_allocator/deallocate_local.cc compilation failed to produce executable
FAIL: ext/pool_allocator/check_delete.cc (test for excess errors)
WARNING: ext/pool_allocator/check_delete.cc compilation failed to produce executable
FAIL: ext/pool_allocator/check_new.cc (test for excess errors)
WARNING: ext/pool_allocator/check_new.cc compilation failed to produce executable
=== libstdc++ Summary ===
# of expected passes 6038
# of unexpected failures 21
# of expected failures 83
# of unsupported tests 412
=== g++ tests ===
Running target unix
FAIL: g++.dg/ext/cleanup-10.C execution test
FAIL: g++.dg/ext/cleanup-11.C execution test
FAIL: g++.dg/ext/cleanup-8.C execution test
FAIL: g++.dg/ext/cleanup-9.C execution test
FAIL: g++.dg/ipa/iinline-1.C scan-ipa-dump inline "String::funcOne[^\\n]*inline copy in int main"
FAIL: g++.dg/template/cond5.C (internal compiler error)
FAIL: g++.dg/template/cond5.C (test for excess errors)
FAIL: g++.dg/tree-ssa/ehcleanup-1.C scan-tree-dump-times ehcleanup1 "Empty EH handler" 1
FAIL: g++.dg/tree-ssa/new1.C scan-tree-dump-not forwprop1 "= .* \\+ -"
FAIL: g++.old-deja/g++.law/profile1.C (test for excess errors)
WARNING: g++.old-deja/g++.law/profile1.C compilation failed to produce executable
=== g++ Summary ===
# of expected passes 19641
# of unexpected failures 10
# of expected failures 148
# of unsupported tests 152
/home/dave/gnu/gcc/objdir/gcc/testsuite/g++/../../g++ version 4.5.0 20090625 (experimental) [trunk revision 148947] (GCC)
=== gcc tests ===
Running target unix
WARNING: program timed out.
FAIL: gcc.c-torture/compile/limits-fndefn.c -O3 -g (test for excess errors)
FAIL: gcc.c-torture/compile/limits-structnest.c -O2 (test for excess errors)
FAIL: gcc.c-torture/compile/limits-structnest.c -O3 -fomit-frame-pointer (test for excess errors)
FAIL: gcc.c-torture/compile/limits-structnest.c -O3 -g (test for excess errors)
FAIL: gcc.c-torture/compile/limits-structnest.c -Os (test for excess errors)
FAIL: gcc.dg/20021014-1.c (test for excess errors)
WARNING: gcc.dg/20021014-1.c compilation failed to produce executable
XPASS: gcc.dg/Warray-bounds.c (test for warnings, line 59)
XPASS: gcc.dg/Warray-bounds.c (test for warnings, line 65)
FAIL: gcc.dg/Wshadow-3.c (test for warnings, line 47)
FAIL: gcc.dg/Wshadow-3.c (test for excess errors)
FAIL: gcc.dg/c99-stdint-1.c (test for excess errors)
FAIL: gcc.dg/c99-stdint-7.c (test for excess errors)
FAIL: gcc.dg/cleanup-10.c execution test
FAIL: gcc.dg/cleanup-11.c execution test
FAIL: gcc.dg/cleanup-8.c execution test
FAIL: gcc.dg/cleanup-9.c execution test
FAIL: gcc.dg/nest.c (test for excess errors)
WARNING: gcc.dg/nest.c compilation failed to produce executable
FAIL: gcc.dg/nested-func-4.c (test for excess errors)
WARNING: gcc.dg/nested-func-4.c compilation failed to produce executable
FAIL: gcc.dg/pr32450.c (test for excess errors)
WARNING: gcc.dg/pr32450.c compilation failed to produce executable
FAIL: gcc.dg/pr34989-1.c (internal compiler error)
FAIL: gcc.dg/pr34989-1.c (test for excess errors)
FAIL: gcc.dg/pr36902.c (test for warnings, line 47)
FAIL: gcc.dg/pr36902.c (test for excess errors)
FAIL: gcc.dg/uninit-13.c unconditional (test for warnings, line 8)
FAIL: gcc.dg/uninit-13.c (test for excess errors)
XPASS: gcc.dg/struct/wo_prof_array_through_pointer.c scan-ipa-dump ipa_struct_reorg "Number of structures to transform is 1"
FAIL: gcc.dg/struct/wo_prof_double_malloc.c (internal compiler error)
FAIL: gcc.dg/struct/wo_prof_double_malloc.c (test for excess errors)
WARNING: gcc.dg/struct/wo_prof_double_malloc.c compilation failed to produce executable
FAIL: gcc.dg/tree-prof/bb-reorg.c compilation, -fprofile-use -D_PROFILE_USE
UNRESOLVED: gcc.dg/tree-prof/bb-reorg.c execution, -fprofile-use -D_PROFILE_USE
FAIL: gcc.dg/tree-prof/pr34999.c compilation, -fprofile-use -D_PROFILE_USE
UNRESOLVED: gcc.dg/tree-prof/pr34999.c execution, -fprofile-use -D_PROFILE_USE
FAIL: gcc.dg/vect/vect-35.c scan-tree-dump-times vect "vectorized 2 loops" 1
FAIL: gcc.dg/vect/vect-nest-cycle-3.c scan-tree-dump-times vect "OUTER LOOP VECTORIZED" 1
FAIL: gcc.dg/vect/slp-36.c (internal compiler error)
FAIL: gcc.dg/vect/slp-36.c (test for excess errors)
ERROR: gcc.target/arm/neon-modes-1.c: Unrecognized option type: arm_neon for " dg-add-options 4 arm_neon "
UNRESOLVED: gcc.target/arm/neon-modes-1.c: Unrecognized option type: arm_neon for " dg-add-options 4 arm_neon "
FAIL: gcc.target/arm/neon/polytypes.c (test for excess errors)
FAIL: gcc.target/arm/neon/vget_lowf32.c scan-assembler vmov[ \\t]+[dD][0-9]+, [dD][0-9]+!?([ \\t]+@[a-zA-Z0-9 ]+)?\\n
FAIL: gcc.target/arm/neon/vget_lowp16.c scan-assembler vmov[ \\t]+[dD][0-9]+, [dD][0-9]+!?([ \\t]+@[a-zA-Z0-9 ]+)?\\n
FAIL: gcc.target/arm/neon/vget_lowp8.c scan-assembler vmov[ \\t]+[dD][0-9]+, [dD][0-9]+!?([ \\t]+@[a-zA-Z0-9 ]+)?\\n
FAIL: gcc.target/arm/neon/vget_lows16.c scan-assembler vmov[ \\t]+[dD][0-9]+, [dD][0-9]+!?([ \\t]+@[a-zA-Z0-9 ]+)?\\n
FAIL: gcc.target/arm/neon/vget_lows32.c scan-assembler vmov[ \\t]+[dD][0-9]+, [dD][0-9]+!?([ \\t]+@[a-zA-Z0-9 ]+)?\\n
FAIL: gcc.target/arm/neon/vget_lows64.c scan-assembler vmov[ \\t]+[dD][0-9]+, [dD][0-9]+!?([ \\t]+@[a-zA-Z0-9 ]+)?\\n
FAIL: gcc.target/arm/neon/vget_lows8.c scan-assembler vmov[ \\t]+[dD][0-9]+, [dD][0-9]+!?([ \\t]+@[a-zA-Z0-9 ]+)?\\n
FAIL: gcc.target/arm/neon/vget_lowu16.c scan-assembler vmov[ \\t]+[dD][0-9]+, [dD][0-9]+!?([ \\t]+@[a-zA-Z0-9 ]+)?\\n
FAIL: gcc.target/arm/neon/vget_lowu32.c scan-assembler vmov[ \\t]+[dD][0-9]+, [dD][0-9]+!?([ \\t]+@[a-zA-Z0-9 ]+)?\\n
FAIL: gcc.target/arm/neon/vget_lowu64.c scan-assembler vmov[ \\t]+[dD][0-9]+, [dD][0-9]+!?([ \\t]+@[a-zA-Z0-9 ]+)?\\n
FAIL: gcc.target/arm/neon/vget_lowu8.c scan-assembler vmov[ \\t]+[dD][0-9]+, [dD][0-9]+!?([ \\t]+@[a-zA-Z0-9 ]+)?\\n
=== gcc Summary ===
# of expected passes 56491
# of unexpected failures 43
# of unexpected successes 3
# of expected failures 210
# of unresolved testcases 3
# of unsupported tests 614
/home/dave/gnu/gcc/objdir/gcc/xgcc version 4.5.0 20090625 (experimental) [trunk revision 148947] (GCC)
=== gfortran tests ===
Running target unix
FAIL: gfortran.dg/proc_ptr_result_1.f90 -O2 execution test
FAIL: gfortran.dg/proc_ptr_result_1.f90 -O3 -fomit-frame-pointer execution test
FAIL: gfortran.dg/proc_ptr_result_1.f90 -O3 -fomit-frame-pointer -funroll-loops execution test
FAIL: gfortran.dg/proc_ptr_result_1.f90 -O3 -fomit-frame-pointer -funroll-all-loops -finline-functions execution test
FAIL: gfortran.dg/proc_ptr_result_1.f90 -O3 -g execution test
FAIL: gfortran.dg/proc_ptr_result_1.f90 -Os execution test
FAIL: gfortran.dg/vect/fast-math-pr38968.f90 scan-tree-dump vect "vectorized 1 loops"
=== gfortran Summary ===
# of expected passes 29958
# of unexpected failures 7
# of expected failures 20
# of unsupported tests 262
/home/dave/gnu/gcc/objdir/gcc/testsuite/gfortran/../../gfortran version 4.5.0 20090625 (experimental) [trunk revision 148947] (GCC)
Compiler version: 4.5.0 20090625 (experimental) [trunk revision 148947] (GCC)
Platform: armv5tejl-unknown-linux-gnueabi
configure flags: --host=armv5tejl-unknown-linux-gnueabi --target=armv5tejl-unknown-linux-gnueabi --build=armv5tejl-unknown-linux-gnueabi --enable-languages=c,c++,fortran --enable-shared --enable-threads --disable-multilib --disable-libmudflap --disable-libssp --enable-symvers=gnu --enable-__cxa_atexit --disable-libstdcxx-pch --prefix=/home/dave/opt/gnu/gcc/gcc-4.5.0 --with-gmp=/home/dave/opt/gnu