This is the mail archive of the
gcc-testresults@gcc.gnu.org
mailing list for the GCC project.
Results for 4.3.3 (GCC) testsuite on i386-pc-solaris2.10
- From: Jonathan Blanchard <BlanchardJ at ieee dot org>
- To: gcc-testresults at gcc dot gnu dot org
- Date: Sun, 28 Jun 2009 10:40:38 -0300
- Subject: Results for 4.3.3 (GCC) testsuite on i386-pc-solaris2.10
Build info :
----------------------------------------
$ uname -a
SunOS unknown 5.10 Generic_138889-06 i86pc i386 i86pc
$ cat /etc/release
Solaris 10 10/08 s10x_u6wos_07b X86
Copyright 2008 Sun Microsystems, Inc. All Rights Reserved.
Use is subject to license terms.
Assembled 27 October 2008
$ /usr/sfw/bin/gas --version
GNU assembler 2.15
Copyright 2002 Free Software Foundation, Inc.
This program is free software; you may redistribute it under the terms of
the GNU General Public License. This program has absolutely no warranty.
This assembler was configured for a target of `i386-pc-solaris2.10'.
$ /opt/csw/bin/gld --version
GNU ld (GNU Binutils) 2.19.1
Copyright 2007 Free Software Foundation, Inc.
This program is free software; you may redistribute it under the terms of
the GNU General Public License version 3 or (at your option) a later version.
This program has absolutely no warranty.
$ psrinfo -pv
The physical processor has 1 virtual processor (0)
x86 (AuthenticAMD family 16 model 2 step 3 clock 2200 MHz)
AMD Phenom(tm) 9550 Quad-Core Processor
Bootstraped with :
$ /usr/local/bin/gcc -v
Using built-in specs.
Target: i686-pc-solaris2.10
Configured with: ./gcc-4.3.3/configure --build=i686-pc-solaris2.10
--with-gnu-as --with-as=/usr/sfw/bin/gas --without-gnu-ld
--with-ld=/usr/ccs/bin/ld --enable-shared
--enable-languages=c,c++,fortran --prefix=/usr/local
--libdir=/usr/local/lib --with-gmp=/usr/local --with-mpfr=/usr/local
--disable-nls --enable-checking=release --enable-werror=no
--with-as=/usr/sfw/bin/gas --verbose --disable-multilib
--disable-bootstrap : (reconfigured) ./gcc-4.3.3/configure
--build=i686-pc-solaris2.10 --with-gnu-as --with-as=/usr/sfw/bin/gas
--without-gnu-ld --with-ld=/usr/ccs/bin/ld --enable-shared
--enable-languages=c,c++,fortran --prefix=/usr/local
--libdir=/usr/local/lib --with-gmp=/usr/local --with-mpfr=/usr/local
--disable-nls --enable-checking=release --enable-werror=no
--with-as=/usr/sfw/bin/gas --verbose --disable-multilib
--disable-bootstrap
Thread model: posix
gcc version 4.3.3 (GCC)
----------------------------------------
LAST_UPDATED: Obtained from SVN: tags/gcc_4_3_3_release revision 143643
Native configuration is i386-pc-solaris2.10
=== g++ tests ===
Running target unix
FAIL: g++.dg/ext/visibility/fvisibility-inlines-hidden-2.C scan-not-hidden
FAIL: g++.dg/ext/visibility/fvisibility-inlines-hidden-3.C scan-not-hidden
FAIL: g++.dg/ext/visibility/fvisibility-inlines-hidden-3.C scan-not-hidden
FAIL: g++.dg/ext/visibility/fvisibility-override1.C scan-not-hidden
FAIL: g++.dg/ext/visibility/fvisibility-override2.C scan-not-hidden
FAIL: g++.dg/ext/visibility/guard1.C scan-not-hidden
FAIL: g++.dg/ext/visibility/ms-compat-1.C scan-not-hidden
FAIL: g++.dg/ext/visibility/ms-compat-1.C scan-not-hidden
FAIL: g++.dg/ext/visibility/ms-compat-1.C scan-not-hidden
FAIL: g++.dg/ext/visibility/namespace1.C scan-not-hidden
FAIL: g++.dg/ext/visibility/new1.C scan-not-hidden
FAIL: g++.dg/ext/visibility/template1.C scan-not-hidden
FAIL: g++.dg/ext/visibility/template1.C scan-not-hidden
FAIL: g++.dg/ext/visibility/template2.C scan-not-hidden
FAIL: g++.dg/ext/visibility/template2.C scan-not-hidden
FAIL: g++.dg/ext/visibility/template3.C scan-not-hidden
FAIL: g++.dg/ext/visibility/template3.C scan-not-hidden
FAIL: g++.dg/ext/visibility/template4.C scan-not-hidden
FAIL: g++.dg/ext/visibility/template4.C scan-not-hidden
FAIL: g++.dg/ext/visibility/template4.C scan-not-hidden
FAIL: g++.dg/ext/visibility/template4.C scan-not-hidden
FAIL: g++.dg/ext/visibility/template6.C scan-not-hidden
FAIL: g++.dg/ext/visibility/typeinfo1.C scan-not-hidden
FAIL: g++.dg/ext/visibility/typeinfo1.C scan-not-hidden
FAIL: g++.dg/ext/visibility/typeinfo2.C scan-not-hidden
FAIL: g++.dg/ext/visibility/typeinfo3.C scan-not-hidden
FAIL: g++.dg/ext/visibility/typeinfo3.C scan-not-hidden
FAIL: g++.dg/ext/visibility/warn3.C scan-not-hidden
XPASS: g++.dg/other/ucnid-1.C (test for excess errors)
FAIL: g++.old-deja/g++.mike/visibility-1.C scan-not-hidden
XPASS: g++.old-deja/g++.oliva/dwarf2.C (test for excess errors)
XPASS: g++.old-deja/g++.oliva/dwarf3.C (test for excess errors)
XPASS: g++.old-deja/g++.other/init19.C execution test
=== g++ Summary ===
# of expected passes 17613
# of unexpected failures 29
# of unexpected successes 4
# of expected failures 83
# of unsupported tests 121
/build/gcc/gcc/testsuite/g++/../../g++ version 4.3.3 (GCC)
=== gcc tests ===
Running target unix
FAIL: gcc.c-torture/execute/990127-2.c execution, -O2
FAIL: gcc.c-torture/execute/990127-2.c execution, -Os
XPASS: gcc.dg/ucnid-2.c (test for excess errors)
XPASS: gcc.dg/ucnid-3.c (test for excess errors)
XPASS: gcc.dg/ucnid-4.c (test for excess errors)
FAIL: gcc.dg/visibility-d.c scan-not-hidden
FAIL: gcc.dg/visibility-d.c scan-not-hidden
FAIL: gcc.dg/visibility-d.c scan-not-hidden
FAIL: gcc.dg/visibility-d.c scan-not-hidden
FAIL: gcc.dg/visibility-d.c scan-not-hidden
FAIL: gcc.dg/visibility-d.c scan-not-hidden
FAIL: gcc.dg/visibility-d.c scan-not-hidden
FAIL: gcc.dg/visibility-d.c scan-not-hidden
FAIL: gcc.dg/visibility-d.c scan-not-hidden
FAIL: gcc.dg/visibility-d.c scan-not-hidden
FAIL: gcc.dg/visibility-d.c scan-not-hidden
FAIL: gcc.dg/visibility-d.c scan-not-hidden
FAIL: gcc.dg/visibility-d.c scan-not-hidden
FAIL: gcc.dg/visibility-d.c scan-not-hidden
FAIL: gcc.dg/visibility-d.c scan-not-hidden
FAIL: gcc.dg/visibility-d.c scan-not-hidden
FAIL: gcc.dg/visibility-d.c scan-not-hidden
FAIL: gcc.dg/visibility-d.c scan-not-hidden
FAIL: gcc.dg/visibility-d.c scan-not-hidden
FAIL: gcc.dg/visibility-d.c scan-not-hidden
FAIL: gcc.dg/visibility-d.c scan-not-hidden
FAIL: gcc.dg/visibility-d.c scan-not-hidden
FAIL: gcc.dg/visibility-d.c scan-not-hidden
FAIL: gcc.dg/visibility-d.c scan-not-hidden
FAIL: gcc.dg/visibility-d.c scan-not-hidden
FAIL: gcc.dg/visibility-d.c scan-not-hidden
FAIL: gcc.dg/visibility-d.c scan-not-hidden
FAIL: gcc.dg/visibility-d.c scan-not-hidden
FAIL: gcc.dg/visibility-d.c scan-not-hidden
FAIL: gcc.dg/visibility-d.c scan-not-hidden
XPASS: largefile.c -O0 -g (test for excess errors)
FAIL: gcc.dg/pch/largefile.c -O0 -g assembly comparison
XPASS: largefile.c -O0 (test for excess errors)
FAIL: gcc.dg/pch/largefile.c -O0 assembly comparison
XPASS: largefile.c -O1 (test for excess errors)
FAIL: gcc.dg/pch/largefile.c -O1 assembly comparison
XPASS: largefile.c -O2 (test for excess errors)
FAIL: gcc.dg/pch/largefile.c -O2 assembly comparison
XPASS: largefile.c -O3 -fomit-frame-pointer (test for excess errors)
FAIL: gcc.dg/pch/largefile.c -O3 -fomit-frame-pointer assembly comparison
XPASS: largefile.c -O3 -g (test for excess errors)
FAIL: gcc.dg/pch/largefile.c -O3 -g assembly comparison
XPASS: largefile.c -Os (test for excess errors)
FAIL: gcc.dg/pch/largefile.c -Os assembly comparison
FAIL: gcc.target/i386/sse-13.c (test for excess errors)
FAIL: gcc.target/i386/sse-14.c (test for excess errors)
FAIL: gcc.target/i386/sse5-haddX.c (test for excess errors)
WARNING: gcc.target/i386/sse5-haddX.c compilation failed to produce executable
FAIL: gcc.target/i386/sse5-hsubX.c (test for excess errors)
WARNING: gcc.target/i386/sse5-hsubX.c compilation failed to produce executable
=== gcc Summary ===
# of expected passes 48907
# of unexpected failures 43
# of unexpected successes 10
# of expected failures 176
# of untested testcases 35
# of unsupported tests 295
/build/gcc/gcc/xgcc version 4.3.3 (GCC)
=== gfortran tests ===
Running target unix
FAIL: gfortran.dg/array_constructor_23.f -O3 -fomit-frame-pointer
execution test
FAIL: gfortran.dg/array_constructor_23.f -O3 -fomit-frame-pointer
-funroll-loops execution test
FAIL: gfortran.dg/array_constructor_23.f -O3 -fomit-frame-pointer
-funroll-all-loops -finline-functions execution test
FAIL: gfortran.dg/array_constructor_23.f -O3 -g execution test
=== gfortran Summary ===
# of expected passes 25233
# of unexpected failures 4
# of expected failures 3
# of unsupported tests 32
/build/gcc/gcc/testsuite/gfortran/../../gfortran version 4.3.3 (GCC)
=== libgomp tests ===
Running target unix
FAIL: libgomp.c/copyin-1.c execution test
FAIL: libgomp.c/copyin-2.c execution test
FAIL: libgomp.c++/copyin-1.C -O0 execution test
FAIL: libgomp.c++/copyin-1.C -O1 execution test
FAIL: libgomp.c++/copyin-1.C -O2 execution test
FAIL: libgomp.c++/copyin-1.C -O3 -fomit-frame-pointer execution test
FAIL: libgomp.c++/copyin-1.C -O3 -fomit-frame-pointer -funroll-loops
execution test
FAIL: libgomp.c++/copyin-1.C -O3 -fomit-frame-pointer
-funroll-all-loops -finline-functions execution test
FAIL: libgomp.c++/copyin-1.C -O3 -g execution test
FAIL: libgomp.c++/copyin-1.C -Os execution test
FAIL: libgomp.c++/copyin-2.C -O0 execution test
FAIL: libgomp.c++/copyin-2.C -O1 execution test
FAIL: libgomp.c++/copyin-2.C -O2 execution test
FAIL: libgomp.c++/copyin-2.C -O3 -fomit-frame-pointer execution test
FAIL: libgomp.c++/copyin-2.C -O3 -fomit-frame-pointer -funroll-loops
execution test
FAIL: libgomp.c++/copyin-2.C -O3 -fomit-frame-pointer
-funroll-all-loops -finline-functions execution test
FAIL: libgomp.c++/copyin-2.C -O3 -g execution test
FAIL: libgomp.c++/copyin-2.C -Os execution test
=== libgomp Summary ===
# of expected passes 1745
# of unexpected failures 18
=== libstdc++ tests ===
Running target unix
FAIL: ext/enc_filebuf/char/13598.cc execution test
=== libstdc++ Summary ===
# of expected passes 4877
# of unexpected failures 1
# of expected failures 61
# of unsupported tests 361
Compiler version: 4.3.3 (GCC)
Platform: i386-pc-solaris2.10
configure flags: --with-gnu-as --with-as=/opt/csw/bin/gas
--with-gnu-ld --with-ld=/opt/csw/bin/gld --enable-shared
--enable-languages=c,c++,fortran --prefix=/usr/local/gcctest
--libdir=/usr/local/lib --with-gmp=/usr/local --with-mpfr=/usr/local
--disable-nls --enable-checking=release --enable-werror=no --verbose
--enable-multilib --enable-bootstrap