This is the mail archive of the
gcc-testresults@gcc.gnu.org
mailing list for the GCC project.
Results for 4.3.3 (GCC) testsuite on sparc-sun-solaris2.8
- From: Dennis Clarke <dclarke at blastwave dot org>
- To: gcc-testresults at gcc dot gnu dot org
- Date: Sun, 21 Jun 2009 14:25:18 -0400 (EDT)
- Subject: Results for 4.3.3 (GCC) testsuite on sparc-sun-solaris2.8
- Reply-to: dclarke at blastwave dot org
Build System :
----------------------------------------------------------------------------
$ uname -a
SunOS mimas 5.8 Generic_117350-61 sun4u sparc SUNW,UltraAX-i2 Solaris
$ cat /etc/release
Solaris 8 2/04 s28s_hw4wos_05a SPARC
Copyright 2004 Sun Microsystems, Inc. All Rights Reserved.
Assembled 08 January 2004
$ psrinfo -pv
The UltraSPARC-IIe physical processor has 1 virtual processor (0)
$ psrinfo -v
Status of virtual processor 0 as of: 06/21/09 17:48:34
on-line since 03/25/09 18:28:25.
The sparcv9 processor operates at 500 MHz,
and has a sparcv9 floating point processor.
$ /opt/studio/SOS11/SUNWspro/bin/fpversion
A SPARC-based CPU is available.
Kernel says CPU's clock rate is 500.0 MHz.
Kernel says main memory's clock rate is 100.0 MHz.
Sun-4 floating-point controller version 0 found.
An UltraSPARC chip is available.
Use "-xtarget=ultra2e -xcache=16/32/1:256/64/1" code-generation option.
Hostid = 0x8305CF1A.
----------------------------------------------------------------------------
Build tools:
ASSEMBLER:
as and ld from GNU Binutils 2.19.1 thus :
bash-4.0$ pkginfo -l CSWbinutils
PKGINST: CSWbinutils
NAME: binutils - GNU binary utilities such as gar, gas, gld, gnm
and others
CATEGORY: application
ARCH: sparc
VERSION: 2.19.1,REV=2009.02.21
BASEDIR: /opt/csw
VENDOR: http://ftp.gnu.org/pub/gnu/binutils/ packaged for CSW by
Dennis Clarke
DESC: CSWbinutils - GNU binary utilities such as gar, gas, gld, gnm
and others
PSTAMP: mimas20090221031415
$ which gas
/opt/csw/bin/gas
$ ls -l /opt/csw/bin/gas
lrwxrwxrwx 1 root other 30 May 30 20:32 /opt/csw/bin/gas ->
../sparc-sun-solaris2.8/bin/as
$ /opt/csw/bin/gas --version
GNU assembler (GNU Binutils) 2.19.1
$ /opt/csw/bin/gld --version
GNU ld (GNU Binutils) 2.19.1
$ /opt/csw/bin/autoconf --version
autoconf (GNU Autoconf) 2.63
$ /opt/csw/bin/automake --version
automake (GNU automake) 1.10.2
$ /opt/csw/bin/bison --version
bison (GNU Bison) 2.4.1
$ /opt/csw/bin/gettext --version
gettext (GNU gettext-runtime) 0.17
$ /opt/csw/bin/gawk --version
GNU Awk 3.1.5
$ /opt/csw/bin/iconv --version
iconv (GNU libiconv 1.13)
$ /opt/csw/bin/m4 --version
m4 (GNU M4) 1.4.13
$ /opt/csw/bin/gsed --version
GNU sed version 4.2
$ /opt/csw/bin/perl --version
This is perl, v5.10.0 built for sun4-solaris-thread-multi-64
Bootstrapped with :
GNU C (GCC) version 4.3.3 (sparc-sun-solaris2.8)
compiled by GNU C version 4.3.3, GMP version 4.3.1, MPFR version 2.4.1.
CONFIGURE Line :
--with-gnu-as --with-as=/opt/csw/bin/gas
--with-gnu-ld --with-ld=/opt/csw/bin/gld
--with-cpu=v7 --enable-threads=posix --enable-nls
--prefix=/opt/csw/gcc4 --with-local-prefix=/opt/csw
--enable-shared --enable-multilib --with-included-gettext
--with-libiconv-prefix=/opt/csw --with-system-zlib
--with-gmp=/opt/csw --with-mpfr=/opt/csw
--enable-languages=c,c++,fortran,objc,ada --enable-bootstrap
bash-4.0$
bash-4.0$ ../gcc-4.3.3/contrib/test_summary
cat <<'EOF' |
LAST_UPDATED: Obtained from SVN: tags/gcc_4_3_3_release revision 143643
=== acats tests ===
=== acats Summary ===
# of expected passes 2315
# of unexpected failures 0
Native configuration is sparc-sun-solaris2.8
=== g++ tests ===
Running target unix
FAIL: g++.dg/opt/anchor1.C execution test
XPASS: g++.dg/other/ucnid-1.C (test for excess errors)
XPASS: g++.old-deja/g++.other/init19.C execution test
=== g++ Summary ===
# of expected passes 17494
# of unexpected failures 1
# of unexpected successes 2
# of expected failures 84
# of unsupported tests 170
/opt/build/dclarke/GCC/gcc-4.3.3-release-try3/gcc/testsuite/g++/../../g++
version 4.3.3 (GCC)
=== gcc tests ===
Running target unix
WARNING: program timed out.
FAIL: gcc.dg/pr28796-2.c execution test
FAIL: gcc.dg/pthread-init-1.c (test for excess errors)
FAIL: gcc.dg/pthread-init-2.c (test for excess errors)
XPASS: gcc.dg/ucnid-2.c (test for excess errors)
XPASS: gcc.dg/ucnid-3.c (test for excess errors)
XPASS: gcc.dg/ucnid-4.c (test for excess errors)
FAIL: gcc.dg/vect/pr33804.c scan-tree-dump-times vect "vectorized 1 loops" 1
FAIL: gcc.dg/vect/pr33804.c scan-tree-dump-times vect "vectorizing stmts
using SLP" 1
FAIL: gcc.dg/vect/vect-35.c scan-tree-dump-times vect "vectorized 1 loops" 1
FAIL: gcc.dg/vect/vect-iv-6.c scan-tree-dump-times vect "vectorized 1
loops" 1
FAIL: gcc.dg/vect/vect-multitypes-5.c scan-tree-dump-times vect
"vectorized 1 loops" 1
FAIL: gcc.dg/vect/vect-multitypes-6.c scan-tree-dump-times vect
"vectorized 1 loops" 1
FAIL: gcc.dg/vect/vect-outer-5.c scan-tree-dump-times vect "OUTER LOOP
VECTORIZED" 1
FAIL: gcc.dg/vect/vect-outer-5.c scan-tree-dump-times vect "zero step in
outer loop." 1
FAIL: gcc.dg/vect/vect-outer-6.c scan-tree-dump-times vect "OUTER LOOP
VECTORIZED" 1
FAIL: gcc.dg/vect/vect-outer-6.c scan-tree-dump-times vect "zero step in
outer loop." 1
FAIL: gcc.dg/vect/vect-vfa-slp.c scan-tree-dump-times vect "vectorized 1
loops" 1
FAIL: gcc.dg/vect/slp-15.c scan-tree-dump-times vect "vectorizing stmts
using SLP" 2
FAIL: gcc.dg/vect/slp-25.c scan-tree-dump-times vect "Alignment of access
forced using peeling" 2
FAIL: gcc.dg/vect/slp-3.c scan-tree-dump-times vect "vectorized 3 loops" 1
FAIL: gcc.dg/vect/slp-3.c scan-tree-dump-times vect "vectorizing stmts
using SLP" 3
FAIL: gcc.dg/vect/no-vfa-pr29145.c scan-tree-dump-times vect "vectorized 0
loops" 2
FAIL: gcc.dg/vect/no-vfa-pr29145.c scan-tree-dump-times vect "vectorized 1
loops" 1
FAIL: gcc.dg/vect/no-vfa-vect-depend-1.c scan-tree-dump-times vect
"vectorized 1 loops" 1
=== gcc Summary ===
# of expected passes 47079
# of unexpected failures 21
# of unexpected successes 3
# of expected failures 192
# of untested testcases 35
# of unsupported tests 511
/opt/build/dclarke/GCC/gcc-4.3.3-release-try3/gcc/xgcc version 4.3.3 (GCC)
=== gfortran tests ===
Running target unix
FAIL: gfortran.dg/nint_2.f90 -O0 (test for excess errors)
WARNING: gfortran.dg/nint_2.f90 -O0 compilation failed to produce
executable
FAIL: gfortran.dg/pr32533.f90 -O0 (test for excess errors)
WARNING: gfortran.dg/pr32533.f90 -O0 compilation failed to produce
executable
FAIL: gfortran.dg/pr32533.f90 -O1 (test for excess errors)
WARNING: gfortran.dg/pr32533.f90 -O1 compilation failed to produce
executable
FAIL: gfortran.dg/pr32533.f90 -O2 (test for excess errors)
WARNING: gfortran.dg/pr32533.f90 -O2 compilation failed to produce
executable
FAIL: gfortran.dg/pr32533.f90 -O3 -fomit-frame-pointer (test for excess
errors)
WARNING: gfortran.dg/pr32533.f90 -O3 -fomit-frame-pointer compilation
failed to produce executable
FAIL: gfortran.dg/pr32533.f90 -O3 -fomit-frame-pointer -funroll-loops
(test for excess errors)
WARNING: gfortran.dg/pr32533.f90 -O3 -fomit-frame-pointer -funroll-loops
compilation failed to produce executable
FAIL: gfortran.dg/pr32533.f90 -O3 -fomit-frame-pointer -funroll-all-loops
-finline-functions (test for excess errors)
WARNING: gfortran.dg/pr32533.f90 -O3 -fomit-frame-pointer
-funroll-all-loops -finline-functions compilation failed to produce
executable
FAIL: gfortran.dg/pr32533.f90 -O3 -g (test for excess errors)
WARNING: gfortran.dg/pr32533.f90 -O3 -g compilation failed to produce
executable
FAIL: gfortran.dg/pr32533.f90 -Os (test for excess errors)
WARNING: gfortran.dg/pr32533.f90 -Os compilation failed to produce
executable
FAIL: gfortran.dg/g77/20010430.f -O0 (test for excess errors)
WARNING: gfortran.dg/g77/20010430.f -O0 compilation failed to produce
executable
FAIL: gfortran.dg/g77/20010430.f -O1 (test for excess errors)
WARNING: gfortran.dg/g77/20010430.f -O1 compilation failed to produce
executable
FAIL: gfortran.dg/g77/20010430.f -O2 (test for excess errors)
WARNING: gfortran.dg/g77/20010430.f -O2 compilation failed to produce
executable
FAIL: gfortran.dg/g77/20010430.f -Os (test for excess errors)
WARNING: gfortran.dg/g77/20010430.f -Os compilation failed to produce
executable
FAIL: gfortran.fortran-torture/execute/intrinsic_integer.f90 compilation,
-O0
FAIL: gfortran.fortran-torture/execute/intrinsic_integer.f90 compilation,
-O1
FAIL: gfortran.fortran-torture/execute/intrinsic_integer.f90 compilation,
-O2
FAIL: gfortran.fortran-torture/execute/intrinsic_integer.f90 compilation,
-O2 -fbounds-check
FAIL: gfortran.fortran-torture/execute/intrinsic_integer.f90 compilation,
-Os
FAIL: gfortran.fortran-torture/execute/intrinsic_integer.f90 compilation,
-O2 -ftree-vectorize -mcpu=ultrasparc -mvis
FAIL: gfortran.fortran-torture/execute/iolength_1.f90 compilation, -O0
FAIL: gfortran.fortran-torture/execute/iolength_1.f90 compilation, -O1
FAIL: gfortran.fortran-torture/execute/iolength_1.f90 compilation, -O2
FAIL: gfortran.fortran-torture/execute/iolength_1.f90 compilation, -O2
-fomit-frame-pointer -finline-functions
FAIL: gfortran.fortran-torture/execute/iolength_1.f90 compilation, -O2
-fomit-frame-pointer -finline-functions -funroll-loops
FAIL: gfortran.fortran-torture/execute/iolength_1.f90 compilation, -O2
-fbounds-check
FAIL: gfortran.fortran-torture/execute/iolength_1.f90 compilation, -O3 -g
FAIL: gfortran.fortran-torture/execute/iolength_1.f90 compilation, -Os
FAIL: gfortran.fortran-torture/execute/iolength_1.f90 compilation, -O2
-ftree-vectorize -mcpu=ultrasparc -mvis
=== gfortran Summary ===
# of expected passes 24846
# of unexpected failures 28
# of expected failures 5
# of untested testcases 15
# of unsupported tests 171
/opt/build/dclarke/GCC/gcc-4.3.3-release-try3/gcc/testsuite/gfortran/../../gfortran
version 4.3.3 (GCC)
=== gnat tests ===
Running target unix
=== gnat Summary ===
# of expected passes 375
# of expected failures 1
=== objc tests ===
Running target unix
=== objc Summary ===
# of expected passes 1812
# of expected failures 7
# of unsupported tests 24
/opt/build/dclarke/GCC/gcc-4.3.3-release-try3/gcc/xgcc version 4.3.3 (GCC)
=== libgomp tests ===
Running target unix
FAIL: libgomp.fortran/omp_parse1.f90 -O0 execution test
FAIL: libgomp.fortran/omp_parse1.f90 -O1 execution test
FAIL: libgomp.fortran/omp_parse1.f90 -O2 execution test
FAIL: libgomp.fortran/omp_parse1.f90 -O3 -fomit-frame-pointer execution
test
FAIL: libgomp.fortran/omp_parse1.f90 -O3 -fomit-frame-pointer
-funroll-loops execution test
FAIL: libgomp.fortran/omp_parse1.f90 -O3 -fomit-frame-pointer
-funroll-all-loops -finline-functions execution test
FAIL: libgomp.fortran/omp_parse1.f90 -O3 -g execution test
FAIL: libgomp.fortran/omp_parse1.f90 -Os execution test
=== libgomp Summary ===
# of expected passes 1741
# of unexpected failures 8
# of unsupported tests 7
=== libstdc++ tests ===
Running target unix
=== libstdc++ Summary ===
# of expected passes 4878
# of expected failures 61
# of unsupported tests 361
Compiler version: 4.3.3 (GCC)
Platform: sparc-sun-solaris2.8
configure flags: --with-gnu-as --with-as=/opt/csw/bin/gas --with-gnu-ld
--with-ld=/opt/csw/bin/gld --with-cpu=v7 --enable-threads=posix
--enable-nls --prefix=/opt/csw/gcc4 --with-local-prefix=/opt/csw
--enable-shared --enable-multilib --with-included-gettext
--with-libiconv-prefix=/opt/csw --with-system-zlib --with-gmp=/opt/csw
--with-mpfr=/opt/csw --enable-languages=c,c++,fortran,objc,ada
--enable-bootstrap
EOF
Mail -s "Results for 4.3.3 (GCC) testsuite on sparc-sun-solaris2.8"
gcc-testresults@gcc.gnu.org &&
mv
/opt/build/dclarke/GCC/gcc-4.3.3-release-try3/./gcc/testsuite/ada/acats/acats.sum
/opt/build/dclarke/GCC/gcc-4.3.3-release-try3/./gcc/testsuite/ada/acats/acats.sum.sent
&&
mv
/opt/build/dclarke/GCC/gcc-4.3.3-release-try3/./gcc/testsuite/g++/g++.sum
/opt/build/dclarke/GCC/gcc-4.3.3-release-try3/./gcc/testsuite/g++/g++.sum.sent
&&
mv
/opt/build/dclarke/GCC/gcc-4.3.3-release-try3/./gcc/testsuite/gcc/gcc.sum
/opt/build/dclarke/GCC/gcc-4.3.3-release-try3/./gcc/testsuite/gcc/gcc.sum.sent
&&
mv
/opt/build/dclarke/GCC/gcc-4.3.3-release-try3/./gcc/testsuite/gfortran/gfortran.sum
/opt/build/dclarke/GCC/gcc-4.3.3-release-try3/./gcc/testsuite/gfortran/gfortran.sum.sent
&&
mv
/opt/build/dclarke/GCC/gcc-4.3.3-release-try3/./gcc/testsuite/gnat/gnat.sum
/opt/build/dclarke/GCC/gcc-4.3.3-release-try3/./gcc/testsuite/gnat/gnat.sum.sent
&&
mv
/opt/build/dclarke/GCC/gcc-4.3.3-release-try3/./gcc/testsuite/objc/objc.sum
/opt/build/dclarke/GCC/gcc-4.3.3-release-try3/./gcc/testsuite/objc/objc.sum.sent
&&
mv
/opt/build/dclarke/GCC/gcc-4.3.3-release-try3/./sparc-sun-solaris2.8/libgomp/testsuite/libgomp.sum
/opt/build/dclarke/GCC/gcc-4.3.3-release-try3/./sparc-sun-solaris2.8/libgomp/testsuite/libgomp.sum.sent
&&
mv
/opt/build/dclarke/GCC/gcc-4.3.3-release-try3/./sparc-sun-solaris2.8/libstdc++-v3/testsuite/libstdc++.sum
/opt/build/dclarke/GCC/gcc-4.3.3-release-try3/./sparc-sun-solaris2.8/libstdc++-v3/testsuite/libstdc++.sum.sent
&&
mv
/opt/build/dclarke/GCC/gcc-4.3.3-release-try3/./gcc/testsuite/ada/acats/acats.log
/opt/build/dclarke/GCC/gcc-4.3.3-release-try3/./gcc/testsuite/ada/acats/acats.log.sent
&&
mv
/opt/build/dclarke/GCC/gcc-4.3.3-release-try3/./gcc/testsuite/g++/g++.log
/opt/build/dclarke/GCC/gcc-4.3.3-release-try3/./gcc/testsuite/g++/g++.log.sent
&&
mv
/opt/build/dclarke/GCC/gcc-4.3.3-release-try3/./gcc/testsuite/gcc/gcc.log
/opt/build/dclarke/GCC/gcc-4.3.3-release-try3/./gcc/testsuite/gcc/gcc.log.sent
&&
mv
/opt/build/dclarke/GCC/gcc-4.3.3-release-try3/./gcc/testsuite/gfortran/gfortran.log
/opt/build/dclarke/GCC/gcc-4.3.3-release-try3/./gcc/testsuite/gfortran/gfortran.log.sent
&&
mv
/opt/build/dclarke/GCC/gcc-4.3.3-release-try3/./gcc/testsuite/gnat/gnat.log
/opt/build/dclarke/GCC/gcc-4.3.3-release-try3/./gcc/testsuite/gnat/gnat.log.sent
&&
mv
/opt/build/dclarke/GCC/gcc-4.3.3-release-try3/./gcc/testsuite/objc/objc.log
/opt/build/dclarke/GCC/gcc-4.3.3-release-try3/./gcc/testsuite/objc/objc.log.sent
&&
mv
/opt/build/dclarke/GCC/gcc-4.3.3-release-try3/./sparc-sun-solaris2.8/libgomp/testsuite/libgomp.log
/opt/build/dclarke/GCC/gcc-4.3.3-release-try3/./sparc-sun-solaris2.8/libgomp/testsuite/libgomp.log.sent
&&
mv
/opt/build/dclarke/GCC/gcc-4.3.3-release-try3/./sparc-sun-solaris2.8/libstdc++-v3/testsuite/libstdc++.log
/opt/build/dclarke/GCC/gcc-4.3.3-release-try3/./sparc-sun-solaris2.8/libstdc++-v3/testsuite/libstdc++.log.sent
&&
true
# date -u
Sun Jun 21 18:31:17 GMT 2009
--
Dennis Clarke
http://www.blastwave.org/