This is the mail archive of the
gcc-testresults@gcc.gnu.org
mailing list for the GCC project.
Results for 4.5.0 20090621 (experimental) (GCC) testsuite on ia64-hp-hpux11.23
- From: Steve Ellcey <sje at cup dot hp dot com>
- To: gcc-testresults at gcc dot gnu dot org
- Date: Sun, 21 Jun 2009 04:50:54 -0700 (PDT)
- Subject: Results for 4.5.0 20090621 (experimental) (GCC) testsuite on ia64-hp-hpux11.23
Native configuration is ia64-hp-hpux11.23
=== g++ tests ===
Running target unix/-milp32
=== g++ Summary for unix/-milp32 ===
# of expected passes 18793
# of expected failures 154
# of unsupported tests 195
Running target unix/-mlp64
=== g++ Summary for unix/-mlp64 ===
# of expected passes 18754
# of expected failures 154
# of unsupported tests 196
=== g++ Summary ===
# of expected passes 37547
# of expected failures 308
# of unsupported tests 391
/proj/opensrc_nobackup/nightly2/build-ia64-hp-hpux11.23-trunk/obj_gcc/gcc/testsuite/g++/../../g++ version 4.5.0 20090621 (experimental) (GCC)
=== gcc tests ===
Running target unix/-milp32
FAIL: gcc.c-torture/execute/20090618-1.c compilation, -O0
UNRESOLVED: gcc.c-torture/execute/20090618-1.c execution, -O0
XPASS: gcc.dg/Warray-bounds.c (test for warnings, line 59)
XPASS: gcc.dg/Warray-bounds.c (test for warnings, line 65)
FAIL: gcc.dg/Wshadow-3.c (test for warnings, line 47)
FAIL: gcc.dg/Wshadow-3.c (test for excess errors)
FAIL: gcc.dg/builtin-apply4.c execution test
FAIL: gcc.dg/builtin-unreachable-3.c (internal compiler error)
FAIL: gcc.dg/builtin-unreachable-3.c (test for excess errors)
FAIL: gcc.dg/pr34989-1.c (internal compiler error)
FAIL: gcc.dg/pr34989-1.c (test for excess errors)
FAIL: gcc.dg/pr36902.c (test for warnings, line 47)
FAIL: gcc.dg/pr36902.c (test for excess errors)
FAIL: gcc.dg/pr37106-1.c (internal compiler error)
FAIL: gcc.dg/pr37106-1.c (test for excess errors)
FAIL: gcc.dg/plugin/one_time-test-1.c -fplugin=./one_time_plugin.so (internal compiler error)
FAIL: gcc.dg/plugin/one_time-test-1.c -fplugin=./one_time_plugin.so (test for excess errors)
XPASS: gcc.dg/struct/wo_prof_array_through_pointer.c scan-ipa-dump ipa_struct_reorg "Number of structures to transform is 1"
FAIL: gcc.dg/struct/wo_prof_double_malloc.c (internal compiler error)
FAIL: gcc.dg/struct/wo_prof_double_malloc.c (test for excess errors)
WARNING: gcc.dg/struct/wo_prof_double_malloc.c compilation failed to produce executable
FAIL: gcc.dg/torture/pr26565.c -O1 execution test
FAIL: gcc.dg/torture/pr26565.c -O2 execution test
FAIL: gcc.dg/torture/pr26565.c -O3 -fomit-frame-pointer execution test
FAIL: gcc.dg/torture/pr26565.c -O3 -g execution test
FAIL: gcc.dg/torture/pr26565.c -Os execution test
FAIL: gcc.dg/vect/vect-nest-cycle-1.c scan-tree-dump-times vect "OUTER LOOP VECTORIZED" 1
FAIL: gcc.dg/vect/vect-nest-cycle-2.c scan-tree-dump-times vect "OUTER LOOP VECTORIZED" 1
=== gcc Summary for unix/-milp32 ===
# of expected passes 50573
# of unexpected successes 3
# of unexpected failures 23
# of expected failures 211
# of unresolved testcases 1
# of unsupported tests 671
Running target unix/-mlp64
FAIL: gcc.c-torture/execute/20090618-1.c compilation, -O0
UNRESOLVED: gcc.c-torture/execute/20090618-1.c execution, -O0
XPASS: gcc.dg/Warray-bounds.c (test for warnings, line 59)
XPASS: gcc.dg/Warray-bounds.c (test for warnings, line 65)
FAIL: gcc.dg/Wshadow-3.c (test for warnings, line 47)
FAIL: gcc.dg/Wshadow-3.c (test for excess errors)
FAIL: gcc.dg/builtin-apply4.c execution test
FAIL: gcc.dg/builtin-unreachable-3.c (internal compiler error)
FAIL: gcc.dg/builtin-unreachable-3.c (test for excess errors)
FAIL: gcc.dg/pr34989-1.c (internal compiler error)
FAIL: gcc.dg/pr34989-1.c (test for excess errors)
FAIL: gcc.dg/pr36902.c (test for warnings, line 47)
FAIL: gcc.dg/pr36902.c (test for excess errors)
FAIL: gcc.dg/pr37106-1.c (internal compiler error)
FAIL: gcc.dg/pr37106-1.c (test for excess errors)
FAIL: gcc.dg/plugin/one_time-test-1.c -fplugin=./one_time_plugin.so (internal compiler error)
FAIL: gcc.dg/plugin/one_time-test-1.c -fplugin=./one_time_plugin.so (test for excess errors)
XPASS: gcc.dg/struct/wo_prof_array_through_pointer.c scan-ipa-dump ipa_struct_reorg "Number of structures to transform is 1"
FAIL: gcc.dg/struct/wo_prof_double_malloc.c (internal compiler error)
FAIL: gcc.dg/struct/wo_prof_double_malloc.c (test for excess errors)
WARNING: gcc.dg/struct/wo_prof_double_malloc.c compilation failed to produce executable
FAIL: gcc.dg/torture/pr26565.c -O1 execution test
FAIL: gcc.dg/torture/pr26565.c -O2 execution test
FAIL: gcc.dg/torture/pr26565.c -O3 -fomit-frame-pointer execution test
FAIL: gcc.dg/torture/pr26565.c -O3 -g execution test
FAIL: gcc.dg/torture/pr26565.c -Os execution test
FAIL: gcc.dg/tree-ssa/loop-31.c scan-tree-dump-times optimized " \\+ 2" 1
FAIL: gcc.dg/vect/vect-nest-cycle-1.c scan-tree-dump-times vect "OUTER LOOP VECTORIZED" 1
FAIL: gcc.dg/vect/vect-nest-cycle-2.c scan-tree-dump-times vect "OUTER LOOP VECTORIZED" 1
=== gcc Summary for unix/-mlp64 ===
# of expected passes 50587
# of unexpected successes 3
# of unexpected failures 24
# of expected failures 212
# of unresolved testcases 1
# of unsupported tests 661
=== gcc Summary ===
# of expected passes 101160
# of unexpected failures 47
# of unexpected successes 6
# of expected failures 423
# of unresolved testcases 2
# of unsupported tests 1332
/proj/opensrc_nobackup/nightly2/build-ia64-hp-hpux11.23-trunk/obj_gcc/gcc/xgcc version 4.5.0 20090621 (experimental) (GCC)
=== gfortran tests ===
Running target unix/-milp32
WARNING: program timed out.
FAIL: gfortran.dg/vect/fast-math-pr38968.f90 execution test
=== gfortran Summary for unix/-milp32 ===
# of expected passes 30850
# of unexpected failures 1
# of expected failures 21
# of unsupported tests 43
Running target unix/-mlp64
WARNING: program timed out.
FAIL: gfortran.dg/vect/fast-math-pr38968.f90 execution test
=== gfortran Summary for unix/-mlp64 ===
# of expected passes 30850
# of unexpected failures 1
# of expected failures 21
# of unsupported tests 43
=== gfortran Summary ===
# of expected passes 61700
# of unexpected failures 2
# of expected failures 42
# of unsupported tests 86
/proj/opensrc_nobackup/nightly2/build-ia64-hp-hpux11.23-trunk/obj_gcc/gcc/testsuite/gfortran/../../gfortran version 4.5.0 20090621 (experimental) (GCC)
=== libgomp tests ===
Running target unix/-mlp64
=== libgomp Summary for unix/-mlp64 ===
# of expected passes 2404
# of unsupported tests 2
Running target unix/-milp32
=== libgomp Summary for unix/-milp32 ===
# of expected passes 2404
# of unsupported tests 2
=== libgomp Summary ===
# of expected passes 4808
# of unsupported tests 4
=== libstdc++ tests ===
Running target unix/-milp32
XPASS: 22_locale/collate/hash/char/1.cc (test for excess errors)
XPASS: 22_locale/collate/requirements/base_classes.cc (test for excess errors)
XPASS: 22_locale/collate/transform/wchar_t/28277.cc (test for excess errors)
XPASS: 22_locale/collate_byname/requirements/base_classes.cc (test for excess errors)
FAIL: 27_io/objects/wchar_t/7.cc execution test
FAIL: 27_io/objects/wchar_t/9661-1.cc execution test
FAIL: ext/codecvt/wchar_t.cc execution test
FAIL: ext/new_allocator/deallocate_global.cc execution test
FAIL: ext/throw_allocator/deallocate_global.cc execution test
WARNING: program timed out.
WARNING: program timed out.
=== libstdc++ Summary for unix/-milp32 ===
# of expected passes 5678
# of unexpected successes 4
# of unexpected failures 5
# of expected failures 73
# of unsupported tests 559
Running target unix/-mlp64
XPASS: 22_locale/collate/hash/char/1.cc (test for excess errors)
XPASS: 22_locale/collate/requirements/base_classes.cc (test for excess errors)
XPASS: 22_locale/collate/transform/wchar_t/28277.cc (test for excess errors)
XPASS: 22_locale/collate_byname/requirements/base_classes.cc (test for excess errors)
FAIL: 27_io/objects/wchar_t/7.cc execution test
FAIL: 27_io/objects/wchar_t/9661-1.cc execution test
FAIL: ext/codecvt/wchar_t.cc execution test
FAIL: ext/new_allocator/deallocate_global.cc execution test
FAIL: ext/throw_allocator/deallocate_global.cc execution test
WARNING: program timed out.
WARNING: program timed out.
=== libstdc++ Summary for unix/-mlp64 ===
# of expected passes 5745
# of unexpected successes 4
# of unexpected failures 5
# of expected failures 79
# of unsupported tests 524
=== libstdc++ Summary ===
# of expected passes 11423
# of unexpected failures 10
# of unexpected successes 8
# of expected failures 152
# of unsupported tests 1083
=== libstdc++ Summary ===
Compiler version: 4.5.0 20090621 (experimental) (GCC)
Platform: ia64-hp-hpux11.23
configure flags: --host=ia64-hp-hpux11.23 --build=ia64-hp-hpux11.23 --prefix=/proj/opensrc/nightly2/gcc-ia64-hp-hpux11.23-trunk --with-local-prefix=/proj/opensrc/nightly2/gcc-ia64-hp-hpux11.23-trunk --disable-nls --with-gmp=/proj/opensrc/be/ia64-hp-hpux11.23 --with-mpfr=/proj/opensrc/be/ia64-hp-hpux11.23 --enable-libunwind-exceptions --enable-languages=c,c++,fortran