This is the mail archive of the
gcc-testresults@gcc.gnu.org
mailing list for the GCC project.
Results for 4.5.0 20090620 (experimental) [trunk revision 148747] (GCC) testsuite on ia64-unknown-linux-gnu
- From: "Laurent GUERBY gcc60" <guerby at Babe dot esiee dot fr>
- To: gcc-testresults at gcc dot gnu dot org
- Date: Sun, 21 Jun 2009 03:16:03 +0200
- Subject: Results for 4.5.0 20090620 (experimental) [trunk revision 148747] (GCC) testsuite on ia64-unknown-linux-gnu
LAST_UPDATED: Sat Jun 20 15:50:24 UTC 2009 (revision 148747)
=== acats tests ===
=== acats Summary ===
# of expected passes 2315
# of unexpected failures 0
Native configuration is ia64-unknown-linux-gnu
=== gcc tests ===
Running target unix
WARNING: program timed out.
FAIL: gcc.c-torture/compile/limits-fndefn.c -O3 -g (test for excess errors)
XPASS: gcc.dg/Warray-bounds.c (test for warnings, line 59)
XPASS: gcc.dg/Warray-bounds.c (test for warnings, line 65)
FAIL: gcc.dg/Wshadow-3.c (test for warnings, line 47)
FAIL: gcc.dg/Wshadow-3.c (test for excess errors)
FAIL: gcc.dg/builtin-apply4.c execution test
FAIL: gcc.dg/builtin-unreachable-3.c (internal compiler error)
FAIL: gcc.dg/builtin-unreachable-3.c (test for excess errors)
FAIL: gcc.dg/pr34989-1.c (internal compiler error)
FAIL: gcc.dg/pr34989-1.c (test for excess errors)
FAIL: gcc.dg/pr36902.c (test for warnings, line 47)
FAIL: gcc.dg/pr36902.c (test for excess errors)
FAIL: gcc.dg/pr37106-1.c (internal compiler error)
FAIL: gcc.dg/pr37106-1.c (test for excess errors)
FAIL: gcc.dg/plugin/one_time-test-1.c -fplugin=./one_time_plugin.so (internal compiler error)
FAIL: gcc.dg/plugin/one_time-test-1.c -fplugin=./one_time_plugin.so (test for excess errors)
XPASS: gcc.dg/struct/wo_prof_array_through_pointer.c scan-ipa-dump ipa_struct_reorg "Number of structures to transform is 1"
FAIL: gcc.dg/struct/wo_prof_double_malloc.c (internal compiler error)
FAIL: gcc.dg/struct/wo_prof_double_malloc.c (test for excess errors)
UNRESOLVED: gcc.dg/struct/wo_prof_double_malloc.c compilation failed to produce executable
XPASS: gcc.dg/tree-ssa/loop-1.c scan-assembler-times foo 5
FAIL: gcc.dg/tree-ssa/loop-31.c scan-tree-dump-times optimized " \\+ 2" 1
FAIL: gcc.dg/vect/vect-nest-cycle-1.c scan-tree-dump-times vect "OUTER LOOP VECTORIZED" 1
FAIL: gcc.dg/vect/vect-nest-cycle-2.c scan-tree-dump-times vect "OUTER LOOP VECTORIZED" 1
=== gcc Summary ===
# of expected passes 50765
# of unexpected failures 19
# of unexpected successes 4
# of expected failures 211
# of unresolved testcases 1
# of unsupported tests 597
/home/guerby/build/gcc/xgcc version 4.5.0 20090620 (experimental) [trunk revision 148747] (GCC)
=== gnat tests ===
Running target unix
=== gnat Summary ===
# of expected passes 660
# of expected failures 5
=== libgomp tests ===
Running target unix
=== libgomp Summary ===
# of expected passes 260
=== libmudflap tests ===
Running target unix
FAIL: libmudflap.c/pass54-frag.c execution test
FAIL: libmudflap.c/pass54-frag.c execution test
FAIL: libmudflap.c/pass54-frag.c (-static) execution test
FAIL: libmudflap.c/pass54-frag.c (-static) execution test
=== libmudflap Summary ===
# of expected passes 1736
# of unexpected failures 4
# of unsupported tests 2
Compiler version: 4.5.0 20090620 (experimental) [trunk revision 148747] (GCC)
Platform: ia64-unknown-linux-gnu
configure flags: --prefix=/n/60/guerby/install-trunk --enable-languages=c,ada --enable-__cxa_atexit --disable-nls --enable-threads=posix --with-mpfr=/opt/cfarm/mpfr-2.3.2