This is the mail archive of the
gcc-testresults@gcc.gnu.org
mailing list for the GCC project.
Results for 4.4.1 20090619 (prerelease) [gcc-4_4-branch revision 148707] (GCC) testsuite on x86_64-suse-linux-gnu
- From: Andreas Jaeger <aj at suse dot de>
- To: gcc-testresults at gcc dot gnu dot org
- Date: Fri, 19 Jun 2009 19:06:33 UT
- Subject: Results for 4.4.1 20090619 (prerelease) [gcc-4_4-branch revision 148707] (GCC) testsuite on x86_64-suse-linux-gnu
Bootstrap and regtesting on x86_64-suse-linux-gnu.
SVN sources: branch: 4.4 release branch.
LAST_UPDATED: Fri Jun 19 15:09:12 UTC 2009 (revision 148707)
=== acats tests ===
=== acats Summary ===
# of expected passes 2315
# of unexpected failures 0
Native configuration is x86_64-suse-linux-gnu
=== gcc tests ===
Running target unix
FAIL: gcc.c-torture/compile/limits-structnest.c -O2 (test for excess errors)
FAIL: gcc.c-torture/compile/limits-structnest.c -O3 -fomit-frame-pointer (test for excess errors)
FAIL: gcc.c-torture/compile/limits-structnest.c -O3 -g (test for excess errors)
FAIL: gcc.c-torture/compile/limits-structnest.c -Os (test for excess errors)
FAIL: gcc.dg/tree-prof/bb-reorg.c compilation, -fprofile-use -D_PROFILE_USE
UNRESOLVED: gcc.dg/tree-prof/bb-reorg.c execution, -fprofile-use -D_PROFILE_USE
FAIL: gcc.dg/tree-prof/pr34999.c compilation, -fprofile-use -D_PROFILE_USE
UNRESOLVED: gcc.dg/tree-prof/pr34999.c execution, -fprofile-use -D_PROFILE_USE
FAIL: gcc.target/i386/avx-vmovntdq-256-1.c (test for excess errors)
WARNING: gcc.target/i386/avx-vmovntdq-256-1.c compilation failed to produce executable
FAIL: gcc.target/i386/avx-vmovntpd-256-1.c (test for excess errors)
WARNING: gcc.target/i386/avx-vmovntpd-256-1.c compilation failed to produce executable
FAIL: gcc.target/i386/avx-vmovntps-256-1.c (test for excess errors)
WARNING: gcc.target/i386/avx-vmovntps-256-1.c compilation failed to produce executable
=== gcc Summary for unix ===
# of expected passes 56632
# of unexpected failures 9
# of expected failures 187
# of unresolved testcases 2
# of unsupported tests 715
Running target unix/-m32
FAIL: gcc.c-torture/compile/limits-structnest.c -O2 (test for excess errors)
FAIL: gcc.c-torture/compile/limits-structnest.c -O3 -fomit-frame-pointer (test for excess errors)
FAIL: gcc.c-torture/compile/limits-structnest.c -O3 -g (test for excess errors)
FAIL: gcc.c-torture/compile/limits-structnest.c -Os (test for excess errors)
FAIL: gcc.target/i386/avx-vmovntdq-256-1.c (test for excess errors)
WARNING: gcc.target/i386/avx-vmovntdq-256-1.c compilation failed to produce executable
FAIL: gcc.target/i386/avx-vmovntpd-256-1.c (test for excess errors)
WARNING: gcc.target/i386/avx-vmovntpd-256-1.c compilation failed to produce executable
FAIL: gcc.target/i386/avx-vmovntps-256-1.c (test for excess errors)
WARNING: gcc.target/i386/avx-vmovntps-256-1.c compilation failed to produce executable
=== gcc Summary for unix/-m32 ===
# of expected passes 56978
# of unexpected failures 7
# of expected failures 188
# of unsupported tests 433
=== gcc Summary ===
# of expected passes 113610
# of unexpected failures 16
# of expected failures 375
# of unresolved testcases 2
# of unsupported tests 1148
/build/gcc/gcc/xgcc version 4.4.1 20090619 (prerelease) [gcc-4_4-branch revision 148707] (GCC)
=== gfortran tests ===
Running target unix
=== gfortran Summary for unix ===
# of expected passes 29502
# of expected failures 10
# of unsupported tests 44
Running target unix/-m32
=== gfortran Summary for unix/-m32 ===
# of expected passes 29373
# of expected failures 10
# of unsupported tests 105
=== gfortran Summary ===
# of expected passes 58875
# of expected failures 20
# of unsupported tests 149
/build/gcc/gcc/testsuite/gfortran/../../gfortran version 4.4.1 20090619 (prerelease) [gcc-4_4-branch revision 148707] (GCC)
=== g++ tests ===
Running target unix
=== g++ Summary for unix ===
# of expected passes 19475
# of expected failures 156
# of unsupported tests 250
Running target unix/-m32
=== g++ Summary for unix/-m32 ===
# of expected passes 19792
# of expected failures 156
# of unsupported tests 100
=== g++ Summary ===
# of expected passes 39267
# of expected failures 312
# of unsupported tests 350
/build/gcc/gcc/testsuite/g++/../../g++ version 4.4.1 20090619 (prerelease) [gcc-4_4-branch revision 148707] (GCC)
=== gnat tests ===
Running target unix/-m32
=== gnat Summary for unix/-m32 ===
# of expected passes 612
# of expected failures 6
Running target unix
=== gnat Summary for unix ===
# of expected passes 612
# of expected failures 6
=== gnat Summary ===
# of expected passes 1224
# of expected failures 12
=== objc tests ===
Running target unix/-m32
=== objc Summary for unix/-m32 ===
# of expected passes 1872
# of expected failures 7
# of unsupported tests 24
Running target unix
=== objc Summary for unix ===
# of expected passes 1864
# of expected failures 15
# of unsupported tests 24
=== objc Summary ===
# of expected passes 3736
# of expected failures 22
# of unsupported tests 48
/build/gcc/gcc/xgcc version 4.4.1 20090619 (prerelease) [gcc-4_4-branch revision 148707] (GCC)
=== libffi tests ===
Running target unix/-m32
=== libffi Summary for unix/-m32 ===
# of expected passes 1389
# of unsupported tests 10
Running target unix
=== libffi Summary for unix ===
# of expected passes 1389
# of unsupported tests 10
=== libffi Summary ===
# of expected passes 2778
# of unsupported tests 20
=== libgomp tests ===
Running target unix/-m32
=== libgomp Summary for unix/-m32 ===
# of expected passes 2406
Running target unix
=== libgomp Summary for unix ===
# of expected passes 2406
=== libgomp Summary ===
# of expected passes 4812
=== libjava tests ===
Running target unix/-m32
=== libjava Summary for unix/-m32 ===
# of expected passes 2574
Running target unix
=== libjava Summary for unix ===
# of expected passes 2574
=== libjava Summary ===
# of expected passes 5148
=== libmudflap tests ===
Running target unix/-m32
FAIL: libmudflap.c++/pass41-frag.cxx execution test
FAIL: libmudflap.c++/pass41-frag.cxx (-static) execution test
FAIL: libmudflap.c++/pass41-frag.cxx (-O2) execution test
FAIL: libmudflap.c++/pass41-frag.cxx (-O3) execution test
=== libmudflap Summary for unix/-m32 ===
# of expected passes 1890
# of unexpected failures 4
Running target unix
FAIL: libmudflap.c++/pass41-frag.cxx execution test
FAIL: libmudflap.c++/pass41-frag.cxx (-static) execution test
FAIL: libmudflap.c++/pass41-frag.cxx (-O2) execution test
FAIL: libmudflap.c++/pass41-frag.cxx (-O3) execution test
=== libmudflap Summary for unix ===
# of expected passes 1890
# of unexpected failures 4
=== libmudflap Summary ===
# of expected passes 3780
# of unexpected failures 8
=== libstdc++ tests ===
Running target unix
XPASS: 26_numerics/headers/cmath/c99_classification_macros_c.cc (test for excess errors)
XPASS: 29_atomics/atomic_address/cons/aggregate.cc (test for excess errors)
=== libstdc++ Summary for unix ===
# of expected passes 6500
# of unexpected successes 2
# of expected failures 79
# of unsupported tests 15
Running target unix/-m32
XPASS: 26_numerics/headers/cmath/c99_classification_macros_c.cc (test for excess errors)
XPASS: 29_atomics/atomic_address/cons/aggregate.cc (test for excess errors)
=== libstdc++ Summary for unix/-m32 ===
# of expected passes 6491
# of unexpected successes 2
# of expected failures 79
# of unsupported tests 20
=== libstdc++ Summary ===
# of expected passes 12991
# of unexpected successes 4
# of expected failures 158
# of unsupported tests 35
Compiler version: 4.4.1 20090619 (prerelease) [gcc-4_4-branch revision 148707] (GCC)
Platform: x86_64-suse-linux-gnu
configure flags: --prefix=/opt/gcc/4.4-devel --enable-checking=yes,rtl --enable-decimal-float --enable-threads=posix --enable-clocale=gnu --enable-ssp --disable-libssp --enable-libstdcxx-allocator=new --enable-__cxa_atexit --enable-shared --enable-languages=c,c++,ada,java,fortran,objc --with-system-zlib x86_64-suse-linux-gnu
Version of binutils: GNU ld (GNU Binutils; openSUSE 11.1) 2.19
Version of glibc (/lib/libc.so.6): 2.9 (20081117)
Version of glibc (/lib64/libc.so.6): 2.9 (20081117)