This is the mail archive of the
gcc-testresults@gcc.gnu.org
mailing list for the GCC project.
Results for 4.5.0 20090618 (experimental) [trunk revision 148644] (GCC) testsuite on hppa-unknown-linux-gnu
- From: dave at hiauly6 dot hia dot nrc dot ca (John David Anglin)
- To: dave at hiauly6 dot hia dot nrc dot ca, gcc-testresults at gcc dot gnu dot org
- Date: Thu, 18 Jun 2009 19:38:04 -0400 (EDT)
- Subject: Results for 4.5.0 20090618 (experimental) [trunk revision 148644] (GCC) testsuite on hppa-unknown-linux-gnu
LAST_UPDATED: Thu Jun 18 01:54:07 UTC 2009 (revision 148644)
=== acats tests ===
=== acats Summary ===
# of expected passes 2315
# of unexpected failures 0
Native configuration is hppa-unknown-linux-gnu
=== g++ tests ===
Running target unix
FAIL: g++.dg/cpp0x/rv3n.C (test for excess errors)
FAIL: g++.dg/torture/pr34099.C -O1 (internal compiler error)
FAIL: g++.dg/torture/pr34099.C -O1 (test for excess errors)
UNRESOLVED: g++.dg/torture/pr34099.C -O1 compilation failed to produce executable
FAIL: g++.dg/torture/pr34099.C -O2 (internal compiler error)
FAIL: g++.dg/torture/pr34099.C -O2 (test for excess errors)
UNRESOLVED: g++.dg/torture/pr34099.C -O2 compilation failed to produce executable
FAIL: g++.dg/torture/pr34099.C -O3 -fomit-frame-pointer (internal compiler error)
FAIL: g++.dg/torture/pr34099.C -O3 -fomit-frame-pointer (test for excess errors)
UNRESOLVED: g++.dg/torture/pr34099.C -O3 -fomit-frame-pointer compilation failed to produce executable
FAIL: g++.dg/torture/pr34099.C -O3 -fomit-frame-pointer -funroll-loops (internal compiler error)
FAIL: g++.dg/torture/pr34099.C -O3 -fomit-frame-pointer -funroll-loops (test for excess errors)
UNRESOLVED: g++.dg/torture/pr34099.C -O3 -fomit-frame-pointer -funroll-loops compilation failed to produce executable
FAIL: g++.dg/torture/pr34099.C -O3 -fomit-frame-pointer -funroll-all-loops -finline-functions (internal compiler error)
FAIL: g++.dg/torture/pr34099.C -O3 -fomit-frame-pointer -funroll-all-loops -finline-functions (test for excess errors)
UNRESOLVED: g++.dg/torture/pr34099.C -O3 -fomit-frame-pointer -funroll-all-loops -finline-functions compilation failed to produce executable
FAIL: g++.dg/torture/pr34099.C -O3 -g (internal compiler error)
FAIL: g++.dg/torture/pr34099.C -O3 -g (test for excess errors)
UNRESOLVED: g++.dg/torture/pr34099.C -O3 -g compilation failed to produce executable
=== g++ Summary ===
# of expected passes 19531
# of unexpected failures 13
# of expected failures 148
# of unresolved testcases 6
# of unsupported tests 160
/home/dave/gnu/gcc-4.5/objdir/gcc/testsuite/g++/../../g++ version 4.5.0 20090618 (experimental) [trunk revision 148644] (GCC)
=== gcc tests ===
Running target unix
XPASS: gcc.dg/Warray-bounds.c (test for warnings, line 59)
XPASS: gcc.dg/Warray-bounds.c (test for warnings, line 65)
FAIL: gcc.dg/Wshadow-3.c (test for warnings, line 47)
FAIL: gcc.dg/Wshadow-3.c (test for excess errors)
FAIL: gcc.dg/c90-typespec-1.c unsigned long int short (test for errors, line 516)
FAIL: gcc.dg/c90-typespec-1.c unsigned long int int (test for errors, line 517)
FAIL: gcc.dg/c90-typespec-1.c unsigned long int long (test for errors, line 518)
FAIL: gcc.dg/c90-typespec-1.c unsigned long int float (test for errors, line 519)
FAIL: gcc.dg/c90-typespec-1.c unsigned long int double (test for errors, line 520)
FAIL: gcc.dg/c90-typespec-1.c unsigned long int signed (test for errors, line 521)
FAIL: gcc.dg/c90-typespec-1.c unsigned long int unsigned (test for errors, line 522)
FAIL: gcc.dg/c90-typespec-1.c (test for excess errors)
FAIL: gcc.dg/pr34989-1.c (internal compiler error)
FAIL: gcc.dg/pr34989-1.c (test for excess errors)
FAIL: gcc.dg/pr36902.c (test for warnings, line 47)
FAIL: gcc.dg/pr36902.c (test for excess errors)
XPASS: gcc.dg/struct/wo_prof_array_through_pointer.c scan-ipa-dump ipa_struct_reorg "Number of structures to transform is 1"
FAIL: gcc.dg/struct/wo_prof_double_malloc.c (internal compiler error)
FAIL: gcc.dg/struct/wo_prof_double_malloc.c (test for excess errors)
UNRESOLVED: gcc.dg/struct/wo_prof_double_malloc.c compilation failed to produce executable
XPASS: gcc.dg/tree-ssa/loop-1.c scan-assembler-times foo 5
FAIL: gcc.dg/tree-ssa/loop-2.c scan-tree-dump-times optimized "99" 0
=== gcc Summary ===
# of expected passes 50230
# of unexpected failures 17
# of unexpected successes 4
# of expected failures 79
# of unresolved testcases 1
# of unsupported tests 528
/home/dave/gnu/gcc-4.5/objdir/gcc/xgcc version 4.5.0 20090618 (experimental) [trunk revision 148644] (GCC)
=== gfortran tests ===
Running target unix
FAIL: gfortran.dg/bind_c_usage_13.f03 -O scan-tree-dump original "mult_array .&.abc..1..lb: 1 sz: 1., &.ab..1..lb: 1 sz: 1., 3, 2.;"
FAIL: gfortran.dg/bind_c_usage_13.f03 -O scan-tree-dump original "mult .&.u..1..lb: 1 sz: 1., &.x..1..lb: 1 sz: 1., 1, 1.;"
FAIL: gfortran.dg/bind_c_usage_13.f03 -O scan-tree-dump original "mult_val ..x., .x., 1, 1.;"
FAIL: gfortran.dg/bind_c_usage_13.f03 -O scan-tree-dump original "sub_array .&.abc..1..lb: 1 sz: 1., 3.;"
FAIL: gfortran.dg/bind_c_usage_13.f03 -O scan-tree-dump original "sub .&.u..1..lb: 1 sz: 1., 1.;"
FAIL: gfortran.dg/bind_c_usage_13.f03 -O scan-tree-dump original "sub_val ..x., 1.;"
FAIL: gfortran.dg/bind_c_usage_14.f03 -O scan-tree-dump original "master.0.sub3noiso .0, 0B, 0B, 0B, b, a, 0, 0, 1, 1\\);"
FAIL: gfortran.dg/bind_c_usage_14.f03 -O scan-tree-dump original "master.0.sub3noiso .1, z, y, x, 0B, 0B, 1, 1, 0, 0\\);"
FAIL: gfortran.dg/bind_c_usage_14.f03 -O scan-tree-dump original "master.1.sub4iso .0, 0B, 0B, 0B, b, a, 0, 0, 1, 1\\);"
FAIL: gfortran.dg/bind_c_usage_14.f03 -O scan-tree-dump original "master.1.sub4iso .1, z, y, x, 0B, 0B, 1, 1, 0, 0\\);"
FAIL: gfortran.dg/bind_c_usage_14.f03 -O scan-tree-dump original "master.2.sub5iso .0, 0B, 0B, 0B, b, a, 0, 0, 1, 1\\);"
FAIL: gfortran.dg/bind_c_usage_14.f03 -O scan-tree-dump original "master.2.sub5iso .1, z, y, x, 0B, 0B, 1, 1, 0, 0\\);"
FAIL: gfortran.dg/bind_c_usage_14.f03 -O scan-tree-dump original "master.3.sub6noiso .0, 0B, 0B, 0B, b, a, 0, 0, 1, 1\\);"
FAIL: gfortran.dg/bind_c_usage_14.f03 -O scan-tree-dump original "master.3.sub6noiso .1, z, y, x, 0B, 0B, 1, 1, 0, 0\\);"
FAIL: gfortran.dg/c_f_pointer_tests_3.f90 -O scan-tree-dump-times original "c_f" 1
FAIL: gfortran.dg/c_f_pointer_tests_3.f90 -O scan-tree-dump-times original "c_f_pointer" 1
FAIL: gfortran.dg/c_f_pointer_tests_3.f90 -O scan-tree-dump-times original "c_f_pointer_i4" 1
FAIL: gfortran.dg/missing_optional_dummy_4.f90 -O scan-tree-dump original " tm_doit \\(0B, 0\\);"
FAIL: gfortran.dg/missing_optional_dummy_5.f90 -O scan-tree-dump original " tm_doit \\(&parm.(6|7), 0B, 0\\);"
=== gfortran Summary ===
# of expected passes 29841
# of unexpected failures 19
# of expected failures 12
# of unsupported tests 261
/home/dave/gnu/gcc-4.5/objdir/gcc/testsuite/gfortran/../../gfortran version 4.5.0 20090618 (experimental) [trunk revision 148644] (GCC)
=== gnat tests ===
Running target unix
=== gnat Summary ===
# of expected passes 660
# of expected failures 5
=== obj-c++ tests ===
Running target unix
UNRESOLVED: obj-c++.dg/lookup-2.mm compilation failed to produce executable
UNRESOLVED: obj-c++.dg/try-catch-2.mm compilation failed to produce executable
UNRESOLVED: obj-c++.dg/try-catch-9.mm compilation failed to produce executable
=== obj-c++ Summary ===
# of expected passes 438
# of expected failures 10
# of unresolved testcases 3
# of unsupported tests 13
/home/dave/gnu/gcc-4.5/objdir/gcc/testsuite/obj-c++/../../g++ version 4.5.0 20090618 (experimental) [trunk revision 148644] (GCC)
=== objc tests ===
Running target unix
=== objc Summary ===
# of expected passes 1865
# of expected failures 15
# of unsupported tests 24
/home/dave/gnu/gcc-4.5/objdir/gcc/xgcc version 4.5.0 20090618 (experimental) [trunk revision 148644] (GCC)
=== libffi tests ===
Running target unix
FAIL: libffi.call/cls_longdouble_va.c -O0 -W -Wall output pattern test, is %.1f
FAIL: libffi.call/cls_longdouble_va.c -O2 output pattern test, is %.1f
FAIL: libffi.call/cls_longdouble_va.c -O3 output pattern test, is %.1f
FAIL: libffi.call/cls_longdouble_va.c -Os output pattern test, is %.1f
FAIL: libffi.call/cls_longdouble_va.c -O2 -fomit-frame-pointer output pattern test, is %.1f
=== libffi Summary ===
# of expected passes 1589
# of unexpected failures 5
# of expected failures 10
# of unsupported tests 15
=== libgomp tests ===
Running target unix
=== libgomp Summary ===
# of expected passes 2394
# of unsupported tests 7
=== libjava tests ===
Running target unix
=== libjava Summary ===
# of expected passes 2574
=== libmudflap tests ===
Running target unix
FAIL: libmudflap.c++/pass41-frag.cxx execution test
FAIL: libmudflap.c++/pass41-frag.cxx (-static) execution test
FAIL: libmudflap.c++/pass41-frag.cxx ( -O) execution test
FAIL: libmudflap.c++/pass41-frag.cxx (-O2) execution test
FAIL: libmudflap.c++/pass41-frag.cxx (-O3) execution test
=== libmudflap Summary ===
# of expected passes 1889
# of unexpected failures 5
=== libstdc++ tests ===
Running target unix
FAIL: 22_locale/time_get/get_date/wchar_t/4.cc execution test
FAIL: 26_numerics/complex/13450.cc (test for excess errors)
UNRESOLVED: 26_numerics/complex/13450.cc compilation failed to produce executable
XPASS: 26_numerics/headers/cmath/c99_classification_macros_c.cc (test for excess errors)
FAIL: tr1/8_c_compatibility/complex/overloads_float.cc (test for excess errors)
FAIL: tr1/8_c_compatibility/complex/overloads_int.cc (test for excess errors)
UNRESOLVED: tr1/8_c_compatibility/complex/overloads_int.cc compilation failed to produce executable
=== libstdc++ Summary ===
# of expected passes 6727
# of unexpected failures 4
# of unexpected successes 1
# of expected failures 81
# of unresolved testcases 2
# of unsupported tests 25
Compiler version: 4.5.0 20090618 (experimental) [trunk revision 148644] (GCC)
Platform: hppa-unknown-linux-gnu
configure flags: --with-gnu-as --with-gnu-ld --enable-shared --prefix=/home/dave/opt/gnu/gcc/gcc-4.4.0 --with-local-prefix=/home/dave/opt/gnu --enable-threads=posix --enable-__cxa_atexit --build=hppa-linux --enable-clocale=gnu --enable-java-gc=boehm --enable-java-awt=xlib --enable-languages=c,c++,objc,fortran,obj-c++,java,ada