This is the mail archive of the
gcc-testresults@gcc.gnu.org
mailing list for the GCC project.
Results for 4.5.0 20090530 (experimental) [trunk revision 147994] (GCC) testsuite on hppa2.0w-hp-hpux11.11
- From: John David Anglin <dave at hiauly3 dot hia dot nrc dot ca>
- To: dave at hiauly3 dot hia dot nrc dot ca, gcc-testresults at gcc dot gnu dot org
- Date: Mon, 8 Jun 2009 22:57:49 -0400 (EDT)
- Subject: Results for 4.5.0 20090530 (experimental) [trunk revision 147994] (GCC) testsuite on hppa2.0w-hp-hpux11.11
LAST_UPDATED: Sun Jun 7 18:10:20 UTC 2009 (revision 147994)
=== acats tests ===
=== acats Summary ===
# of expected passes 2315
# of unexpected failures 0
Native configuration is hppa2.0w-hp-hpux11.11
=== g++ tests ===
Running target unix
FAIL: g++.dg/torture/pr34099.C -O1 (internal compiler error)
FAIL: g++.dg/torture/pr34099.C -O1 (test for excess errors)
WARNING: g++.dg/torture/pr34099.C -O1 compilation failed to produce executable
FAIL: g++.dg/torture/pr34099.C -O2 (internal compiler error)
FAIL: g++.dg/torture/pr34099.C -O2 (test for excess errors)
WARNING: g++.dg/torture/pr34099.C -O2 compilation failed to produce executable
FAIL: g++.dg/torture/pr34099.C -O3 -fomit-frame-pointer (internal compiler error)
FAIL: g++.dg/torture/pr34099.C -O3 -fomit-frame-pointer (test for excess errors)
WARNING: g++.dg/torture/pr34099.C -O3 -fomit-frame-pointer compilation failed to produce executable
FAIL: g++.dg/torture/pr34099.C -O3 -fomit-frame-pointer -funroll-loops (internal compiler error)
FAIL: g++.dg/torture/pr34099.C -O3 -fomit-frame-pointer -funroll-loops (test for excess errors)
WARNING: g++.dg/torture/pr34099.C -O3 -fomit-frame-pointer -funroll-loops compilation failed to produce executable
FAIL: g++.dg/torture/pr34099.C -O3 -fomit-frame-pointer -funroll-all-loops -finline-functions (internal compiler error)
FAIL: g++.dg/torture/pr34099.C -O3 -fomit-frame-pointer -funroll-all-loops -finline-functions (test for excess errors)
WARNING: g++.dg/torture/pr34099.C -O3 -fomit-frame-pointer -funroll-all-loops -finline-functions compilation failed to produce executable
FAIL: g++.dg/torture/pr34099.C -O3 -g (internal compiler error)
FAIL: g++.dg/torture/pr34099.C -O3 -g (test for excess errors)
WARNING: g++.dg/torture/pr34099.C -O3 -g compilation failed to produce executable
=== g++ Summary ===
# of expected passes 18223
# of unexpected failures 12
# of expected failures 140
# of unsupported tests 248
/test/gnu/gcc/objdir/gcc/testsuite/g++/../../g++ version 4.5.0 20090530 (experimental) [trunk revision 147994] (GCC)
=== gcc tests ===
Running target unix
FAIL: gcc.c-torture/execute/20061031-1.c execution, -Os
XPASS: gcc.dg/Warray-bounds.c (test for warnings, line 59)
XPASS: gcc.dg/Warray-bounds.c (test for warnings, line 65)
FAIL: gcc.dg/pr34989-1.c (internal compiler error)
FAIL: gcc.dg/pr34989-1.c (test for excess errors)
FAIL: gcc.dg/ucnid-11.c (test for excess errors)
FAIL: gcc.dg/ucnid-12.c (test for excess errors)
FAIL: gcc.dg/vector-4.c (test for excess errors)
XPASS: gcc.dg/struct/wo_prof_array_through_pointer.c scan-ipa-dump ipa_struct_reorg "Number of structures to transform is 1"
FAIL: gcc.dg/struct/wo_prof_double_malloc.c (internal compiler error)
FAIL: gcc.dg/struct/wo_prof_double_malloc.c (test for excess errors)
WARNING: gcc.dg/struct/wo_prof_double_malloc.c compilation failed to produce executable
FAIL: gcc.dg/torture/pr26565.c -O1 execution test
FAIL: gcc.dg/torture/pr26565.c -O2 execution test
FAIL: gcc.dg/torture/pr26565.c -O3 -fomit-frame-pointer execution test
FAIL: gcc.dg/torture/pr26565.c -O3 -g execution test
FAIL: gcc.dg/torture/pr26565.c -Os execution test
=== gcc Summary ===
# of expected passes 48840
# of unexpected failures 13
# of unexpected successes 3
# of expected failures 80
# of unsupported tests 651
/test/gnu/gcc/objdir/gcc/xgcc version 4.5.0 20090530 (experimental) [trunk revision 147994] (GCC)
=== gfortran tests ===
Running target unix
=== gfortran Summary ===
# of expected passes 29657
# of expected failures 12
# of unsupported tests 270
/test/gnu/gcc/objdir/gcc/testsuite/gfortran/../../gfortran version 4.5.0 20090530 (experimental) [trunk revision 147994] (GCC)
=== gnat tests ===
Running target unix
=== gnat Summary ===
# of expected passes 641
# of expected failures 6
=== obj-c++ tests ===
Running target unix
WARNING: obj-c++.dg/lookup-2.mm compilation failed to produce executable
WARNING: obj-c++.dg/try-catch-2.mm compilation failed to produce executable
WARNING: obj-c++.dg/try-catch-9.mm compilation failed to produce executable
=== obj-c++ Summary ===
# of expected passes 436
# of expected failures 10
# of unsupported tests 14
/test/gnu/gcc/objdir/gcc/testsuite/obj-c++/../../g++ version 4.5.0 20090530 (experimental) [trunk revision 147994] (GCC)
=== objc tests ===
Running target unix
=== objc Summary ===
# of expected passes 1859
# of expected failures 15
# of unsupported tests 27
/test/gnu/gcc/objdir/gcc/xgcc version 4.5.0 20090530 (experimental) [trunk revision 147994] (GCC)
=== libffi tests ===
Running target unix
=== libffi Summary ===
# of expected passes 1389
# of unsupported tests 10
=== libgomp tests ===
Running target unix
FAIL: libgomp.fortran/vla6.f90 -O0 execution test
=== libgomp Summary ===
# of expected passes 2389
# of unexpected failures 1
# of unsupported tests 9
=== libjava tests ===
Running target unix
FAIL: getallthreads run
FAIL: LargeFile execution - source compiled test
FAIL: LargeFile -findirect-dispatch execution - source compiled test
FAIL: LargeFile -O3 execution - source compiled test
FAIL: LargeFile -O3 -findirect-dispatch execution - source compiled test
=== libjava Summary ===
# of expected passes 2565
# of unexpected failures 5
# of untested testcases 5
=== libstdc++ tests ===
Running target unix
FAIL: ext/new_allocator/deallocate_global.cc execution test
FAIL: ext/throw_allocator/deallocate_global.cc execution test
=== libstdc++ Summary ===
# of expected passes 5789
# of unexpected failures 2
# of expected failures 80
# of unsupported tests 496
Compiler version: 4.5.0 20090530 (experimental) [trunk revision 147994] (GCC)
Platform: hppa2.0w-hp-hpux11.11
configure flags: --with-gnu-as --with-as=/opt/gnu/bin/as --enable-shared --with-local-prefix=/opt/gnu --prefix=/opt/gnu/gcc/gcc-4.5.0 --with-gmp=/opt/gnu/gcc/gcc-4.5.0 --enable-threads=posix --enable-debug=no --disable-nls --without-cloog --without-ppl --enable-languages=c,c++,objc,fortran,java,ada,obj-c++