This is the mail archive of the
gcc-testresults@gcc.gnu.org
mailing list for the GCC project.
Results for 4.3.3 (GCC) testsuite on sparc-sun-solaris2.8
- From: Dennis Clarke <dclarke at blastwave dot org>
- To: gcc-testresults at gcc dot gnu dot org
- Date: Sun, 07 Jun 2009 05:10:49 -0400 (EDT)
- Subject: Results for 4.3.3 (GCC) testsuite on sparc-sun-solaris2.8
- Reply-to: dclarke at blastwave dot org
Built with :
GNU Binutils 2.19.1 thus :
bash-4.0$ as --version
GNU assembler (GNU Binutils) 2.19.1
Copyright 2007 Free Software Foundation, Inc.
This program is free software; you may redistribute it under the terms of
the GNU General Public License version 3 or later.
This program has absolutely no warranty.
This assembler was configured for a target of `sparc-sun-solaris2.8'.
bash-4.0$ ld --version
GNU ld (GNU Binutils) 2.19.1
Copyright 2007 Free Software Foundation, Inc.
This program is free software; you may redistribute it under the terms of
the GNU General Public License version 3 or (at your option) a later version.
This program has absolutely no warranty.
Shell was bash thus :
bash-4.0$ bash --version
GNU bash, version 4.0.24(1)-release (sparc-sun-solaris2.8)
gmp 4.3.1
mpfr 2.4.1
autoconf (GNU Autoconf) 2.63
automake (GNU automake) 1.10.2
bison (GNU Bison) 2.4.1
GNU coreutils) 7.4
GNU Awk 3.1.6
gettext (GNU gettext-runtime) 0.17
iconv (GNU libiconv 1.13)
ltmain.sh (GNU libtool) 2.2.6
m4 (GNU M4) 1.4.13
GNU sed version 4.2
perl v5.10.0
bootstrap compiler was :
bash-4.0$ /opt/csw/gcc4/bin/gcc -v
Reading specs from /opt/csw/gcc4/lib/gcc/sparc-sun-solaris2.8/4.0.2/specs
Target: sparc-sun-solaris2.8
Configured with: ../sources/gcc-4.0.2/configure --prefix=/opt/csw/gcc4
--with-local-prefix=/opt/csw --without-gnu-as --with-as=/usr/ccs/bin/as
--without-gnu-ld --with-ld=/usr/ccs/bin/ld --enable-threads=posix
--enable-shared --enable-multilib --enable-nls --with-included-gettext
--with-libiconv-prefix=/opt/csw --with-x --enable-java-awt=xlib
--with-system-zlib --enable-languages=c,c++,f95,java,objc,ada
Thread model: posix
gcc version 4.0.2
bash-4.0$ uname -a
SunOS mimas 5.8 Generic_117350-61 sun4u sparc SUNW,UltraAX-i2 Solaris
bash-4.0$ cat /etc/release
Solaris 8 2/04 s28s_hw4wos_05a SPARC
Copyright 2004 Sun Microsystems, Inc. All Rights Reserved.
Assembled 08 January 2004
bash-4.0$ ../gcc-4.3.3//contrib/test_summary
cat <<'EOF' |
LAST_UPDATED: Obtained from SVN: tags/gcc_4_3_3_release revision 143643
=== acats tests ===
=== acats Summary ===
# of expected passes 2315
# of unexpected failures 0
Native configuration is sparc-sun-solaris2.8
=== g++ tests ===
Running target unix
FAIL: g++.dg/opt/anchor1.C execution test
XPASS: g++.dg/other/ucnid-1.C (test for excess errors)
XPASS: g++.old-deja/g++.other/init19.C execution test
=== g++ Summary ===
# of expected passes 17494
# of unexpected failures 1
# of unexpected successes 2
# of expected failures 84
# of unsupported tests 170
/opt/build/dclarke/GCC/gcc-4.3.3-sparc/gcc/testsuite/g++/../../g++
version 4.3.3 (GCC)
=== gcc tests ===
Running target unix
WARNING: program timed out.
FAIL: gcc.dg/pr28796-2.c execution test
FAIL: gcc.dg/pthread-init-1.c (test for excess errors)
FAIL: gcc.dg/pthread-init-2.c (test for excess errors)
XPASS: gcc.dg/ucnid-2.c (test for excess errors)
XPASS: gcc.dg/ucnid-3.c (test for excess errors)
XPASS: gcc.dg/ucnid-4.c (test for excess errors)
FAIL: gcc.dg/vect/pr33804.c scan-tree-dump-times vect "vectorized 1 loops" 1
FAIL: gcc.dg/vect/pr33804.c scan-tree-dump-times vect "vectorizing stmts
using SLP" 1
FAIL: gcc.dg/vect/vect-35.c scan-tree-dump-times vect "vectorized 1 loops" 1
FAIL: gcc.dg/vect/vect-iv-6.c scan-tree-dump-times vect "vectorized 1
loops" 1
FAIL: gcc.dg/vect/vect-multitypes-5.c scan-tree-dump-times vect
"vectorized 1 loops" 1
FAIL: gcc.dg/vect/vect-multitypes-6.c scan-tree-dump-times vect
"vectorized 1 loops" 1
FAIL: gcc.dg/vect/vect-outer-5.c scan-tree-dump-times vect "OUTER LOOP
VECTORIZED" 1
FAIL: gcc.dg/vect/vect-outer-5.c scan-tree-dump-times vect "zero step in
outer loop." 1
FAIL: gcc.dg/vect/vect-outer-6.c scan-tree-dump-times vect "OUTER LOOP
VECTORIZED" 1
FAIL: gcc.dg/vect/vect-outer-6.c scan-tree-dump-times vect "zero step in
outer loop." 1
FAIL: gcc.dg/vect/vect-vfa-slp.c scan-tree-dump-times vect "vectorized 1
loops" 1
FAIL: gcc.dg/vect/slp-15.c scan-tree-dump-times vect "vectorizing stmts
using SLP" 2
FAIL: gcc.dg/vect/slp-25.c scan-tree-dump-times vect "Alignment of access
forced using peeling" 2
FAIL: gcc.dg/vect/slp-3.c scan-tree-dump-times vect "vectorized 3 loops" 1
FAIL: gcc.dg/vect/slp-3.c scan-tree-dump-times vect "vectorizing stmts
using SLP" 3
FAIL: gcc.dg/vect/no-vfa-pr29145.c scan-tree-dump-times vect "vectorized 0
loops" 2
FAIL: gcc.dg/vect/no-vfa-pr29145.c scan-tree-dump-times vect "vectorized 1
loops" 1
FAIL: gcc.dg/vect/no-vfa-vect-depend-1.c scan-tree-dump-times vect
"vectorized 1 loops" 1
=== gcc Summary ===
# of expected passes 47074
# of unexpected failures 21
# of unexpected successes 3
# of expected failures 192
# of untested testcases 35
# of unsupported tests 514
/opt/build/dclarke/GCC/gcc-4.3.3-sparc/gcc/xgcc version 4.3.3 (GCC)
=== gfortran tests ===
Running target unix
FAIL: gfortran.dg/nint_2.f90 -O0 (test for excess errors)
WARNING: gfortran.dg/nint_2.f90 -O0 compilation failed to produce
executable
FAIL: gfortran.dg/pr32533.f90 -O0 (test for excess errors)
WARNING: gfortran.dg/pr32533.f90 -O0 compilation failed to produce
executable
FAIL: gfortran.dg/pr32533.f90 -O1 (test for excess errors)
WARNING: gfortran.dg/pr32533.f90 -O1 compilation failed to produce
executable
FAIL: gfortran.dg/pr32533.f90 -O2 (test for excess errors)
WARNING: gfortran.dg/pr32533.f90 -O2 compilation failed to produce
executable
FAIL: gfortran.dg/pr32533.f90 -O3 -fomit-frame-pointer (test for excess
errors)
WARNING: gfortran.dg/pr32533.f90 -O3 -fomit-frame-pointer compilation
failed to produce executable
FAIL: gfortran.dg/pr32533.f90 -O3 -fomit-frame-pointer -funroll-loops
(test for excess errors)
WARNING: gfortran.dg/pr32533.f90 -O3 -fomit-frame-pointer -funroll-loops
compilation failed to produce executable
FAIL: gfortran.dg/pr32533.f90 -O3 -fomit-frame-pointer -funroll-all-loops
-finline-functions (test for excess errors)
WARNING: gfortran.dg/pr32533.f90 -O3 -fomit-frame-pointer
-funroll-all-loops -finline-functions compilation failed to produce
executable
FAIL: gfortran.dg/pr32533.f90 -O3 -g (test for excess errors)
WARNING: gfortran.dg/pr32533.f90 -O3 -g compilation failed to produce
executable
FAIL: gfortran.dg/pr32533.f90 -Os (test for excess errors)
WARNING: gfortran.dg/pr32533.f90 -Os compilation failed to produce
executable
FAIL: gfortran.dg/g77/20010430.f -O0 (test for excess errors)
WARNING: gfortran.dg/g77/20010430.f -O0 compilation failed to produce
executable
FAIL: gfortran.dg/g77/20010430.f -O1 (test for excess errors)
WARNING: gfortran.dg/g77/20010430.f -O1 compilation failed to produce
executable
FAIL: gfortran.dg/g77/20010430.f -O2 (test for excess errors)
WARNING: gfortran.dg/g77/20010430.f -O2 compilation failed to produce
executable
FAIL: gfortran.dg/g77/20010430.f -Os (test for excess errors)
WARNING: gfortran.dg/g77/20010430.f -Os compilation failed to produce
executable
FAIL: gfortran.fortran-torture/execute/intrinsic_integer.f90 compilation,
-O0
FAIL: gfortran.fortran-torture/execute/intrinsic_integer.f90 compilation,
-O1
FAIL: gfortran.fortran-torture/execute/intrinsic_integer.f90 compilation,
-O2
FAIL: gfortran.fortran-torture/execute/intrinsic_integer.f90 compilation,
-O2 -fbounds-check
FAIL: gfortran.fortran-torture/execute/intrinsic_integer.f90 compilation,
-Os
FAIL: gfortran.fortran-torture/execute/intrinsic_integer.f90 compilation,
-O2 -ftree-vectorize -mcpu=ultrasparc -mvis
FAIL: gfortran.fortran-torture/execute/iolength_1.f90 compilation, -O0
FAIL: gfortran.fortran-torture/execute/iolength_1.f90 compilation, -O1
FAIL: gfortran.fortran-torture/execute/iolength_1.f90 compilation, -O2
FAIL: gfortran.fortran-torture/execute/iolength_1.f90 compilation, -O2
-fomit-frame-pointer -finline-functions
FAIL: gfortran.fortran-torture/execute/iolength_1.f90 compilation, -O2
-fomit-frame-pointer -finline-functions -funroll-loops
FAIL: gfortran.fortran-torture/execute/iolength_1.f90 compilation, -O2
-fbounds-check
FAIL: gfortran.fortran-torture/execute/iolength_1.f90 compilation, -O3 -g
FAIL: gfortran.fortran-torture/execute/iolength_1.f90 compilation, -Os
FAIL: gfortran.fortran-torture/execute/iolength_1.f90 compilation, -O2
-ftree-vectorize -mcpu=ultrasparc -mvis
=== gfortran Summary ===
# of expected passes 24846
# of unexpected failures 28
# of expected failures 5
# of untested testcases 15
# of unsupported tests 171
/opt/build/dclarke/GCC/gcc-4.3.3-sparc/gcc/testsuite/gfortran/../../gfortran
version 4.3.3 (GCC)
=== gnat tests ===
Running target unix
=== gnat Summary ===
# of expected passes 375
# of expected failures 1
=== objc tests ===
Running target unix
=== objc Summary ===
# of expected passes 1812
# of expected failures 7
# of unsupported tests 24
/opt/build/dclarke/GCC/gcc-4.3.3-sparc/gcc/xgcc version 4.3.3 (GCC)
=== libgomp tests ===
Running target unix
FAIL: libgomp.fortran/omp_parse1.f90 -O0 execution test
FAIL: libgomp.fortran/omp_parse1.f90 -O1 execution test
FAIL: libgomp.fortran/omp_parse1.f90 -O2 execution test
FAIL: libgomp.fortran/omp_parse1.f90 -O3 -fomit-frame-pointer execution
test
FAIL: libgomp.fortran/omp_parse1.f90 -O3 -fomit-frame-pointer
-funroll-loops execution test
FAIL: libgomp.fortran/omp_parse1.f90 -O3 -fomit-frame-pointer
-funroll-all-loops -finline-functions execution test
FAIL: libgomp.fortran/omp_parse1.f90 -O3 -g execution test
FAIL: libgomp.fortran/omp_parse1.f90 -Os execution test
=== libgomp Summary ===
# of expected passes 1741
# of unexpected failures 8
# of unsupported tests 7
=== libstdc++ tests ===
Running target unix
FAIL: ext/enc_filebuf/char/13598.cc execution test
=== libstdc++ Summary ===
# of expected passes 4877
# of unexpected failures 1
# of expected failures 61
# of unsupported tests 361
Compiler version: 4.3.3 (GCC)
Platform: sparc-sun-solaris2.8
configure flags: --with-gnu-as --with-gnu-ld
--with-as=/export/home/dclarke/local/bin/as
--with-ld=/export/home/dclarke/local/bin/ld --with-cpu=v7
--enable-threads=posix --enable-nls --prefix=/export/home/dclarke/local
--enable-shared --enable-multilib --with-included-gettext
--with-libiconv-prefix=/export/home/dclarke/local --with-system-zlib
--with-gmp=/export/home/dclarke/local
--with-mpfr=/export/home/dclarke/local
--enable-languages=c,c++,f95,objc,ada --enable-bootstrap
EOF
Mail -s "Results for 4.3.3 (GCC) testsuite on sparc-sun-solaris2.8"
gcc-testresults@gcc.gnu.org &&
mv
/opt/build/dclarke/GCC/gcc-4.3.3-sparc/./gcc/testsuite/ada/acats/acats.sum
/opt/build/dclarke/GCC/gcc-4.3.3-sparc/./gcc/testsuite/ada/acats/acats.sum.sent
&&
mv /opt/build/dclarke/GCC/gcc-4.3.3-sparc/./gcc/testsuite/g++/g++.sum
/opt/build/dclarke/GCC/gcc-4.3.3-sparc/./gcc/testsuite/g++/g++.sum.sent &&
mv /opt/build/dclarke/GCC/gcc-4.3.3-sparc/./gcc/testsuite/gcc/gcc.sum
/opt/build/dclarke/GCC/gcc-4.3.3-sparc/./gcc/testsuite/gcc/gcc.sum.sent &&
mv
/opt/build/dclarke/GCC/gcc-4.3.3-sparc/./gcc/testsuite/gfortran/gfortran.sum
/opt/build/dclarke/GCC/gcc-4.3.3-sparc/./gcc/testsuite/gfortran/gfortran.sum.sent
&&
mv /opt/build/dclarke/GCC/gcc-4.3.3-sparc/./gcc/testsuite/gnat/gnat.sum
/opt/build/dclarke/GCC/gcc-4.3.3-sparc/./gcc/testsuite/gnat/gnat.sum.sent
&&
mv /opt/build/dclarke/GCC/gcc-4.3.3-sparc/./gcc/testsuite/objc/objc.sum
/opt/build/dclarke/GCC/gcc-4.3.3-sparc/./gcc/testsuite/objc/objc.sum.sent
&&
mv
/opt/build/dclarke/GCC/gcc-4.3.3-sparc/./sparc-sun-solaris2.8/libgomp/testsuite/libgomp.sum
/opt/build/dclarke/GCC/gcc-4.3.3-sparc/./sparc-sun-solaris2.8/libgomp/testsuite/libgomp.sum.sent
&&
mv
/opt/build/dclarke/GCC/gcc-4.3.3-sparc/./sparc-sun-solaris2.8/libstdc++-v3/testsuite/libstdc++.sum
/opt/build/dclarke/GCC/gcc-4.3.3-sparc/./sparc-sun-solaris2.8/libstdc++-v3/testsuite/libstdc++.sum.sent
&&
mv
/opt/build/dclarke/GCC/gcc-4.3.3-sparc/./gcc/testsuite/ada/acats/acats.log
/opt/build/dclarke/GCC/gcc-4.3.3-sparc/./gcc/testsuite/ada/acats/acats.log.sent
&&
mv /opt/build/dclarke/GCC/gcc-4.3.3-sparc/./gcc/testsuite/g++/g++.log
/opt/build/dclarke/GCC/gcc-4.3.3-sparc/./gcc/testsuite/g++/g++.log.sent &&
mv /opt/build/dclarke/GCC/gcc-4.3.3-sparc/./gcc/testsuite/gcc/gcc.log
/opt/build/dclarke/GCC/gcc-4.3.3-sparc/./gcc/testsuite/gcc/gcc.log.sent &&
mv
/opt/build/dclarke/GCC/gcc-4.3.3-sparc/./gcc/testsuite/gfortran/gfortran.log
/opt/build/dclarke/GCC/gcc-4.3.3-sparc/./gcc/testsuite/gfortran/gfortran.log.sent
&&
mv /opt/build/dclarke/GCC/gcc-4.3.3-sparc/./gcc/testsuite/gnat/gnat.log
/opt/build/dclarke/GCC/gcc-4.3.3-sparc/./gcc/testsuite/gnat/gnat.log.sent
&&
mv /opt/build/dclarke/GCC/gcc-4.3.3-sparc/./gcc/testsuite/objc/objc.log
/opt/build/dclarke/GCC/gcc-4.3.3-sparc/./gcc/testsuite/objc/objc.log.sent
&&
mv
/opt/build/dclarke/GCC/gcc-4.3.3-sparc/./sparc-sun-solaris2.8/libgomp/testsuite/libgomp.log
/opt/build/dclarke/GCC/gcc-4.3.3-sparc/./sparc-sun-solaris2.8/libgomp/testsuite/libgomp.log.sent
&&
mv
/opt/build/dclarke/GCC/gcc-4.3.3-sparc/./sparc-sun-solaris2.8/libstdc++-v3/testsuite/libstdc++.log
/opt/build/dclarke/GCC/gcc-4.3.3-sparc/./sparc-sun-solaris2.8/libstdc++-v3/testsuite/libstdc++.log.sent
&&
true
bash-4.0$
--
Dennis Clarke
http://www.blastwave.org