This is the mail archive of the
gcc-testresults@gcc.gnu.org
mailing list for the GCC project.
Results for 4.5.0 20090527 (experimental) [lto revision 148110] (lto merged with rev 147915) testsuite on x86_64-unknown-linux-gnu
- From: hjl at gnu-26 dot sc dot intel dot com (H.J. Lu (Intel64))
- To: gcc-testresults at gcc dot gnu dot org
- Date: Tue, 2 Jun 2009 23:41:16 -0700 (PDT)
- Subject: Results for 4.5.0 20090527 (experimental) [lto revision 148110] (lto merged with rev 147915) testsuite on x86_64-unknown-linux-gnu
LAST_UPDATED: Wed Jun 3 03:15:41 UTC 2009 (revision 148110)
Native configuration is x86_64-unknown-linux-gnu
=== g++ tests ===
Running target unix/-m32
FAIL: g++.dg/inherit/thunk1.C (test for excess errors)
WARNING: g++.dg/inherit/thunk1.C compilation failed to produce executable
FAIL: g++.dg/ipa/iinline-1.C scan-ipa-dump inline "String::funcOne[^\\n]*inline copy in int main"
FAIL: g++.dg/lto/20081109 cp_lto_20081109_0.o-cp_lto_20081109_1.o execute -O0 -fwhopr
FAIL: g++.dg/lto/20081109 cp_lto_20081109_0.o-cp_lto_20081109_1.o execute -O2 -fwhopr
FAIL: g++.dg/torture/stackalign/eh-vararg-2.C -O2 -flto execution test
FAIL: g++.dg/torture/stackalign/eh-vararg-2.C -O3 -flto execution test
FAIL: g++.dg/torture/stackalign/eh-vararg-2.C -O2 -fwhopr execution test
FAIL: g++.dg/torture/stackalign/eh-vararg-2.C -O3 -fwhopr execution test
FAIL: g++.dg/torture/stackalign/unwind-3.C -O2 -flto execution test
FAIL: g++.dg/torture/stackalign/unwind-3.C -O2 -fwhopr execution test
FAIL: g++.dg/torture/stackalign/unwind-5.C -O2 -flto execution test
FAIL: g++.dg/torture/stackalign/unwind-5.C -O3 -flto execution test
FAIL: g++.dg/torture/stackalign/unwind-5.C -O2 -fwhopr execution test
FAIL: g++.dg/torture/stackalign/unwind-5.C -O3 -fwhopr execution test
FAIL: g++.dg/torture/stackalign/unwind-6.C -O2 -flto execution test
FAIL: g++.dg/torture/stackalign/unwind-6.C -O3 -flto execution test
FAIL: g++.dg/torture/stackalign/unwind-6.C -O2 -fwhopr execution test
FAIL: g++.dg/torture/stackalign/unwind-6.C -O3 -fwhopr execution test
FAIL: g++.old-deja/g++.jason/thunk3.C (test for excess errors)
WARNING: g++.old-deja/g++.jason/thunk3.C compilation failed to produce executable
=== g++ Summary for unix/-m32 ===
# of expected passes 21317
# of unexpected failures 19
# of expected failures 138
# of unsupported tests 102
Running target unix
FAIL: g++.dg/inherit/thunk1.C (test for excess errors)
WARNING: g++.dg/inherit/thunk1.C compilation failed to produce executable
FAIL: g++.dg/ipa/iinline-1.C scan-ipa-dump inline "String::funcOne[^\\n]*inline copy in int main"
FAIL: g++.dg/torture/stackalign/eh-vararg-2.C -O2 -flto execution test
FAIL: g++.dg/torture/stackalign/eh-vararg-2.C -O3 -flto execution test
FAIL: g++.dg/torture/stackalign/eh-vararg-2.C -O2 -fwhopr execution test
FAIL: g++.dg/torture/stackalign/eh-vararg-2.C -O3 -fwhopr execution test
FAIL: g++.old-deja/g++.jason/thunk3.C (test for excess errors)
WARNING: g++.old-deja/g++.jason/thunk3.C compilation failed to produce executable
=== g++ Summary for unix ===
# of expected passes 21657
# of unexpected failures 7
# of expected failures 138
# of unsupported tests 360
=== g++ Summary ===
# of expected passes 42974
# of unexpected failures 26
# of expected failures 276
# of unsupported tests 462
/export/gnu/import/svn/gcc-test/bld/gcc/testsuite/g++/../../g++ version 4.5.0 20090527 (experimental) [lto revision 148110] (lto merged with rev 147915)
=== gcc tests ===
Running target unix/-m32
FAIL: gcc.c-torture/execute/builtins/mempcpy.c execution, -O3 -flto
FAIL: gcc.c-torture/execute/builtins/mempcpy.c execution, -O3 -fwhopr
FAIL: gcc.c-torture/execute/builtins/strcat.c execution, -O3 -flto
FAIL: gcc.c-torture/execute/builtins/strcat.c execution, -O3 -fwhopr
FAIL: gcc.c-torture/execute/builtins/strcpy-2.c execution, -O3 -flto
FAIL: gcc.c-torture/execute/builtins/strcpy-2.c execution, -O3 -fwhopr
FAIL: gcc.c-torture/execute/builtins/strlen-2.c execution, -O3 -flto
FAIL: gcc.c-torture/execute/builtins/strlen-2.c execution, -O3 -fwhopr
FAIL: gcc.c-torture/execute/builtins/strlen-3.c execution, -O3 -flto
FAIL: gcc.c-torture/execute/builtins/strlen-3.c execution, -O3 -fwhopr
FAIL: gcc.c-torture/execute/builtins/strncpy.c execution, -O3 -flto
FAIL: gcc.c-torture/execute/builtins/strncpy.c execution, -O3 -fwhopr
FAIL: gcc.c-torture/execute/builtins/strpcpy.c execution, -O3 -flto
FAIL: gcc.c-torture/execute/builtins/strpcpy.c execution, -O3 -fwhopr
FAIL: gcc.c-torture/execute/20020412-1.c execution, -O0 -flto
FAIL: gcc.c-torture/execute/20020412-1.c execution, -O2 -flto
FAIL: gcc.c-torture/execute/20020412-1.c execution, -O3 -flto
FAIL: gcc.c-torture/execute/20020412-1.c execution, -O0 -fwhopr
FAIL: gcc.c-torture/execute/20020412-1.c execution, -O2 -fwhopr
FAIL: gcc.c-torture/execute/20020412-1.c execution, -O3 -fwhopr
FAIL: gcc.c-torture/execute/20041214-1.c compilation, -O2 -flto (internal compiler error)
UNRESOLVED: gcc.c-torture/execute/20041214-1.c execution, -O2 -flto
FAIL: gcc.c-torture/execute/20041214-1.c compilation, -O3 -flto (internal compiler error)
UNRESOLVED: gcc.c-torture/execute/20041214-1.c execution, -O3 -flto
FAIL: gcc.c-torture/execute/20041214-1.c compilation, -O2 -fwhopr (internal compiler error)
UNRESOLVED: gcc.c-torture/execute/20041214-1.c execution, -O2 -fwhopr
FAIL: gcc.c-torture/execute/20041214-1.c compilation, -O3 -fwhopr (internal compiler error)
UNRESOLVED: gcc.c-torture/execute/20041214-1.c execution, -O3 -fwhopr
FAIL: gcc.dg/autopar/parallelization-1.c scan-tree-dump-times optimized "loopfn" 5
XPASS: gcc.dg/Warray-bounds.c (test for warnings, line 59)
XPASS: gcc.dg/Warray-bounds.c (test for warnings, line 65)
FAIL: gcc.dg/pr34989-1.c (internal compiler error)
FAIL: gcc.dg/pr34989-1.c (test for excess errors)
FAIL: gcc.dg/visibility-7.c (test for warnings, line 8)
FAIL: gcc.dg/visibility-7.c (test for excess errors)
FAIL: gcc.dg/lto/20090116 c_lto_20090116_0.o-c_lto_20090116_0.o link, (internal compiler error)
UNRESOLVED: gcc.dg/lto/20090116 c_lto_20090116_0.o-c_lto_20090116_0.o execute -O1 -fwhopr -fPIC
FAIL: gcc.dg/lto/20090120 c_lto_20090120_0.o-c_lto_20090120_0.o link, (internal compiler error)
UNRESOLVED: gcc.dg/lto/20090120 c_lto_20090120_0.o-c_lto_20090120_0.o execute -flto -funsigned-char
UNRESOLVED: ggcplug.c compilation, -I. -I/export/gnu/import/svn/gcc-test/src-lto/gcc/testsuite -I/export/gnu/import/svn/gcc-test/src-lto/gcc/testsuite/../../gcc -I/export/gnu/import/svn/gcc-test/bld/gcc/testsuite/gcc/../../../gcc -I/export/gnu/import/svn/gcc-test/src-lto/gcc/testsuite/../../include -I/export/gnu/import/svn/gcc-test/src-lto/gcc/testsuite/../../libcpp/include -O -DIN_GCC -fPIC -shared
XPASS: gcc.dg/struct/wo_prof_array_through_pointer.c scan-ipa-dump ipa_struct_reorg "Number of structures to transform is 1"
FAIL: gcc.dg/struct/wo_prof_double_malloc.c (internal compiler error)
FAIL: gcc.dg/struct/wo_prof_double_malloc.c (test for excess errors)
WARNING: gcc.dg/struct/wo_prof_double_malloc.c compilation failed to produce executable
FAIL: gcc.dg/torture/ssa-pta-fn-1.c -O3 -flto execution test
FAIL: gcc.dg/torture/ssa-pta-fn-1.c -O3 -fwhopr execution test
FAIL: gcc.dg/tree-ssa/pr27236.c scan-tree-dump-times optimized "foo_read" 5
FAIL: gcc.dg/tree-ssa/tailrecursion-5.c scan-tree-dump-times optimized "\\msum\\M" 4
FAIL: gcc.dg/tree-ssa/tailrecursion-5.c scan-tree-dump-times optimized "\\mfac\\M" 4
FAIL: gcc.dg/tree-ssa/tailrecursion-5.c scan-tree-dump-times optimized "\\msq_sum\\M" 4
FAIL: gcc.dg/tree-ssa/tailrecursion-5.c scan-tree-dump-times optimized "\\mpow2m1\\M" 4
FAIL: gcc.dg/tree-ssa/tailrecursion-5.c scan-tree-dump-times optimized "\\mfib\\M" 5
FAIL: gcc.misc-tests/i386-pf-sse-1.c scan-assembler prefetchnta
FAIL: gcc.misc-tests/i386-pf-sse-1.c scan-assembler prefetcht0
FAIL: gcc.misc-tests/i386-pf-sse-1.c scan-assembler prefetcht1
FAIL: gcc.misc-tests/i386-pf-sse-1.c scan-assembler prefetcht2
FAIL: gcc.misc-tests/i386-pf-sse-1.c scan-assembler prefetchnta
FAIL: gcc.misc-tests/i386-pf-sse-1.c scan-assembler prefetcht0
FAIL: gcc.misc-tests/i386-pf-sse-1.c scan-assembler prefetcht1
FAIL: gcc.misc-tests/i386-pf-sse-1.c scan-assembler prefetcht2
FAIL: gcc.misc-tests/i386-pf-sse-1.c scan-assembler prefetchnta
FAIL: gcc.misc-tests/i386-pf-sse-1.c scan-assembler prefetcht0
FAIL: gcc.misc-tests/i386-pf-sse-1.c scan-assembler prefetcht1
FAIL: gcc.misc-tests/i386-pf-sse-1.c scan-assembler prefetcht2
FAIL: gcc.misc-tests/i386-pf-sse-1.c scan-assembler prefetchnta
FAIL: gcc.misc-tests/i386-pf-sse-1.c scan-assembler prefetcht0
FAIL: gcc.misc-tests/i386-pf-sse-1.c scan-assembler prefetcht1
FAIL: gcc.misc-tests/i386-pf-sse-1.c scan-assembler prefetcht2
FAIL: gcc.misc-tests/i386-pf-sse-1.c scan-assembler prefetchnta
FAIL: gcc.misc-tests/i386-pf-sse-1.c scan-assembler prefetcht0
FAIL: gcc.misc-tests/i386-pf-sse-1.c scan-assembler prefetcht1
FAIL: gcc.misc-tests/i386-pf-sse-1.c scan-assembler prefetcht2
FAIL: gcc.misc-tests/i386-pf-sse-1.c scan-assembler prefetchnta
FAIL: gcc.misc-tests/i386-pf-sse-1.c scan-assembler prefetcht0
FAIL: gcc.misc-tests/i386-pf-sse-1.c scan-assembler prefetcht1
FAIL: gcc.misc-tests/i386-pf-sse-1.c scan-assembler prefetcht2
FAIL: gcc.misc-tests/i386-pf-3dnow-1.c scan-assembler prefetch
FAIL: gcc.misc-tests/i386-pf-3dnow-1.c scan-assembler prefetchw
FAIL: gcc.misc-tests/i386-pf-3dnow-1.c scan-assembler prefetch
FAIL: gcc.misc-tests/i386-pf-3dnow-1.c scan-assembler prefetchw
FAIL: gcc.misc-tests/i386-pf-3dnow-1.c scan-assembler prefetch
FAIL: gcc.misc-tests/i386-pf-3dnow-1.c scan-assembler prefetchw
FAIL: gcc.misc-tests/i386-pf-3dnow-1.c scan-assembler prefetch
FAIL: gcc.misc-tests/i386-pf-3dnow-1.c scan-assembler prefetchw
FAIL: gcc.misc-tests/i386-pf-3dnow-1.c scan-assembler prefetch
FAIL: gcc.misc-tests/i386-pf-3dnow-1.c scan-assembler prefetchw
FAIL: gcc.misc-tests/i386-pf-3dnow-1.c scan-assembler prefetch
FAIL: gcc.misc-tests/i386-pf-3dnow-1.c scan-assembler prefetchw
FAIL: gcc.misc-tests/i386-pf-athlon-1.c scan-assembler prefetchw
FAIL: gcc.misc-tests/i386-pf-athlon-1.c scan-assembler prefetchnta
FAIL: gcc.misc-tests/i386-pf-athlon-1.c scan-assembler prefetcht
FAIL: gcc.misc-tests/i386-pf-athlon-1.c scan-assembler prefetchw
FAIL: gcc.misc-tests/i386-pf-athlon-1.c scan-assembler prefetchnta
FAIL: gcc.misc-tests/i386-pf-athlon-1.c scan-assembler prefetcht
FAIL: gcc.misc-tests/i386-pf-athlon-1.c scan-assembler prefetchw
FAIL: gcc.misc-tests/i386-pf-athlon-1.c scan-assembler prefetchnta
FAIL: gcc.misc-tests/i386-pf-athlon-1.c scan-assembler prefetcht
FAIL: gcc.misc-tests/i386-pf-athlon-1.c scan-assembler prefetchw
FAIL: gcc.misc-tests/i386-pf-athlon-1.c scan-assembler prefetchnta
FAIL: gcc.misc-tests/i386-pf-athlon-1.c scan-assembler prefetcht
FAIL: gcc.misc-tests/i386-pf-athlon-1.c scan-assembler prefetchw
FAIL: gcc.misc-tests/i386-pf-athlon-1.c scan-assembler prefetchnta
FAIL: gcc.misc-tests/i386-pf-athlon-1.c scan-assembler prefetcht
FAIL: gcc.misc-tests/i386-pf-athlon-1.c scan-assembler prefetchw
FAIL: gcc.misc-tests/i386-pf-athlon-1.c scan-assembler prefetchnta
FAIL: gcc.misc-tests/i386-pf-athlon-1.c scan-assembler prefetcht
=== gcc Summary for unix/-m32 ===
# of expected passes 86857
# of unexpected failures 95
# of unexpected successes 3
# of expected failures 152
# of unresolved testcases 7
# of unsupported tests 636
Running target unix
FAIL: gcc.c-torture/execute/builtins/mempcpy.c execution, -O3 -flto
FAIL: gcc.c-torture/execute/builtins/mempcpy.c execution, -O3 -fwhopr
FAIL: gcc.c-torture/execute/builtins/strcat.c execution, -O3 -flto
FAIL: gcc.c-torture/execute/builtins/strcat.c execution, -O3 -fwhopr
FAIL: gcc.c-torture/execute/builtins/strcpy-2.c execution, -O3 -flto
FAIL: gcc.c-torture/execute/builtins/strcpy-2.c execution, -O3 -fwhopr
FAIL: gcc.c-torture/execute/builtins/strlen-2.c execution, -O3 -flto
FAIL: gcc.c-torture/execute/builtins/strlen-2.c execution, -O3 -fwhopr
FAIL: gcc.c-torture/execute/builtins/strlen-3.c execution, -O3 -flto
FAIL: gcc.c-torture/execute/builtins/strlen-3.c execution, -O3 -fwhopr
FAIL: gcc.c-torture/execute/builtins/strncpy.c execution, -O3 -flto
FAIL: gcc.c-torture/execute/builtins/strncpy.c execution, -O3 -fwhopr
FAIL: gcc.c-torture/execute/builtins/strpcpy.c execution, -O3 -flto
FAIL: gcc.c-torture/execute/builtins/strpcpy.c execution, -O3 -fwhopr
FAIL: gcc.c-torture/execute/20020412-1.c execution, -O0 -flto
FAIL: gcc.c-torture/execute/20020412-1.c execution, -O2 -flto
FAIL: gcc.c-torture/execute/20020412-1.c execution, -O3 -flto
FAIL: gcc.c-torture/execute/20020412-1.c execution, -O0 -fwhopr
FAIL: gcc.c-torture/execute/20020412-1.c execution, -O2 -fwhopr
FAIL: gcc.c-torture/execute/20020412-1.c execution, -O3 -fwhopr
FAIL: gcc.dg/autopar/parallelization-1.c scan-tree-dump-times optimized "loopfn" 5
XPASS: gcc.dg/Warray-bounds.c (test for warnings, line 59)
XPASS: gcc.dg/Warray-bounds.c (test for warnings, line 65)
FAIL: gcc.dg/pr34989-1.c (internal compiler error)
FAIL: gcc.dg/pr34989-1.c (test for excess errors)
FAIL: gcc.dg/visibility-7.c (test for warnings, line 8)
FAIL: gcc.dg/visibility-7.c (test for excess errors)
FAIL: gcc.dg/lto/20090116 c_lto_20090116_0.o-c_lto_20090116_0.o link, (internal compiler error)
UNRESOLVED: gcc.dg/lto/20090116 c_lto_20090116_0.o-c_lto_20090116_0.o execute -O1 -fwhopr -fPIC
FAIL: gcc.dg/lto/20090120 c_lto_20090120_0.o-c_lto_20090120_0.o link, (internal compiler error)
UNRESOLVED: gcc.dg/lto/20090120 c_lto_20090120_0.o-c_lto_20090120_0.o execute -flto -funsigned-char
UNRESOLVED: ggcplug.c compilation, -I. -I/export/gnu/import/svn/gcc-test/src-lto/gcc/testsuite -I/export/gnu/import/svn/gcc-test/src-lto/gcc/testsuite/../../gcc -I/export/gnu/import/svn/gcc-test/bld/gcc/testsuite/gcc/../../../gcc -I/export/gnu/import/svn/gcc-test/src-lto/gcc/testsuite/../../include -I/export/gnu/import/svn/gcc-test/src-lto/gcc/testsuite/../../libcpp/include -O -DIN_GCC -fPIC -shared
XPASS: gcc.dg/struct/wo_prof_array_through_pointer.c scan-ipa-dump ipa_struct_reorg "Number of structures to transform is 1"
FAIL: gcc.dg/struct/wo_prof_double_malloc.c (internal compiler error)
FAIL: gcc.dg/struct/wo_prof_double_malloc.c (test for excess errors)
WARNING: gcc.dg/struct/wo_prof_double_malloc.c compilation failed to produce executable
FAIL: gcc.dg/torture/ssa-pta-fn-1.c -O3 -flto execution test
FAIL: gcc.dg/torture/ssa-pta-fn-1.c -O3 -fwhopr execution test
FAIL: gcc.dg/tree-prof/bb-reorg.c compilation, -fprofile-use -D_PROFILE_USE
UNRESOLVED: gcc.dg/tree-prof/bb-reorg.c execution, -fprofile-use -D_PROFILE_USE
FAIL: gcc.dg/tree-prof/pr34999.c compilation, -fprofile-use -D_PROFILE_USE
UNRESOLVED: gcc.dg/tree-prof/pr34999.c execution, -fprofile-use -D_PROFILE_USE
FAIL: gcc.dg/tree-ssa/pr27236.c scan-tree-dump-times optimized "foo_read" 5
FAIL: gcc.dg/tree-ssa/tailrecursion-5.c scan-tree-dump-times optimized "\\msum\\M" 4
FAIL: gcc.dg/tree-ssa/tailrecursion-5.c scan-tree-dump-times optimized "\\mfac\\M" 4
FAIL: gcc.dg/tree-ssa/tailrecursion-5.c scan-tree-dump-times optimized "\\msq_sum\\M" 4
FAIL: gcc.dg/tree-ssa/tailrecursion-5.c scan-tree-dump-times optimized "\\mpow2m1\\M" 4
FAIL: gcc.dg/tree-ssa/tailrecursion-5.c scan-tree-dump-times optimized "\\mfib\\M" 5
FAIL: gcc.target/i386/funcspec-3.c (internal compiler error)
FAIL: gcc.target/i386/funcspec-3.c (test for excess errors)
ERROR: gcc.target/i386/funcspec-3.c: error executing dg-final: couldn't open "funcspec-3.s": no such file or directory
UNRESOLVED: gcc.target/i386/funcspec-3.c: error executing dg-final: couldn't open "funcspec-3.s": no such file or directory
=== gcc Summary for unix ===
# of expected passes 87774
# of unexpected failures 41
# of unexpected successes 3
# of expected failures 151
# of unresolved testcases 6
# of unsupported tests 1104
=== gcc Summary ===
# of expected passes 174631
# of unexpected failures 136
# of unexpected successes 6
# of expected failures 303
# of unresolved testcases 13
# of unsupported tests 1740
/export/gnu/import/svn/gcc-test/bld/gcc/xgcc version 4.5.0 20090527 (experimental) [lto revision 148110] (lto merged with rev 147915)
=== libmudflap tests ===
Running target unix/-m32
FAIL: libmudflap.cth/pass37-frag.c (-static -DSTATIC) execution test
FAIL: libmudflap.cth/pass37-frag.c (-static -DSTATIC) output pattern test
FAIL: libmudflap.cth/pass37-frag.c (-static -DSTATIC) (rerun 1) execution test
FAIL: libmudflap.cth/pass37-frag.c (-static -DSTATIC) (rerun 1) output pattern test
FAIL: libmudflap.cth/pass37-frag.c (-static -DSTATIC) (rerun 2) execution test
FAIL: libmudflap.cth/pass37-frag.c (-static -DSTATIC) (rerun 2) output pattern test
FAIL: libmudflap.cth/pass37-frag.c (-static -DSTATIC) (rerun 3) execution test
FAIL: libmudflap.cth/pass37-frag.c (-static -DSTATIC) (rerun 3) output pattern test
FAIL: libmudflap.cth/pass37-frag.c (-static -DSTATIC) (rerun 4) execution test
FAIL: libmudflap.cth/pass37-frag.c (-static -DSTATIC) (rerun 4) output pattern test
FAIL: libmudflap.cth/pass37-frag.c (-static -DSTATIC) (rerun 5) execution test
FAIL: libmudflap.cth/pass37-frag.c (-static -DSTATIC) (rerun 5) output pattern test
FAIL: libmudflap.cth/pass37-frag.c (-static -DSTATIC) (rerun 6) execution test
FAIL: libmudflap.cth/pass37-frag.c (-static -DSTATIC) (rerun 6) output pattern test
FAIL: libmudflap.cth/pass37-frag.c (-static -DSTATIC) (rerun 7) execution test
FAIL: libmudflap.cth/pass37-frag.c (-static -DSTATIC) (rerun 7) output pattern test
FAIL: libmudflap.cth/pass37-frag.c (-static -DSTATIC) (rerun 8) execution test
FAIL: libmudflap.cth/pass37-frag.c (-static -DSTATIC) (rerun 8) output pattern test
FAIL: libmudflap.cth/pass37-frag.c (-static -DSTATIC) (rerun 9) execution test
FAIL: libmudflap.cth/pass37-frag.c (-static -DSTATIC) (rerun 9) output pattern test
FAIL: libmudflap.cth/pass37-frag.c (-static -DSTATIC) (rerun 10) execution test
FAIL: libmudflap.cth/pass37-frag.c (-static -DSTATIC) (rerun 10) output pattern test
FAIL: libmudflap.cth/pass37-frag.c (-static -DSTATIC) (rerun 11) execution test
FAIL: libmudflap.cth/pass37-frag.c (-static -DSTATIC) (rerun 11) output pattern test
FAIL: libmudflap.cth/pass37-frag.c (-static -DSTATIC) (rerun 12) execution test
FAIL: libmudflap.cth/pass37-frag.c (-static -DSTATIC) (rerun 12) output pattern test
FAIL: libmudflap.cth/pass37-frag.c (-static -DSTATIC) (rerun 13) execution test
FAIL: libmudflap.cth/pass37-frag.c (-static -DSTATIC) (rerun 13) output pattern test
FAIL: libmudflap.cth/pass37-frag.c (-static -DSTATIC) (rerun 14) execution test
FAIL: libmudflap.cth/pass37-frag.c (-static -DSTATIC) (rerun 14) output pattern test
FAIL: libmudflap.cth/pass37-frag.c (-static -DSTATIC) (rerun 15) execution test
FAIL: libmudflap.cth/pass37-frag.c (-static -DSTATIC) (rerun 15) output pattern test
FAIL: libmudflap.cth/pass37-frag.c (-static -DSTATIC) (rerun 16) execution test
FAIL: libmudflap.cth/pass37-frag.c (-static -DSTATIC) (rerun 16) output pattern test
FAIL: libmudflap.cth/pass37-frag.c (-static -DSTATIC) (rerun 17) execution test
FAIL: libmudflap.cth/pass37-frag.c (-static -DSTATIC) (rerun 17) output pattern test
FAIL: libmudflap.cth/pass37-frag.c (-static -DSTATIC) (rerun 18) execution test
FAIL: libmudflap.cth/pass37-frag.c (-static -DSTATIC) (rerun 18) output pattern test
FAIL: libmudflap.cth/pass37-frag.c (-static -DSTATIC) (rerun 19) execution test
FAIL: libmudflap.cth/pass37-frag.c (-static -DSTATIC) (rerun 19) output pattern test
FAIL: libmudflap.cth/pass39-frag.c (-static -DSTATIC) execution test
FAIL: libmudflap.cth/pass39-frag.c (-static -DSTATIC) output pattern test
FAIL: libmudflap.cth/pass39-frag.c (-static -DSTATIC) (rerun 1) execution test
FAIL: libmudflap.cth/pass39-frag.c (-static -DSTATIC) (rerun 1) output pattern test
FAIL: libmudflap.cth/pass39-frag.c (-static -DSTATIC) (rerun 2) execution test
FAIL: libmudflap.cth/pass39-frag.c (-static -DSTATIC) (rerun 2) output pattern test
FAIL: libmudflap.cth/pass39-frag.c (-static -DSTATIC) (rerun 3) execution test
FAIL: libmudflap.cth/pass39-frag.c (-static -DSTATIC) (rerun 3) output pattern test
FAIL: libmudflap.cth/pass39-frag.c (-static -DSTATIC) (rerun 4) execution test
FAIL: libmudflap.cth/pass39-frag.c (-static -DSTATIC) (rerun 4) output pattern test
FAIL: libmudflap.cth/pass39-frag.c (-static -DSTATIC) (rerun 5) execution test
FAIL: libmudflap.cth/pass39-frag.c (-static -DSTATIC) (rerun 5) output pattern test
FAIL: libmudflap.cth/pass39-frag.c (-static -DSTATIC) (rerun 6) execution test
FAIL: libmudflap.cth/pass39-frag.c (-static -DSTATIC) (rerun 6) output pattern test
FAIL: libmudflap.cth/pass39-frag.c (-static -DSTATIC) (rerun 7) execution test
FAIL: libmudflap.cth/pass39-frag.c (-static -DSTATIC) (rerun 7) output pattern test
FAIL: libmudflap.cth/pass39-frag.c (-static -DSTATIC) (rerun 8) execution test
FAIL: libmudflap.cth/pass39-frag.c (-static -DSTATIC) (rerun 8) output pattern test
FAIL: libmudflap.cth/pass39-frag.c (-static -DSTATIC) (rerun 9) execution test
FAIL: libmudflap.cth/pass39-frag.c (-static -DSTATIC) (rerun 9) output pattern test
FAIL: libmudflap.cth/pass39-frag.c (-static -DSTATIC) (rerun 10) execution test
FAIL: libmudflap.cth/pass39-frag.c (-static -DSTATIC) (rerun 10) output pattern test
FAIL: libmudflap.cth/pass39-frag.c (-static -DSTATIC) (rerun 11) execution test
FAIL: libmudflap.cth/pass39-frag.c (-static -DSTATIC) (rerun 11) output pattern test
FAIL: libmudflap.cth/pass39-frag.c (-static -DSTATIC) (rerun 12) execution test
FAIL: libmudflap.cth/pass39-frag.c (-static -DSTATIC) (rerun 12) output pattern test
FAIL: libmudflap.cth/pass39-frag.c (-static -DSTATIC) (rerun 13) execution test
FAIL: libmudflap.cth/pass39-frag.c (-static -DSTATIC) (rerun 13) output pattern test
FAIL: libmudflap.cth/pass39-frag.c (-static -DSTATIC) (rerun 14) execution test
FAIL: libmudflap.cth/pass39-frag.c (-static -DSTATIC) (rerun 14) output pattern test
FAIL: libmudflap.cth/pass39-frag.c (-static -DSTATIC) (rerun 15) execution test
FAIL: libmudflap.cth/pass39-frag.c (-static -DSTATIC) (rerun 15) output pattern test
FAIL: libmudflap.cth/pass39-frag.c (-static -DSTATIC) (rerun 16) execution test
FAIL: libmudflap.cth/pass39-frag.c (-static -DSTATIC) (rerun 16) output pattern test
FAIL: libmudflap.cth/pass39-frag.c (-static -DSTATIC) (rerun 17) execution test
FAIL: libmudflap.cth/pass39-frag.c (-static -DSTATIC) (rerun 17) output pattern test
FAIL: libmudflap.cth/pass39-frag.c (-static -DSTATIC) (rerun 18) execution test
FAIL: libmudflap.cth/pass39-frag.c (-static -DSTATIC) (rerun 18) output pattern test
FAIL: libmudflap.cth/pass39-frag.c (-static -DSTATIC) (rerun 19) execution test
FAIL: libmudflap.cth/pass39-frag.c (-static -DSTATIC) (rerun 19) output pattern test
FAIL: libmudflap.cth/pass40-frag.c (-static -DSTATIC) execution test
FAIL: libmudflap.cth/pass40-frag.c (-static -DSTATIC) output pattern test
FAIL: libmudflap.cth/pass59-frag.c (-static -DSTATIC) execution test
FAIL: libmudflap.cth/pass59-frag.c (-static -DSTATIC) output pattern test
=== libmudflap Summary for unix/-m32 ===
# of expected passes 1810
# of unexpected failures 84
Running target unix
=== libmudflap Summary for unix ===
# of expected passes 1894
=== libmudflap Summary ===
# of expected passes 3704
# of unexpected failures 84
=== libstdc++ tests ===
Running target unix/-m32
FAIL: 20_util/make_signed/requirements/typedefs-2.cc (test for excess errors)
WARNING: 20_util/make_signed/requirements/typedefs-2.cc compilation failed to produce executable
FAIL: 20_util/make_unsigned/requirements/typedefs-2.cc (test for excess errors)
WARNING: 20_util/make_unsigned/requirements/typedefs-2.cc compilation failed to produce executable
FAIL: 21_strings/basic_string/numeric_conversions/char/stod.cc execution test
FAIL: 21_strings/basic_string/numeric_conversions/char/stof.cc execution test
FAIL: 21_strings/basic_string/numeric_conversions/char/stold.cc execution test
FAIL: 21_strings/basic_string/numeric_conversions/wchar_t/stod.cc execution test
FAIL: 21_strings/basic_string/numeric_conversions/wchar_t/stof.cc execution test
FAIL: 21_strings/basic_string/numeric_conversions/wchar_t/stold.cc execution test
FAIL: 22_locale/locale/cons/12352.cc execution test
FAIL: 22_locale/money_put/put/char/4.cc (test for excess errors)
WARNING: 22_locale/money_put/put/char/4.cc compilation failed to produce executable
FAIL: 22_locale/money_put/put/wchar_t/4.cc (test for excess errors)
WARNING: 22_locale/money_put/put/wchar_t/4.cc compilation failed to produce executable
FAIL: 22_locale/num_put/put/char/4.cc (test for excess errors)
WARNING: 22_locale/num_put/put/char/4.cc compilation failed to produce executable
FAIL: 22_locale/num_put/put/char/wrapped_env.cc (test for excess errors)
WARNING: 22_locale/num_put/put/char/wrapped_env.cc compilation failed to produce executable
FAIL: 22_locale/num_put/put/char/wrapped_locale.cc (test for excess errors)
WARNING: 22_locale/num_put/put/char/wrapped_locale.cc compilation failed to produce executable
FAIL: 22_locale/num_put/put/wchar_t/4.cc (test for excess errors)
WARNING: 22_locale/num_put/put/wchar_t/4.cc compilation failed to produce executable
FAIL: 22_locale/num_put/put/wchar_t/wrapped_env.cc (test for excess errors)
WARNING: 22_locale/num_put/put/wchar_t/wrapped_env.cc compilation failed to produce executable
FAIL: 22_locale/num_put/put/wchar_t/wrapped_locale.cc (test for excess errors)
WARNING: 22_locale/num_put/put/wchar_t/wrapped_locale.cc compilation failed to produce executable
FAIL: 22_locale/numpunct/members/pod/2.cc (test for excess errors)
WARNING: 22_locale/numpunct/members/pod/2.cc compilation failed to produce executable
FAIL: 23_containers/deque/capacity/29134-2.cc execution test
FAIL: 23_containers/vector/bool/modifiers/insert/31370.cc execution test
FAIL: 23_containers/vector/cons/4.cc execution test
FAIL: 23_containers/vector/ext_pointer/modifiers/insert.cc execution test
FAIL: 26_numerics/complex/inserters_extractors/wchar_t/1.cc (test for excess errors)
WARNING: 26_numerics/complex/inserters_extractors/wchar_t/1.cc compilation failed to produce executable
XPASS: 26_numerics/headers/cmath/c99_classification_macros_c.cc (test for excess errors)
FAIL: 27_io/basic_filebuf/overflow/char/13858.cc execution test
FAIL: 27_io/basic_filebuf/overflow/wchar_t/13858.cc execution test
FAIL: 27_io/basic_istream/exceptions/char/9561.cc execution test
FAIL: ext/enc_filebuf/char/13189.cc execution test
FAIL: ext/enc_filebuf/wchar_t/13189.cc execution test
FAIL: ext/pb_ds/regression/hash_data_map_rand.cc execution test
FAIL: ext/pb_ds/regression/hash_no_data_map_rand.cc execution test
FAIL: ext/pb_ds/regression/priority_queue_rand.cc execution test
FAIL: ext/pb_ds/regression/tree_data_map_rand.cc execution test
FAIL: ext/pb_ds/regression/tree_no_data_map_rand.cc execution test
FAIL: ext/pb_ds/regression/trie_data_map_rand.cc execution test
FAIL: ext/pb_ds/regression/trie_no_data_map_rand.cc execution test
FAIL: ext/throw_allocator/check_deallocate_null.cc execution test
FAIL: tr1/5_numerical_facilities/random/ranlux3_01.cc (test for excess errors)
WARNING: tr1/5_numerical_facilities/random/ranlux3_01.cc compilation failed to produce executable
FAIL: tr1/5_numerical_facilities/random/ranlux4_01.cc (test for excess errors)
WARNING: tr1/5_numerical_facilities/random/ranlux4_01.cc compilation failed to produce executable
FAIL: tr1/5_numerical_facilities/random/subtract_with_carry_01/cons/default.cc (test for excess errors)
WARNING: tr1/5_numerical_facilities/random/subtract_with_carry_01/cons/default.cc compilation failed to produce executable
FAIL: tr1/5_numerical_facilities/random/subtract_with_carry_01/cons/gen1.cc (test for excess errors)
WARNING: tr1/5_numerical_facilities/random/subtract_with_carry_01/cons/gen1.cc compilation failed to produce executable
FAIL: tr1/5_numerical_facilities/random/subtract_with_carry_01/cons/seed1.cc (test for excess errors)
WARNING: tr1/5_numerical_facilities/random/subtract_with_carry_01/cons/seed1.cc compilation failed to produce executable
FAIL: tr1/5_numerical_facilities/random/subtract_with_carry_01/cons/seed2.cc (test for excess errors)
WARNING: tr1/5_numerical_facilities/random/subtract_with_carry_01/cons/seed2.cc compilation failed to produce executable
FAIL: tr1/5_numerical_facilities/random/subtract_with_carry_01/operators/equal.cc (test for excess errors)
WARNING: tr1/5_numerical_facilities/random/subtract_with_carry_01/operators/equal.cc compilation failed to produce executable
FAIL: tr1/5_numerical_facilities/random/subtract_with_carry_01/operators/not_equal.cc (test for excess errors)
WARNING: tr1/5_numerical_facilities/random/subtract_with_carry_01/operators/not_equal.cc compilation failed to produce executable
FAIL: tr1/5_numerical_facilities/random/subtract_with_carry_01/operators/serialize.cc (test for excess errors)
WARNING: tr1/5_numerical_facilities/random/subtract_with_carry_01/operators/serialize.cc compilation failed to produce executable
FAIL: tr1/5_numerical_facilities/random/subtract_with_carry_01/requirements/typedefs.cc (test for excess errors)
=== libstdc++ Summary for unix/-m32 ===
# of expected passes 6660
# of unexpected failures 46
# of unexpected successes 1
# of expected failures 82
# of unsupported tests 23
Running target unix
FAIL: 18_support/nested_exception/rethrow_if_nested.cc execution test
FAIL: 20_util/make_signed/requirements/typedefs-2.cc (test for excess errors)
WARNING: 20_util/make_signed/requirements/typedefs-2.cc compilation failed to produce executable
FAIL: 20_util/make_unsigned/requirements/typedefs-2.cc (test for excess errors)
WARNING: 20_util/make_unsigned/requirements/typedefs-2.cc compilation failed to produce executable
FAIL: 21_strings/basic_string/numeric_conversions/char/stod.cc execution test
FAIL: 21_strings/basic_string/numeric_conversions/char/stof.cc execution test
FAIL: 21_strings/basic_string/numeric_conversions/char/stold.cc execution test
FAIL: 21_strings/basic_string/numeric_conversions/wchar_t/stod.cc execution test
FAIL: 21_strings/basic_string/numeric_conversions/wchar_t/stof.cc execution test
FAIL: 21_strings/basic_string/numeric_conversions/wchar_t/stold.cc execution test
FAIL: 22_locale/locale/cons/12352.cc execution test
FAIL: 23_containers/deque/capacity/29134-2.cc execution test
FAIL: 23_containers/vector/bool/modifiers/insert/31370.cc execution test
FAIL: 23_containers/vector/cons/4.cc execution test
FAIL: 23_containers/vector/ext_pointer/modifiers/insert.cc execution test
XPASS: 26_numerics/headers/cmath/c99_classification_macros_c.cc (test for excess errors)
FAIL: 27_io/basic_filebuf/overflow/char/13858.cc execution test
FAIL: 27_io/basic_filebuf/overflow/wchar_t/13858.cc execution test
FAIL: 27_io/basic_istream/exceptions/char/9561.cc execution test
FAIL: ext/enc_filebuf/char/13189.cc execution test
FAIL: ext/enc_filebuf/wchar_t/13189.cc execution test
FAIL: ext/pb_ds/regression/hash_data_map_rand.cc execution test
FAIL: ext/pb_ds/regression/hash_no_data_map_rand.cc execution test
FAIL: ext/pb_ds/regression/priority_queue_rand.cc execution test
FAIL: ext/pb_ds/regression/tree_data_map_rand.cc execution test
FAIL: ext/pb_ds/regression/tree_no_data_map_rand.cc execution test
FAIL: ext/pb_ds/regression/trie_data_map_rand.cc execution test
FAIL: ext/pb_ds/regression/trie_no_data_map_rand.cc execution test
FAIL: ext/throw_allocator/check_deallocate_null.cc execution test
FAIL: tr1/5_numerical_facilities/random/ranlux3_01.cc (test for excess errors)
WARNING: tr1/5_numerical_facilities/random/ranlux3_01.cc compilation failed to produce executable
FAIL: tr1/5_numerical_facilities/random/ranlux4_01.cc (test for excess errors)
WARNING: tr1/5_numerical_facilities/random/ranlux4_01.cc compilation failed to produce executable
FAIL: tr1/5_numerical_facilities/random/subtract_with_carry_01/cons/default.cc (test for excess errors)
WARNING: tr1/5_numerical_facilities/random/subtract_with_carry_01/cons/default.cc compilation failed to produce executable
FAIL: tr1/5_numerical_facilities/random/subtract_with_carry_01/cons/gen1.cc (test for excess errors)
WARNING: tr1/5_numerical_facilities/random/subtract_with_carry_01/cons/gen1.cc compilation failed to produce executable
FAIL: tr1/5_numerical_facilities/random/subtract_with_carry_01/cons/seed1.cc (test for excess errors)
WARNING: tr1/5_numerical_facilities/random/subtract_with_carry_01/cons/seed1.cc compilation failed to produce executable
FAIL: tr1/5_numerical_facilities/random/subtract_with_carry_01/cons/seed2.cc (test for excess errors)
WARNING: tr1/5_numerical_facilities/random/subtract_with_carry_01/cons/seed2.cc compilation failed to produce executable
FAIL: tr1/5_numerical_facilities/random/subtract_with_carry_01/operators/equal.cc (test for excess errors)
WARNING: tr1/5_numerical_facilities/random/subtract_with_carry_01/operators/equal.cc compilation failed to produce executable
FAIL: tr1/5_numerical_facilities/random/subtract_with_carry_01/operators/not_equal.cc (test for excess errors)
WARNING: tr1/5_numerical_facilities/random/subtract_with_carry_01/operators/not_equal.cc compilation failed to produce executable
FAIL: tr1/5_numerical_facilities/random/subtract_with_carry_01/operators/serialize.cc (test for excess errors)
WARNING: tr1/5_numerical_facilities/random/subtract_with_carry_01/operators/serialize.cc compilation failed to produce executable
FAIL: tr1/5_numerical_facilities/random/subtract_with_carry_01/requirements/typedefs.cc (test for excess errors)
=== libstdc++ Summary for unix ===
# of expected passes 6695
# of unexpected failures 37
# of unexpected successes 1
# of expected failures 82
# of unsupported tests 15
=== libstdc++ Summary ===
# of expected passes 13355
# of unexpected failures 83
# of unexpected successes 2
# of expected failures 164
# of unsupported tests 38
Compiler version: 4.5.0 20090527 (experimental) [lto revision 148110] (lto merged with rev 147915)
Platform: x86_64-unknown-linux-gnu
configure flags: --enable-clocale=gnu --with-system-zlib --enable-shared --with-demangler-in-ld --enable-languages=c,c++,lto