This is the mail archive of the
gcc-testresults@gcc.gnu.org
mailing list for the GCC project.
Results for 4.5.0 20090531 (experimental) [trunk revision 148009] (GCC) testsuite on i686-pc-cygwin
- From: Christian Joensson <christian dot joensson at gmail dot com>
- To: gcc-testresults at gcc dot gnu dot org
- Date: Mon, 1 Jun 2009 12:30:03 +0200
- Subject: Results for 4.5.0 20090531 (experimental) [trunk revision 148009] (GCC) testsuite on i686-pc-cygwin
Windows XP Pro/SP3 cygwin Intel Core2 Duo T9600@2.80GHz system with packages:
binutils (local build) 2.19.51.20090531 (+D Korn's gas weak patch)
bison 2.3-1 2.3
cloog-ppl 0.15.3-1
cygwin 1.7.0-48
dejagnu 20021217-2 1.4.2.x
expect 20030128-1 5.26
gcc-ada 3.4.4-999
gcc-core 3.4.4-999
gcc-g++ 3.4.4-999
gmp 4.3.0-1
libcloog-devel 0.15.3-1
libgmp-devel 4.3.0-1
libmpfr-devel 2.4.1-3
libppl 0.10.2-1
make 3.81-2
mpfr 2.4.1-3
ppl 0.10.2-1
ppl-devel 0.10.2-1
tcltk 20080420-1 8.4
w32api 3.13-1
LAST_UPDATED: Sun May 31 05:51:08 UTC 2009 (revision 148009)
=== acats tests ===
FAIL: a83a02b
FAIL: a85013b
FAIL: a87b59a
FAIL: a95001c
FAIL: a95074d
FAIL: a97106a
FAIL: a99006a
FAIL: ac3207a
FAIL: ad7201a
FAIL: ad7203b
FAIL: ad7205b
FAIL: ada101a
FAIL: c34007j
FAIL: c34008a
FAIL: c35102a
FAIL: c37402a
FAIL: c37403a
FAIL: c380004
FAIL: c38102d
FAIL: c38202a
FAIL: c390002
FAIL: c39008a
FAIL: c39008b
FAIL: c39008c
FAIL: c392002
FAIL: c392003
FAIL: c392013
FAIL: c393008
FAIL: c393009
FAIL: c3a0003
FAIL: c3a0004
FAIL: c3a0010
FAIL: c41306a
FAIL: c41306b
FAIL: c41306c
FAIL: c41307d
FAIL: c41401a
FAIL: c43204g
FAIL: c45282b
FAIL: c45291a
FAIL: c46051a
FAIL: c51004a
FAIL: c59002c
FAIL: c64201b
FAIL: c64201c
FAIL: c650001
FAIL: c74004a
FAIL: c74401k
FAIL: c74406a
FAIL: c760013
FAIL: c761006
FAIL: c761007
FAIL: c83023a
FAIL: c85004b
FAIL: c85005a
FAIL: c85005b
FAIL: c85005c
FAIL: c85005d
FAIL: c85005e
FAIL: c85006a
FAIL: c85006b
FAIL: c85006c
FAIL: c85006d
FAIL: c85006e
FAIL: c85014a
FAIL: c85014b
FAIL: c85014c
FAIL: c85018a
FAIL: c85018b
FAIL: c87b26b
FAIL: c87b41a
FAIL: c87b45c
FAIL: c87b54a
FAIL: c87b62d
FAIL: c910001
FAIL: c910002
FAIL: c91004b
FAIL: c91004c
FAIL: c91006a
FAIL: c91007a
FAIL: c92002a
FAIL: c92003a
FAIL: c92005a
FAIL: c92005b
FAIL: c92006a
FAIL: c930001
FAIL: c93001a
FAIL: c93002a
FAIL: c93003a
FAIL: c93004a
FAIL: c93004b
FAIL: c93004c
FAIL: c93004d
FAIL: c93004f
FAIL: c93005a
FAIL: c93005b
FAIL: c93005d
FAIL: c93007a
FAIL: c93008a
FAIL: c93008b
FAIL: c940001
FAIL: c940005
FAIL: c940007
FAIL: c940010
FAIL: c940013
FAIL: c940014
FAIL: c940016
FAIL: c94001a
FAIL: c94001b
FAIL: c94001c
FAIL: c94001e
FAIL: c94001f
FAIL: c94001g
FAIL: c94002a
FAIL: c94002b
FAIL: c94002d
FAIL: c94002e
FAIL: c94002f
FAIL: c94002g
FAIL: c94005b
FAIL: c94006a
FAIL: c94007a
FAIL: c94007b
FAIL: c94008a
FAIL: c94008b
FAIL: c94008c
FAIL: c94008d
FAIL: c94010a
FAIL: c94011a
FAIL: c94020a
FAIL: c95008a
FAIL: c95009a
FAIL: c95010a
FAIL: c95011a
FAIL: c95012a
FAIL: c95021a
FAIL: c95022a
FAIL: c95022b
FAIL: c95033a
FAIL: c95033b
FAIL: c95034a
FAIL: c95034b
FAIL: c95035a
FAIL: c95040a
FAIL: c95040b
FAIL: c95040c
FAIL: c95040d
FAIL: c95041a
FAIL: c95065a
FAIL: c95065b
FAIL: c95065c
FAIL: c95065d
FAIL: c95065e
FAIL: c95065f
FAIL: c95066a
FAIL: c95067a
FAIL: c95071a
FAIL: c95072a
FAIL: c95072b
FAIL: c95073a
FAIL: c95074c
FAIL: c95076a
FAIL: c95078a
FAIL: c95080b
FAIL: c95082g
FAIL: c95085a
FAIL: c95085b
FAIL: c95085c
FAIL: c95085d
FAIL: c95085e
FAIL: c95085f
FAIL: c95085g
FAIL: c95085h
FAIL: c95085i
FAIL: c95085j
FAIL: c95085k
FAIL: c95085l
FAIL: c95085m
FAIL: c95085n
FAIL: c95085o
FAIL: c95086a
FAIL: c95086b
FAIL: c95086c
FAIL: c95086d
FAIL: c95086e
FAIL: c95086f
FAIL: c95087a
FAIL: c95087b
FAIL: c95087c
FAIL: c95087d
FAIL: c95088a
FAIL: c95089a
FAIL: c95090a
FAIL: c95092a
FAIL: c95093a
FAIL: c95095a
FAIL: c95095b
FAIL: c95095c
FAIL: c95095d
FAIL: c95095e
FAIL: c951001
FAIL: c951002
FAIL: c953001
FAIL: c953002
FAIL: c953003
FAIL: c954001
FAIL: c954010
FAIL: c954011
FAIL: c954012
FAIL: c954013
FAIL: c954014
FAIL: c954015
FAIL: c954016
FAIL: c954017
FAIL: c954018
FAIL: c954019
FAIL: c954020
FAIL: c954021
FAIL: c954022
FAIL: c954023
FAIL: c954024
FAIL: c954025
FAIL: c954026
FAIL: c954a01
FAIL: c954a02
FAIL: c954a03
FAIL: c960001
FAIL: c960002
FAIL: c960004
FAIL: c97112a
FAIL: c97113a
FAIL: c97114a
FAIL: c97115a
FAIL: c97116a
FAIL: c97117a
FAIL: c97117b
FAIL: c97117c
FAIL: c97118a
FAIL: c97120a
FAIL: c97120b
FAIL: c97201a
FAIL: c97201b
FAIL: c97201c
FAIL: c97201d
FAIL: c97201e
FAIL: c97201g
FAIL: c97201h
FAIL: c97201x
FAIL: c97202a
FAIL: c97203a
FAIL: c97203b
FAIL: c97203c
FAIL: c97204a
FAIL: c97204b
FAIL: c97205a
FAIL: c97205b
FAIL: c97301a
FAIL: c97301b
FAIL: c97301c
FAIL: c97301d
FAIL: c97301e
FAIL: c97302a
FAIL: c97303a
FAIL: c97303b
FAIL: c97303c
FAIL: c97304a
FAIL: c97304b
FAIL: c97305a
FAIL: c97305b
FAIL: c97305c
FAIL: c97305d
FAIL: c97307a
FAIL: c974001
FAIL: c974002
FAIL: c974012
FAIL: c974013
FAIL: c980002
FAIL: c99004a
FAIL: c99005a
FAIL: c9a003a
FAIL: c9a004a
FAIL: c9a007a
FAIL: c9a009a
FAIL: c9a009c
FAIL: c9a009f
FAIL: c9a009g
FAIL: c9a009h
FAIL: c9a010a
FAIL: c9a011a
FAIL: c9a011b
FAIL: cb40005
FAIL: cb4013a
FAIL: cb41002
FAIL: cb5001a
FAIL: cb5001b
FAIL: cb5002a
FAIL: cc1104c
FAIL: cc1207b
FAIL: cc1225a
FAIL: cc1310a
FAIL: cc3019c
FAIL: cc3106b
FAIL: cc3120b
FAIL: cc3207b
FAIL: cc3225a
FAIL: cc3601c
FAIL: cc3602a
FAIL: cd1009k
FAIL: cd1009t
FAIL: cd1009u
FAIL: cd1c03e
FAIL: cd1c06a
FAIL: cd2a91c
FAIL: cd2c11a
FAIL: cd2c11d
FAIL: cd5003e
FAIL: cd72a02
FAIL: cdd2a01
FAIL: cdd2a03
FAIL: cxg2002
FAIL: cxg2003
FAIL: cxg2004
FAIL: cxg2006
FAIL: cxg2007
FAIL: cxg2010
FAIL: cxg2011
FAIL: cxg2012
FAIL: cxg2013
FAIL: cxg2014
FAIL: cxg2015
FAIL: cxg2016
FAIL: cxg2017
FAIL: cxg2018
FAIL: cxg2019
FAIL: cxg2020
FAIL: cxg2021
FAIL: la14010
=== acats Summary ===
# of expected passes 1928
# of unexpected failures 337
# of unsupported tests 50
Native configuration is i686-pc-cygwin
=== g++ tests ===
Running target unix
FAIL: g++.dg/abi/local1.C execution test
FAIL: g++.dg/abi/rtti3.C scan-assembler .weak[ \\t]_?_ZTSPP1A
FAIL: g++.dg/abi/thunk4.C scan-assembler .weak[ \\t]_?_ZThn._N7Derived3FooEv
FAIL: g++.dg/eh/weak1.C execution test
FAIL: g++.dg/ext/dllimport7.C C++ specific error (test for errors, line 24)
FAIL: g++.dg/ext/selectany1.C scan-assembler-dem
FAIL: g++.dg/init/cleanup3.C scan-assembler-not _tcf
FAIL: g++.dg/opt/vt1.C scan-assembler-not
section[^\\n\\r]*_ZTV1S[^\\n\\r]*"[^w"\\n\\r]*"
FAIL: g++.dg/template/spec35.C scan-assembler .weak(_definition)?[\\t
]*_?_Z2f2IiEvT_
FAIL: g++.dg/torture/stackalign/eh-alloca-1.C execution test
FAIL: g++.dg/torture/stackalign/eh-alloca-1.C execution test
FAIL: g++.dg/torture/stackalign/eh-alloca-1.C execution test
FAIL: g++.dg/torture/stackalign/eh-alloca-1.C execution test
FAIL: g++.dg/torture/stackalign/eh-vararg-1.C execution test
FAIL: g++.dg/torture/stackalign/eh-vararg-1.C execution test
FAIL: g++.dg/torture/stackalign/eh-vararg-1.C execution test
FAIL: g++.dg/torture/stackalign/eh-vararg-1.C execution test
FAIL: g++.dg/torture/stackalign/eh-vararg-2.C execution test
FAIL: g++.dg/torture/stackalign/eh-vararg-2.C execution test
FAIL: g++.dg/torture/stackalign/eh-vararg-2.C execution test
FAIL: g++.dg/torture/stackalign/eh-vararg-2.C execution test
FAIL: g++.dg/torture/stackalign/unwind-0.C execution test
FAIL: g++.dg/torture/stackalign/unwind-0.C execution test
FAIL: g++.dg/torture/stackalign/unwind-0.C execution test
FAIL: g++.dg/torture/stackalign/unwind-0.C execution test
FAIL: g++.dg/torture/stackalign/unwind-1.C execution test
FAIL: g++.dg/torture/stackalign/unwind-1.C execution test
FAIL: g++.dg/torture/stackalign/unwind-1.C execution test
FAIL: g++.dg/torture/stackalign/unwind-1.C execution test
FAIL: g++.dg/torture/stackalign/unwind-2.C execution test
FAIL: g++.dg/torture/stackalign/unwind-2.C execution test
FAIL: g++.dg/torture/stackalign/unwind-2.C execution test
FAIL: g++.dg/torture/stackalign/unwind-2.C execution test
FAIL: g++.dg/torture/stackalign/unwind-3.C execution test
FAIL: g++.dg/torture/stackalign/unwind-3.C execution test
FAIL: g++.dg/torture/stackalign/unwind-3.C execution test
FAIL: g++.dg/torture/stackalign/unwind-3.C execution test
FAIL: g++.dg/torture/stackalign/unwind-5.C execution test
FAIL: g++.dg/torture/stackalign/unwind-5.C execution test
FAIL: g++.dg/torture/stackalign/unwind-5.C execution test
FAIL: g++.dg/torture/stackalign/unwind-5.C execution test
FAIL: g++.dg/torture/stackalign/unwind-6.C execution test
FAIL: g++.dg/torture/stackalign/unwind-6.C execution test
FAIL: g++.dg/torture/stackalign/unwind-6.C execution test
FAIL: g++.dg/torture/stackalign/unwind-6.C execution test
FAIL: g++.dg/torture/stackalign/eh-alloca-1.C execution test
FAIL: g++.dg/torture/stackalign/eh-alloca-1.C execution test
FAIL: g++.dg/torture/stackalign/eh-alloca-1.C execution test
FAIL: g++.dg/torture/stackalign/eh-alloca-1.C execution test
FAIL: g++.dg/torture/stackalign/eh-vararg-1.C execution test
FAIL: g++.dg/torture/stackalign/eh-vararg-1.C execution test
FAIL: g++.dg/torture/stackalign/eh-vararg-1.C execution test
FAIL: g++.dg/torture/stackalign/eh-vararg-1.C execution test
FAIL: g++.dg/torture/stackalign/eh-vararg-2.C execution test
FAIL: g++.dg/torture/stackalign/eh-vararg-2.C execution test
FAIL: g++.dg/torture/stackalign/eh-vararg-2.C execution test
FAIL: g++.dg/torture/stackalign/eh-vararg-2.C execution test
FAIL: g++.dg/torture/stackalign/unwind-0.C execution test
FAIL: g++.dg/torture/stackalign/unwind-0.C execution test
FAIL: g++.dg/torture/stackalign/unwind-0.C execution test
FAIL: g++.dg/torture/stackalign/unwind-0.C execution test
FAIL: g++.dg/torture/stackalign/unwind-1.C execution test
FAIL: g++.dg/torture/stackalign/unwind-1.C execution test
FAIL: g++.dg/torture/stackalign/unwind-1.C execution test
FAIL: g++.dg/torture/stackalign/unwind-1.C execution test
FAIL: g++.dg/torture/stackalign/unwind-2.C execution test
FAIL: g++.dg/torture/stackalign/unwind-2.C execution test
FAIL: g++.dg/torture/stackalign/unwind-2.C execution test
FAIL: g++.dg/torture/stackalign/unwind-2.C execution test
FAIL: g++.dg/torture/stackalign/unwind-3.C execution test
FAIL: g++.dg/torture/stackalign/unwind-3.C execution test
FAIL: g++.dg/torture/stackalign/unwind-3.C execution test
FAIL: g++.dg/torture/stackalign/unwind-3.C execution test
FAIL: g++.dg/torture/stackalign/unwind-5.C execution test
FAIL: g++.dg/torture/stackalign/unwind-5.C execution test
FAIL: g++.dg/torture/stackalign/unwind-5.C execution test
FAIL: g++.dg/torture/stackalign/unwind-5.C execution test
FAIL: g++.dg/torture/stackalign/unwind-6.C execution test
FAIL: g++.dg/torture/stackalign/unwind-6.C execution test
FAIL: g++.dg/torture/stackalign/unwind-6.C execution test
FAIL: g++.dg/torture/stackalign/unwind-6.C execution test
FAIL: g++.dg/torture/stackalign/eh-alloca-1.C execution test
FAIL: g++.dg/torture/stackalign/eh-alloca-1.C execution test
FAIL: g++.dg/torture/stackalign/eh-alloca-1.C execution test
FAIL: g++.dg/torture/stackalign/eh-alloca-1.C execution test
FAIL: g++.dg/torture/stackalign/eh-vararg-1.C execution test
FAIL: g++.dg/torture/stackalign/eh-vararg-1.C execution test
FAIL: g++.dg/torture/stackalign/eh-vararg-1.C execution test
FAIL: g++.dg/torture/stackalign/eh-vararg-1.C execution test
FAIL: g++.dg/torture/stackalign/eh-vararg-2.C execution test
FAIL: g++.dg/torture/stackalign/eh-vararg-2.C execution test
FAIL: g++.dg/torture/stackalign/eh-vararg-2.C execution test
FAIL: g++.dg/torture/stackalign/eh-vararg-2.C execution test
FAIL: g++.dg/torture/stackalign/unwind-0.C execution test
FAIL: g++.dg/torture/stackalign/unwind-0.C execution test
FAIL: g++.dg/torture/stackalign/unwind-0.C execution test
FAIL: g++.dg/torture/stackalign/unwind-0.C execution test
FAIL: g++.dg/torture/stackalign/unwind-1.C execution test
FAIL: g++.dg/torture/stackalign/unwind-1.C execution test
FAIL: g++.dg/torture/stackalign/unwind-1.C execution test
FAIL: g++.dg/torture/stackalign/unwind-1.C execution test
FAIL: g++.dg/torture/stackalign/unwind-2.C execution test
FAIL: g++.dg/torture/stackalign/unwind-2.C execution test
FAIL: g++.dg/torture/stackalign/unwind-2.C execution test
FAIL: g++.dg/torture/stackalign/unwind-2.C execution test
FAIL: g++.dg/torture/stackalign/unwind-3.C execution test
FAIL: g++.dg/torture/stackalign/unwind-3.C execution test
FAIL: g++.dg/torture/stackalign/unwind-3.C execution test
FAIL: g++.dg/torture/stackalign/unwind-3.C execution test
FAIL: g++.dg/torture/stackalign/unwind-5.C execution test
FAIL: g++.dg/torture/stackalign/unwind-5.C execution test
FAIL: g++.dg/torture/stackalign/unwind-5.C execution test
FAIL: g++.dg/torture/stackalign/unwind-5.C execution test
FAIL: g++.dg/torture/stackalign/unwind-6.C execution test
FAIL: g++.dg/torture/stackalign/unwind-6.C execution test
FAIL: g++.dg/torture/stackalign/unwind-6.C execution test
FAIL: g++.dg/torture/stackalign/unwind-6.C execution test
FAIL: g++.dg/torture/stackalign/eh-alloca-1.C execution test
FAIL: g++.dg/torture/stackalign/eh-alloca-1.C execution test
FAIL: g++.dg/torture/stackalign/eh-alloca-1.C execution test
FAIL: g++.dg/torture/stackalign/eh-alloca-1.C execution test
FAIL: g++.dg/torture/stackalign/eh-vararg-1.C execution test
FAIL: g++.dg/torture/stackalign/eh-vararg-1.C execution test
FAIL: g++.dg/torture/stackalign/eh-vararg-1.C execution test
FAIL: g++.dg/torture/stackalign/eh-vararg-1.C execution test
FAIL: g++.dg/torture/stackalign/eh-vararg-2.C execution test
FAIL: g++.dg/torture/stackalign/eh-vararg-2.C execution test
FAIL: g++.dg/torture/stackalign/eh-vararg-2.C execution test
FAIL: g++.dg/torture/stackalign/eh-vararg-2.C execution test
FAIL: g++.dg/torture/stackalign/unwind-0.C execution test
FAIL: g++.dg/torture/stackalign/unwind-0.C execution test
FAIL: g++.dg/torture/stackalign/unwind-0.C execution test
FAIL: g++.dg/torture/stackalign/unwind-0.C execution test
FAIL: g++.dg/torture/stackalign/unwind-1.C execution test
FAIL: g++.dg/torture/stackalign/unwind-1.C execution test
FAIL: g++.dg/torture/stackalign/unwind-1.C execution test
FAIL: g++.dg/torture/stackalign/unwind-1.C execution test
FAIL: g++.dg/torture/stackalign/unwind-2.C execution test
FAIL: g++.dg/torture/stackalign/unwind-2.C execution test
FAIL: g++.dg/torture/stackalign/unwind-2.C execution test
FAIL: g++.dg/torture/stackalign/unwind-2.C execution test
FAIL: g++.dg/torture/stackalign/unwind-3.C execution test
FAIL: g++.dg/torture/stackalign/unwind-3.C execution test
FAIL: g++.dg/torture/stackalign/unwind-3.C execution test
FAIL: g++.dg/torture/stackalign/unwind-3.C execution test
FAIL: g++.dg/torture/stackalign/unwind-5.C execution test
FAIL: g++.dg/torture/stackalign/unwind-5.C execution test
FAIL: g++.dg/torture/stackalign/unwind-5.C execution test
FAIL: g++.dg/torture/stackalign/unwind-5.C execution test
FAIL: g++.dg/torture/stackalign/unwind-6.C execution test
FAIL: g++.dg/torture/stackalign/unwind-6.C execution test
FAIL: g++.dg/torture/stackalign/unwind-6.C execution test
FAIL: g++.dg/torture/stackalign/unwind-6.C execution test
FAIL: g++.old-deja/g++.eh/badalloc1.C execution test
XPASS: g++.old-deja/g++.ext/attrib5.C execution test
FAIL: g++.old-deja/g++.other/init5.C execution test
=== g++ Summary ===
# of expected passes 20929
# of unexpected failures 155
# of unexpected successes 1
# of expected failures 139
# of unsupported tests 231
/usr/local/src/trunk/objdir/gcc/testsuite/g++/../../g++ version 4.5.0
20090531 (experimental) [trunk revision 148009] (GCC)
=== gcc tests ===
Running target unix
FAIL: gcc.dg/cpp/include2.c (test for excess errors)
XPASS: gcc.dg/Warray-bounds.c (test for warnings, line 59)
XPASS: gcc.dg/Warray-bounds.c (test for warnings, line 65)
FAIL: gcc.dg/alias-7.c execution test
FAIL: gcc.dg/dll-4.c scan-assembler (foo2:.*.comm[ \\t_]*foo1)
FAIL: gcc.dg/pr34989-1.c (internal compiler error)
FAIL: gcc.dg/pr34989-1.c (test for excess errors)
FAIL: largefile.c (test for excess errors)
FAIL: gcc.dg/pch/largefile.c -O0 -g assembly comparison
FAIL: largefile.c (test for excess errors)
FAIL: gcc.dg/pch/largefile.c -O0 assembly comparison
FAIL: largefile.c (test for excess errors)
FAIL: gcc.dg/pch/largefile.c -O1 assembly comparison
FAIL: largefile.c (test for excess errors)
FAIL: gcc.dg/pch/largefile.c -O2 assembly comparison
FAIL: largefile.c (test for excess errors)
FAIL: gcc.dg/pch/largefile.c -O3 -fomit-frame-pointer assembly comparison
FAIL: largefile.c (test for excess errors)
FAIL: gcc.dg/pch/largefile.c -O3 -g assembly comparison
FAIL: largefile.c (test for excess errors)
FAIL: gcc.dg/pch/largefile.c -Os assembly comparison
XPASS: gcc.dg/struct/wo_prof_array_through_pointer.c scan-ipa-dump
ipa_struct_reorg "Number of structures to transform is 1"
FAIL: gcc.dg/struct/wo_prof_double_malloc.c (internal compiler error)
FAIL: gcc.dg/struct/wo_prof_double_malloc.c (test for excess errors)
WARNING: gcc.dg/struct/wo_prof_double_malloc.c compilation failed to
produce executable
FAIL: gcc.dg/tree-ssa/pr27781.c scan-tree-dump optimized "func \\(\\);"
FAIL: gcc.dg/tree-ssa/pr36881.c scan-assembler-not CSWTCH
FAIL: gcc.dg/tree-ssa/pr36881.c scan-tree-dump switchconv "need
runtime relocations"
FAIL: gcc.dg/tree-ssa/ssa-store-ccp-2.c scan-tree-dump-times optimized
"conststaticvariable" 1
FAIL: gcc.dg/tree-ssa/ssa-store-ccp-4.c scan-tree-dump-times optimized
"conststaticvariable" 1
FAIL: gcc.dg/vect/pr25413.c scan-tree-dump-times vect "vectorized 1 loops" 0
FAIL: gcc.dg/vect/pr25413.c scan-tree-dump-times vect "vector
alignment may not be reachable" 1
FAIL: gcc.dg/vect/pr25413.c scan-tree-dump-times vect "not vectorized:
unsupported unaligned store" 1
FAIL: gcc.target/i386/lea.c scan-assembler leal
FAIL: gcc.target/i386/pic-1.c (test for errors, line 11)
FAIL: gcc.target/i386/pr25993.c (test for excess errors)
FAIL: gcc.target/i386/pr32000-2.c (test for excess errors)
WARNING: gcc.target/i386/pr32000-2.c compilation failed to produce executable
FAIL: gcc.target/i386/pr37843-1.c scan-assembler call[\\\\t ]*foo
FAIL: gcc.target/i386/pr37843-2.c scan-assembler jmp[\\\\t ]*foo
FAIL: gcc.target/i386/pr37843-3.c scan-assembler jmp[\\\\t ]*foo
XPASS: gcc.target/i386/push-1.c scan-assembler-not movups
FAIL: gcc.target/i386/stackalign/return-3.c (test for excess errors)
FAIL: gcc.target/i386/stackalign/return-3.c (test for excess errors)
FAIL: gcc.target/i386/stackalign/return-3.c (test for excess errors)
FAIL: gcc.target/i386/stackalign/return-3.c (test for excess errors)
=== gcc Summary ===
# of expected passes 60861
# of unexpected failures 40
# of unexpected successes 4
# of expected failures 151
# of unsupported tests 635
/usr/local/src/trunk/objdir/gcc/xgcc version 4.5.0 20090531
(experimental) [trunk revision 148009] (GCC)
=== gfortran tests ===
Running target unix
FAIL: gfortran.dg/PR19872.f execution test
FAIL: gfortran.dg/PR19872.f execution test
FAIL: gfortran.dg/PR19872.f execution test
FAIL: gfortran.dg/PR19872.f execution test
FAIL: gfortran.dg/PR19872.f execution test
FAIL: gfortran.dg/PR19872.f execution test
FAIL: gfortran.dg/PR19872.f execution test
FAIL: gfortran.dg/PR19872.f execution test
FAIL: gfortran.dg/advance_1.f90 execution test
FAIL: gfortran.dg/advance_1.f90 execution test
FAIL: gfortran.dg/advance_1.f90 execution test
FAIL: gfortran.dg/advance_1.f90 execution test
FAIL: gfortran.dg/advance_1.f90 execution test
FAIL: gfortran.dg/advance_1.f90 execution test
FAIL: gfortran.dg/advance_1.f90 execution test
FAIL: gfortran.dg/advance_1.f90 execution test
FAIL: gfortran.dg/advance_4.f90 execution test
FAIL: gfortran.dg/advance_4.f90 execution test
FAIL: gfortran.dg/advance_4.f90 execution test
FAIL: gfortran.dg/advance_4.f90 execution test
FAIL: gfortran.dg/advance_4.f90 execution test
FAIL: gfortran.dg/advance_4.f90 execution test
FAIL: gfortran.dg/advance_4.f90 execution test
FAIL: gfortran.dg/advance_4.f90 execution test
FAIL: gfortran.dg/advance_5.f90 execution test
FAIL: gfortran.dg/advance_5.f90 execution test
FAIL: gfortran.dg/advance_5.f90 execution test
FAIL: gfortran.dg/advance_5.f90 execution test
FAIL: gfortran.dg/advance_5.f90 execution test
FAIL: gfortran.dg/advance_5.f90 execution test
FAIL: gfortran.dg/advance_5.f90 execution test
FAIL: gfortran.dg/advance_5.f90 execution test
FAIL: gfortran.dg/advance_6.f90 execution test
FAIL: gfortran.dg/advance_6.f90 execution test
FAIL: gfortran.dg/advance_6.f90 execution test
FAIL: gfortran.dg/advance_6.f90 execution test
FAIL: gfortran.dg/advance_6.f90 execution test
FAIL: gfortran.dg/advance_6.f90 execution test
FAIL: gfortran.dg/advance_6.f90 execution test
FAIL: gfortran.dg/advance_6.f90 execution test
FAIL: gfortran.dg/append_1.f90 execution test
FAIL: gfortran.dg/append_1.f90 execution test
FAIL: gfortran.dg/append_1.f90 execution test
FAIL: gfortran.dg/append_1.f90 execution test
FAIL: gfortran.dg/append_1.f90 execution test
FAIL: gfortran.dg/append_1.f90 execution test
FAIL: gfortran.dg/append_1.f90 execution test
FAIL: gfortran.dg/append_1.f90 execution test
FAIL: gfortran.dg/array_memcpy_5.f90 execution test
FAIL: gfortran.dg/array_memcpy_5.f90 execution test
FAIL: gfortran.dg/array_memcpy_5.f90 execution test
FAIL: gfortran.dg/array_memcpy_5.f90 execution test
FAIL: gfortran.dg/array_memcpy_5.f90 execution test
FAIL: gfortran.dg/array_memcpy_5.f90 execution test
FAIL: gfortran.dg/array_memcpy_5.f90 execution test
FAIL: gfortran.dg/array_memcpy_5.f90 execution test
FAIL: gfortran.dg/associated_4.f90 execution test
FAIL: gfortran.dg/associated_4.f90 execution test
FAIL: gfortran.dg/associated_4.f90 execution test
FAIL: gfortran.dg/associated_4.f90 execution test
FAIL: gfortran.dg/associated_4.f90 execution test
FAIL: gfortran.dg/associated_4.f90 execution test
FAIL: gfortran.dg/associated_4.f90 execution test
FAIL: gfortran.dg/associated_4.f90 execution test
FAIL: gfortran.dg/automatic_char_len_2.f90 execution test
FAIL: gfortran.dg/automatic_char_len_2.f90 execution test
FAIL: gfortran.dg/automatic_char_len_2.f90 execution test
FAIL: gfortran.dg/automatic_char_len_2.f90 execution test
FAIL: gfortran.dg/automatic_char_len_2.f90 execution test
FAIL: gfortran.dg/automatic_char_len_2.f90 execution test
FAIL: gfortran.dg/automatic_char_len_2.f90 execution test
FAIL: gfortran.dg/automatic_char_len_2.f90 execution test
FAIL: gfortran.dg/backslash_1.f90 execution test
FAIL: gfortran.dg/backslash_1.f90 execution test
FAIL: gfortran.dg/backslash_1.f90 execution test
FAIL: gfortran.dg/backslash_1.f90 execution test
FAIL: gfortran.dg/backslash_1.f90 execution test
FAIL: gfortran.dg/backslash_1.f90 execution test
FAIL: gfortran.dg/backslash_1.f90 execution test
FAIL: gfortran.dg/backslash_1.f90 execution test
FAIL: gfortran.dg/backslash_2.f90 execution test
FAIL: gfortran.dg/backslash_2.f90 execution test
FAIL: gfortran.dg/backslash_2.f90 execution test
FAIL: gfortran.dg/backslash_2.f90 execution test
FAIL: gfortran.dg/backslash_2.f90 execution test
FAIL: gfortran.dg/backslash_2.f90 execution test
FAIL: gfortran.dg/backslash_2.f90 execution test
FAIL: gfortran.dg/backslash_2.f90 execution test
FAIL: gfortran.dg/backslash_3.f execution test
FAIL: gfortran.dg/backslash_3.f execution test
FAIL: gfortran.dg/backslash_3.f execution test
FAIL: gfortran.dg/backslash_3.f execution test
FAIL: gfortran.dg/backslash_3.f execution test
FAIL: gfortran.dg/backslash_3.f execution test
FAIL: gfortran.dg/backslash_3.f execution test
FAIL: gfortran.dg/backslash_3.f execution test
FAIL: gfortran.dg/backspace_1.f execution test
FAIL: gfortran.dg/backspace_1.f execution test
FAIL: gfortran.dg/backspace_1.f execution test
FAIL: gfortran.dg/backspace_1.f execution test
FAIL: gfortran.dg/backspace_1.f execution test
FAIL: gfortran.dg/backspace_1.f execution test
FAIL: gfortran.dg/backspace_1.f execution test
FAIL: gfortran.dg/backspace_1.f execution test
FAIL: gfortran.dg/backspace_10.f90 execution test
FAIL: gfortran.dg/backspace_10.f90 execution test
FAIL: gfortran.dg/backspace_10.f90 execution test
FAIL: gfortran.dg/backspace_10.f90 execution test
FAIL: gfortran.dg/backspace_10.f90 execution test
FAIL: gfortran.dg/backspace_10.f90 execution test
FAIL: gfortran.dg/backspace_10.f90 execution test
FAIL: gfortran.dg/backspace_10.f90 execution test
FAIL: gfortran.dg/backspace_7.f90 execution test
FAIL: gfortran.dg/backspace_7.f90 execution test
FAIL: gfortran.dg/backspace_7.f90 execution test
FAIL: gfortran.dg/backspace_7.f90 execution test
FAIL: gfortran.dg/backspace_7.f90 execution test
FAIL: gfortran.dg/backspace_7.f90 execution test
FAIL: gfortran.dg/backspace_7.f90 execution test
FAIL: gfortran.dg/backspace_7.f90 execution test
FAIL: gfortran.dg/backspace_9.f execution test
FAIL: gfortran.dg/backspace_9.f execution test
FAIL: gfortran.dg/backspace_9.f execution test
FAIL: gfortran.dg/backspace_9.f execution test
FAIL: gfortran.dg/backspace_9.f execution test
FAIL: gfortran.dg/backspace_9.f execution test
FAIL: gfortran.dg/backspace_9.f execution test
FAIL: gfortran.dg/backspace_9.f execution test
FAIL: gfortran.dg/binding_label_tests_16.f03 execution test
FAIL: gfortran.dg/binding_label_tests_16.f03 execution test
FAIL: gfortran.dg/binding_label_tests_16.f03 execution test
FAIL: gfortran.dg/binding_label_tests_16.f03 execution test
FAIL: gfortran.dg/binding_label_tests_16.f03 execution test
FAIL: gfortran.dg/binding_label_tests_16.f03 execution test
FAIL: gfortran.dg/binding_label_tests_16.f03 execution test
FAIL: gfortran.dg/binding_label_tests_16.f03 execution test
FAIL: gfortran.dg/c_ptr_tests_10.f03 execution test
FAIL: gfortran.dg/c_ptr_tests_10.f03 execution test
FAIL: gfortran.dg/c_ptr_tests_10.f03 execution test
FAIL: gfortran.dg/c_ptr_tests_10.f03 execution test
FAIL: gfortran.dg/c_ptr_tests_10.f03 execution test
FAIL: gfortran.dg/c_ptr_tests_10.f03 execution test
FAIL: gfortran.dg/c_ptr_tests_10.f03 execution test
FAIL: gfortran.dg/c_ptr_tests_10.f03 execution test
FAIL: gfortran.dg/c_ptr_tests_9.f03 execution test
FAIL: gfortran.dg/c_ptr_tests_9.f03 execution test
FAIL: gfortran.dg/c_ptr_tests_9.f03 execution test
FAIL: gfortran.dg/c_ptr_tests_9.f03 execution test
FAIL: gfortran.dg/c_ptr_tests_9.f03 execution test
FAIL: gfortran.dg/c_ptr_tests_9.f03 execution test
FAIL: gfortran.dg/c_ptr_tests_9.f03 execution test
FAIL: gfortran.dg/c_ptr_tests_9.f03 execution test
FAIL: gfortran.dg/c_sizeof_1.f90 execution test
FAIL: gfortran.dg/c_sizeof_1.f90 execution test
FAIL: gfortran.dg/c_sizeof_1.f90 execution test
FAIL: gfortran.dg/c_sizeof_1.f90 execution test
FAIL: gfortran.dg/c_sizeof_1.f90 execution test
FAIL: gfortran.dg/c_sizeof_1.f90 execution test
FAIL: gfortran.dg/c_sizeof_1.f90 execution test
FAIL: gfortran.dg/c_sizeof_1.f90 execution test
FAIL: gfortran.dg/comma.f execution test
FAIL: gfortran.dg/comma.f execution test
FAIL: gfortran.dg/comma.f execution test
FAIL: gfortran.dg/comma.f execution test
FAIL: gfortran.dg/comma.f execution test
FAIL: gfortran.dg/comma.f execution test
FAIL: gfortran.dg/comma.f execution test
FAIL: gfortran.dg/comma.f execution test
FAIL: gfortran.dg/complex_read.f90 execution test
FAIL: gfortran.dg/complex_read.f90 execution test
FAIL: gfortran.dg/complex_read.f90 execution test
FAIL: gfortran.dg/complex_read.f90 execution test
FAIL: gfortran.dg/complex_read.f90 execution test
FAIL: gfortran.dg/complex_read.f90 execution test
FAIL: gfortran.dg/complex_read.f90 execution test
FAIL: gfortran.dg/complex_read.f90 execution test
FAIL: gfortran.dg/complex_write.f90 execution test
FAIL: gfortran.dg/complex_write.f90 execution test
FAIL: gfortran.dg/complex_write.f90 execution test
FAIL: gfortran.dg/complex_write.f90 execution test
FAIL: gfortran.dg/complex_write.f90 execution test
FAIL: gfortran.dg/complex_write.f90 execution test
FAIL: gfortran.dg/complex_write.f90 execution test
FAIL: gfortran.dg/complex_write.f90 execution test
FAIL: gfortran.dg/convert_2.f90 execution test
FAIL: gfortran.dg/convert_2.f90 execution test
FAIL: gfortran.dg/convert_2.f90 execution test
FAIL: gfortran.dg/convert_2.f90 execution test
FAIL: gfortran.dg/convert_2.f90 execution test
FAIL: gfortran.dg/convert_2.f90 execution test
FAIL: gfortran.dg/convert_2.f90 execution test
FAIL: gfortran.dg/convert_2.f90 execution test
FAIL: gfortran.dg/convert_implied_open.f90 execution test
FAIL: gfortran.dg/convert_implied_open.f90 execution test
FAIL: gfortran.dg/convert_implied_open.f90 execution test
FAIL: gfortran.dg/convert_implied_open.f90 execution test
FAIL: gfortran.dg/convert_implied_open.f90 execution test
FAIL: gfortran.dg/convert_implied_open.f90 execution test
FAIL: gfortran.dg/convert_implied_open.f90 execution test
FAIL: gfortran.dg/convert_implied_open.f90 execution test
FAIL: gfortran.dg/derived_comp_array_ref_3.f90 execution test
FAIL: gfortran.dg/derived_comp_array_ref_3.f90 execution test
FAIL: gfortran.dg/derived_comp_array_ref_3.f90 execution test
FAIL: gfortran.dg/derived_comp_array_ref_3.f90 execution test
FAIL: gfortran.dg/derived_comp_array_ref_3.f90 execution test
FAIL: gfortran.dg/derived_comp_array_ref_3.f90 execution test
FAIL: gfortran.dg/derived_comp_array_ref_3.f90 execution test
FAIL: gfortran.dg/derived_comp_array_ref_3.f90 execution test
FAIL: gfortran.dg/dev_null.F90 execution test
FAIL: gfortran.dg/dev_null.F90 execution test
FAIL: gfortran.dg/dev_null.F90 execution test
FAIL: gfortran.dg/dev_null.F90 execution test
FAIL: gfortran.dg/dev_null.F90 execution test
FAIL: gfortran.dg/dev_null.F90 execution test
FAIL: gfortran.dg/dev_null.F90 execution test
FAIL: gfortran.dg/dev_null.F90 execution test
FAIL: gfortran.dg/direct_io_1.f90 execution test
FAIL: gfortran.dg/direct_io_1.f90 execution test
FAIL: gfortran.dg/direct_io_1.f90 execution test
FAIL: gfortran.dg/direct_io_1.f90 execution test
FAIL: gfortran.dg/direct_io_1.f90 execution test
FAIL: gfortran.dg/direct_io_1.f90 execution test
FAIL: gfortran.dg/direct_io_1.f90 execution test
FAIL: gfortran.dg/direct_io_1.f90 execution test
FAIL: gfortran.dg/direct_io_10.f execution test
FAIL: gfortran.dg/direct_io_10.f execution test
FAIL: gfortran.dg/direct_io_10.f execution test
FAIL: gfortran.dg/direct_io_10.f execution test
FAIL: gfortran.dg/direct_io_10.f execution test
FAIL: gfortran.dg/direct_io_10.f execution test
FAIL: gfortran.dg/direct_io_10.f execution test
FAIL: gfortran.dg/direct_io_10.f execution test
FAIL: gfortran.dg/direct_io_2.f90 execution test
FAIL: gfortran.dg/direct_io_2.f90 execution test
FAIL: gfortran.dg/direct_io_2.f90 execution test
FAIL: gfortran.dg/direct_io_2.f90 execution test
FAIL: gfortran.dg/direct_io_2.f90 execution test
FAIL: gfortran.dg/direct_io_2.f90 execution test
FAIL: gfortran.dg/direct_io_2.f90 execution test
FAIL: gfortran.dg/direct_io_2.f90 execution test
FAIL: gfortran.dg/direct_io_3.f90 execution test
FAIL: gfortran.dg/direct_io_3.f90 execution test
FAIL: gfortran.dg/direct_io_3.f90 execution test
FAIL: gfortran.dg/direct_io_3.f90 execution test
FAIL: gfortran.dg/direct_io_3.f90 execution test
FAIL: gfortran.dg/direct_io_3.f90 execution test
FAIL: gfortran.dg/direct_io_3.f90 execution test
FAIL: gfortran.dg/direct_io_3.f90 execution test
FAIL: gfortran.dg/direct_io_4.f90 execution test
FAIL: gfortran.dg/direct_io_4.f90 execution test
FAIL: gfortran.dg/direct_io_4.f90 execution test
FAIL: gfortran.dg/direct_io_4.f90 execution test
FAIL: gfortran.dg/direct_io_4.f90 execution test
FAIL: gfortran.dg/direct_io_4.f90 execution test
FAIL: gfortran.dg/direct_io_4.f90 execution test
FAIL: gfortran.dg/direct_io_4.f90 execution test
FAIL: gfortran.dg/direct_io_5.f90 execution test
FAIL: gfortran.dg/direct_io_5.f90 execution test
FAIL: gfortran.dg/direct_io_5.f90 execution test
FAIL: gfortran.dg/direct_io_5.f90 execution test
FAIL: gfortran.dg/direct_io_5.f90 execution test
FAIL: gfortran.dg/direct_io_5.f90 execution test
FAIL: gfortran.dg/direct_io_5.f90 execution test
FAIL: gfortran.dg/direct_io_5.f90 execution test
FAIL: gfortran.dg/direct_io_6.f90 execution test
FAIL: gfortran.dg/direct_io_6.f90 execution test
FAIL: gfortran.dg/direct_io_6.f90 execution test
FAIL: gfortran.dg/direct_io_6.f90 execution test
FAIL: gfortran.dg/direct_io_6.f90 execution test
FAIL: gfortran.dg/direct_io_6.f90 execution test
FAIL: gfortran.dg/direct_io_6.f90 execution test
FAIL: gfortran.dg/direct_io_6.f90 execution test
FAIL: gfortran.dg/direct_io_7.f90 execution test
FAIL: gfortran.dg/direct_io_7.f90 execution test
FAIL: gfortran.dg/direct_io_7.f90 execution test
FAIL: gfortran.dg/direct_io_7.f90 execution test
FAIL: gfortran.dg/direct_io_7.f90 execution test
FAIL: gfortran.dg/direct_io_7.f90 execution test
FAIL: gfortran.dg/direct_io_7.f90 execution test
FAIL: gfortran.dg/direct_io_7.f90 execution test
FAIL: gfortran.dg/direct_io_9.f execution test
FAIL: gfortran.dg/direct_io_9.f execution test
FAIL: gfortran.dg/direct_io_9.f execution test
FAIL: gfortran.dg/direct_io_9.f execution test
FAIL: gfortran.dg/direct_io_9.f execution test
FAIL: gfortran.dg/direct_io_9.f execution test
FAIL: gfortran.dg/direct_io_9.f execution test
FAIL: gfortran.dg/direct_io_9.f execution test
FAIL: gfortran.dg/dollar_edit_descriptor_1.f execution test
FAIL: gfortran.dg/dollar_edit_descriptor_1.f execution test
FAIL: gfortran.dg/dollar_edit_descriptor_1.f execution test
FAIL: gfortran.dg/dollar_edit_descriptor_1.f execution test
FAIL: gfortran.dg/dollar_edit_descriptor_1.f execution test
FAIL: gfortran.dg/dollar_edit_descriptor_1.f execution test
FAIL: gfortran.dg/dollar_edit_descriptor_1.f execution test
FAIL: gfortran.dg/dollar_edit_descriptor_1.f execution test
FAIL: gfortran.dg/dollar_edit_descriptor_3.f execution test
FAIL: gfortran.dg/dollar_edit_descriptor_3.f execution test
FAIL: gfortran.dg/dollar_edit_descriptor_3.f execution test
FAIL: gfortran.dg/dollar_edit_descriptor_3.f execution test
FAIL: gfortran.dg/dollar_edit_descriptor_3.f execution test
FAIL: gfortran.dg/dollar_edit_descriptor_3.f execution test
FAIL: gfortran.dg/dollar_edit_descriptor_3.f execution test
FAIL: gfortran.dg/dollar_edit_descriptor_3.f execution test
FAIL: gfortran.dg/dos_eol.f execution test
FAIL: gfortran.dg/dos_eol.f execution test
FAIL: gfortran.dg/dos_eol.f execution test
FAIL: gfortran.dg/dos_eol.f execution test
FAIL: gfortran.dg/dos_eol.f execution test
FAIL: gfortran.dg/dos_eol.f execution test
FAIL: gfortran.dg/dos_eol.f execution test
FAIL: gfortran.dg/dos_eol.f execution test
FAIL: gfortran.dg/empty_format_1.f90 execution test
FAIL: gfortran.dg/empty_format_1.f90 execution test
FAIL: gfortran.dg/empty_format_1.f90 execution test
FAIL: gfortran.dg/empty_format_1.f90 execution test
FAIL: gfortran.dg/empty_format_1.f90 execution test
FAIL: gfortran.dg/empty_format_1.f90 execution test
FAIL: gfortran.dg/empty_format_1.f90 execution test
FAIL: gfortran.dg/empty_format_1.f90 execution test
FAIL: gfortran.dg/endfile.f90 execution test
FAIL: gfortran.dg/endfile.f90 execution test
FAIL: gfortran.dg/endfile.f90 execution test
FAIL: gfortran.dg/endfile.f90 execution test
FAIL: gfortran.dg/endfile.f90 execution test
FAIL: gfortran.dg/endfile.f90 execution test
FAIL: gfortran.dg/endfile.f90 execution test
FAIL: gfortran.dg/endfile.f90 execution test
FAIL: gfortran.dg/eof_1.f90 execution test
FAIL: gfortran.dg/eof_1.f90 execution test
FAIL: gfortran.dg/eof_1.f90 execution test
FAIL: gfortran.dg/eof_1.f90 execution test
FAIL: gfortran.dg/eof_1.f90 execution test
FAIL: gfortran.dg/eof_1.f90 execution test
FAIL: gfortran.dg/eof_1.f90 execution test
FAIL: gfortran.dg/eof_1.f90 execution test
FAIL: gfortran.dg/eor_1.f90 execution test
FAIL: gfortran.dg/eor_1.f90 execution test
FAIL: gfortran.dg/eor_1.f90 execution test
FAIL: gfortran.dg/eor_1.f90 execution test
FAIL: gfortran.dg/eor_1.f90 execution test
FAIL: gfortran.dg/eor_1.f90 execution test
FAIL: gfortran.dg/eor_1.f90 execution test
FAIL: gfortran.dg/eor_1.f90 execution test
FAIL: gfortran.dg/eor_handling_1.f90 execution test
FAIL: gfortran.dg/eor_handling_1.f90 execution test
FAIL: gfortran.dg/eor_handling_1.f90 execution test
FAIL: gfortran.dg/eor_handling_1.f90 execution test
FAIL: gfortran.dg/eor_handling_1.f90 execution test
FAIL: gfortran.dg/eor_handling_1.f90 execution test
FAIL: gfortran.dg/eor_handling_1.f90 execution test
FAIL: gfortran.dg/eor_handling_1.f90 execution test
FAIL: gfortran.dg/eor_handling_2.f90 execution test
FAIL: gfortran.dg/eor_handling_2.f90 execution test
FAIL: gfortran.dg/eor_handling_2.f90 execution test
FAIL: gfortran.dg/eor_handling_2.f90 execution test
FAIL: gfortran.dg/eor_handling_2.f90 execution test
FAIL: gfortran.dg/eor_handling_2.f90 execution test
FAIL: gfortran.dg/eor_handling_2.f90 execution test
FAIL: gfortran.dg/eor_handling_2.f90 execution test
FAIL: gfortran.dg/eor_handling_3.f90 execution test
FAIL: gfortran.dg/eor_handling_3.f90 execution test
FAIL: gfortran.dg/eor_handling_3.f90 execution test
FAIL: gfortran.dg/eor_handling_3.f90 execution test
FAIL: gfortran.dg/eor_handling_3.f90 execution test
FAIL: gfortran.dg/eor_handling_3.f90 execution test
FAIL: gfortran.dg/eor_handling_3.f90 execution test
FAIL: gfortran.dg/eor_handling_3.f90 execution test
FAIL: gfortran.dg/eor_handling_4.f90 execution test
FAIL: gfortran.dg/eor_handling_4.f90 execution test
FAIL: gfortran.dg/eor_handling_4.f90 execution test
FAIL: gfortran.dg/eor_handling_4.f90 execution test
FAIL: gfortran.dg/eor_handling_4.f90 execution test
FAIL: gfortran.dg/eor_handling_4.f90 execution test
FAIL: gfortran.dg/eor_handling_4.f90 execution test
FAIL: gfortran.dg/eor_handling_4.f90 execution test
FAIL: gfortran.dg/eor_handling_5.f90 execution test
FAIL: gfortran.dg/eor_handling_5.f90 execution test
FAIL: gfortran.dg/eor_handling_5.f90 execution test
FAIL: gfortran.dg/eor_handling_5.f90 execution test
FAIL: gfortran.dg/eor_handling_5.f90 execution test
FAIL: gfortran.dg/eor_handling_5.f90 execution test
FAIL: gfortran.dg/eor_handling_5.f90 execution test
FAIL: gfortran.dg/eor_handling_5.f90 execution test
FAIL: gfortran.dg/error_format.f90 output pattern test, is Fortran
runtime error: End of file
FAIL: gfortran.dg/error_format.f90 output pattern test, is Fortran
runtime error: End of file
FAIL: gfortran.dg/error_format.f90 output pattern test, is Fortran
runtime error: End of file
FAIL: gfortran.dg/error_format.f90 output pattern test, is Fortran
runtime error: End of file
FAIL: gfortran.dg/error_format.f90 output pattern test, is Fortran
runtime error: End of file
FAIL: gfortran.dg/error_format.f90 output pattern test, is Fortran
runtime error: End of file
FAIL: gfortran.dg/error_format.f90 output pattern test, is Fortran
runtime error: End of file
FAIL: gfortran.dg/error_format.f90 output pattern test, is Fortran
runtime error: End of file
FAIL: gfortran.dg/error_recovery_5.f90 execution test
FAIL: gfortran.dg/error_recovery_5.f90 execution test
FAIL: gfortran.dg/error_recovery_5.f90 execution test
FAIL: gfortran.dg/error_recovery_5.f90 execution test
FAIL: gfortran.dg/error_recovery_5.f90 execution test
FAIL: gfortran.dg/error_recovery_5.f90 execution test
FAIL: gfortran.dg/error_recovery_5.f90 execution test
FAIL: gfortran.dg/error_recovery_5.f90 execution test
FAIL: gfortran.dg/f2003_io_1.f03 execution test
FAIL: gfortran.dg/f2003_io_1.f03 execution test
FAIL: gfortran.dg/f2003_io_1.f03 execution test
FAIL: gfortran.dg/f2003_io_1.f03 execution test
FAIL: gfortran.dg/f2003_io_1.f03 execution test
FAIL: gfortran.dg/f2003_io_1.f03 execution test
FAIL: gfortran.dg/f2003_io_1.f03 execution test
FAIL: gfortran.dg/f2003_io_1.f03 execution test
FAIL: gfortran.dg/f2003_io_4.f03 execution test
FAIL: gfortran.dg/f2003_io_4.f03 execution test
FAIL: gfortran.dg/f2003_io_4.f03 execution test
FAIL: gfortran.dg/f2003_io_4.f03 execution test
FAIL: gfortran.dg/f2003_io_4.f03 execution test
FAIL: gfortran.dg/f2003_io_4.f03 execution test
FAIL: gfortran.dg/f2003_io_4.f03 execution test
FAIL: gfortran.dg/f2003_io_4.f03 execution test
FAIL: gfortran.dg/f2003_io_5.f03 execution test
FAIL: gfortran.dg/f2003_io_5.f03 execution test
FAIL: gfortran.dg/f2003_io_5.f03 execution test
FAIL: gfortran.dg/f2003_io_5.f03 execution test
FAIL: gfortran.dg/f2003_io_5.f03 execution test
FAIL: gfortran.dg/f2003_io_5.f03 execution test
FAIL: gfortran.dg/f2003_io_5.f03 execution test
FAIL: gfortran.dg/f2003_io_5.f03 execution test
FAIL: gfortran.dg/f2003_io_7.f03 execution test
FAIL: gfortran.dg/f2003_io_7.f03 execution test
FAIL: gfortran.dg/f2003_io_7.f03 execution test
FAIL: gfortran.dg/f2003_io_7.f03 execution test
FAIL: gfortran.dg/f2003_io_7.f03 execution test
FAIL: gfortran.dg/f2003_io_7.f03 execution test
FAIL: gfortran.dg/f2003_io_7.f03 execution test
FAIL: gfortran.dg/f2003_io_7.f03 execution test
FAIL: gfortran.dg/fgetc_1.f90 execution test
FAIL: gfortran.dg/fgetc_1.f90 execution test
FAIL: gfortran.dg/fgetc_1.f90 execution test
FAIL: gfortran.dg/fgetc_1.f90 execution test
FAIL: gfortran.dg/fgetc_1.f90 execution test
FAIL: gfortran.dg/fgetc_1.f90 execution test
FAIL: gfortran.dg/fgetc_1.f90 execution test
FAIL: gfortran.dg/fgetc_1.f90 execution test
FAIL: gfortran.dg/fgetc_2.f90 execution test
FAIL: gfortran.dg/fgetc_2.f90 execution test
FAIL: gfortran.dg/fgetc_2.f90 execution test
FAIL: gfortran.dg/fgetc_2.f90 execution test
FAIL: gfortran.dg/fgetc_2.f90 execution test
FAIL: gfortran.dg/fgetc_2.f90 execution test
FAIL: gfortran.dg/fgetc_2.f90 execution test
FAIL: gfortran.dg/fgetc_2.f90 execution test
FAIL: gfortran.dg/flush_1.f90 execution test
FAIL: gfortran.dg/flush_1.f90 execution test
FAIL: gfortran.dg/flush_1.f90 execution test
FAIL: gfortran.dg/flush_1.f90 execution test
FAIL: gfortran.dg/flush_1.f90 execution test
FAIL: gfortran.dg/flush_1.f90 execution test
FAIL: gfortran.dg/flush_1.f90 execution test
FAIL: gfortran.dg/flush_1.f90 execution test
FAIL: gfortran.dg/fmt_exhaust.f90 execution test
FAIL: gfortran.dg/fmt_exhaust.f90 execution test
FAIL: gfortran.dg/fmt_exhaust.f90 execution test
FAIL: gfortran.dg/fmt_exhaust.f90 execution test
FAIL: gfortran.dg/fmt_exhaust.f90 execution test
FAIL: gfortran.dg/fmt_exhaust.f90 execution test
FAIL: gfortran.dg/fmt_exhaust.f90 execution test
FAIL: gfortran.dg/fmt_exhaust.f90 execution test
FAIL: gfortran.dg/fmt_float.f90 execution test
FAIL: gfortran.dg/fmt_float.f90 execution test
FAIL: gfortran.dg/fmt_float.f90 execution test
FAIL: gfortran.dg/fmt_float.f90 execution test
FAIL: gfortran.dg/fmt_float.f90 execution test
FAIL: gfortran.dg/fmt_float.f90 execution test
FAIL: gfortran.dg/fmt_float.f90 execution test
FAIL: gfortran.dg/fmt_float.f90 execution test
FAIL: gfortran.dg/fmt_huge.f90 execution test
FAIL: gfortran.dg/fmt_huge.f90 execution test
FAIL: gfortran.dg/fmt_huge.f90 execution test
FAIL: gfortran.dg/fmt_huge.f90 execution test
FAIL: gfortran.dg/fmt_huge.f90 execution test
FAIL: gfortran.dg/fmt_huge.f90 execution test
FAIL: gfortran.dg/fmt_huge.f90 execution test
FAIL: gfortran.dg/fmt_huge.f90 execution test
FAIL: gfortran.dg/fmt_l.f90 output pattern test, is Fortran runtime
warning: Positive width required in format
FAIL: gfortran.dg/fmt_l.f90 output pattern test, is Fortran runtime
warning: Positive width required in format
FAIL: gfortran.dg/fmt_l.f90 output pattern test, is Fortran runtime
warning: Positive width required in format
FAIL: gfortran.dg/fmt_l.f90 output pattern test, is Fortran runtime
warning: Positive width required in format
FAIL: gfortran.dg/fmt_l.f90 output pattern test, is Fortran runtime
warning: Positive width required in format
FAIL: gfortran.dg/fmt_l.f90 output pattern test, is Fortran runtime
warning: Positive width required in format
FAIL: gfortran.dg/fmt_l.f90 output pattern test, is Fortran runtime
warning: Positive width required in format
FAIL: gfortran.dg/fmt_l.f90 output pattern test, is Fortran runtime
warning: Positive width required in format
FAIL: gfortran.dg/fmt_read.f90 execution test
FAIL: gfortran.dg/fmt_read.f90 execution test
FAIL: gfortran.dg/fmt_read.f90 execution test
FAIL: gfortran.dg/fmt_read.f90 execution test
FAIL: gfortran.dg/fmt_read.f90 execution test
FAIL: gfortran.dg/fmt_read.f90 execution test
FAIL: gfortran.dg/fmt_read.f90 execution test
FAIL: gfortran.dg/fmt_read.f90 execution test
FAIL: gfortran.dg/fmt_t_1.f90 execution test
FAIL: gfortran.dg/fmt_t_1.f90 execution test
FAIL: gfortran.dg/fmt_t_1.f90 execution test
FAIL: gfortran.dg/fmt_t_1.f90 execution test
FAIL: gfortran.dg/fmt_t_1.f90 execution test
FAIL: gfortran.dg/fmt_t_1.f90 execution test
FAIL: gfortran.dg/fmt_t_1.f90 execution test
FAIL: gfortran.dg/fmt_t_1.f90 execution test
FAIL: gfortran.dg/fmt_t_2.f90 execution test
FAIL: gfortran.dg/fmt_t_2.f90 execution test
FAIL: gfortran.dg/fmt_t_2.f90 execution test
FAIL: gfortran.dg/fmt_t_2.f90 execution test
FAIL: gfortran.dg/fmt_t_2.f90 execution test
FAIL: gfortran.dg/fmt_t_2.f90 execution test
FAIL: gfortran.dg/fmt_t_2.f90 execution test
FAIL: gfortran.dg/fmt_t_2.f90 execution test
FAIL: gfortran.dg/fmt_t_3.f90 execution test
FAIL: gfortran.dg/fmt_t_3.f90 execution test
FAIL: gfortran.dg/fmt_t_3.f90 execution test
FAIL: gfortran.dg/fmt_t_3.f90 execution test
FAIL: gfortran.dg/fmt_t_3.f90 execution test
FAIL: gfortran.dg/fmt_t_3.f90 execution test
FAIL: gfortran.dg/fmt_t_3.f90 execution test
FAIL: gfortran.dg/fmt_t_3.f90 execution test
FAIL: gfortran.dg/fmt_t_4.f90 execution test
FAIL: gfortran.dg/fmt_t_4.f90 execution test
FAIL: gfortran.dg/fmt_t_4.f90 execution test
FAIL: gfortran.dg/fmt_t_4.f90 execution test
FAIL: gfortran.dg/fmt_t_4.f90 execution test
FAIL: gfortran.dg/fmt_t_4.f90 execution test
FAIL: gfortran.dg/fmt_t_4.f90 execution test
FAIL: gfortran.dg/fmt_t_4.f90 execution test
FAIL: gfortran.dg/fmt_t_5.f90 execution test
FAIL: gfortran.dg/fmt_t_5.f90 execution test
FAIL: gfortran.dg/fmt_t_5.f90 execution test
FAIL: gfortran.dg/fmt_t_5.f90 execution test
FAIL: gfortran.dg/fmt_t_5.f90 execution test
FAIL: gfortran.dg/fmt_t_5.f90 execution test
FAIL: gfortran.dg/fmt_t_5.f90 execution test
FAIL: gfortran.dg/fmt_t_5.f90 execution test
FAIL: gfortran.dg/fmt_t_7.f execution test
FAIL: gfortran.dg/fmt_t_7.f execution test
FAIL: gfortran.dg/fmt_t_7.f execution test
FAIL: gfortran.dg/fmt_t_7.f execution test
FAIL: gfortran.dg/fmt_t_7.f execution test
FAIL: gfortran.dg/fmt_t_7.f execution test
FAIL: gfortran.dg/fmt_t_7.f execution test
FAIL: gfortran.dg/fmt_t_7.f execution test
FAIL: gfortran.dg/fmt_tab_1.f90 execution test
FAIL: gfortran.dg/fmt_tab_1.f90 execution test
FAIL: gfortran.dg/fmt_tab_1.f90 execution test
FAIL: gfortran.dg/fmt_tab_1.f90 execution test
FAIL: gfortran.dg/fmt_tab_1.f90 execution test
FAIL: gfortran.dg/fmt_tab_1.f90 execution test
FAIL: gfortran.dg/fmt_tab_1.f90 execution test
FAIL: gfortran.dg/fmt_tab_1.f90 execution test
FAIL: gfortran.dg/fmt_zero_precision.f90 execution test
FAIL: gfortran.dg/fmt_zero_precision.f90 execution test
FAIL: gfortran.dg/fmt_zero_precision.f90 execution test
FAIL: gfortran.dg/fmt_zero_precision.f90 execution test
FAIL: gfortran.dg/fmt_zero_precision.f90 execution test
FAIL: gfortran.dg/fmt_zero_precision.f90 execution test
FAIL: gfortran.dg/fmt_zero_precision.f90 execution test
FAIL: gfortran.dg/fmt_zero_precision.f90 execution test
FAIL: gfortran.dg/fseek.f90 execution test
FAIL: gfortran.dg/fseek.f90 execution test
FAIL: gfortran.dg/fseek.f90 execution test
FAIL: gfortran.dg/fseek.f90 execution test
FAIL: gfortran.dg/fseek.f90 execution test
FAIL: gfortran.dg/fseek.f90 execution test
FAIL: gfortran.dg/fseek.f90 execution test
FAIL: gfortran.dg/fseek.f90 execution test
FAIL: gfortran.dg/ftell_1.f90 execution test
FAIL: gfortran.dg/ftell_1.f90 execution test
FAIL: gfortran.dg/ftell_1.f90 execution test
FAIL: gfortran.dg/ftell_1.f90 execution test
FAIL: gfortran.dg/ftell_1.f90 execution test
FAIL: gfortran.dg/ftell_1.f90 execution test
FAIL: gfortran.dg/ftell_1.f90 execution test
FAIL: gfortran.dg/ftell_1.f90 execution test
FAIL: gfortran.dg/ftell_2.f90 execution test
FAIL: gfortran.dg/ftell_2.f90 execution test
FAIL: gfortran.dg/ftell_2.f90 execution test
FAIL: gfortran.dg/ftell_2.f90 execution test
FAIL: gfortran.dg/ftell_2.f90 execution test
FAIL: gfortran.dg/ftell_2.f90 execution test
FAIL: gfortran.dg/ftell_2.f90 execution test
FAIL: gfortran.dg/ftell_2.f90 execution test
FAIL: gfortran.dg/func_derived_3.f90 execution test
FAIL: gfortran.dg/func_derived_3.f90 execution test
FAIL: gfortran.dg/func_derived_3.f90 execution test
FAIL: gfortran.dg/func_derived_3.f90 execution test
FAIL: gfortran.dg/func_derived_3.f90 execution test
FAIL: gfortran.dg/func_derived_3.f90 execution test
FAIL: gfortran.dg/func_derived_3.f90 execution test
FAIL: gfortran.dg/func_derived_3.f90 execution test
FAIL: gfortran.dg/initialization_19.f90 execution test
FAIL: gfortran.dg/initialization_19.f90 execution test
FAIL: gfortran.dg/initialization_19.f90 execution test
FAIL: gfortran.dg/initialization_19.f90 execution test
FAIL: gfortran.dg/initialization_19.f90 execution test
FAIL: gfortran.dg/initialization_19.f90 execution test
FAIL: gfortran.dg/initialization_19.f90 execution test
FAIL: gfortran.dg/initialization_19.f90 execution test
FAIL: gfortran.dg/inquire_13.f90 execution test
FAIL: gfortran.dg/inquire_13.f90 execution test
FAIL: gfortran.dg/inquire_13.f90 execution test
FAIL: gfortran.dg/inquire_13.f90 execution test
FAIL: gfortran.dg/inquire_13.f90 execution test
FAIL: gfortran.dg/inquire_13.f90 execution test
FAIL: gfortran.dg/inquire_13.f90 execution test
FAIL: gfortran.dg/inquire_13.f90 execution test
FAIL: gfortran.dg/inquire_5.f90 execution test
FAIL: gfortran.dg/inquire_5.f90 execution test
FAIL: gfortran.dg/inquire_5.f90 execution test
FAIL: gfortran.dg/inquire_5.f90 execution test
FAIL: gfortran.dg/inquire_5.f90 execution test
FAIL: gfortran.dg/inquire_5.f90 execution test
FAIL: gfortran.dg/inquire_5.f90 execution test
FAIL: gfortran.dg/inquire_5.f90 execution test
FAIL: gfortran.dg/inquire_9.f90 execution test
FAIL: gfortran.dg/inquire_9.f90 execution test
FAIL: gfortran.dg/inquire_9.f90 execution test
FAIL: gfortran.dg/inquire_9.f90 execution test
FAIL: gfortran.dg/inquire_9.f90 execution test
FAIL: gfortran.dg/inquire_9.f90 execution test
FAIL: gfortran.dg/inquire_9.f90 execution test
FAIL: gfortran.dg/inquire_9.f90 execution test
FAIL: gfortran.dg/intrinsic_ifunction_1.f90 execution test
FAIL: gfortran.dg/intrinsic_ifunction_1.f90 execution test
FAIL: gfortran.dg/intrinsic_ifunction_1.f90 execution test
FAIL: gfortran.dg/intrinsic_ifunction_1.f90 execution test
FAIL: gfortran.dg/intrinsic_ifunction_1.f90 execution test
FAIL: gfortran.dg/intrinsic_ifunction_1.f90 execution test
FAIL: gfortran.dg/intrinsic_ifunction_1.f90 execution test
FAIL: gfortran.dg/intrinsic_ifunction_1.f90 execution test
FAIL: gfortran.dg/intrinsic_std_4.f90 execution test
FAIL: gfortran.dg/intrinsic_std_4.f90 execution test
FAIL: gfortran.dg/intrinsic_std_4.f90 execution test
FAIL: gfortran.dg/intrinsic_std_4.f90 execution test
FAIL: gfortran.dg/intrinsic_std_4.f90 execution test
FAIL: gfortran.dg/intrinsic_std_4.f90 execution test
FAIL: gfortran.dg/intrinsic_std_4.f90 execution test
FAIL: gfortran.dg/intrinsic_std_4.f90 execution test
FAIL: gfortran.dg/io_real_boz2.f90 output pattern test, is Fortran
runtime error: Expected INTEGER for item 2 in formatted transfer, got
REAL
FAIL: gfortran.dg/io_real_boz2.f90 output pattern test, is Fortran
runtime error: Expected INTEGER for item 2 in formatted transfer, got
REAL
FAIL: gfortran.dg/io_real_boz2.f90 output pattern test, is Fortran
runtime error: Expected INTEGER for item 2 in formatted transfer, got
REAL
FAIL: gfortran.dg/io_real_boz2.f90 output pattern test, is Fortran
runtime error: Expected INTEGER for item 2 in formatted transfer, got
REAL
FAIL: gfortran.dg/io_real_boz2.f90 output pattern test, is Fortran
runtime error: Expected INTEGER for item 2 in formatted transfer, got
REAL
FAIL: gfortran.dg/io_real_boz2.f90 output pattern test, is Fortran
runtime error: Expected INTEGER for item 2 in formatted transfer, got
REAL
FAIL: gfortran.dg/io_real_boz2.f90 output pattern test, is Fortran
runtime error: Expected INTEGER for item 2 in formatted transfer, got
REAL
FAIL: gfortran.dg/io_real_boz2.f90 output pattern test, is Fortran
runtime error: Expected INTEGER for item 2 in formatted transfer, got
REAL
FAIL: gfortran.dg/iostat_1.f90 execution test
FAIL: gfortran.dg/iostat_1.f90 execution test
FAIL: gfortran.dg/iostat_1.f90 execution test
FAIL: gfortran.dg/iostat_1.f90 execution test
FAIL: gfortran.dg/iostat_1.f90 execution test
FAIL: gfortran.dg/iostat_1.f90 execution test
FAIL: gfortran.dg/iostat_1.f90 execution test
FAIL: gfortran.dg/iostat_1.f90 execution test
FAIL: gfortran.dg/iostat_2.f90 execution test
FAIL: gfortran.dg/iostat_2.f90 execution test
FAIL: gfortran.dg/iostat_2.f90 execution test
FAIL: gfortran.dg/iostat_2.f90 execution test
FAIL: gfortran.dg/iostat_2.f90 execution test
FAIL: gfortran.dg/iostat_2.f90 execution test
FAIL: gfortran.dg/iostat_2.f90 execution test
FAIL: gfortran.dg/iostat_2.f90 execution test
FAIL: gfortran.dg/list_read_1.f90 execution test
FAIL: gfortran.dg/list_read_1.f90 execution test
FAIL: gfortran.dg/list_read_1.f90 execution test
FAIL: gfortran.dg/list_read_1.f90 execution test
FAIL: gfortran.dg/list_read_1.f90 execution test
FAIL: gfortran.dg/list_read_1.f90 execution test
FAIL: gfortran.dg/list_read_1.f90 execution test
FAIL: gfortran.dg/list_read_1.f90 execution test
FAIL: gfortran.dg/list_read_4.f90 execution test
FAIL: gfortran.dg/list_read_4.f90 execution test
FAIL: gfortran.dg/list_read_4.f90 execution test
FAIL: gfortran.dg/list_read_4.f90 execution test
FAIL: gfortran.dg/list_read_4.f90 execution test
FAIL: gfortran.dg/list_read_4.f90 execution test
FAIL: gfortran.dg/list_read_4.f90 execution test
FAIL: gfortran.dg/list_read_4.f90 execution test
FAIL: gfortran.dg/list_read_5.f90 execution test
FAIL: gfortran.dg/list_read_5.f90 execution test
FAIL: gfortran.dg/list_read_5.f90 execution test
FAIL: gfortran.dg/list_read_5.f90 execution test
FAIL: gfortran.dg/list_read_5.f90 execution test
FAIL: gfortran.dg/list_read_5.f90 execution test
FAIL: gfortran.dg/list_read_5.f90 execution test
FAIL: gfortran.dg/list_read_5.f90 execution test
FAIL: gfortran.dg/list_read_6.f90 execution test
FAIL: gfortran.dg/list_read_6.f90 execution test
FAIL: gfortran.dg/list_read_6.f90 execution test
FAIL: gfortran.dg/list_read_6.f90 execution test
FAIL: gfortran.dg/list_read_6.f90 execution test
FAIL: gfortran.dg/list_read_6.f90 execution test
FAIL: gfortran.dg/list_read_6.f90 execution test
FAIL: gfortran.dg/list_read_6.f90 execution test
FAIL: gfortran.dg/list_read_7.f90 execution test
FAIL: gfortran.dg/list_read_7.f90 execution test
FAIL: gfortran.dg/list_read_7.f90 execution test
FAIL: gfortran.dg/list_read_7.f90 execution test
FAIL: gfortran.dg/list_read_7.f90 execution test
FAIL: gfortran.dg/list_read_7.f90 execution test
FAIL: gfortran.dg/list_read_7.f90 execution test
FAIL: gfortran.dg/list_read_7.f90 execution test
FAIL: gfortran.dg/list_read_8.f90 execution test
FAIL: gfortran.dg/list_read_8.f90 execution test
FAIL: gfortran.dg/list_read_8.f90 execution test
FAIL: gfortran.dg/list_read_8.f90 execution test
FAIL: gfortran.dg/list_read_8.f90 execution test
FAIL: gfortran.dg/list_read_8.f90 execution test
FAIL: gfortran.dg/list_read_8.f90 execution test
FAIL: gfortran.dg/list_read_8.f90 execution test
FAIL: gfortran.dg/merge_char_const.f90 execution test
FAIL: gfortran.dg/merge_char_const.f90 execution test
FAIL: gfortran.dg/merge_char_const.f90 execution test
FAIL: gfortran.dg/merge_char_const.f90 execution test
FAIL: gfortran.dg/merge_char_const.f90 execution test
FAIL: gfortran.dg/merge_char_const.f90 execution test
FAIL: gfortran.dg/merge_char_const.f90 execution test
FAIL: gfortran.dg/merge_char_const.f90 execution test
FAIL: gfortran.dg/mixed_io_1.f90 execution test
FAIL: gfortran.dg/mixed_io_1.f90 execution test
FAIL: gfortran.dg/mixed_io_1.f90 execution test
FAIL: gfortran.dg/mixed_io_1.f90 execution test
FAIL: gfortran.dg/mixed_io_1.f90 execution test
FAIL: gfortran.dg/mixed_io_1.f90 execution test
FAIL: gfortran.dg/mixed_io_1.f90 execution test
FAIL: gfortran.dg/mixed_io_1.f90 execution test
FAIL: gfortran.dg/mvbits_4.f90 execution test
FAIL: gfortran.dg/mvbits_4.f90 execution test
FAIL: gfortran.dg/mvbits_4.f90 execution test
FAIL: gfortran.dg/mvbits_4.f90 execution test
FAIL: gfortran.dg/mvbits_4.f90 execution test
FAIL: gfortran.dg/mvbits_4.f90 execution test
FAIL: gfortran.dg/mvbits_4.f90 execution test
FAIL: gfortran.dg/mvbits_4.f90 execution test
FAIL: gfortran.dg/namelist_11.f execution test
FAIL: gfortran.dg/namelist_11.f execution test
FAIL: gfortran.dg/namelist_11.f execution test
FAIL: gfortran.dg/namelist_11.f execution test
FAIL: gfortran.dg/namelist_11.f execution test
FAIL: gfortran.dg/namelist_11.f execution test
FAIL: gfortran.dg/namelist_11.f execution test
FAIL: gfortran.dg/namelist_11.f execution test
FAIL: gfortran.dg/namelist_12.f execution test
FAIL: gfortran.dg/namelist_12.f execution test
FAIL: gfortran.dg/namelist_12.f execution test
FAIL: gfortran.dg/namelist_12.f execution test
FAIL: gfortran.dg/namelist_12.f execution test
FAIL: gfortran.dg/namelist_12.f execution test
FAIL: gfortran.dg/namelist_12.f execution test
FAIL: gfortran.dg/namelist_12.f execution test
FAIL: gfortran.dg/namelist_13.f90 execution test
FAIL: gfortran.dg/namelist_13.f90 execution test
FAIL: gfortran.dg/namelist_13.f90 execution test
FAIL: gfortran.dg/namelist_13.f90 execution test
FAIL: gfortran.dg/namelist_13.f90 execution test
FAIL: gfortran.dg/namelist_13.f90 execution test
FAIL: gfortran.dg/namelist_13.f90 execution test
FAIL: gfortran.dg/namelist_13.f90 execution test
FAIL: gfortran.dg/namelist_14.f90 execution test
FAIL: gfortran.dg/namelist_14.f90 execution test
FAIL: gfortran.dg/namelist_14.f90 execution test
FAIL: gfortran.dg/namelist_14.f90 execution test
FAIL: gfortran.dg/namelist_14.f90 execution test
FAIL: gfortran.dg/namelist_14.f90 execution test
FAIL: gfortran.dg/namelist_14.f90 execution test
FAIL: gfortran.dg/namelist_14.f90 execution test
FAIL: gfortran.dg/namelist_15.f90 execution test
FAIL: gfortran.dg/namelist_15.f90 execution test
FAIL: gfortran.dg/namelist_15.f90 execution test
FAIL: gfortran.dg/namelist_15.f90 execution test
FAIL: gfortran.dg/namelist_15.f90 execution test
FAIL: gfortran.dg/namelist_15.f90 execution test
FAIL: gfortran.dg/namelist_15.f90 execution test
FAIL: gfortran.dg/namelist_15.f90 execution test
FAIL: gfortran.dg/namelist_16.f90 execution test
FAIL: gfortran.dg/namelist_16.f90 execution test
FAIL: gfortran.dg/namelist_16.f90 execution test
FAIL: gfortran.dg/namelist_16.f90 execution test
FAIL: gfortran.dg/namelist_16.f90 execution test
FAIL: gfortran.dg/namelist_16.f90 execution test
FAIL: gfortran.dg/namelist_16.f90 execution test
FAIL: gfortran.dg/namelist_16.f90 execution test
FAIL: gfortran.dg/namelist_17.f90 execution test
FAIL: gfortran.dg/namelist_17.f90 execution test
FAIL: gfortran.dg/namelist_17.f90 execution test
FAIL: gfortran.dg/namelist_17.f90 execution test
FAIL: gfortran.dg/namelist_17.f90 execution test
FAIL: gfortran.dg/namelist_17.f90 execution test
FAIL: gfortran.dg/namelist_17.f90 execution test
FAIL: gfortran.dg/namelist_17.f90 execution test
FAIL: gfortran.dg/namelist_18.f90 execution test
FAIL: gfortran.dg/namelist_18.f90 execution test
FAIL: gfortran.dg/namelist_18.f90 execution test
FAIL: gfortran.dg/namelist_18.f90 execution test
FAIL: gfortran.dg/namelist_18.f90 execution test
FAIL: gfortran.dg/namelist_18.f90 execution test
FAIL: gfortran.dg/namelist_18.f90 execution test
FAIL: gfortran.dg/namelist_18.f90 execution test
FAIL: gfortran.dg/namelist_19.f90 execution test
FAIL: gfortran.dg/namelist_19.f90 execution test
FAIL: gfortran.dg/namelist_19.f90 execution test
FAIL: gfortran.dg/namelist_19.f90 execution test
FAIL: gfortran.dg/namelist_19.f90 execution test
FAIL: gfortran.dg/namelist_19.f90 execution test
FAIL: gfortran.dg/namelist_19.f90 execution test
FAIL: gfortran.dg/namelist_19.f90 execution test
FAIL: gfortran.dg/namelist_20.f90 execution test
FAIL: gfortran.dg/namelist_20.f90 execution test
FAIL: gfortran.dg/namelist_20.f90 execution test
FAIL: gfortran.dg/namelist_20.f90 execution test
FAIL: gfortran.dg/namelist_20.f90 execution test
FAIL: gfortran.dg/namelist_20.f90 execution test
FAIL: gfortran.dg/namelist_20.f90 execution test
FAIL: gfortran.dg/namelist_20.f90 execution test
FAIL: gfortran.dg/namelist_21.f90 execution test
FAIL: gfortran.dg/namelist_21.f90 execution test
FAIL: gfortran.dg/namelist_21.f90 execution test
FAIL: gfortran.dg/namelist_21.f90 execution test
FAIL: gfortran.dg/namelist_21.f90 execution test
FAIL: gfortran.dg/namelist_21.f90 execution test
FAIL: gfortran.dg/namelist_21.f90 execution test
FAIL: gfortran.dg/namelist_21.f90 execution test
FAIL: gfortran.dg/namelist_22.f90 execution test
FAIL: gfortran.dg/namelist_22.f90 execution test
FAIL: gfortran.dg/namelist_22.f90 execution test
FAIL: gfortran.dg/namelist_22.f90 execution test
FAIL: gfortran.dg/namelist_22.f90 execution test
FAIL: gfortran.dg/namelist_22.f90 execution test
FAIL: gfortran.dg/namelist_22.f90 execution test
FAIL: gfortran.dg/namelist_22.f90 execution test
FAIL: gfortran.dg/namelist_23.f90 execution test
FAIL: gfortran.dg/namelist_23.f90 execution test
FAIL: gfortran.dg/namelist_23.f90 execution test
FAIL: gfortran.dg/namelist_23.f90 execution test
FAIL: gfortran.dg/namelist_23.f90 execution test
FAIL: gfortran.dg/namelist_23.f90 execution test
FAIL: gfortran.dg/namelist_23.f90 execution test
FAIL: gfortran.dg/namelist_23.f90 execution test
FAIL: gfortran.dg/namelist_24.f90 execution test
FAIL: gfortran.dg/namelist_24.f90 execution test
FAIL: gfortran.dg/namelist_24.f90 execution test
FAIL: gfortran.dg/namelist_24.f90 execution test
FAIL: gfortran.dg/namelist_24.f90 execution test
FAIL: gfortran.dg/namelist_24.f90 execution test
FAIL: gfortran.dg/namelist_24.f90 execution test
FAIL: gfortran.dg/namelist_24.f90 execution test
FAIL: gfortran.dg/namelist_26.f90 execution test
FAIL: gfortran.dg/namelist_26.f90 execution test
FAIL: gfortran.dg/namelist_26.f90 execution test
FAIL: gfortran.dg/namelist_26.f90 execution test
FAIL: gfortran.dg/namelist_26.f90 execution test
FAIL: gfortran.dg/namelist_26.f90 execution test
FAIL: gfortran.dg/namelist_26.f90 execution test
FAIL: gfortran.dg/namelist_26.f90 execution test
FAIL: gfortran.dg/namelist_27.f90 execution test
FAIL: gfortran.dg/namelist_27.f90 execution test
FAIL: gfortran.dg/namelist_27.f90 execution test
FAIL: gfortran.dg/namelist_27.f90 execution test
FAIL: gfortran.dg/namelist_27.f90 execution test
FAIL: gfortran.dg/namelist_27.f90 execution test
FAIL: gfortran.dg/namelist_27.f90 execution test
FAIL: gfortran.dg/namelist_27.f90 execution test
FAIL: gfortran.dg/namelist_28.f90 execution test
FAIL: gfortran.dg/namelist_28.f90 execution test
FAIL: gfortran.dg/namelist_28.f90 execution test
FAIL: gfortran.dg/namelist_28.f90 execution test
FAIL: gfortran.dg/namelist_28.f90 execution test
FAIL: gfortran.dg/namelist_28.f90 execution test
FAIL: gfortran.dg/namelist_28.f90 execution test
FAIL: gfortran.dg/namelist_28.f90 execution test
FAIL: gfortran.dg/namelist_37.f90 execution test
FAIL: gfortran.dg/namelist_37.f90 execution test
FAIL: gfortran.dg/namelist_37.f90 execution test
FAIL: gfortran.dg/namelist_37.f90 execution test
FAIL: gfortran.dg/namelist_37.f90 execution test
FAIL: gfortran.dg/namelist_37.f90 execution test
FAIL: gfortran.dg/namelist_37.f90 execution test
FAIL: gfortran.dg/namelist_37.f90 execution test
FAIL: gfortran.dg/namelist_38.f90 execution test
FAIL: gfortran.dg/namelist_38.f90 execution test
FAIL: gfortran.dg/namelist_38.f90 execution test
FAIL: gfortran.dg/namelist_38.f90 execution test
FAIL: gfortran.dg/namelist_38.f90 execution test
FAIL: gfortran.dg/namelist_38.f90 execution test
FAIL: gfortran.dg/namelist_38.f90 execution test
FAIL: gfortran.dg/namelist_38.f90 execution test
FAIL: gfortran.dg/namelist_39.f90 execution test
FAIL: gfortran.dg/namelist_39.f90 execution test
FAIL: gfortran.dg/namelist_39.f90 execution test
FAIL: gfortran.dg/namelist_39.f90 execution test
FAIL: gfortran.dg/namelist_39.f90 execution test
FAIL: gfortran.dg/namelist_39.f90 execution test
FAIL: gfortran.dg/namelist_39.f90 execution test
FAIL: gfortran.dg/namelist_39.f90 execution test
FAIL: gfortran.dg/namelist_40.f90 execution test
FAIL: gfortran.dg/namelist_40.f90 execution test
FAIL: gfortran.dg/namelist_40.f90 execution test
FAIL: gfortran.dg/namelist_40.f90 execution test
FAIL: gfortran.dg/namelist_40.f90 execution test
FAIL: gfortran.dg/namelist_40.f90 execution test
FAIL: gfortran.dg/namelist_40.f90 execution test
FAIL: gfortran.dg/namelist_40.f90 execution test
FAIL: gfortran.dg/namelist_41.f90 execution test
FAIL: gfortran.dg/namelist_41.f90 execution test
FAIL: gfortran.dg/namelist_41.f90 execution test
FAIL: gfortran.dg/namelist_41.f90 execution test
FAIL: gfortran.dg/namelist_41.f90 execution test
FAIL: gfortran.dg/namelist_41.f90 execution test
FAIL: gfortran.dg/namelist_41.f90 execution test
FAIL: gfortran.dg/namelist_41.f90 execution test
FAIL: gfortran.dg/namelist_42.f90 execution test
FAIL: gfortran.dg/namelist_42.f90 execution test
FAIL: gfortran.dg/namelist_42.f90 execution test
FAIL: gfortran.dg/namelist_42.f90 execution test
FAIL: gfortran.dg/namelist_42.f90 execution test
FAIL: gfortran.dg/namelist_42.f90 execution test
FAIL: gfortran.dg/namelist_42.f90 execution test
FAIL: gfortran.dg/namelist_42.f90 execution test
FAIL: gfortran.dg/namelist_43.f90 execution test
FAIL: gfortran.dg/namelist_43.f90 execution test
FAIL: gfortran.dg/namelist_43.f90 execution test
FAIL: gfortran.dg/namelist_43.f90 execution test
FAIL: gfortran.dg/namelist_43.f90 execution test
FAIL: gfortran.dg/namelist_43.f90 execution test
FAIL: gfortran.dg/namelist_43.f90 execution test
FAIL: gfortran.dg/namelist_43.f90 execution test
FAIL: gfortran.dg/namelist_44.f90 execution test
FAIL: gfortran.dg/namelist_44.f90 execution test
FAIL: gfortran.dg/namelist_44.f90 execution test
FAIL: gfortran.dg/namelist_44.f90 execution test
FAIL: gfortran.dg/namelist_44.f90 execution test
FAIL: gfortran.dg/namelist_44.f90 execution test
FAIL: gfortran.dg/namelist_44.f90 execution test
FAIL: gfortran.dg/namelist_44.f90 execution test
FAIL: gfortran.dg/namelist_45.f90 execution test
FAIL: gfortran.dg/namelist_45.f90 execution test
FAIL: gfortran.dg/namelist_45.f90 execution test
FAIL: gfortran.dg/namelist_45.f90 execution test
FAIL: gfortran.dg/namelist_45.f90 execution test
FAIL: gfortran.dg/namelist_45.f90 execution test
FAIL: gfortran.dg/namelist_45.f90 execution test
FAIL: gfortran.dg/namelist_45.f90 execution test
FAIL: gfortran.dg/namelist_46.f90 execution test
FAIL: gfortran.dg/namelist_46.f90 execution test
FAIL: gfortran.dg/namelist_46.f90 execution test
FAIL: gfortran.dg/namelist_46.f90 execution test
FAIL: gfortran.dg/namelist_46.f90 execution test
FAIL: gfortran.dg/namelist_46.f90 execution test
FAIL: gfortran.dg/namelist_46.f90 execution test
FAIL: gfortran.dg/namelist_46.f90 execution test
FAIL: gfortran.dg/namelist_47.f90 execution test
FAIL: gfortran.dg/namelist_47.f90 execution test
FAIL: gfortran.dg/namelist_47.f90 execution test
FAIL: gfortran.dg/namelist_47.f90 execution test
FAIL: gfortran.dg/namelist_47.f90 execution test
FAIL: gfortran.dg/namelist_47.f90 execution test
FAIL: gfortran.dg/namelist_47.f90 execution test
FAIL: gfortran.dg/namelist_47.f90 execution test
FAIL: gfortran.dg/namelist_48.f90 execution test
FAIL: gfortran.dg/namelist_48.f90 execution test
FAIL: gfortran.dg/namelist_48.f90 execution test
FAIL: gfortran.dg/namelist_48.f90 execution test
FAIL: gfortran.dg/namelist_48.f90 execution test
FAIL: gfortran.dg/namelist_48.f90 execution test
FAIL: gfortran.dg/namelist_48.f90 execution test
FAIL: gfortran.dg/namelist_48.f90 execution test
FAIL: gfortran.dg/namelist_49.f90 execution test
FAIL: gfortran.dg/namelist_49.f90 execution test
FAIL: gfortran.dg/namelist_49.f90 execution test
FAIL: gfortran.dg/namelist_49.f90 execution test
FAIL: gfortran.dg/namelist_49.f90 execution test
FAIL: gfortran.dg/namelist_49.f90 execution test
FAIL: gfortran.dg/namelist_49.f90 execution test
FAIL: gfortran.dg/namelist_49.f90 execution test
FAIL: gfortran.dg/namelist_50.f90 execution test
FAIL: gfortran.dg/namelist_50.f90 execution test
FAIL: gfortran.dg/namelist_50.f90 execution test
FAIL: gfortran.dg/namelist_50.f90 execution test
FAIL: gfortran.dg/namelist_50.f90 execution test
FAIL: gfortran.dg/namelist_50.f90 execution test
FAIL: gfortran.dg/namelist_50.f90 execution test
FAIL: gfortran.dg/namelist_50.f90 execution test
FAIL: gfortran.dg/namelist_51.f90 execution test
FAIL: gfortran.dg/namelist_51.f90 execution test
FAIL: gfortran.dg/namelist_51.f90 execution test
FAIL: gfortran.dg/namelist_51.f90 execution test
FAIL: gfortran.dg/namelist_51.f90 execution test
FAIL: gfortran.dg/namelist_51.f90 execution test
FAIL: gfortran.dg/namelist_51.f90 execution test
FAIL: gfortran.dg/namelist_51.f90 execution test
FAIL: gfortran.dg/namelist_52.f90 execution test
FAIL: gfortran.dg/namelist_52.f90 execution test
FAIL: gfortran.dg/namelist_52.f90 execution test
FAIL: gfortran.dg/namelist_52.f90 execution test
FAIL: gfortran.dg/namelist_52.f90 execution test
FAIL: gfortran.dg/namelist_52.f90 execution test
FAIL: gfortran.dg/namelist_52.f90 execution test
FAIL: gfortran.dg/namelist_52.f90 execution test
FAIL: gfortran.dg/namelist_55.f90 execution test
FAIL: gfortran.dg/namelist_55.f90 execution test
FAIL: gfortran.dg/namelist_55.f90 execution test
FAIL: gfortran.dg/namelist_55.f90 execution test
FAIL: gfortran.dg/namelist_55.f90 execution test
FAIL: gfortran.dg/namelist_55.f90 execution test
FAIL: gfortran.dg/namelist_55.f90 execution test
FAIL: gfortran.dg/namelist_55.f90 execution test
FAIL: gfortran.dg/namelist_56.f90 execution test
FAIL: gfortran.dg/namelist_56.f90 execution test
FAIL: gfortran.dg/namelist_56.f90 execution test
FAIL: gfortran.dg/namelist_56.f90 execution test
FAIL: gfortran.dg/namelist_56.f90 execution test
FAIL: gfortran.dg/namelist_56.f90 execution test
FAIL: gfortran.dg/namelist_56.f90 execution test
FAIL: gfortran.dg/namelist_56.f90 execution test
FAIL: gfortran.dg/namelist_char_only.f90 execution test
FAIL: gfortran.dg/namelist_char_only.f90 execution test
FAIL: gfortran.dg/namelist_char_only.f90 execution test
FAIL: gfortran.dg/namelist_char_only.f90 execution test
FAIL: gfortran.dg/namelist_char_only.f90 execution test
FAIL: gfortran.dg/namelist_char_only.f90 execution test
FAIL: gfortran.dg/namelist_char_only.f90 execution test
FAIL: gfortran.dg/namelist_char_only.f90 execution test
FAIL: gfortran.dg/namelist_print_1.f execution test
FAIL: gfortran.dg/namelist_print_1.f execution test
FAIL: gfortran.dg/namelist_print_1.f execution test
FAIL: gfortran.dg/namelist_print_1.f execution test
FAIL: gfortran.dg/namelist_print_1.f execution test
FAIL: gfortran.dg/namelist_print_1.f execution test
FAIL: gfortran.dg/namelist_print_1.f execution test
FAIL: gfortran.dg/namelist_print_1.f execution test
FAIL: gfortran.dg/namelist_use.f90 execution test
FAIL: gfortran.dg/namelist_use.f90 execution test
FAIL: gfortran.dg/namelist_use.f90 execution test
FAIL: gfortran.dg/namelist_use.f90 execution test
FAIL: gfortran.dg/namelist_use.f90 execution test
FAIL: gfortran.dg/namelist_use.f90 execution test
FAIL: gfortran.dg/namelist_use.f90 execution test
FAIL: gfortran.dg/namelist_use.f90 execution test
FAIL: gfortran.dg/namelist_use_only.f90 execution test
FAIL: gfortran.dg/namelist_use_only.f90 execution test
FAIL: gfortran.dg/namelist_use_only.f90 execution test
FAIL: gfortran.dg/namelist_use_only.f90 execution test
FAIL: gfortran.dg/namelist_use_only.f90 execution test
FAIL: gfortran.dg/namelist_use_only.f90 execution test
FAIL: gfortran.dg/namelist_use_only.f90 execution test
FAIL: gfortran.dg/namelist_use_only.f90 execution test
FAIL: gfortran.dg/nested_array_constructor_2.f90 execution test
FAIL: gfortran.dg/nested_array_constructor_2.f90 execution test
FAIL: gfortran.dg/nested_array_constructor_2.f90 execution test
FAIL: gfortran.dg/nested_array_constructor_2.f90 execution test
FAIL: gfortran.dg/nested_array_constructor_2.f90 execution test
FAIL: gfortran.dg/nested_array_constructor_2.f90 execution test
FAIL: gfortran.dg/nested_array_constructor_2.f90 execution test
FAIL: gfortran.dg/nested_array_constructor_2.f90 execution test
FAIL: gfortran.dg/nested_array_constructor_3.f90 execution test
FAIL: gfortran.dg/nested_array_constructor_3.f90 execution test
FAIL: gfortran.dg/nested_array_constructor_3.f90 execution test
FAIL: gfortran.dg/nested_array_constructor_3.f90 execution test
FAIL: gfortran.dg/nested_array_constructor_3.f90 execution test
FAIL: gfortran.dg/nested_array_constructor_3.f90 execution test
FAIL: gfortran.dg/nested_array_constructor_3.f90 execution test
FAIL: gfortran.dg/nested_array_constructor_3.f90 execution test
FAIL: gfortran.dg/noadv_size.f90 execution test
FAIL: gfortran.dg/noadv_size.f90 execution test
FAIL: gfortran.dg/noadv_size.f90 execution test
FAIL: gfortran.dg/noadv_size.f90 execution test
FAIL: gfortran.dg/noadv_size.f90 execution test
FAIL: gfortran.dg/noadv_size.f90 execution test
FAIL: gfortran.dg/noadv_size.f90 execution test
FAIL: gfortran.dg/noadv_size.f90 execution test
FAIL: gfortran.dg/open_access_append_1.f90 execution test
FAIL: gfortran.dg/open_access_append_1.f90 execution test
FAIL: gfortran.dg/open_access_append_1.f90 execution test
FAIL: gfortran.dg/open_access_append_1.f90 execution test
FAIL: gfortran.dg/open_access_append_1.f90 execution test
FAIL: gfortran.dg/open_access_append_1.f90 execution test
FAIL: gfortran.dg/open_access_append_1.f90 execution test
FAIL: gfortran.dg/open_access_append_1.f90 execution test
FAIL: gfortran.dg/open_readonly_1.f90 execution test
FAIL: gfortran.dg/open_readonly_1.f90 execution test
FAIL: gfortran.dg/open_readonly_1.f90 execution test
FAIL: gfortran.dg/open_readonly_1.f90 execution test
FAIL: gfortran.dg/open_readonly_1.f90 execution test
FAIL: gfortran.dg/open_readonly_1.f90 execution test
FAIL: gfortran.dg/open_readonly_1.f90 execution test
FAIL: gfortran.dg/open_readonly_1.f90 execution test
FAIL: gfortran.dg/optional_dim_2.f90 execution test
FAIL: gfortran.dg/optional_dim_2.f90 execution test
FAIL: gfortran.dg/optional_dim_2.f90 execution test
FAIL: gfortran.dg/optional_dim_2.f90 execution test
FAIL: gfortran.dg/optional_dim_2.f90 execution test
FAIL: gfortran.dg/optional_dim_2.f90 execution test
FAIL: gfortran.dg/optional_dim_2.f90 execution test
FAIL: gfortran.dg/optional_dim_2.f90 execution test
FAIL: gfortran.dg/optional_dim_3.f90 execution test
FAIL: gfortran.dg/optional_dim_3.f90 execution test
FAIL: gfortran.dg/optional_dim_3.f90 execution test
FAIL: gfortran.dg/optional_dim_3.f90 execution test
FAIL: gfortran.dg/optional_dim_3.f90 execution test
FAIL: gfortran.dg/optional_dim_3.f90 execution test
FAIL: gfortran.dg/optional_dim_3.f90 execution test
FAIL: gfortran.dg/optional_dim_3.f90 execution test
FAIL: gfortran.dg/overwrite_1.f execution test
FAIL: gfortran.dg/overwrite_1.f execution test
FAIL: gfortran.dg/overwrite_1.f execution test
FAIL: gfortran.dg/overwrite_1.f execution test
FAIL: gfortran.dg/overwrite_1.f execution test
FAIL: gfortran.dg/overwrite_1.f execution test
FAIL: gfortran.dg/overwrite_1.f execution test
FAIL: gfortran.dg/overwrite_1.f execution test
FAIL: gfortran.dg/pad_no.f90 execution test
FAIL: gfortran.dg/pad_no.f90 execution test
FAIL: gfortran.dg/pad_no.f90 execution test
FAIL: gfortran.dg/pad_no.f90 execution test
FAIL: gfortran.dg/pad_no.f90 execution test
FAIL: gfortran.dg/pad_no.f90 execution test
FAIL: gfortran.dg/pad_no.f90 execution test
FAIL: gfortran.dg/pad_no.f90 execution test
FAIL: gfortran.dg/parameter_array_dummy.f90 execution test
FAIL: gfortran.dg/parameter_array_dummy.f90 execution test
FAIL: gfortran.dg/parameter_array_dummy.f90 execution test
FAIL: gfortran.dg/parameter_array_dummy.f90 execution test
FAIL: gfortran.dg/parameter_array_dummy.f90 execution test
FAIL: gfortran.dg/parameter_array_dummy.f90 execution test
FAIL: gfortran.dg/parameter_array_dummy.f90 execution test
FAIL: gfortran.dg/parameter_array_dummy.f90 execution test
FAIL: gfortran.dg/pr12884.f execution test
FAIL: gfortran.dg/pr12884.f execution test
FAIL: gfortran.dg/pr12884.f execution test
FAIL: gfortran.dg/pr12884.f execution test
FAIL: gfortran.dg/pr12884.f execution test
FAIL: gfortran.dg/pr12884.f execution test
FAIL: gfortran.dg/pr12884.f execution test
FAIL: gfortran.dg/pr12884.f execution test
FAIL: gfortran.dg/pr16597.f90 execution test
FAIL: gfortran.dg/pr16597.f90 execution test
FAIL: gfortran.dg/pr16597.f90 execution test
FAIL: gfortran.dg/pr16597.f90 execution test
FAIL: gfortran.dg/pr16597.f90 execution test
FAIL: gfortran.dg/pr16597.f90 execution test
FAIL: gfortran.dg/pr16597.f90 execution test
FAIL: gfortran.dg/pr16597.f90 execution test
FAIL: gfortran.dg/pr17090.f90 execution test
FAIL: gfortran.dg/pr17090.f90 execution test
FAIL: gfortran.dg/pr17090.f90 execution test
FAIL: gfortran.dg/pr17090.f90 execution test
FAIL: gfortran.dg/pr17090.f90 execution test
FAIL: gfortran.dg/pr17090.f90 execution test
FAIL: gfortran.dg/pr17090.f90 execution test
FAIL: gfortran.dg/pr17090.f90 execution test
FAIL: gfortran.dg/pr17285.f90 execution test
FAIL: gfortran.dg/pr17285.f90 execution test
FAIL: gfortran.dg/pr17285.f90 execution test
FAIL: gfortran.dg/pr17285.f90 execution test
FAIL: gfortran.dg/pr17285.f90 execution test
FAIL: gfortran.dg/pr17285.f90 execution test
FAIL: gfortran.dg/pr17285.f90 execution test
FAIL: gfortran.dg/pr17285.f90 execution test
FAIL: gfortran.dg/pr17286.f90 execution test
FAIL: gfortran.dg/pr17286.f90 execution test
FAIL: gfortran.dg/pr17286.f90 execution test
FAIL: gfortran.dg/pr17286.f90 execution test
FAIL: gfortran.dg/pr17286.f90 execution test
FAIL: gfortran.dg/pr17286.f90 execution test
FAIL: gfortran.dg/pr17286.f90 execution test
FAIL: gfortran.dg/pr17286.f90 execution test
FAIL: gfortran.dg/pr18122.f90 execution test
FAIL: gfortran.dg/pr18122.f90 execution test
FAIL: gfortran.dg/pr18122.f90 execution test
FAIL: gfortran.dg/pr18122.f90 execution test
FAIL: gfortran.dg/pr18122.f90 execution test
FAIL: gfortran.dg/pr18122.f90 execution test
FAIL: gfortran.dg/pr18122.f90 execution test
FAIL: gfortran.dg/pr18122.f90 execution test
FAIL: gfortran.dg/pr18210.f90 execution test
FAIL: gfortran.dg/pr18210.f90 execution test
FAIL: gfortran.dg/pr18210.f90 execution test
FAIL: gfortran.dg/pr18210.f90 execution test
FAIL: gfortran.dg/pr18210.f90 execution test
FAIL: gfortran.dg/pr18210.f90 execution test
FAIL: gfortran.dg/pr18210.f90 execution test
FAIL: gfortran.dg/pr18210.f90 execution test
FAIL: gfortran.dg/pr18392.f90 execution test
FAIL: gfortran.dg/pr18392.f90 execution test
FAIL: gfortran.dg/pr18392.f90 execution test
FAIL: gfortran.dg/pr18392.f90 execution test
FAIL: gfortran.dg/pr18392.f90 execution test
FAIL: gfortran.dg/pr18392.f90 execution test
FAIL: gfortran.dg/pr18392.f90 execution test
FAIL: gfortran.dg/pr18392.f90 execution test
FAIL: gfortran.dg/pr19155.f execution test
FAIL: gfortran.dg/pr19155.f execution test
FAIL: gfortran.dg/pr19155.f execution test
FAIL: gfortran.dg/pr19155.f execution test
FAIL: gfortran.dg/pr19155.f execution test
FAIL: gfortran.dg/pr19155.f execution test
FAIL: gfortran.dg/pr19155.f execution test
FAIL: gfortran.dg/pr19155.f execution test
FAIL: gfortran.dg/pr19216.f execution test
FAIL: gfortran.dg/pr19216.f execution test
FAIL: gfortran.dg/pr19216.f execution test
FAIL: gfortran.dg/pr19216.f execution test
FAIL: gfortran.dg/pr19216.f execution test
FAIL: gfortran.dg/pr19216.f execution test
FAIL: gfortran.dg/pr19216.f execution test
FAIL: gfortran.dg/pr19216.f execution test
FAIL: gfortran.dg/pr19467.f90 execution test
FAIL: gfortran.dg/pr19467.f90 execution test
FAIL: gfortran.dg/pr19467.f90 execution test
FAIL: gfortran.dg/pr19467.f90 execution test
FAIL: gfortran.dg/pr19467.f90 execution test
FAIL: gfortran.dg/pr19467.f90 execution test
FAIL: gfortran.dg/pr19467.f90 execution test
FAIL: gfortran.dg/pr19467.f90 execution test
FAIL: gfortran.dg/pr19657.f execution test
FAIL: gfortran.dg/pr19657.f execution test
FAIL: gfortran.dg/pr19657.f execution test
FAIL: gfortran.dg/pr19657.f execution test
FAIL: gfortran.dg/pr19657.f execution test
FAIL: gfortran.dg/pr19657.f execution test
FAIL: gfortran.dg/pr19657.f execution test
FAIL: gfortran.dg/pr19657.f execution test
FAIL: gfortran.dg/pr20257.f90 execution test
FAIL: gfortran.dg/pr20257.f90 execution test
FAIL: gfortran.dg/pr20257.f90 execution test
FAIL: gfortran.dg/pr20257.f90 execution test
FAIL: gfortran.dg/pr20257.f90 execution test
FAIL: gfortran.dg/pr20257.f90 execution test
FAIL: gfortran.dg/pr20257.f90 execution test
FAIL: gfortran.dg/pr20257.f90 execution test
FAIL: gfortran.dg/pr32627.f03 execution test
FAIL: gfortran.dg/pr32627.f03 execution test
FAIL: gfortran.dg/pr32627.f03 execution test
FAIL: gfortran.dg/pr32627.f03 execution test
FAIL: gfortran.dg/pr32627.f03 execution test
FAIL: gfortran.dg/pr32627.f03 execution test
FAIL: gfortran.dg/pr32627.f03 execution test
FAIL: gfortran.dg/pr32627.f03 execution test
FAIL: gfortran.dg/print_c_kinds.f90 execution test
FAIL: gfortran.dg/print_c_kinds.f90 execution test
FAIL: gfortran.dg/print_c_kinds.f90 execution test
FAIL: gfortran.dg/print_c_kinds.f90 execution test
FAIL: gfortran.dg/print_c_kinds.f90 execution test
FAIL: gfortran.dg/print_c_kinds.f90 execution test
FAIL: gfortran.dg/print_c_kinds.f90 execution test
FAIL: gfortran.dg/print_c_kinds.f90 execution test
FAIL: gfortran.dg/print_fmt_1.f90 execution test
FAIL: gfortran.dg/print_fmt_1.f90 execution test
FAIL: gfortran.dg/print_fmt_1.f90 execution test
FAIL: gfortran.dg/print_fmt_1.f90 execution test
FAIL: gfortran.dg/print_fmt_1.f90 execution test
FAIL: gfortran.dg/print_fmt_1.f90 execution test
FAIL: gfortran.dg/print_fmt_1.f90 execution test
FAIL: gfortran.dg/print_fmt_1.f90 execution test
FAIL: gfortran.dg/proc_decl_13.f90 execution test
FAIL: gfortran.dg/proc_decl_13.f90 execution test
FAIL: gfortran.dg/proc_decl_13.f90 execution test
FAIL: gfortran.dg/proc_decl_13.f90 execution test
FAIL: gfortran.dg/proc_decl_13.f90 execution test
FAIL: gfortran.dg/proc_decl_13.f90 execution test
FAIL: gfortran.dg/proc_decl_13.f90 execution test
FAIL: gfortran.dg/proc_decl_13.f90 execution test
FAIL: gfortran.dg/proc_ptr_comp_6.f90 execution test
FAIL: gfortran.dg/proc_ptr_comp_6.f90 execution test
FAIL: gfortran.dg/proc_ptr_comp_6.f90 execution test
FAIL: gfortran.dg/proc_ptr_comp_6.f90 execution test
FAIL: gfortran.dg/proc_ptr_comp_6.f90 execution test
FAIL: gfortran.dg/proc_ptr_comp_6.f90 execution test
FAIL: gfortran.dg/proc_ptr_comp_6.f90 execution test
FAIL: gfortran.dg/proc_ptr_comp_6.f90 execution test
FAIL: gfortran.dg/random_7.f90 execution test
FAIL: gfortran.dg/random_7.f90 execution test
FAIL: gfortran.dg/random_7.f90 execution test
FAIL: gfortran.dg/random_7.f90 execution test
FAIL: gfortran.dg/random_7.f90 execution test
FAIL: gfortran.dg/random_7.f90 execution test
FAIL: gfortran.dg/random_7.f90 execution test
FAIL: gfortran.dg/random_7.f90 execution test
FAIL: gfortran.dg/read_bad_advance.f90 execution test
FAIL: gfortran.dg/read_bad_advance.f90 execution test
FAIL: gfortran.dg/read_bad_advance.f90 execution test
FAIL: gfortran.dg/read_bad_advance.f90 execution test
FAIL: gfortran.dg/read_bad_advance.f90 execution test
FAIL: gfortran.dg/read_bad_advance.f90 execution test
FAIL: gfortran.dg/read_bad_advance.f90 execution test
FAIL: gfortran.dg/read_bad_advance.f90 execution test
FAIL: gfortran.dg/read_comma.f execution test
FAIL: gfortran.dg/read_comma.f execution test
FAIL: gfortran.dg/read_comma.f execution test
FAIL: gfortran.dg/read_comma.f execution test
FAIL: gfortran.dg/read_comma.f execution test
FAIL: gfortran.dg/read_comma.f execution test
FAIL: gfortran.dg/read_comma.f execution test
FAIL: gfortran.dg/read_comma.f execution test
FAIL: gfortran.dg/read_float_2.f03 execution test
FAIL: gfortran.dg/read_float_2.f03 execution test
FAIL: gfortran.dg/read_float_2.f03 execution test
FAIL: gfortran.dg/read_float_2.f03 execution test
FAIL: gfortran.dg/read_float_2.f03 execution test
FAIL: gfortran.dg/read_float_2.f03 execution test
FAIL: gfortran.dg/read_float_2.f03 execution test
FAIL: gfortran.dg/read_float_2.f03 execution test
FAIL: gfortran.dg/read_float_3.f90 execution test
FAIL: gfortran.dg/read_float_3.f90 execution test
FAIL: gfortran.dg/read_float_3.f90 execution test
FAIL: gfortran.dg/read_float_3.f90 execution test
FAIL: gfortran.dg/read_float_3.f90 execution test
FAIL: gfortran.dg/read_float_3.f90 execution test
FAIL: gfortran.dg/read_float_3.f90 execution test
FAIL: gfortran.dg/read_float_3.f90 execution test
FAIL: gfortran.dg/read_noadvance.f90 execution test
FAIL: gfortran.dg/read_noadvance.f90 execution test
FAIL: gfortran.dg/read_noadvance.f90 execution test
FAIL: gfortran.dg/read_noadvance.f90 execution test
FAIL: gfortran.dg/read_noadvance.f90 execution test
FAIL: gfortran.dg/read_noadvance.f90 execution test
FAIL: gfortran.dg/read_noadvance.f90 execution test
FAIL: gfortran.dg/read_noadvance.f90 execution test
FAIL: gfortran.dg/read_repeat.f90 execution test
FAIL: gfortran.dg/read_repeat.f90 execution test
FAIL: gfortran.dg/read_repeat.f90 execution test
FAIL: gfortran.dg/read_repeat.f90 execution test
FAIL: gfortran.dg/read_repeat.f90 execution test
FAIL: gfortran.dg/read_repeat.f90 execution test
FAIL: gfortran.dg/read_repeat.f90 execution test
FAIL: gfortran.dg/read_repeat.f90 execution test
FAIL: gfortran.dg/read_size_noadvance.f90 execution test
FAIL: gfortran.dg/read_size_noadvance.f90 execution test
FAIL: gfortran.dg/read_size_noadvance.f90 execution test
FAIL: gfortran.dg/read_size_noadvance.f90 execution test
FAIL: gfortran.dg/read_size_noadvance.f90 execution test
FAIL: gfortran.dg/read_size_noadvance.f90 execution test
FAIL: gfortran.dg/read_size_noadvance.f90 execution test
FAIL: gfortran.dg/read_size_noadvance.f90 execution test
FAIL: gfortran.dg/read_x_eor.f90 execution test
FAIL: gfortran.dg/read_x_eor.f90 execution test
FAIL: gfortran.dg/read_x_eor.f90 execution test
FAIL: gfortran.dg/read_x_eor.f90 execution test
FAIL: gfortran.dg/read_x_eor.f90 execution test
FAIL: gfortran.dg/read_x_eor.f90 execution test
FAIL: gfortran.dg/read_x_eor.f90 execution test
FAIL: gfortran.dg/read_x_eor.f90 execution test
FAIL: gfortran.dg/read_x_past.f execution test
FAIL: gfortran.dg/read_x_past.f execution test
FAIL: gfortran.dg/read_x_past.f execution test
FAIL: gfortran.dg/read_x_past.f execution test
FAIL: gfortran.dg/read_x_past.f execution test
FAIL: gfortran.dg/read_x_past.f execution test
FAIL: gfortran.dg/read_x_past.f execution test
FAIL: gfortran.dg/read_x_past.f execution test
FAIL: gfortran.dg/record_marker_1.f90 execution test
FAIL: gfortran.dg/record_marker_1.f90 execution test
FAIL: gfortran.dg/record_marker_1.f90 execution test
FAIL: gfortran.dg/record_marker_1.f90 execution test
FAIL: gfortran.dg/record_marker_1.f90 execution test
FAIL: gfortran.dg/record_marker_1.f90 execution test
FAIL: gfortran.dg/record_marker_1.f90 execution test
FAIL: gfortran.dg/record_marker_1.f90 execution test
FAIL: gfortran.dg/record_marker_2.f execution test
FAIL: gfortran.dg/record_marker_2.f execution test
FAIL: gfortran.dg/record_marker_2.f execution test
FAIL: gfortran.dg/record_marker_2.f execution test
FAIL: gfortran.dg/record_marker_2.f execution test
FAIL: gfortran.dg/record_marker_2.f execution test
FAIL: gfortran.dg/record_marker_2.f execution test
FAIL: gfortran.dg/record_marker_2.f execution test
FAIL: gfortran.dg/record_marker_3.f90 execution test
FAIL: gfortran.dg/record_marker_3.f90 execution test
FAIL: gfortran.dg/record_marker_3.f90 execution test
FAIL: gfortran.dg/record_marker_3.f90 execution test
FAIL: gfortran.dg/record_marker_3.f90 execution test
FAIL: gfortran.dg/record_marker_3.f90 execution test
FAIL: gfortran.dg/record_marker_3.f90 execution test
FAIL: gfortran.dg/record_marker_3.f90 execution test
FAIL: gfortran.dg/recursive_check_10.f90 execution test
FAIL: gfortran.dg/recursive_check_10.f90 execution test
FAIL: gfortran.dg/recursive_check_10.f90 execution test
FAIL: gfortran.dg/recursive_check_10.f90 execution test
FAIL: gfortran.dg/recursive_check_10.f90 execution test
FAIL: gfortran.dg/recursive_check_10.f90 execution test
FAIL: gfortran.dg/recursive_check_10.f90 execution test
FAIL: gfortran.dg/recursive_check_10.f90 execution test
FAIL: gfortran.dg/recursive_check_11.f90 output pattern test, is
Fortran runtime error: End of record
FAIL: gfortran.dg/recursive_check_11.f90 output pattern test, is
Fortran runtime error: End of record
FAIL: gfortran.dg/recursive_check_11.f90 output pattern test, is
Fortran runtime error: End of record
FAIL: gfortran.dg/recursive_check_11.f90 output pattern test, is
Fortran runtime error: End of record
FAIL: gfortran.dg/recursive_check_11.f90 output pattern test, is
Fortran runtime error: End of record
FAIL: gfortran.dg/recursive_check_11.f90 output pattern test, is
Fortran runtime error: End of record
FAIL: gfortran.dg/recursive_check_11.f90 output pattern test, is
Fortran runtime error: End of record
FAIL: gfortran.dg/recursive_check_11.f90 output pattern test, is
Fortran runtime error: End of record
FAIL: gfortran.dg/recursive_check_14.f90 execution test
FAIL: gfortran.dg/recursive_check_14.f90 execution test
FAIL: gfortran.dg/recursive_check_14.f90 execution test
FAIL: gfortran.dg/recursive_check_14.f90 execution test
FAIL: gfortran.dg/recursive_check_14.f90 execution test
FAIL: gfortran.dg/recursive_check_14.f90 execution test
FAIL: gfortran.dg/recursive_check_14.f90 execution test
FAIL: gfortran.dg/recursive_check_14.f90 execution test
FAIL: gfortran.dg/recursive_check_7.f90 output pattern test, is
Fortran runtime error: End of record
FAIL: gfortran.dg/recursive_check_7.f90 output pattern test, is
Fortran runtime error: End of record
FAIL: gfortran.dg/recursive_check_7.f90 output pattern test, is
Fortran runtime error: End of record
FAIL: gfortran.dg/recursive_check_7.f90 output pattern test, is
Fortran runtime error: End of record
FAIL: gfortran.dg/recursive_check_7.f90 output pattern test, is
Fortran runtime error: End of record
FAIL: gfortran.dg/recursive_check_7.f90 output pattern test, is
Fortran runtime error: End of record
FAIL: gfortran.dg/recursive_check_7.f90 output pattern test, is
Fortran runtime error: End of record
FAIL: gfortran.dg/recursive_check_7.f90 output pattern test, is
Fortran runtime error: End of record
FAIL: gfortran.dg/ret_pointer_2.f90 execution test
FAIL: gfortran.dg/ret_pointer_2.f90 execution test
FAIL: gfortran.dg/ret_pointer_2.f90 execution test
FAIL: gfortran.dg/ret_pointer_2.f90 execution test
FAIL: gfortran.dg/ret_pointer_2.f90 execution test
FAIL: gfortran.dg/ret_pointer_2.f90 execution test
FAIL: gfortran.dg/ret_pointer_2.f90 execution test
FAIL: gfortran.dg/ret_pointer_2.f90 execution test
FAIL: gfortran.dg/rewind_1.f90 execution test
FAIL: gfortran.dg/rewind_1.f90 execution test
FAIL: gfortran.dg/rewind_1.f90 execution test
FAIL: gfortran.dg/rewind_1.f90 execution test
FAIL: gfortran.dg/rewind_1.f90 execution test
FAIL: gfortran.dg/rewind_1.f90 execution test
FAIL: gfortran.dg/rewind_1.f90 execution test
FAIL: gfortran.dg/rewind_1.f90 execution test
FAIL: gfortran.dg/runtime_warning_1.f90 execution test
FAIL: gfortran.dg/runtime_warning_1.f90 execution test
FAIL: gfortran.dg/runtime_warning_1.f90 execution test
FAIL: gfortran.dg/runtime_warning_1.f90 execution test
FAIL: gfortran.dg/runtime_warning_1.f90 execution test
FAIL: gfortran.dg/runtime_warning_1.f90 execution test
FAIL: gfortran.dg/runtime_warning_1.f90 execution test
FAIL: gfortran.dg/runtime_warning_1.f90 execution test
FAIL: gfortran.dg/save_2.f90 execution test
FAIL: gfortran.dg/save_2.f90 execution test
FAIL: gfortran.dg/save_2.f90 execution test
FAIL: gfortran.dg/save_2.f90 execution test
FAIL: gfortran.dg/save_2.f90 execution test
FAIL: gfortran.dg/save_2.f90 execution test
FAIL: gfortran.dg/save_2.f90 execution test
FAIL: gfortran.dg/save_2.f90 execution test
FAIL: gfortran.dg/slash_1.f90 execution test
FAIL: gfortran.dg/slash_1.f90 execution test
FAIL: gfortran.dg/slash_1.f90 execution test
FAIL: gfortran.dg/slash_1.f90 execution test
FAIL: gfortran.dg/slash_1.f90 execution test
FAIL: gfortran.dg/slash_1.f90 execution test
FAIL: gfortran.dg/slash_1.f90 execution test
FAIL: gfortran.dg/slash_1.f90 execution test
FAIL: gfortran.dg/stat_1.f90 execution test
FAIL: gfortran.dg/stat_1.f90 execution test
FAIL: gfortran.dg/stat_1.f90 execution test
FAIL: gfortran.dg/stat_1.f90 execution test
FAIL: gfortran.dg/stat_1.f90 execution test
FAIL: gfortran.dg/stat_1.f90 execution test
FAIL: gfortran.dg/stat_1.f90 execution test
FAIL: gfortran.dg/stat_1.f90 execution test
FAIL: gfortran.dg/stat_2.f90 execution test
FAIL: gfortran.dg/stat_2.f90 execution test
FAIL: gfortran.dg/stat_2.f90 execution test
FAIL: gfortran.dg/stat_2.f90 execution test
FAIL: gfortran.dg/stat_2.f90 execution test
FAIL: gfortran.dg/stat_2.f90 execution test
FAIL: gfortran.dg/stat_2.f90 execution test
FAIL: gfortran.dg/stat_2.f90 execution test
FAIL: gfortran.dg/streamio_1.f90 execution test
FAIL: gfortran.dg/streamio_1.f90 execution test
FAIL: gfortran.dg/streamio_1.f90 execution test
FAIL: gfortran.dg/streamio_1.f90 execution test
FAIL: gfortran.dg/streamio_1.f90 execution test
FAIL: gfortran.dg/streamio_1.f90 execution test
FAIL: gfortran.dg/streamio_1.f90 execution test
FAIL: gfortran.dg/streamio_1.f90 execution test
FAIL: gfortran.dg/streamio_10.f90 execution test
FAIL: gfortran.dg/streamio_10.f90 execution test
FAIL: gfortran.dg/streamio_10.f90 execution test
FAIL: gfortran.dg/streamio_10.f90 execution test
FAIL: gfortran.dg/streamio_10.f90 execution test
FAIL: gfortran.dg/streamio_10.f90 execution test
FAIL: gfortran.dg/streamio_10.f90 execution test
FAIL: gfortran.dg/streamio_10.f90 execution test
FAIL: gfortran.dg/streamio_12.f90 execution test
FAIL: gfortran.dg/streamio_12.f90 execution test
FAIL: gfortran.dg/streamio_12.f90 execution test
FAIL: gfortran.dg/streamio_12.f90 execution test
FAIL: gfortran.dg/streamio_12.f90 execution test
FAIL: gfortran.dg/streamio_12.f90 execution test
FAIL: gfortran.dg/streamio_12.f90 execution test
FAIL: gfortran.dg/streamio_12.f90 execution test
FAIL: gfortran.dg/streamio_14.f90 execution test
FAIL: gfortran.dg/streamio_14.f90 execution test
FAIL: gfortran.dg/streamio_14.f90 execution test
FAIL: gfortran.dg/streamio_14.f90 execution test
FAIL: gfortran.dg/streamio_14.f90 execution test
FAIL: gfortran.dg/streamio_14.f90 execution test
FAIL: gfortran.dg/streamio_14.f90 execution test
FAIL: gfortran.dg/streamio_14.f90 execution test
FAIL: gfortran.dg/streamio_15.f90 execution test
FAIL: gfortran.dg/streamio_15.f90 execution test
FAIL: gfortran.dg/streamio_15.f90 execution test
FAIL: gfortran.dg/streamio_15.f90 execution test
FAIL: gfortran.dg/streamio_15.f90 execution test
FAIL: gfortran.dg/streamio_15.f90 execution test
FAIL: gfortran.dg/streamio_15.f90 execution test
FAIL: gfortran.dg/streamio_15.f90 execution test
FAIL: gfortran.dg/streamio_16.f90 execution test
FAIL: gfortran.dg/streamio_16.f90 execution test
FAIL: gfortran.dg/streamio_16.f90 execution test
FAIL: gfortran.dg/streamio_16.f90 execution test
FAIL: gfortran.dg/streamio_16.f90 execution test
FAIL: gfortran.dg/streamio_16.f90 execution test
FAIL: gfortran.dg/streamio_16.f90 execution test
FAIL: gfortran.dg/streamio_16.f90 execution test
FAIL: gfortran.dg/streamio_2.f90 execution test
FAIL: gfortran.dg/streamio_2.f90 execution test
FAIL: gfortran.dg/streamio_2.f90 execution test
FAIL: gfortran.dg/streamio_2.f90 execution test
FAIL: gfortran.dg/streamio_2.f90 execution test
FAIL: gfortran.dg/streamio_2.f90 execution test
FAIL: gfortran.dg/streamio_2.f90 execution test
FAIL: gfortran.dg/streamio_2.f90 execution test
FAIL: gfortran.dg/streamio_6.f90 execution test
FAIL: gfortran.dg/streamio_6.f90 execution test
FAIL: gfortran.dg/streamio_6.f90 execution test
FAIL: gfortran.dg/streamio_6.f90 execution test
FAIL: gfortran.dg/streamio_6.f90 execution test
FAIL: gfortran.dg/streamio_6.f90 execution test
FAIL: gfortran.dg/streamio_6.f90 execution test
FAIL: gfortran.dg/streamio_6.f90 execution test
FAIL: gfortran.dg/streamio_7.f90 execution test
FAIL: gfortran.dg/streamio_7.f90 execution test
FAIL: gfortran.dg/streamio_7.f90 execution test
FAIL: gfortran.dg/streamio_7.f90 execution test
FAIL: gfortran.dg/streamio_7.f90 execution test
FAIL: gfortran.dg/streamio_7.f90 execution test
FAIL: gfortran.dg/streamio_7.f90 execution test
FAIL: gfortran.dg/streamio_7.f90 execution test
FAIL: gfortran.dg/streamio_8.f90 execution test
FAIL: gfortran.dg/streamio_8.f90 execution test
FAIL: gfortran.dg/streamio_8.f90 execution test
FAIL: gfortran.dg/streamio_8.f90 execution test
FAIL: gfortran.dg/streamio_8.f90 execution test
FAIL: gfortran.dg/streamio_8.f90 execution test
FAIL: gfortran.dg/streamio_8.f90 execution test
FAIL: gfortran.dg/streamio_8.f90 execution test
FAIL: gfortran.dg/string_compare_1.f90 execution test
FAIL: gfortran.dg/string_compare_1.f90 execution test
FAIL: gfortran.dg/string_compare_1.f90 execution test
FAIL: gfortran.dg/string_compare_1.f90 execution test
FAIL: gfortran.dg/string_compare_1.f90 execution test
FAIL: gfortran.dg/string_compare_1.f90 execution test
FAIL: gfortran.dg/string_compare_1.f90 execution test
FAIL: gfortran.dg/string_compare_1.f90 execution test
FAIL: gfortran.dg/string_compare_2.f90 execution test
FAIL: gfortran.dg/string_compare_2.f90 execution test
FAIL: gfortran.dg/string_compare_2.f90 execution test
FAIL: gfortran.dg/string_compare_2.f90 execution test
FAIL: gfortran.dg/string_compare_2.f90 execution test
FAIL: gfortran.dg/string_compare_2.f90 execution test
FAIL: gfortran.dg/string_compare_2.f90 execution test
FAIL: gfortran.dg/string_compare_2.f90 execution test
FAIL: gfortran.dg/string_compare_3.f90 execution test
FAIL: gfortran.dg/string_compare_3.f90 execution test
FAIL: gfortran.dg/string_compare_3.f90 execution test
FAIL: gfortran.dg/string_compare_3.f90 execution test
FAIL: gfortran.dg/string_compare_3.f90 execution test
FAIL: gfortran.dg/string_compare_3.f90 execution test
FAIL: gfortran.dg/string_compare_3.f90 execution test
FAIL: gfortran.dg/string_compare_3.f90 execution test
FAIL: gfortran.dg/substr_6.f90 execution test
FAIL: gfortran.dg/substr_6.f90 execution test
FAIL: gfortran.dg/substr_6.f90 execution test
FAIL: gfortran.dg/substr_6.f90 execution test
FAIL: gfortran.dg/substr_6.f90 execution test
FAIL: gfortran.dg/substr_6.f90 execution test
FAIL: gfortran.dg/substr_6.f90 execution test
FAIL: gfortran.dg/substr_6.f90 execution test
FAIL: gfortran.dg/tl_editing.f90 execution test
FAIL: gfortran.dg/tl_editing.f90 execution test
FAIL: gfortran.dg/tl_editing.f90 execution test
FAIL: gfortran.dg/tl_editing.f90 execution test
FAIL: gfortran.dg/tl_editing.f90 execution test
FAIL: gfortran.dg/tl_editing.f90 execution test
FAIL: gfortran.dg/tl_editing.f90 execution test
FAIL: gfortran.dg/tl_editing.f90 execution test
FAIL: gfortran.dg/typebound_call_1.f03 execution test
FAIL: gfortran.dg/typebound_call_1.f03 execution test
FAIL: gfortran.dg/typebound_call_1.f03 execution test
FAIL: gfortran.dg/typebound_call_1.f03 execution test
FAIL: gfortran.dg/typebound_call_1.f03 execution test
FAIL: gfortran.dg/typebound_call_1.f03 execution test
FAIL: gfortran.dg/typebound_call_1.f03 execution test
FAIL: gfortran.dg/typebound_call_1.f03 execution test
FAIL: gfortran.dg/typebound_call_6.f03 execution test
FAIL: gfortran.dg/typebound_call_6.f03 execution test
FAIL: gfortran.dg/typebound_call_6.f03 execution test
FAIL: gfortran.dg/typebound_call_6.f03 execution test
FAIL: gfortran.dg/typebound_call_6.f03 execution test
FAIL: gfortran.dg/typebound_call_6.f03 execution test
FAIL: gfortran.dg/typebound_call_6.f03 execution test
FAIL: gfortran.dg/typebound_call_6.f03 execution test
FAIL: gfortran.dg/typebound_generic_3.f03 execution test
FAIL: gfortran.dg/typebound_generic_3.f03 execution test
FAIL: gfortran.dg/typebound_generic_3.f03 execution test
FAIL: gfortran.dg/typebound_generic_3.f03 execution test
FAIL: gfortran.dg/typebound_generic_3.f03 execution test
FAIL: gfortran.dg/typebound_generic_3.f03 execution test
FAIL: gfortran.dg/typebound_generic_3.f03 execution test
FAIL: gfortran.dg/typebound_generic_3.f03 execution test
FAIL: gfortran.dg/typebound_generic_4.f03 execution test
FAIL: gfortran.dg/typebound_generic_4.f03 execution test
FAIL: gfortran.dg/typebound_generic_4.f03 execution test
FAIL: gfortran.dg/typebound_generic_4.f03 execution test
FAIL: gfortran.dg/typebound_generic_4.f03 execution test
FAIL: gfortran.dg/typebound_generic_4.f03 execution test
FAIL: gfortran.dg/typebound_generic_4.f03 execution test
FAIL: gfortran.dg/typebound_generic_4.f03 execution test
FAIL: gfortran.dg/unf_io_convert_2.f90 execution test
FAIL: gfortran.dg/unf_io_convert_2.f90 execution test
FAIL: gfortran.dg/unf_io_convert_2.f90 execution test
FAIL: gfortran.dg/unf_io_convert_2.f90 execution test
FAIL: gfortran.dg/unf_io_convert_2.f90 execution test
FAIL: gfortran.dg/unf_io_convert_2.f90 execution test
FAIL: gfortran.dg/unf_io_convert_2.f90 execution test
FAIL: gfortran.dg/unf_io_convert_2.f90 execution test
FAIL: gfortran.dg/unf_io_convert_4.f90 execution test
FAIL: gfortran.dg/unf_io_convert_4.f90 execution test
FAIL: gfortran.dg/unf_io_convert_4.f90 execution test
FAIL: gfortran.dg/unf_io_convert_4.f90 execution test
FAIL: gfortran.dg/unf_io_convert_4.f90 execution test
FAIL: gfortran.dg/unf_io_convert_4.f90 execution test
FAIL: gfortran.dg/unf_io_convert_4.f90 execution test
FAIL: gfortran.dg/unf_io_convert_4.f90 execution test
FAIL: gfortran.dg/utf8_1.f03 execution test
FAIL: gfortran.dg/utf8_1.f03 execution test
FAIL: gfortran.dg/utf8_1.f03 execution test
FAIL: gfortran.dg/utf8_1.f03 execution test
FAIL: gfortran.dg/utf8_1.f03 execution test
FAIL: gfortran.dg/utf8_1.f03 execution test
FAIL: gfortran.dg/utf8_1.f03 execution test
FAIL: gfortran.dg/utf8_1.f03 execution test
FAIL: gfortran.dg/utf8_2.f03 execution test
FAIL: gfortran.dg/utf8_2.f03 execution test
FAIL: gfortran.dg/utf8_2.f03 execution test
FAIL: gfortran.dg/utf8_2.f03 execution test
FAIL: gfortran.dg/utf8_2.f03 execution test
FAIL: gfortran.dg/utf8_2.f03 execution test
FAIL: gfortran.dg/utf8_2.f03 execution test
FAIL: gfortran.dg/utf8_2.f03 execution test
FAIL: gfortran.dg/value_6.f03 execution test
FAIL: gfortran.dg/value_6.f03 execution test
FAIL: gfortran.dg/value_6.f03 execution test
FAIL: gfortran.dg/value_6.f03 execution test
FAIL: gfortran.dg/value_6.f03 execution test
FAIL: gfortran.dg/value_6.f03 execution test
FAIL: gfortran.dg/value_6.f03 execution test
FAIL: gfortran.dg/value_6.f03 execution test
FAIL: gfortran.dg/value_7.f03 execution test
FAIL: gfortran.dg/value_7.f03 execution test
FAIL: gfortran.dg/value_7.f03 execution test
FAIL: gfortran.dg/value_7.f03 execution test
FAIL: gfortran.dg/value_7.f03 execution test
FAIL: gfortran.dg/value_7.f03 execution test
FAIL: gfortran.dg/value_7.f03 execution test
FAIL: gfortran.dg/value_7.f03 execution test
FAIL: gfortran.dg/write_check.f90 output pattern test, is Fortran
runtime error: Bad ADVANCE parameter in data transfer statement
FAIL: gfortran.dg/write_check.f90 output pattern test, is Fortran
runtime error: Bad ADVANCE parameter in data transfer statement
FAIL: gfortran.dg/write_check.f90 output pattern test, is Fortran
runtime error: Bad ADVANCE parameter in data transfer statement
FAIL: gfortran.dg/write_check.f90 output pattern test, is Fortran
runtime error: Bad ADVANCE parameter in data transfer statement
FAIL: gfortran.dg/write_check.f90 output pattern test, is Fortran
runtime error: Bad ADVANCE parameter in data transfer statement
FAIL: gfortran.dg/write_check.f90 output pattern test, is Fortran
runtime error: Bad ADVANCE parameter in data transfer statement
FAIL: gfortran.dg/write_check.f90 output pattern test, is Fortran
runtime error: Bad ADVANCE parameter in data transfer statement
FAIL: gfortran.dg/write_check.f90 output pattern test, is Fortran
runtime error: Bad ADVANCE parameter in data transfer statement
FAIL: gfortran.dg/write_fmt_trim.f90 execution test
FAIL: gfortran.dg/write_fmt_trim.f90 execution test
FAIL: gfortran.dg/write_fmt_trim.f90 execution test
FAIL: gfortran.dg/write_fmt_trim.f90 execution test
FAIL: gfortran.dg/write_fmt_trim.f90 execution test
FAIL: gfortran.dg/write_fmt_trim.f90 execution test
FAIL: gfortran.dg/write_fmt_trim.f90 execution test
FAIL: gfortran.dg/write_fmt_trim.f90 execution test
FAIL: gfortran.dg/write_to_null.F90 execution test
FAIL: gfortran.dg/write_to_null.F90 execution test
FAIL: gfortran.dg/write_to_null.F90 execution test
FAIL: gfortran.dg/write_to_null.F90 execution test
FAIL: gfortran.dg/write_to_null.F90 execution test
FAIL: gfortran.dg/write_to_null.F90 execution test
FAIL: gfortran.dg/write_to_null.F90 execution test
FAIL: gfortran.dg/write_to_null.F90 execution test
FAIL: gfortran.dg/x_slash_1.f execution test
FAIL: gfortran.dg/x_slash_1.f execution test
FAIL: gfortran.dg/x_slash_1.f execution test
FAIL: gfortran.dg/x_slash_1.f execution test
FAIL: gfortran.dg/x_slash_1.f execution test
FAIL: gfortran.dg/x_slash_1.f execution test
FAIL: gfortran.dg/x_slash_1.f execution test
FAIL: gfortran.dg/x_slash_1.f execution test
FAIL: gfortran.dg/x_slash_2.f execution test
FAIL: gfortran.dg/x_slash_2.f execution test
FAIL: gfortran.dg/x_slash_2.f execution test
FAIL: gfortran.dg/x_slash_2.f execution test
FAIL: gfortran.dg/x_slash_2.f execution test
FAIL: gfortran.dg/x_slash_2.f execution test
FAIL: gfortran.dg/x_slash_2.f execution test
FAIL: gfortran.dg/x_slash_2.f execution test
FAIL: gfortran.dg/zero_sized_3.f90 execution test
FAIL: gfortran.dg/zero_sized_3.f90 execution test
FAIL: gfortran.dg/zero_sized_3.f90 execution test
FAIL: gfortran.dg/zero_sized_3.f90 execution test
FAIL: gfortran.dg/zero_sized_3.f90 execution test
FAIL: gfortran.dg/zero_sized_3.f90 execution test
FAIL: gfortran.dg/zero_sized_3.f90 execution test
FAIL: gfortran.dg/zero_sized_3.f90 execution test
FAIL: gfortran.dg/g77/20001111.f execution test
FAIL: gfortran.dg/g77/20001111.f execution test
FAIL: gfortran.dg/g77/20001111.f execution test
FAIL: gfortran.dg/g77/20001111.f execution test
FAIL: gfortran.dg/g77/20001111.f execution test
FAIL: gfortran.dg/g77/20001111.f execution test
FAIL: gfortran.dg/g77/20001111.f execution test
FAIL: gfortran.dg/g77/20001111.f execution test
FAIL: gfortran.dg/g77/20010426-1.f execution test
FAIL: gfortran.dg/g77/20010426-1.f execution test
FAIL: gfortran.dg/g77/20010426-1.f execution test
FAIL: gfortran.dg/g77/20010426-1.f execution test
FAIL: gfortran.dg/g77/20010426-1.f execution test
FAIL: gfortran.dg/g77/20010426-1.f execution test
FAIL: gfortran.dg/g77/20010426-1.f execution test
FAIL: gfortran.dg/g77/20010426-1.f execution test
FAIL: gfortran.dg/g77/970816-3.f execution test
FAIL: gfortran.dg/g77/970816-3.f execution test
FAIL: gfortran.dg/g77/970816-3.f execution test
FAIL: gfortran.dg/g77/970816-3.f execution test
FAIL: gfortran.dg/g77/970816-3.f execution test
FAIL: gfortran.dg/g77/970816-3.f execution test
FAIL: gfortran.dg/g77/970816-3.f execution test
FAIL: gfortran.dg/g77/970816-3.f execution test
FAIL: gfortran.dg/g77/971102-1.f execution test
FAIL: gfortran.dg/g77/971102-1.f execution test
FAIL: gfortran.dg/g77/971102-1.f execution test
FAIL: gfortran.dg/g77/971102-1.f execution test
FAIL: gfortran.dg/g77/971102-1.f execution test
FAIL: gfortran.dg/g77/971102-1.f execution test
FAIL: gfortran.dg/g77/971102-1.f execution test
FAIL: gfortran.dg/g77/971102-1.f execution test
FAIL: gfortran.dg/g77/f77-edit-apostrophe-out.f execution test
FAIL: gfortran.dg/g77/f77-edit-apostrophe-out.f execution test
FAIL: gfortran.dg/g77/f77-edit-apostrophe-out.f execution test
FAIL: gfortran.dg/g77/f77-edit-apostrophe-out.f execution test
FAIL: gfortran.dg/g77/f77-edit-apostrophe-out.f execution test
FAIL: gfortran.dg/g77/f77-edit-apostrophe-out.f execution test
FAIL: gfortran.dg/g77/f77-edit-apostrophe-out.f execution test
FAIL: gfortran.dg/g77/f77-edit-apostrophe-out.f execution test
FAIL: gfortran.dg/g77/f77-edit-colon-out.f execution test
FAIL: gfortran.dg/g77/f77-edit-colon-out.f execution test
FAIL: gfortran.dg/g77/f77-edit-colon-out.f execution test
FAIL: gfortran.dg/g77/f77-edit-colon-out.f execution test
FAIL: gfortran.dg/g77/f77-edit-colon-out.f execution test
FAIL: gfortran.dg/g77/f77-edit-colon-out.f execution test
FAIL: gfortran.dg/g77/f77-edit-colon-out.f execution test
FAIL: gfortran.dg/g77/f77-edit-colon-out.f execution test
FAIL: gfortran.dg/g77/f77-edit-h-out.f execution test
FAIL: gfortran.dg/g77/f77-edit-h-out.f execution test
FAIL: gfortran.dg/g77/f77-edit-h-out.f execution test
FAIL: gfortran.dg/g77/f77-edit-h-out.f execution test
FAIL: gfortran.dg/g77/f77-edit-h-out.f execution test
FAIL: gfortran.dg/g77/f77-edit-h-out.f execution test
FAIL: gfortran.dg/g77/f77-edit-h-out.f execution test
FAIL: gfortran.dg/g77/f77-edit-h-out.f execution test
FAIL: gfortran.dg/g77/f77-edit-i-out.f execution test
FAIL: gfortran.dg/g77/f77-edit-i-out.f execution test
FAIL: gfortran.dg/g77/f77-edit-i-out.f execution test
FAIL: gfortran.dg/g77/f77-edit-i-out.f execution test
FAIL: gfortran.dg/g77/f77-edit-i-out.f execution test
FAIL: gfortran.dg/g77/f77-edit-i-out.f execution test
FAIL: gfortran.dg/g77/f77-edit-i-out.f execution test
FAIL: gfortran.dg/g77/f77-edit-i-out.f execution test
FAIL: gfortran.dg/g77/f77-edit-s-out.f execution test
FAIL: gfortran.dg/g77/f77-edit-s-out.f execution test
FAIL: gfortran.dg/g77/f77-edit-s-out.f execution test
FAIL: gfortran.dg/g77/f77-edit-s-out.f execution test
FAIL: gfortran.dg/g77/f77-edit-s-out.f execution test
FAIL: gfortran.dg/g77/f77-edit-s-out.f execution test
FAIL: gfortran.dg/g77/f77-edit-s-out.f execution test
FAIL: gfortran.dg/g77/f77-edit-s-out.f execution test
FAIL: gfortran.dg/g77/f77-edit-slash-out.f execution test
FAIL: gfortran.dg/g77/f77-edit-slash-out.f execution test
FAIL: gfortran.dg/g77/f77-edit-slash-out.f execution test
FAIL: gfortran.dg/g77/f77-edit-slash-out.f execution test
FAIL: gfortran.dg/g77/f77-edit-slash-out.f execution test
FAIL: gfortran.dg/g77/f77-edit-slash-out.f execution test
FAIL: gfortran.dg/g77/f77-edit-slash-out.f execution test
FAIL: gfortran.dg/g77/f77-edit-slash-out.f execution test
FAIL: gfortran.dg/g77/f77-edit-t-out.f execution test
FAIL: gfortran.dg/g77/f77-edit-t-out.f execution test
FAIL: gfortran.dg/g77/f77-edit-t-out.f execution test
FAIL: gfortran.dg/g77/f77-edit-t-out.f execution test
FAIL: gfortran.dg/g77/f77-edit-t-out.f execution test
FAIL: gfortran.dg/g77/f77-edit-t-out.f execution test
FAIL: gfortran.dg/g77/f77-edit-t-out.f execution test
FAIL: gfortran.dg/g77/f77-edit-t-out.f execution test
FAIL: gfortran.dg/g77/f77-edit-x-out.f execution test
FAIL: gfortran.dg/g77/f77-edit-x-out.f execution test
FAIL: gfortran.dg/g77/f77-edit-x-out.f execution test
FAIL: gfortran.dg/g77/f77-edit-x-out.f execution test
FAIL: gfortran.dg/g77/f77-edit-x-out.f execution test
FAIL: gfortran.dg/g77/f77-edit-x-out.f execution test
FAIL: gfortran.dg/g77/f77-edit-x-out.f execution test
FAIL: gfortran.dg/g77/f77-edit-x-out.f execution test
FAIL: gfortran.dg/g77/strlen0.f execution test
FAIL: gfortran.dg/g77/strlen0.f execution test
FAIL: gfortran.dg/g77/strlen0.f execution test
FAIL: gfortran.dg/g77/strlen0.f execution test
FAIL: gfortran.dg/g77/strlen0.f execution test
FAIL: gfortran.dg/g77/strlen0.f execution test
FAIL: gfortran.dg/g77/strlen0.f execution test
FAIL: gfortran.dg/g77/strlen0.f execution test
FAIL: gfortran.fortran-torture/execute/equiv_5.f execution, -O0
FAIL: gfortran.fortran-torture/execute/equiv_5.f execution, -O1
FAIL: gfortran.fortran-torture/execute/equiv_5.f execution, -O2
FAIL: gfortran.fortran-torture/execute/equiv_5.f execution, -O2
-fomit-frame-pointer -finline-functions
FAIL: gfortran.fortran-torture/execute/equiv_5.f execution, -O2
-fomit-frame-pointer -finline-functions -funroll-loops
FAIL: gfortran.fortran-torture/execute/equiv_5.f execution, -O2 -fbounds-check
FAIL: gfortran.fortran-torture/execute/equiv_5.f execution, -O3 -g
FAIL: gfortran.fortran-torture/execute/equiv_5.f execution, -Os
FAIL: gfortran.fortran-torture/execute/equiv_5.f execution, -O2
-ftree-vectorize -msse2
FAIL: gfortran.fortran-torture/execute/adjustr.f90 execution, -O0
FAIL: gfortran.fortran-torture/execute/adjustr.f90 execution, -O1
FAIL: gfortran.fortran-torture/execute/adjustr.f90 execution, -O2
FAIL: gfortran.fortran-torture/execute/adjustr.f90 execution, -O2
-fomit-frame-pointer -finline-functions
FAIL: gfortran.fortran-torture/execute/adjustr.f90 execution, -O2
-fomit-frame-pointer -finline-functions -funroll-loops
FAIL: gfortran.fortran-torture/execute/adjustr.f90 execution, -O2
-fbounds-check
FAIL: gfortran.fortran-torture/execute/adjustr.f90 execution, -O3 -g
FAIL: gfortran.fortran-torture/execute/adjustr.f90 execution, -Os
FAIL: gfortran.fortran-torture/execute/adjustr.f90 execution, -O2
-ftree-vectorize -msse2
FAIL: gfortran.fortran-torture/execute/backspace.f90 execution, -O0
FAIL: gfortran.fortran-torture/execute/backspace.f90 execution, -O1
FAIL: gfortran.fortran-torture/execute/backspace.f90 execution, -O2
FAIL: gfortran.fortran-torture/execute/backspace.f90 execution, -O2
-fomit-frame-pointer -finline-functions
FAIL: gfortran.fortran-torture/execute/backspace.f90 execution, -O2
-fomit-frame-pointer -finline-functions -funroll-loops
FAIL: gfortran.fortran-torture/execute/backspace.f90 execution, -O2
-fbounds-check
FAIL: gfortran.fortran-torture/execute/backspace.f90 execution, -O3 -g
FAIL: gfortran.fortran-torture/execute/backspace.f90 execution, -Os
FAIL: gfortran.fortran-torture/execute/backspace.f90 execution, -O2
-ftree-vectorize -msse2
FAIL: gfortran.fortran-torture/execute/direct_io.f90 execution, -O0
FAIL: gfortran.fortran-torture/execute/direct_io.f90 execution, -O1
FAIL: gfortran.fortran-torture/execute/direct_io.f90 execution, -O2
FAIL: gfortran.fortran-torture/execute/direct_io.f90 execution, -O2
-fomit-frame-pointer -finline-functions
FAIL: gfortran.fortran-torture/execute/direct_io.f90 execution, -O2
-fomit-frame-pointer -finline-functions -funroll-loops
FAIL: gfortran.fortran-torture/execute/direct_io.f90 execution, -O2
-fbounds-check
FAIL: gfortran.fortran-torture/execute/direct_io.f90 execution, -O3 -g
FAIL: gfortran.fortran-torture/execute/direct_io.f90 execution, -Os
FAIL: gfortran.fortran-torture/execute/direct_io.f90 execution, -O2
-ftree-vectorize -msse2
FAIL: gfortran.fortran-torture/execute/inquire_3.f90 execution, -O0
FAIL: gfortran.fortran-torture/execute/inquire_3.f90 execution, -O1
FAIL: gfortran.fortran-torture/execute/inquire_3.f90 execution, -O2
FAIL: gfortran.fortran-torture/execute/inquire_3.f90 execution, -O2
-fomit-frame-pointer -finline-functions
FAIL: gfortran.fortran-torture/execute/inquire_3.f90 execution, -O2
-fomit-frame-pointer -finline-functions -funroll-loops
FAIL: gfortran.fortran-torture/execute/inquire_3.f90 execution, -O2
-fbounds-check
FAIL: gfortran.fortran-torture/execute/inquire_3.f90 execution, -O3 -g
FAIL: gfortran.fortran-torture/execute/inquire_3.f90 execution, -Os
FAIL: gfortran.fortran-torture/execute/inquire_3.f90 execution, -O2
-ftree-vectorize -msse2
FAIL: gfortran.fortran-torture/execute/inquire_4.f90 execution, -O0
FAIL: gfortran.fortran-torture/execute/inquire_4.f90 execution, -O1
FAIL: gfortran.fortran-torture/execute/inquire_4.f90 execution, -O2
FAIL: gfortran.fortran-torture/execute/inquire_4.f90 execution, -O2
-fomit-frame-pointer -finline-functions
FAIL: gfortran.fortran-torture/execute/inquire_4.f90 execution, -O2
-fomit-frame-pointer -finline-functions -funroll-loops
FAIL: gfortran.fortran-torture/execute/inquire_4.f90 execution, -O2
-fbounds-check
FAIL: gfortran.fortran-torture/execute/inquire_4.f90 execution, -O3 -g
FAIL: gfortran.fortran-torture/execute/inquire_4.f90 execution, -Os
FAIL: gfortran.fortran-torture/execute/inquire_4.f90 execution, -O2
-ftree-vectorize -msse2
FAIL: gfortran.fortran-torture/execute/list_read_1.f90 execution, -O0
FAIL: gfortran.fortran-torture/execute/list_read_1.f90 execution, -O1
FAIL: gfortran.fortran-torture/execute/list_read_1.f90 execution, -O2
FAIL: gfortran.fortran-torture/execute/list_read_1.f90 execution, -O2
-fomit-frame-pointer -finline-functions
FAIL: gfortran.fortran-torture/execute/list_read_1.f90 execution, -O2
-fomit-frame-pointer -finline-functions -funroll-loops
FAIL: gfortran.fortran-torture/execute/list_read_1.f90 execution, -O2
-fbounds-check
FAIL: gfortran.fortran-torture/execute/list_read_1.f90 execution, -O3 -g
FAIL: gfortran.fortran-torture/execute/list_read_1.f90 execution, -Os
FAIL: gfortran.fortran-torture/execute/list_read_1.f90 execution, -O2
-ftree-vectorize -msse2
FAIL: gfortran.fortran-torture/execute/pr32604.f90 execution, -O0
FAIL: gfortran.fortran-torture/execute/pr32604.f90 execution, -O1
FAIL: gfortran.fortran-torture/execute/pr32604.f90 execution, -O2
FAIL: gfortran.fortran-torture/execute/pr32604.f90 execution, -O2
-fomit-frame-pointer -finline-functions
FAIL: gfortran.fortran-torture/execute/pr32604.f90 execution, -O2
-fomit-frame-pointer -finline-functions -funroll-loops
FAIL: gfortran.fortran-torture/execute/pr32604.f90 execution, -O2
-fbounds-check
FAIL: gfortran.fortran-torture/execute/pr32604.f90 execution, -O3 -g
FAIL: gfortran.fortran-torture/execute/pr32604.f90 execution, -Os
FAIL: gfortran.fortran-torture/execute/pr32604.f90 execution, -O2
-ftree-vectorize -msse2
FAIL: gfortran.fortran-torture/execute/read_null_string.f90 execution, -O0
FAIL: gfortran.fortran-torture/execute/read_null_string.f90 execution, -O1
FAIL: gfortran.fortran-torture/execute/read_null_string.f90 execution, -O2
FAIL: gfortran.fortran-torture/execute/read_null_string.f90 execution,
-O2 -fomit-frame-pointer -finline-functions
FAIL: gfortran.fortran-torture/execute/read_null_string.f90 execution,
-O2 -fomit-frame-pointer -finline-functions -funroll-loops
FAIL: gfortran.fortran-torture/execute/read_null_string.f90 execution,
-O2 -fbounds-check
FAIL: gfortran.fortran-torture/execute/read_null_string.f90 execution, -O3 -g
FAIL: gfortran.fortran-torture/execute/read_null_string.f90 execution, -Os
FAIL: gfortran.fortran-torture/execute/read_null_string.f90 execution,
-O2 -ftree-vectorize -msse2
FAIL: gfortran.fortran-torture/execute/slash_edit.f90 execution, -O0
FAIL: gfortran.fortran-torture/execute/slash_edit.f90 execution, -O1
FAIL: gfortran.fortran-torture/execute/slash_edit.f90 execution, -O2
FAIL: gfortran.fortran-torture/execute/slash_edit.f90 execution, -O2
-fomit-frame-pointer -finline-functions
FAIL: gfortran.fortran-torture/execute/slash_edit.f90 execution, -O2
-fomit-frame-pointer -finline-functions -funroll-loops
FAIL: gfortran.fortran-torture/execute/slash_edit.f90 execution, -O2
-fbounds-check
FAIL: gfortran.fortran-torture/execute/slash_edit.f90 execution, -O3 -g
FAIL: gfortran.fortran-torture/execute/slash_edit.f90 execution, -Os
FAIL: gfortran.fortran-torture/execute/slash_edit.f90 execution, -O2
-ftree-vectorize -msse2
FAIL: gfortran.fortran-torture/execute/transfer1.f90 execution, -O0
FAIL: gfortran.fortran-torture/execute/transfer1.f90 execution, -O1
FAIL: gfortran.fortran-torture/execute/transfer1.f90 execution, -O2
FAIL: gfortran.fortran-torture/execute/transfer1.f90 execution, -O2
-fomit-frame-pointer -finline-functions
FAIL: gfortran.fortran-torture/execute/transfer1.f90 execution, -O2
-fomit-frame-pointer -finline-functions -funroll-loops
FAIL: gfortran.fortran-torture/execute/transfer1.f90 execution, -O2
-fbounds-check
FAIL: gfortran.fortran-torture/execute/transfer1.f90 execution, -O3 -g
FAIL: gfortran.fortran-torture/execute/transfer1.f90 execution, -Os
FAIL: gfortran.fortran-torture/execute/transfer1.f90 execution, -O2
-ftree-vectorize -msse2
FAIL: gfortran.fortran-torture/execute/unopened_unit_1.f90 execution, -O0
FAIL: gfortran.fortran-torture/execute/unopened_unit_1.f90 execution, -O1
FAIL: gfortran.fortran-torture/execute/unopened_unit_1.f90 execution, -O2
FAIL: gfortran.fortran-torture/execute/unopened_unit_1.f90 execution,
-O2 -fomit-frame-pointer -finline-functions
FAIL: gfortran.fortran-torture/execute/unopened_unit_1.f90 execution,
-O2 -fomit-frame-pointer -finline-functions -funroll-loops
FAIL: gfortran.fortran-torture/execute/unopened_unit_1.f90 execution,
-O2 -fbounds-check
FAIL: gfortran.fortran-torture/execute/unopened_unit_1.f90 execution, -O3 -g
FAIL: gfortran.fortran-torture/execute/unopened_unit_1.f90 execution, -Os
FAIL: gfortran.fortran-torture/execute/unopened_unit_1.f90 execution,
-O2 -ftree-vectorize -msse2
=== gfortran Summary ===
# of expected passes 28051
# of unexpected failures 1924
# of expected failures 20
# of unsupported tests 297
/usr/local/src/trunk/objdir/gcc/testsuite/gfortran/../../gfortran
version 4.5.0 20090531 (experimental) [trunk revision 148009] (GCC)
=== gnat tests ===
Running target unix
FAIL: gnat.dg/abstract_with_anonymous_result.adb (test for excess errors)
WARNING: gnat.dg/abstract_with_anonymous_result.adb compilation failed
to produce executable
FAIL: gnat.dg/access1.adb (test for excess errors)
FAIL: gnat.dg/access_discr.adb (test for excess errors)
FAIL: gnat.dg/access_discr2.adb (test for excess errors)
WARNING: gnat.dg/access_discr2.adb compilation failed to produce executable
FAIL: gnat.dg/access_test.adb (test for excess errors)
WARNING: gnat.dg/access_test.adb compilation failed to produce executable
FAIL: gnat.dg/aggr2.adb (test for excess errors)
FAIL: gnat.dg/aggr3.adb (test for excess errors)
WARNING: gnat.dg/aggr3.adb compilation failed to produce executable
FAIL: gnat.dg/aggr7.adb (test for excess errors)
FAIL: gnat.dg/array3.adb (test for excess errors)
WARNING: gnat.dg/array3.adb compilation failed to produce executable
FAIL: gnat.dg/bip_aggregate_bug.adb (test for excess errors)
WARNING: gnat.dg/bip_aggregate_bug.adb compilation failed to produce executable
FAIL: gnat.dg/check_displace_generation.adb (test for excess errors)
WARNING: gnat.dg/check_displace_generation.adb compilation failed to
produce executable
FAIL: gnat.dg/class_wide.adb (test for excess errors)
FAIL: gnat.dg/curr_task.adb (test for excess errors)
WARNING: gnat.dg/curr_task.adb compilation failed to produce executable
FAIL: gnat.dg/discr4.adb (test for excess errors)
WARNING: gnat.dg/discr4.adb compilation failed to produce executable
FAIL: gnat.dg/discr_range_check.adb (test for excess errors)
FAIL: gnat.dg/discr_test.adb (test for excess errors)
FAIL: gnat.dg/entry_queues.adb (test for excess errors)
WARNING: gnat.dg/entry_queues.adb compilation failed to produce executable
FAIL: gnat.dg/finalized.adb (test for excess errors)
FAIL: gnat.dg/inline_tagged.adb (test for excess errors)
WARNING: gnat.dg/inline_tagged.adb compilation failed to produce executable
FAIL: gnat.dg/interface1.adb (test for excess errors)
WARNING: gnat.dg/interface1.adb compilation failed to produce executable
FAIL: gnat.dg/interface2.adb (test for excess errors)
WARNING: gnat.dg/interface2.adb compilation failed to produce executable
FAIL: gnat.dg/interface3.adb (test for excess errors)
WARNING: gnat.dg/interface3.adb compilation failed to produce executable
FAIL: gnat.dg/interface_conv.adb (test for excess errors)
WARNING: gnat.dg/interface_conv.adb compilation failed to produce executable
FAIL: gnat.dg/iprot_test.adb (test for excess errors)
WARNING: gnat.dg/iprot_test.adb compilation failed to produce executable
FAIL: gnat.dg/late_overriding.adb (test for excess errors)
FAIL: gnat.dg/lhs_view_convert.adb (test for excess errors)
WARNING: gnat.dg/lhs_view_convert.adb compilation failed to produce executable
FAIL: gnat.dg/named_test.adb (test for excess errors)
WARNING: gnat.dg/named_test.adb compilation failed to produce executable
FAIL: gnat.dg/nested_controlled_alloc.adb (test for excess errors)
WARNING: gnat.dg/nested_controlled_alloc.adb compilation failed to
produce executable
FAIL: gnat.dg/no_final.adb (test for excess errors)
WARNING: gnat.dg/no_final.adb compilation failed to produce executable
FAIL: gnat.dg/prot1.adb (test for excess errors)
FAIL: gnat.dg/prot_def.adb execution test
FAIL: gnat.dg/protected_self_ref1.adb execution test
FAIL: gnat.dg/requeue1.adb (test for excess errors)
WARNING: gnat.dg/requeue1.adb compilation failed to produce executable
FAIL: gnat.dg/self1.adb (test for excess errors)
FAIL: gnat.dg/socket1.adb (test for excess errors)
WARNING: gnat.dg/socket1.adb compilation failed to produce executable
FAIL: gnat.dg/tag1.adb (test for excess errors)
WARNING: gnat.dg/tag1.adb compilation failed to produce executable
FAIL: gnat.dg/task_stack_align.adb (test for excess errors)
WARNING: gnat.dg/task_stack_align.adb compilation failed to produce executable
FAIL: gnat.dg/test_delay.adb execution test
FAIL: gnat.dg/test_iface_aggr.adb (test for excess errors)
WARNING: gnat.dg/test_iface_aggr.adb compilation failed to produce executable
FAIL: gnat.dg/test_image.adb execution test
FAIL: gnat.dg/test_prio.adb (test for excess errors)
WARNING: gnat.dg/test_prio.adb compilation failed to produce executable
FAIL: gnat.dg/test_raise_from_pure.adb execution test
FAIL: gnat.dg/timing_events.adb (test for excess errors)
WARNING: gnat.dg/timing_events.adb compilation failed to produce executable
FAIL: gnat.dg/trampoline2.adb (test for excess errors)
WARNING: gnat.dg/trampoline2.adb compilation failed to produce executable
=== gnat Summary ===
# of expected passes 568
# of unexpected failures 44
# of expected failures 6
=== obj-c++ tests ===
Running target unix
WARNING: obj-c++.dg/lookup-2.mm compilation failed to produce executable
WARNING: obj-c++.dg/try-catch-2.mm compilation failed to produce executable
WARNING: obj-c++.dg/try-catch-9.mm compilation failed to produce executable
=== obj-c++ Summary ===
# of expected passes 438
# of expected failures 10
# of unsupported tests 13
/usr/local/src/trunk/objdir/gcc/testsuite/obj-c++/../../g++ version
4.5.0 20090531 (experimental) [trunk revision 148009] (GCC)
=== objc tests ===
Running target unix
=== objc Summary ===
# of expected passes 1965
# of expected failures 7
# of unsupported tests 24
/usr/local/src/trunk/objdir/gcc/xgcc version 4.5.0 20090531
(experimental) [trunk revision 148009] (GCC)
=== libffi tests ===
Running target unix
FAIL: libffi.call/cls_1_1byte.c output pattern test, is 12 178: 190
FAIL: libffi.call/cls_2byte.c output pattern test, is 12 127 1 13: 13 140
FAIL: libffi.call/return_sc.c execution test
FAIL: libffi.call/struct5.c execution test
FAIL: libffi.call/cls_1_1byte.c output pattern test, is 12 178: 190
FAIL: libffi.call/cls_2byte.c output pattern test, is 12 127 1 13: 13 140
FAIL: libffi.call/return_sc.c execution test
FAIL: libffi.call/struct5.c execution test
FAIL: libffi.call/cls_1_1byte.c output pattern test, is 12 178: 190
FAIL: libffi.call/cls_2byte.c output pattern test, is 12 127 1 13: 13 140
FAIL: libffi.call/return_sc.c execution test
FAIL: libffi.call/struct5.c execution test
FAIL: libffi.call/cls_1_1byte.c output pattern test, is 12 178: 190
FAIL: libffi.call/cls_2byte.c output pattern test, is 12 127 1 13: 13 140
FAIL: libffi.call/struct5.c execution test
FAIL: libffi.call/cls_1_1byte.c output pattern test, is 12 178: 190
FAIL: libffi.call/cls_2byte.c output pattern test, is 12 127 1 13: 13 140
FAIL: libffi.call/return_sc.c execution test
FAIL: libffi.call/struct5.c execution test
=== libffi Summary ===
# of expected passes 1390
# of unexpected failures 19
=== libjava tests ===
Running target unix
FAIL: PR16923.c compilation
WARNING: program timed out.
FAIL: Process_1 execution - source compiled test
WARNING: program timed out.
FAIL: Process_1 -findirect-dispatch execution - source compiled test
WARNING: program timed out.
FAIL: Process_1 -O3 execution - source compiled test
WARNING: program timed out.
FAIL: Process_1 -O3 -findirect-dispatch execution - source compiled test
WARNING: program timed out.
FAIL: Process_2 execution - source compiled test
WARNING: program timed out.
FAIL: Process_2 -findirect-dispatch execution - source compiled test
WARNING: program timed out.
FAIL: Process_2 -O3 execution - source compiled test
WARNING: program timed out.
FAIL: Process_2 -O3 -findirect-dispatch execution - source compiled test
WARNING: program timed out.
FAIL: Process_3 execution - source compiled test
WARNING: program timed out.
FAIL: Process_3 -findirect-dispatch execution - source compiled test
WARNING: program timed out.
FAIL: Process_3 -O3 execution - source compiled test
WARNING: program timed out.
FAIL: Process_3 -O3 -findirect-dispatch execution - source compiled test
WARNING: program timed out.
FAIL: Process_4 execution - source compiled test
WARNING: program timed out.
FAIL: Process_4 -findirect-dispatch execution - source compiled test
WARNING: program timed out.
FAIL: Process_4 -O3 execution - source compiled test
WARNING: program timed out.
FAIL: Process_4 -O3 -findirect-dispatch execution - source compiled test
WARNING: program timed out.
FAIL: Process_5 execution - source compiled test
WARNING: program timed out.
FAIL: Process_5 -findirect-dispatch execution - source compiled test
WARNING: program timed out.
FAIL: Process_5 -O3 execution - source compiled test
WARNING: program timed out.
FAIL: Process_5 -O3 -findirect-dispatch execution - source compiled test
FAIL: Thread_Interrupt output - source compiled test
FAIL: Thread_Interrupt -findirect-dispatch output - source compiled test
FAIL: Thread_Interrupt -O3 -findirect-dispatch output - source compiled test
FAIL: Thread_Wait_Interrupt output - source compiled test
FAIL: Thread_Wait_Interrupt -O3 output - source compiled test
FAIL: Throw_2 execution - source compiled test
FAIL: Throw_2 -findirect-dispatch execution - source compiled test
FAIL: Throw_2 -O3 execution - source compiled test
FAIL: Throw_2 -O3 -findirect-dispatch execution - source compiled test
=== libjava Summary ===
# of expected passes 2519
# of unexpected failures 30
# of untested testcases 24
=== libstdc++ tests ===
Running target unix
FAIL: 22_locale/ctype/scan/wchar_t/1.cc execution test
FAIL: 22_locale/ctype/scan/wchar_t/1.cc execution test
FAIL: 22_locale/ctype/scan/wchar_t/1.cc execution test
XPASS: 26_numerics/headers/cmath/c99_classification_macros_c.cc (test
for excess errors)
XPASS: 26_numerics/headers/cmath/c99_classification_macros_c.cc (test
for excess errors)
FAIL: 27_io/basic_filebuf/seekoff/char/1-io.cc execution test
FAIL: 27_io/basic_filebuf/seekoff/char/1-io.cc execution test
FAIL: 27_io/basic_filebuf/seekoff/char/2-io.cc execution test
FAIL: 27_io/basic_filebuf/seekoff/char/2-io.cc execution test
FAIL: 27_io/basic_filebuf/seekpos/char/1-io.cc execution test
FAIL: 27_io/basic_filebuf/seekpos/char/1-io.cc execution test
FAIL: 27_io/basic_filebuf/seekpos/char/2-io.cc execution test
FAIL: 27_io/basic_filebuf/seekpos/char/2-io.cc execution test
FAIL: 27_io/basic_filebuf/sgetn/char/1-in.cc execution test
FAIL: 27_io/basic_filebuf/sgetn/char/1-in.cc execution test
FAIL: 27_io/basic_filebuf/sgetn/char/1-in.cc execution test
FAIL: 27_io/basic_filebuf/sgetn/char/1-io.cc execution test
FAIL: 27_io/basic_filebuf/sgetn/char/1-io.cc execution test
FAIL: 27_io/basic_filebuf/sgetn/char/1-io.cc execution test
FAIL: 27_io/basic_filebuf/sgetn/char/2-in.cc execution test
FAIL: 27_io/basic_filebuf/sgetn/char/2-in.cc execution test
FAIL: 27_io/basic_filebuf/sgetn/char/2-in.cc execution test
FAIL: 27_io/basic_filebuf/sgetn/char/2-io.cc execution test
FAIL: 27_io/basic_filebuf/sgetn/char/2-io.cc execution test
FAIL: 27_io/basic_filebuf/sgetn/char/2-io.cc execution test
FAIL: 27_io/basic_filebuf/underflow/wchar_t/11603.cc execution test
FAIL: 27_io/basic_filebuf/underflow/wchar_t/11603.cc execution test
FAIL: 27_io/basic_filebuf/underflow/wchar_t/11603.cc execution test
FAIL: 27_io/basic_istream/readsome/char/6746-2.cc execution test
FAIL: 27_io/basic_istream/readsome/char/6746-2.cc execution test
FAIL: 27_io/basic_istream/readsome/char/6746-2.cc execution test
FAIL: 27_io/basic_istream/readsome/wchar_t/6746-2.cc execution test
FAIL: 27_io/basic_istream/readsome/wchar_t/6746-2.cc execution test
FAIL: 27_io/basic_istream/readsome/wchar_t/6746-2.cc execution test
FAIL: 27_io/basic_ostream/inserters_arithmetic/wchar_t/4402.cc execution test
FAIL: 27_io/basic_ostream/inserters_arithmetic/wchar_t/4402.cc execution test
FAIL: 27_io/basic_ostream/inserters_arithmetic/wchar_t/4402.cc execution test
FAIL: ext/bitmap_allocator/variadic_construct.cc execution test
FAIL: ext/codecvt/wchar_t.cc execution test
FAIL: tr1/2_general_utilities/shared_ptr/thread/default_weaktoshared.cc
execution test
=== libstdc++ Summary ===
# of expected passes 13840
# of unexpected failures 38
# of unexpected successes 2
# of expected failures 180
# of unsupported tests 1243
Compiler version: 4.5.0 20090531 (experimental) [trunk revision 148009] (GCC)
Platform: i686-pc-cygwin
configure flags: --enable-threads=posix --enable-libgcj
--disable-sjlj-exceptions --with-system-zlib --enable-nls
--enable-static --enable-shared --enable-shared-libgcc
--enable-__cxa_atexit --disable-libmudflap
--enable-version-specific-runtime-libs --without-included-gettext
--with-dwarf2 --disable-symvers --enable-libssp --with-mpc
--without-ppl --without-cloog
--enable-languages=c,ada,c++,fortran,java,objc,obj-c++
BOOT_CFLAGS=-O2 -pipe
Counting all warnings,
there are 896 warnings in stage0 of this bootstrap.
Number of warnings per file:
268 gcc/gimple.h
61 gcc/ada/mlib-prj.adb
54 g-catiio.adb
48 gcc/config/soft-fp/fixunstfsi.c
48 gcc/config/soft-fp/fixtfsi.c
38 gcc/ada/make.adb
29 g-socket.adb
27 gcc/ada/prj-nmsc.adb
26 libgfortran/intrinsics/c99_functions.c
18 gcc/gcc.c
15 gcc/ada/prj-part.adb
15 gcc/ada/gnatlink.adb
14 libgfortran/io/list_read.c
13 g-spipat.adb
12 s-fileio.adb
12 libtool
12 g-comlin.adb
10 gcc/ada/sfn_scan.adb
9 gcc/config/i386/i386.md
9 a-direct.adb
8 g-cgideb.adb
6 gcc/config/soft-fp/multf3.c
6 gcc/config/soft-fp/divtf3.c
6 gcc/config/i386/cygming-crtend.c
6 gcc/builtins.c
6 gcc/ada/osint.adb
6 fixincludes/fixincl.x
5 s-shasto.adb
5 libgfortran/io/write.c
5 gcc/ada/adaint.c
4 libjava/classpath/native/fdlibm/mprec.c
4 libjava/boehm.cc
4 gcc/gengtype.c
4 gcc/gengtype-parse.c
3 libiberty/choose-temp.c
3 libgfortran/runtime/environ.c
3 gengtype-lex.c
3 gcc/tree-data-ref.c
3 gcc/gimplify.c
3 gcc/config/i386/sse.md
3 gcc/c-typeck.c
3 gcc/ada/ali.adb
3 g-expect.adb
3 g-dirope.adb
2 libgfortran/io/read.c
2 gcc/var-tracking.c
2 gcc/stringpool.c
2 gcc/sel-sched-ir.c
2 gcc/sched-deps.c
2 gcc/pretty-print.c
2 gcc/jump.c
2 gcc/expr.c
2 gcc/config/i386/i386.c
2 gcc/c-lex.c
2 ctype_members.cc
1 s-tassta.adb
1 s-tarest.adb
1 s-stusta.adb
1 libssp/ssp.c
1 libssp/ssp-local.c
1 libjava/posix.cc
1 libjava/jni.cc
1 libgfortran/io/format.c
1 libgfortran/fmain.c
1 gcc/tree.c
1 gcc/tree-vrp.c
1 gcc/tree-ssa-pre.c
1 gcc/tree-cfg.c
1 gcc/statistics.c
1 gcc/rtlanal.c
1 gcc/prefix.c
1 gcc/passes.c
1 gcc/langhooks.c
1 gcc/gimple.c
1 gcc/gimple-low.c
1 gcc/ggc-page.c
1 gcc/ggc-common.c
1 gcc/cselib.c
1 gcc/c-decl.c
1 gcc/boehm-gc/mark_rts.c
1 gcc/alias.c
1 gcc/ada/targparm.adb
1 gcc/ada/gcc-interface/trans.c
1 g-debpoo.adb
1 adaint.c
1 ./runtime-info.h
Number of warning types:
345 cast discards qualifiers from pointer target type
340 \`???' may be used uninitialized in this function
96 left shift count >= width of type
26 no previous prototype for \`???'
19 array subscript has type \`???'
12 undefined symbols not allowed in i686-pc-cygwin shared libraries
12 operand 1 missing mode?
6 the use of \`???' is dangerous; use \`???' instead
6 string length \`???' is greater than the length \`???' ISO C89
compilers are required to support
6 comparison between \`???' and \`???'
5 unused parameter \`???'
3 destructor priorities from 0 to 100 are reserved for the implementation
3 constructor priorities from 0 to 100 are reserved for the implementation
3 comparison between signed and unsigned
2 visibility attribute not supported in this configuration; ignored
2 comparison is always true due to limited range of data type
2 comparison between signed and unsigned integer expressions
1 useless type name in empty declaration
1 implicit declaration of function \`???'
1 function returns address of local variable
1 \`_REENT_MP_P5S' redefined
1 \`_REENT_MP_FREELIST' redefined
1 \`_REENT_CHECK_MP' redefined
1 \`???' defined but not used
1 \`???' declared \`???' but never defined