This is the mail archive of the
gcc-testresults@gcc.gnu.org
mailing list for the GCC project.
Results for 4.5.0 20090529 (experimental) (GCC) testsuite on ia64-hp-hpux11.23
- From: Steve Ellcey <sje at cup dot hp dot com>
- To: gcc-testresults at gcc dot gnu dot org
- Date: Fri, 29 May 2009 04:14:16 -0700 (PDT)
- Subject: Results for 4.5.0 20090529 (experimental) (GCC) testsuite on ia64-hp-hpux11.23
Native configuration is ia64-hp-hpux11.23
=== g++ tests ===
Running target unix/-milp32
=== g++ Summary for unix/-milp32 ===
# of expected passes 18667
# of expected failures 144
# of unsupported tests 182
Running target unix/-mlp64
=== g++ Summary for unix/-mlp64 ===
# of expected passes 18628
# of expected failures 144
# of unsupported tests 183
=== g++ Summary ===
# of expected passes 37295
# of expected failures 288
# of unsupported tests 365
/tmp/build2-ia64-hp-hpux11.23/obj_gcc/gcc/testsuite/g++/../../g++ version 4.5.0 20090529 (experimental) (GCC)
=== gcc tests ===
Running target unix/-milp32
XPASS: gcc.dg/Warray-bounds.c (test for warnings, line 59)
XPASS: gcc.dg/Warray-bounds.c (test for warnings, line 65)
FAIL: gcc.dg/builtin-apply4.c execution test
FAIL: gcc.dg/pr34989-1.c (internal compiler error)
FAIL: gcc.dg/pr34989-1.c (test for excess errors)
FAIL: gcc.dg/pr37106-1.c (internal compiler error)
FAIL: gcc.dg/pr37106-1.c (test for excess errors)
UNRESOLVED: ggcplug.c compilation, -I. -I/proj/opensrc/nightly2/src/trunk/gcc/testsuite -I/proj/opensrc/nightly2/src/trunk/gcc/testsuite/../../gcc -I/tmp/build2-ia64-hp-hpux11.23/obj_gcc/gcc/testsuite/gcc/../../../gcc -I/proj/opensrc/nightly2/src/trunk/gcc/testsuite/../../include -I/proj/opensrc/nightly2/src/trunk/gcc/testsuite/../../libcpp/include -I/proj/opensrc/be/ia64-hp-hpux11.23/include -I/proj/opensrc/be/ia64-hp-hpux11.23/include -O -DIN_GCC -fPIC -shared
XPASS: gcc.dg/struct/wo_prof_array_through_pointer.c scan-ipa-dump ipa_struct_reorg "Number of structures to transform is 1"
FAIL: gcc.dg/struct/wo_prof_double_malloc.c (internal compiler error)
FAIL: gcc.dg/struct/wo_prof_double_malloc.c (test for excess errors)
WARNING: gcc.dg/struct/wo_prof_double_malloc.c compilation failed to produce executable
FAIL: gcc.dg/torture/pr26565.c -O1 execution test
FAIL: gcc.dg/torture/pr26565.c -O2 execution test
FAIL: gcc.dg/torture/pr26565.c -O3 -fomit-frame-pointer execution test
FAIL: gcc.dg/torture/pr26565.c -O3 -g execution test
FAIL: gcc.dg/torture/pr26565.c -Os execution test
FAIL: gcc.dg/vect/vect-42.c scan-tree-dump-times vect "Alignment of access forced using versioning" 1
FAIL: gcc.dg/vect/vect-outer-5.c execution test
FAIL: gcc.dg/vect/bb-slp-10.c scan-tree-dump-times slp "unsupported alignment in basic block." 1
FAIL: gcc.dg/vect/bb-slp-4.c scan-tree-dump-times slp "basic block vectorized using SLP" 0
FAIL: gcc.dg/vect/no-vfa-vect-43.c scan-tree-dump-times vect "Alignment of access forced using versioning" 2
=== gcc Summary for unix/-milp32 ===
# of expected passes 50340
# of unexpected successes 3
# of unexpected failures 17
# of expected failures 208
# of unresolved testcases 1
# of unsupported tests 573
Running target unix/-mlp64
XPASS: gcc.dg/Warray-bounds.c (test for warnings, line 59)
XPASS: gcc.dg/Warray-bounds.c (test for warnings, line 65)
FAIL: gcc.dg/builtin-apply4.c execution test
FAIL: gcc.dg/pr34989-1.c (internal compiler error)
FAIL: gcc.dg/pr34989-1.c (test for excess errors)
FAIL: gcc.dg/pr37106-1.c (internal compiler error)
FAIL: gcc.dg/pr37106-1.c (test for excess errors)
UNRESOLVED: ggcplug.c compilation, -I. -I/proj/opensrc/nightly2/src/trunk/gcc/testsuite -I/proj/opensrc/nightly2/src/trunk/gcc/testsuite/../../gcc -I/tmp/build2-ia64-hp-hpux11.23/obj_gcc/gcc/testsuite/gcc/../../../gcc -I/proj/opensrc/nightly2/src/trunk/gcc/testsuite/../../include -I/proj/opensrc/nightly2/src/trunk/gcc/testsuite/../../libcpp/include -I/proj/opensrc/be/ia64-hp-hpux11.23/include -I/proj/opensrc/be/ia64-hp-hpux11.23/include -O -DIN_GCC -fPIC -shared
XPASS: gcc.dg/struct/wo_prof_array_through_pointer.c scan-ipa-dump ipa_struct_reorg "Number of structures to transform is 1"
FAIL: gcc.dg/struct/wo_prof_double_malloc.c (internal compiler error)
FAIL: gcc.dg/struct/wo_prof_double_malloc.c (test for excess errors)
WARNING: gcc.dg/struct/wo_prof_double_malloc.c compilation failed to produce executable
FAIL: gcc.dg/torture/pr26565.c -O1 execution test
FAIL: gcc.dg/torture/pr26565.c -O2 execution test
FAIL: gcc.dg/torture/pr26565.c -O3 -fomit-frame-pointer execution test
FAIL: gcc.dg/torture/pr26565.c -O3 -g execution test
FAIL: gcc.dg/torture/pr26565.c -Os execution test
FAIL: gcc.dg/tree-ssa/loop-31.c scan-tree-dump-times optimized " \\+ 2" 1
FAIL: gcc.dg/vect/vect-42.c scan-tree-dump-times vect "Alignment of access forced using versioning" 1
FAIL: gcc.dg/vect/vect-outer-5.c execution test
FAIL: gcc.dg/vect/bb-slp-10.c scan-tree-dump-times slp "unsupported alignment in basic block." 1
FAIL: gcc.dg/vect/bb-slp-4.c scan-tree-dump-times slp "basic block vectorized using SLP" 0
FAIL: gcc.dg/vect/no-vfa-vect-43.c scan-tree-dump-times vect "Alignment of access forced using versioning" 2
=== gcc Summary for unix/-mlp64 ===
# of expected passes 50354
# of unexpected successes 3
# of unexpected failures 18
# of expected failures 209
# of unresolved testcases 1
# of unsupported tests 563
=== gcc Summary ===
# of expected passes 100694
# of unexpected failures 35
# of unexpected successes 6
# of expected failures 417
# of unresolved testcases 2
# of unsupported tests 1136
/tmp/build2-ia64-hp-hpux11.23/obj_gcc/gcc/xgcc version 4.5.0 20090529 (experimental) (GCC)
=== gfortran tests ===
Running target unix/-milp32
=== gfortran Summary for unix/-milp32 ===
# of expected passes 30650
# of expected failures 20
# of unsupported tests 45
Running target unix/-mlp64
WARNING: program timed out.
FAIL: gfortran.dg/vect/fast-math-pr38968.f90 execution test
=== gfortran Summary for unix/-mlp64 ===
# of expected passes 30649
# of unexpected failures 1
# of expected failures 20
# of unsupported tests 45
=== gfortran Summary ===
# of expected passes 61299
# of unexpected failures 1
# of expected failures 40
# of unsupported tests 90
/tmp/build2-ia64-hp-hpux11.23/obj_gcc/gcc/testsuite/gfortran/../../gfortran version 4.5.0 20090529 (experimental) (GCC)
=== libgomp tests ===
Running target unix/-mlp64
FAIL: libgomp.c++/task-4.C -O (internal compiler error)
FAIL: libgomp.c++/task-4.C -O (test for excess errors)
WARNING: libgomp.c++/task-4.C -O compilation failed to produce executable
=== libgomp Summary for unix/-mlp64 ===
# of expected passes 2402
# of unexpected failures 2
# of unsupported tests 2
Running target unix/-milp32
FAIL: libgomp.c++/task-4.C -O (internal compiler error)
FAIL: libgomp.c++/task-4.C -O (test for excess errors)
WARNING: libgomp.c++/task-4.C -O compilation failed to produce executable
=== libgomp Summary for unix/-milp32 ===
# of expected passes 2402
# of unexpected failures 2
# of unsupported tests 2
=== libgomp Summary ===
# of expected passes 4804
# of unexpected failures 4
# of unsupported tests 4
=== libstdc++ tests ===
Running target unix/-milp32
XPASS: 22_locale/collate/hash/char/1.cc (test for excess errors)
XPASS: 22_locale/collate/requirements/base_classes.cc (test for excess errors)
XPASS: 22_locale/collate/transform/wchar_t/28277.cc (test for excess errors)
XPASS: 22_locale/collate_byname/requirements/base_classes.cc (test for excess errors)
FAIL: ext/codecvt/wchar_t.cc execution test
FAIL: ext/new_allocator/deallocate_global.cc execution test
FAIL: ext/throw_allocator/deallocate_global.cc execution test
=== libstdc++ Summary for unix/-milp32 ===
# of expected passes 5675
# of unexpected successes 4
# of unexpected failures 3
# of expected failures 74
# of unsupported tests 559
Running target unix/-mlp64
XPASS: 22_locale/collate/hash/char/1.cc (test for excess errors)
XPASS: 22_locale/collate/requirements/base_classes.cc (test for excess errors)
XPASS: 22_locale/collate/transform/wchar_t/28277.cc (test for excess errors)
XPASS: 22_locale/collate_byname/requirements/base_classes.cc (test for excess errors)
FAIL: ext/codecvt/wchar_t.cc execution test
FAIL: ext/new_allocator/deallocate_global.cc execution test
FAIL: ext/throw_allocator/deallocate_global.cc execution test
=== libstdc++ Summary for unix/-mlp64 ===
# of expected passes 5742
# of unexpected successes 4
# of unexpected failures 3
# of expected failures 80
# of unsupported tests 524
=== libstdc++ Summary ===
# of expected passes 11417
# of unexpected failures 6
# of unexpected successes 8
# of expected failures 154
# of unsupported tests 1083
=== libstdc++ Summary ===
Compiler version: 4.5.0 20090529 (experimental) (GCC)
Platform: ia64-hp-hpux11.23
configure flags: --host=ia64-hp-hpux11.23 --build=ia64-hp-hpux11.23 --prefix=/proj/opensrc/nightly2/gcc-ia64-hp-hpux11.23-trunk --with-local-prefix=/proj/opensrc/nightly2/gcc-ia64-hp-hpux11.23-trunk --disable-nls --with-gmp=/proj/opensrc/be/ia64-hp-hpux11.23 --with-mpfr=/proj/opensrc/be/ia64-hp-hpux11.23 --enable-libunwind-exceptions --enable-languages=c,c++,fortran