This is the mail archive of the
gcc-testresults@gcc.gnu.org
mailing list for the GCC project.
Results for 4.5.0 20090523 (experimental) [trunk revision 147817] (GCC) testsuite on ia64-suse-linux-gnu
- From: Andreas Schwab <schwab at linux-m68k dot org>
- To: gcc-testresults at gcc dot gnu dot org
- Date: Sat, 23 May 2009 12:01:07 +0200
- Subject: Results for 4.5.0 20090523 (experimental) [trunk revision 147817] (GCC) testsuite on ia64-suse-linux-gnu
LAST_UPDATED: Sat May 23 08:00:41 UTC 2009 (revision 147817)
=== acats tests ===
FAIL: c94008c
FAIL: c95021a
=== acats Summary ===
# of expected passes 2313
# of unexpected failures 2
Native configuration is ia64-suse-linux-gnu
=== g++ tests ===
Running target unix
=== g++ Summary ===
# of expected passes 18679
# of expected failures 138
# of unsupported tests 155
/usr/local/gcc/gcc-20090523/Build/gcc/testsuite/g++/../../g++ version 4.5.0 20090523 (experimental) [trunk revision 147817] (GCC)
=== gcc tests ===
Running target unix
XPASS: gcc.dg/Warray-bounds.c (test for warnings, line 59)
XPASS: gcc.dg/Warray-bounds.c (test for warnings, line 65)
FAIL: gcc.dg/builtin-apply4.c execution test
FAIL: gcc.dg/pr34989-1.c (internal compiler error)
FAIL: gcc.dg/pr34989-1.c (test for excess errors)
FAIL: gcc.dg/pr37106-1.c (internal compiler error)
FAIL: gcc.dg/pr37106-1.c (test for excess errors)
XPASS: gcc.dg/struct/wo_prof_array_through_pointer.c scan-ipa-dump ipa_struct_reorg "Number of structures to transform is 1"
FAIL: gcc.dg/struct/wo_prof_double_malloc.c (internal compiler error)
FAIL: gcc.dg/struct/wo_prof_double_malloc.c (test for excess errors)
WARNING: gcc.dg/struct/wo_prof_double_malloc.c compilation failed to produce executable
XPASS: gcc.dg/tree-ssa/loop-1.c scan-assembler-times foo 5
FAIL: gcc.dg/tree-ssa/loop-31.c scan-tree-dump-times optimized " \\+ 2" 1
=== gcc Summary ===
# of expected passes 50421
# of unexpected failures 8
# of unexpected successes 4
# of expected failures 207
# of unsupported tests 500
/usr/local/gcc/gcc-20090523/Build/gcc/xgcc version 4.5.0 20090523 (experimental) [trunk revision 147817] (GCC)
=== gfortran tests ===
Running target unix
WARNING: program timed out.
FAIL: gfortran.dg/vect/fast-math-pr38968.f90 execution test
=== gfortran Summary ===
# of expected passes 30566
# of unexpected failures 1
# of expected failures 20
# of unsupported tests 29
/usr/local/gcc/gcc-20090523/Build/gcc/testsuite/gfortran/../../gfortran version 4.5.0 20090523 (experimental) [trunk revision 147817] (GCC)
=== gnat tests ===
Running target unix
=== gnat Summary ===
# of expected passes 637
# of expected failures 6
=== obj-c++ tests ===
Running target unix
WARNING: obj-c++.dg/lookup-2.mm compilation failed to produce executable
WARNING: obj-c++.dg/try-catch-2.mm compilation failed to produce executable
WARNING: obj-c++.dg/try-catch-9.mm compilation failed to produce executable
=== obj-c++ Summary ===
# of expected passes 427
# of expected failures 21
# of unsupported tests 13
/usr/local/gcc/gcc-20090523/Build/gcc/testsuite/obj-c++/../../g++ version 4.5.0 20090523 (experimental) [trunk revision 147817] (GCC)
=== objc tests ===
Running target unix
=== objc Summary ===
# of expected passes 1863
# of expected failures 15
# of unsupported tests 25
/usr/local/gcc/gcc-20090523/Build/gcc/xgcc version 4.5.0 20090523 (experimental) [trunk revision 147817] (GCC)
=== libffi tests ===
Running target unix
=== libffi Summary ===
# of expected passes 1389
# of unsupported tests 10
=== libgomp tests ===
Running target unix
FAIL: libgomp.c/omp-loop03.c execution test
FAIL: libgomp.c++/loop-3.C -O execution test
FAIL: libgomp.c++/task-4.C -O (internal compiler error)
FAIL: libgomp.c++/task-4.C -O (test for excess errors)
WARNING: libgomp.c++/task-4.C -O compilation failed to produce executable
=== libgomp Summary ===
# of expected passes 2404
# of unexpected failures 4
=== libjava tests ===
Running target unix
FAIL: TestClosureGC run
FAIL: getlocalvartable output
FAIL: Array_3 execution - source compiled test
FAIL: Array_3 -findirect-dispatch execution - source compiled test
FAIL: Array_3 -O3 execution - source compiled test
FAIL: Array_3 -O3 -findirect-dispatch execution - source compiled test
FAIL: Invoke_1 execution - source compiled test
FAIL: Invoke_1 -findirect-dispatch execution - source compiled test
FAIL: Invoke_1 -O3 execution - source compiled test
FAIL: Invoke_1 -O3 -findirect-dispatch execution - source compiled test
FAIL: Throw_3 -O3 output - source compiled test
FAIL: Throw_3 -O3 -findirect-dispatch output - source compiled test
FAIL: pr83 -findirect-dispatch execution - source compiled test
FAIL: pr83 -O3 -findirect-dispatch execution - source compiled test
=== libjava Summary ===
# of expected passes 2550
# of unexpected failures 14
# of untested testcases 11
=== libmudflap tests ===
Running target unix
FAIL: libmudflap.c/pass54-frag.c (-static) execution test
FAIL: libmudflap.c/pass54-frag.c (-static) execution test
FAIL: libmudflap.c++/pass41-frag.cxx execution test
FAIL: libmudflap.c++/pass41-frag.cxx (-static) execution test
FAIL: libmudflap.c++/pass41-frag.cxx ( -O) execution test
FAIL: libmudflap.c++/pass41-frag.cxx (-O2) execution test
FAIL: libmudflap.c++/pass41-frag.cxx (-O3) execution test
=== libmudflap Summary ===
# of expected passes 1887
# of unexpected failures 7
=== libstdc++ tests ===
Running target unix
XPASS: 26_numerics/headers/cmath/c99_classification_macros_c.cc (test for excess errors)
=== libstdc++ Summary ===
# of expected passes 6743
# of unexpected successes 1
# of expected failures 82
# of unsupported tests 15
Compiler version: 4.5.0 20090523 (experimental) [trunk revision 147817] (GCC)
Platform: ia64-suse-linux-gnu
configure flags: --prefix=/usr --build=ia64-suse-linux --host=ia64-suse-linux --enable-shared --enable-threads --enable-__cxa_atexit --with-system-zlib --with-system-libunwind