This is the mail archive of the
gcc-testresults@gcc.gnu.org
mailing list for the GCC project.
Results for 4.4.1 20090514 (prerelease) [gcc-4_4-branch revision 147547] (GCC) testsuite on hppa64-hp-hpux11.11
- From: John David Anglin <dave at hiauly3 dot hia dot nrc dot ca>
- To: dave at hiauly3 dot hia dot nrc dot ca, gcc-testresults at gcc dot gnu dot org
- Date: Sat, 16 May 2009 22:46:35 -0400 (EDT)
- Subject: Results for 4.4.1 20090514 (prerelease) [gcc-4_4-branch revision 147547] (GCC) testsuite on hppa64-hp-hpux11.11
LAST_UPDATED: Thu May 14 23:24:51 UTC 2009 (revision 147547)
Native configuration is hppa64-hp-hpux11.11
=== g++ tests ===
Running target unix
=== g++ Summary ===
# of expected passes 18135
# of expected failures 144
# of unsupported tests 201
/mnt/gnu/gcc/objdir/gcc/testsuite/g++/../../g++ version 4.4.1 20090514 (prerelease) [gcc-4_4-branch revision 147547] (GCC)
=== gcc tests ===
Running target unix
XPASS: gcc.dg/funcorder.c scan-assembler-not link_error,%r
=== gcc Summary ===
# of expected passes 48189
# of unexpected successes 1
# of expected failures 131
# of unsupported tests 591
/mnt/gnu/gcc/objdir/gcc/xgcc version 4.4.1 20090514 (prerelease) [gcc-4_4-branch revision 147547] (GCC)
=== gfortran tests ===
Running target unix
FAIL: gfortran.dg/nint_2.f90 -O0 execution test
=== gfortran Summary ===
# of expected passes 28374
# of unexpected failures 1
# of expected failures 10
# of unsupported tests 260
/mnt/gnu/gcc/objdir/gcc/testsuite/gfortran/../../gfortran version 4.4.1 20090514 (prerelease) [gcc-4_4-branch revision 147547] (GCC)
=== obj-c++ tests ===
Running target unix
XPASS: obj-c++.dg/comp-types-10.mm (test for excess errors)
WARNING: obj-c++.dg/lookup-2.mm compilation failed to produce executable
WARNING: obj-c++.dg/try-catch-2.mm compilation failed to produce executable
WARNING: obj-c++.dg/try-catch-9.mm compilation failed to produce executable
=== obj-c++ Summary ===
# of expected passes 425
# of unexpected successes 1
# of expected failures 20
# of unsupported tests 13
/mnt/gnu/gcc/objdir/gcc/testsuite/obj-c++/../../g++ version 4.4.1 20090514 (prerelease) [gcc-4_4-branch revision 147547] (GCC)
=== objc tests ===
Running target unix
=== objc Summary ===
# of expected passes 1862
# of expected failures 15
# of unsupported tests 25
/mnt/gnu/gcc/objdir/gcc/xgcc version 4.4.1 20090514 (prerelease) [gcc-4_4-branch revision 147547] (GCC)
=== libgomp tests ===
Running target unix
=== libgomp Summary ===
# of expected passes 2388
# of unsupported tests 9
=== libstdc++ tests ===
Running target unix
=== libstdc++ Summary ===
# of expected passes 5482
# of expected failures 72
# of unsupported tests 526
Compiler version: 4.4.1 20090514 (prerelease) [gcc-4_4-branch revision 147547] (GCC)
Platform: hppa64-hp-hpux11.11
configure flags: --with-gnu-as --with-as=/opt/gnu64/bin/as --with-ld=/usr/ccs/bin/ld --enable-shared --with-local-prefix=/opt/gnu64 --prefix=/opt/gnu64/gcc/gcc-4.4.0 --build=hppa64-hp-hpux11.11 --enable-threads=posix --disable-nls --with-gmp=/opt/gnu64/gcc/gcc-4.4.0 -enable-languages=c,c++,objc,obj-c++,fortran