This is the mail archive of the
gcc-testresults@gcc.gnu.org
mailing list for the GCC project.
Results for 4.5.0 20090509 (experimental) [trunk revision 147304] (GCC) testsuite on hppa64-hp-hpux11.00
- From: John David Anglin <dave at hiauly2 dot hia dot nrc dot ca>
- To: dave at hiauly2 dot hia dot nrc dot ca, gcc-testresults at gcc dot gnu dot org
- Date: Mon, 11 May 2009 18:51:17 -0400 (EDT)
- Subject: Results for 4.5.0 20090509 (experimental) [trunk revision 147304] (GCC) testsuite on hppa64-hp-hpux11.00
LAST_UPDATED: Sat May 9 02:00:21 UTC 2009 (revision 147304)
Native configuration is hppa64-hp-hpux11.00
=== g++ tests ===
Running target unix
WARNING: program timed out.
FAIL: g++.dg/eh/cleanup1.C (test for excess errors)
FAIL: g++.dg/opt/thunk3.C (test for excess errors)
WARNING: program timed out.
FAIL: g++.dg/torture/pr31863.C -O2 (test for excess errors)
WARNING: program timed out.
FAIL: g++.dg/torture/pr31863.C -O3 -fomit-frame-pointer (test for excess errors)
WARNING: program timed out.
FAIL: g++.dg/torture/pr31863.C -O3 -g (test for excess errors)
=== g++ Summary ===
# of expected passes 18366
# of unexpected failures 5
# of expected failures 138
# of unsupported tests 202
/home/gnu/gcc/objdir/gcc/testsuite/g++/../../g++ version 4.5.0 20090509 (experimental) [trunk revision 147304] (GCC)
=== gcc tests ===
Running target unix
WARNING: program timed out.
FAIL: gcc.c-torture/compile/limits-fnargs.c -O2 (test for excess errors)
WARNING: program timed out.
FAIL: gcc.c-torture/compile/limits-fnargs.c -O3 -fomit-frame-pointer (test for excess errors)
WARNING: program timed out.
FAIL: gcc.c-torture/compile/limits-fnargs.c -O3 -g (test for excess errors)
WARNING: program timed out.
FAIL: gcc.c-torture/compile/limits-fnargs.c -Os (test for excess errors)
WARNING: program timed out.
FAIL: gcc.c-torture/compile/limits-fndefn.c -O1 (test for excess errors)
WARNING: program timed out.
FAIL: gcc.c-torture/compile/limits-fndefn.c -O2 (test for excess errors)
WARNING: program timed out.
FAIL: gcc.c-torture/compile/limits-fndefn.c -O3 -fomit-frame-pointer (test for excess errors)
WARNING: program timed out.
FAIL: gcc.c-torture/compile/limits-fndefn.c -O3 -g (test for excess errors)
WARNING: program timed out.
FAIL: gcc.c-torture/compile/limits-fndefn.c -Os (test for excess errors)
WARNING: program timed out.
FAIL: gcc.c-torture/compile/limits-structnest.c -O2 (test for excess errors)
WARNING: program timed out.
FAIL: gcc.c-torture/compile/limits-structnest.c -O3 -fomit-frame-pointer (test for excess errors)
WARNING: program timed out.
FAIL: gcc.c-torture/compile/limits-structnest.c -O3 -g (test for excess errors)
WARNING: program timed out.
FAIL: gcc.c-torture/compile/limits-structnest.c -Os (test for excess errors)
WARNING: program timed out.
FAIL: gcc.dg/20020425-1.c (test for excess errors)
XPASS: gcc.dg/Warray-bounds.c (test for warnings, line 59)
XPASS: gcc.dg/Warray-bounds.c (test for warnings, line 65)
WARNING: program timed out.
FAIL: gcc.dg/c99-intconst-1.c (test for excess errors)
XPASS: gcc.dg/funcorder.c scan-assembler-not link_error,%r
XPASS: gcc.dg/struct/wo_prof_array_through_pointer.c scan-ipa-dump ipa_struct_reorg "Number of structures to transform is 1"
FAIL: gcc.dg/torture/pr26565.c -O1 execution test
FAIL: gcc.dg/torture/pr26565.c -O2 execution test
FAIL: gcc.dg/torture/pr26565.c -O3 -fomit-frame-pointer execution test
FAIL: gcc.dg/torture/pr26565.c -O3 -g execution test
FAIL: gcc.dg/torture/pr26565.c -Os execution test
FAIL: gcc.dg/tree-prof/pr34999.c compilation, -fprofile-use -D_PROFILE_USE
UNRESOLVED: gcc.dg/tree-prof/pr34999.c execution, -fprofile-use -D_PROFILE_USE
ERROR: tcl error sourcing /xxx/gnu/gcc/gcc/gcc/testsuite/gcc.misc-tests/help.exp.
ERROR: syntax error in expression "\$pattern ne """
=== gcc Summary ===
# of expected passes 48566
# of unexpected failures 21
# of unexpected successes 4
# of expected failures 74
# of unresolved testcases 1
# of unsupported tests 570
/home/gnu/gcc/objdir/gcc/xgcc version 4.5.0 20090509 (experimental) [trunk revision 147304] (GCC)
=== gfortran tests ===
Running target unix
=== gfortran Summary ===
# of expected passes 29364
# of expected failures 11
# of unsupported tests 252
/home/gnu/gcc/objdir/gcc/testsuite/gfortran/../../gfortran version 4.5.0 20090509 (experimental) [trunk revision 147304] (GCC)
=== obj-c++ tests ===
Running target unix
XPASS: obj-c++.dg/comp-types-10.mm (test for excess errors)
WARNING: obj-c++.dg/lookup-2.mm compilation failed to produce executable
WARNING: obj-c++.dg/try-catch-2.mm compilation failed to produce executable
WARNING: obj-c++.dg/try-catch-9.mm compilation failed to produce executable
=== obj-c++ Summary ===
# of expected passes 425
# of unexpected successes 1
# of expected failures 20
# of unsupported tests 13
/home/gnu/gcc/objdir/gcc/testsuite/obj-c++/../../g++ version 4.5.0 20090509 (experimental) [trunk revision 147304] (GCC)
=== objc tests ===
Running target unix
=== objc Summary ===
# of expected passes 1863
# of expected failures 15
# of unsupported tests 25
/home/gnu/gcc/objdir/gcc/xgcc version 4.5.0 20090509 (experimental) [trunk revision 147304] (GCC)
=== libgomp tests ===
Running target unix
=== libgomp Summary ===
# of expected passes 2390
# of unsupported tests 9
=== libstdc++ tests ===
Running target unix
WARNING: program timed out.
FAIL: ext/pb_ds/regression/tree_data_map_rand.cc (test for excess errors)
WARNING: ext/pb_ds/regression/tree_data_map_rand.cc compilation failed to produce executable
WARNING: program timed out.
FAIL: ext/pb_ds/regression/tree_no_data_map_rand.cc (test for excess errors)
WARNING: ext/pb_ds/regression/tree_no_data_map_rand.cc compilation failed to produce executable
FAIL: ext/throw_allocator/deallocate_global.cc execution test
=== libstdc++ Summary ===
# of expected passes 4862
# of unexpected failures 3
# of expected failures 78
# of unsupported tests 355
Compiler version: 4.5.0 20090509 (experimental) [trunk revision 147304] (GCC)
Platform: hppa64-hp-hpux11.00
configure flags: --with-gnu-as --with-as=/opt/gnu64/bin/as --with-ld=/usr/ccs/bin/ld --enable-shared --with-local-prefix=/opt/gnu64 --prefix=/opt/gnu64/gcc/gcc-4.4.0 --build=hppa64-hp-hpux11.00 --disable-nls --with-gmp=/opt/gnu64/gcc/gcc-4.4.0 --enable-checking=release --enable-languages=c,c++,fortran,objc,obj-c++