This is the mail archive of the
gcc-testresults@gcc.gnu.org
mailing list for the GCC project.
Results for 4.5.0 20090510 (experimental) (GCC) testsuite on ia64-hp-hpux11.23
- From: Steve Ellcey <sje at cup dot hp dot com>
- To: gcc-testresults at gcc dot gnu dot org
- Date: Sun, 10 May 2009 10:08:11 -0700 (PDT)
- Subject: Results for 4.5.0 20090510 (experimental) (GCC) testsuite on ia64-hp-hpux11.23
Native configuration is ia64-hp-hpux11.23
=== g++ tests ===
Running target unix/-mlp64
FAIL: g++.dg/opt/thunk3.C (test for excess errors)
=== g++ Summary for unix/-mlp64 ===
# of expected passes 18537
# of unexpected failures 1
# of expected failures 142
# of unsupported tests 182
Running target unix/-milp32
FAIL: g++.dg/opt/thunk3.C (test for excess errors)
=== g++ Summary for unix/-milp32 ===
# of expected passes 18576
# of unexpected failures 1
# of expected failures 142
# of unsupported tests 181
=== g++ Summary ===
# of expected passes 37113
# of unexpected failures 2
# of expected failures 284
# of unsupported tests 363
/lucas/gcc/sje/reg_std/build-ia64-hp-hpux11.23-trunk/obj_gcc/gcc/testsuite/g++/../../g++ version 4.5.0 20090510 (experimental) (GCC)
=== gcc tests ===
Running target unix/-mlp64
XPASS: gcc.dg/Warray-bounds.c (test for warnings, line 59)
XPASS: gcc.dg/Warray-bounds.c (test for warnings, line 65)
FAIL: gcc.dg/builtin-apply4.c execution test
FAIL: gcc.dg/pr34989-1.c (internal compiler error)
FAIL: gcc.dg/pr34989-1.c (test for excess errors)
FAIL: gcc.dg/pr37106-1.c (internal compiler error)
FAIL: gcc.dg/pr37106-1.c (test for excess errors)
XPASS: gcc.dg/struct/wo_prof_array_through_pointer.c scan-ipa-dump ipa_struct_reorg "Number of structures to transform is 1"
FAIL: gcc.dg/struct/wo_prof_double_malloc.c (internal compiler error)
FAIL: gcc.dg/struct/wo_prof_double_malloc.c (test for excess errors)
WARNING: gcc.dg/struct/wo_prof_double_malloc.c compilation failed to produce executable
FAIL: gcc.dg/torture/pr26565.c -O1 execution test
FAIL: gcc.dg/torture/pr26565.c -O2 execution test
FAIL: gcc.dg/torture/pr26565.c -O3 -fomit-frame-pointer execution test
FAIL: gcc.dg/torture/pr26565.c -O3 -g execution test
FAIL: gcc.dg/torture/pr26565.c -Os execution test
FAIL: gcc.dg/tree-ssa/loop-31.c scan-tree-dump-times optimized " \\+ 2" 1
=== gcc Summary for unix/-mlp64 ===
# of expected passes 50049
# of unexpected failures 13
# of unexpected successes 3
# of expected failures 202
# of unsupported tests 553
Running target unix/-milp32
XPASS: gcc.dg/Warray-bounds.c (test for warnings, line 59)
XPASS: gcc.dg/Warray-bounds.c (test for warnings, line 65)
FAIL: gcc.dg/builtin-apply4.c execution test
FAIL: gcc.dg/pr34989-1.c (internal compiler error)
FAIL: gcc.dg/pr34989-1.c (test for excess errors)
FAIL: gcc.dg/pr37106-1.c (internal compiler error)
FAIL: gcc.dg/pr37106-1.c (test for excess errors)
XPASS: gcc.dg/struct/wo_prof_array_through_pointer.c scan-ipa-dump ipa_struct_reorg "Number of structures to transform is 1"
FAIL: gcc.dg/struct/wo_prof_double_malloc.c (internal compiler error)
FAIL: gcc.dg/struct/wo_prof_double_malloc.c (test for excess errors)
WARNING: gcc.dg/struct/wo_prof_double_malloc.c compilation failed to produce executable
FAIL: gcc.dg/torture/pr26565.c -O1 execution test
FAIL: gcc.dg/torture/pr26565.c -O2 execution test
FAIL: gcc.dg/torture/pr26565.c -O3 -fomit-frame-pointer execution test
FAIL: gcc.dg/torture/pr26565.c -O3 -g execution test
FAIL: gcc.dg/torture/pr26565.c -Os execution test
=== gcc Summary for unix/-milp32 ===
# of expected passes 50033
# of unexpected failures 12
# of unexpected successes 3
# of expected failures 201
# of unsupported tests 563
=== gcc Summary ===
# of expected passes 100082
# of unexpected failures 25
# of unexpected successes 6
# of expected failures 403
# of unsupported tests 1116
/lucas/gcc/sje/reg_std/build-ia64-hp-hpux11.23-trunk/obj_gcc/gcc/xgcc version 4.5.0 20090510 (experimental) (GCC)
=== gfortran tests ===
Running target unix/-mlp64
FAIL: gfortran.dg/vect/pr39318.f90 -O (internal compiler error)
FAIL: gfortran.dg/vect/pr39318.f90 -O (test for excess errors)
=== gfortran Summary for unix/-mlp64 ===
# of expected passes 30368
# of unexpected failures 2
# of expected failures 20
# of unsupported tests 45
Running target unix/-milp32
FAIL: gfortran.dg/vect/pr39318.f90 -O (internal compiler error)
FAIL: gfortran.dg/vect/pr39318.f90 -O (test for excess errors)
=== gfortran Summary for unix/-milp32 ===
# of expected passes 30368
# of unexpected failures 2
# of expected failures 20
# of unsupported tests 45
=== gfortran Summary ===
# of expected passes 60736
# of unexpected failures 4
# of expected failures 40
# of unsupported tests 90
/lucas/gcc/sje/reg_std/build-ia64-hp-hpux11.23-trunk/obj_gcc/gcc/testsuite/gfortran/../../gfortran version 4.5.0 20090510 (experimental) (GCC)
=== libgomp tests ===
Running target unix/-mlp64
FAIL: libgomp.c++/task-4.C -O (internal compiler error)
FAIL: libgomp.c++/task-4.C -O (test for excess errors)
WARNING: libgomp.c++/task-4.C -O compilation failed to produce executable
=== libgomp Summary for unix/-mlp64 ===
# of expected passes 2402
# of unexpected failures 2
# of unsupported tests 2
Running target unix/-milp32
FAIL: libgomp.c++/task-4.C -O (internal compiler error)
FAIL: libgomp.c++/task-4.C -O (test for excess errors)
WARNING: libgomp.c++/task-4.C -O compilation failed to produce executable
=== libgomp Summary for unix/-milp32 ===
# of expected passes 2402
# of unexpected failures 2
# of unsupported tests 2
=== libgomp Summary ===
# of expected passes 4804
# of unexpected failures 4
# of unsupported tests 4
=== libstdc++ tests ===
Running target unix/-mlp64
XPASS: 22_locale/collate/hash/char/1.cc (test for excess errors)
XPASS: 22_locale/collate/requirements/base_classes.cc (test for excess errors)
XPASS: 22_locale/collate/transform/wchar_t/28277.cc (test for excess errors)
XPASS: 22_locale/collate_byname/requirements/base_classes.cc (test for excess errors)
FAIL: ext/codecvt/wchar_t.cc execution test
FAIL: ext/throw_allocator/deallocate_global.cc execution test
=== libstdc++ Summary for unix/-mlp64 ===
# of expected passes 5728
# of unexpected failures 2
# of unexpected successes 4
# of expected failures 80
# of unsupported tests 524
Running target unix/-milp32
XPASS: 22_locale/collate/hash/char/1.cc (test for excess errors)
XPASS: 22_locale/collate/requirements/base_classes.cc (test for excess errors)
XPASS: 22_locale/collate/transform/wchar_t/28277.cc (test for excess errors)
XPASS: 22_locale/collate_byname/requirements/base_classes.cc (test for excess errors)
FAIL: 26_numerics/random/independent_bits_engine/operators/equal.cc execution test
FAIL: 26_numerics/random/independent_bits_engine/operators/serialize.cc execution test
FAIL: ext/codecvt/wchar_t.cc execution test
FAIL: ext/throw_allocator/deallocate_global.cc execution test
=== libstdc++ Summary for unix/-milp32 ===
# of expected passes 5659
# of unexpected failures 4
# of unexpected successes 4
# of expected failures 74
# of unsupported tests 559
=== libstdc++ Summary ===
# of expected passes 11387
# of unexpected failures 6
# of unexpected successes 8
# of expected failures 154
# of unsupported tests 1083
Compiler version: 4.5.0 20090510 (experimental) (GCC)
Platform: ia64-hp-hpux11.23
configure flags: --host=ia64-hp-hpux11.23 --build=ia64-hp-hpux11.23 --prefix=/lucas/gcc/sje/reg_std/gcc-ia64-hp-hpux11.23-trunk --with-local-prefix=/lucas/gcc/sje/reg_std/gcc-ia64-hp-hpux11.23-trunk --disable-nls --with-gmp=/proj/opensrc/be/ia64-hp-hpux11.23 --with-mpfr=/proj/opensrc/be/ia64-hp-hpux11.23 --enable-libunwind-exceptions --enable-languages=c,c++,fortran