This is the mail archive of the
gcc-testresults@gcc.gnu.org
mailing list for the GCC project.
Results for 4.5.0 20090507 (experimental) [trunk revision 147214] (GCC) testsuite on hppa-unknown-linux-gnu
- From: dave at mx3210 dot hia dot nrc dot ca (John David Anglin)
- To: dave dot anglin at nrc-cnrc dot gc dot ca, gcc-testresults at gcc dot gnu dot org
- Date: Fri, 8 May 2009 20:18:24 -0400 (EDT)
- Subject: Results for 4.5.0 20090507 (experimental) [trunk revision 147214] (GCC) testsuite on hppa-unknown-linux-gnu
LAST_UPDATED: Thu May 7 01:12:05 UTC 2009 (revision 147214)
=== acats tests ===
=== acats Summary ===
# of expected passes 2315
# of unexpected failures 0
Native configuration is hppa-unknown-linux-gnu
=== g++ tests ===
Running target unix
WARNING: program timed out.
FAIL: g++.dg/torture/pr31863.C -O1 (test for excess errors)
=== g++ Summary ===
# of expected passes 19293
# of unexpected failures 1
# of expected failures 136
# of unsupported tests 158
/home/dave/gnu/gcc/objdir/gcc/testsuite/g++/../../g++ version 4.5.0 20090507 (experimental) [trunk revision 147214] (GCC)
=== gcc tests ===
Running target unix
WARNING: program timed out.
FAIL: gcc.c-torture/execute/builtins/memset.c compilation, -Os
UNRESOLVED: gcc.c-torture/execute/builtins/memset.c execution, -Os
XPASS: gcc.dg/Warray-bounds.c (test for warnings, line 59)
XPASS: gcc.dg/Warray-bounds.c (test for warnings, line 65)
FAIL: gcc.dg/pr34989-1.c (internal compiler error)
FAIL: gcc.dg/pr34989-1.c (test for excess errors)
XPASS: gcc.dg/struct/wo_prof_array_through_pointer.c scan-ipa-dump ipa_struct_reorg "Number of structures to transform is 1"
FAIL: gcc.dg/struct/wo_prof_double_malloc.c (internal compiler error)
FAIL: gcc.dg/struct/wo_prof_double_malloc.c (test for excess errors)
UNRESOLVED: gcc.dg/struct/wo_prof_double_malloc.c compilation failed to produce executable
XPASS: gcc.dg/tree-ssa/loop-1.c scan-assembler-times foo 5
=== gcc Summary ===
# of expected passes 50748
# of unexpected failures 5
# of unexpected successes 4
# of expected failures 73
# of unresolved testcases 2
# of unsupported tests 516
/home/dave/gnu/gcc/objdir/gcc/xgcc version 4.5.0 20090507 (experimental) [trunk revision 147214] (GCC)
=== gfortran tests ===
Running target unix
WARNING: program timed out.
FAIL: gfortran.fortran-torture/execute/where_7.f90 compilation, -O3 -g
=== gfortran Summary ===
# of expected passes 29444
# of unexpected failures 1
# of expected failures 11
# of untested testcases 1
# of unsupported tests 255
/home/dave/gnu/gcc/objdir/gcc/testsuite/gfortran/../../gfortran version 4.5.0 20090507 (experimental) [trunk revision 147214] (GCC)
=== gnat tests ===
Running target unix
=== gnat Summary ===
# of expected passes 635
# of expected failures 6
=== obj-c++ tests ===
Running target unix
UNRESOLVED: obj-c++.dg/lookup-2.mm compilation failed to produce executable
UNRESOLVED: obj-c++.dg/try-catch-2.mm compilation failed to produce executable
UNRESOLVED: obj-c++.dg/try-catch-9.mm compilation failed to produce executable
=== obj-c++ Summary ===
# of expected passes 438
# of expected failures 10
# of unresolved testcases 3
# of unsupported tests 13
/home/dave/gnu/gcc/objdir/gcc/testsuite/obj-c++/../../g++ version 4.5.0 20090507 (experimental) [trunk revision 147214] (GCC)
=== objc tests ===
Running target unix
WARNING: program timed out.
FAIL: objc.dg/encode-5.m (test for warnings, line 31)
FAIL: objc.dg/encode-5.m (test for warnings, line 39)
FAIL: objc.dg/encode-5.m (test for excess errors)
=== objc Summary ===
# of expected passes 1862
# of unexpected failures 3
# of expected failures 15
# of unsupported tests 24
/home/dave/gnu/gcc/objdir/gcc/xgcc version 4.5.0 20090507 (experimental) [trunk revision 147214] (GCC)
=== libffi tests ===
Running target unix
=== libffi Summary ===
# of expected passes 1389
# of unsupported tests 10
=== libgomp tests ===
Running target unix
FAIL: libgomp.c++/task-4.C -O (internal compiler error)
FAIL: libgomp.c++/task-4.C -O (test for excess errors)
UNRESOLVED: libgomp.c++/task-4.C -O compilation failed to produce executable
=== libgomp Summary ===
# of expected passes 2392
# of unexpected failures 2
# of unresolved testcases 1
# of unsupported tests 7
=== libjava tests ===
Running target unix
=== libjava Summary ===
# of expected passes 2574
=== libmudflap tests ===
Running target unix
FAIL: libmudflap.c++/fail24-frag.cxx (test for excess errors)
WARNING: libmudflap.c++/fail24-frag.cxx compilation failed to produce executable
FAIL: libmudflap.c++/pass27-frag.cxx (test for excess errors)
WARNING: libmudflap.c++/pass27-frag.cxx compilation failed to produce executable
FAIL: libmudflap.c++/pass28-frag.cxx (test for excess errors)
WARNING: libmudflap.c++/pass28-frag.cxx compilation failed to produce executable
FAIL: libmudflap.c++/pass31-frag.cxx (test for excess errors)
WARNING: libmudflap.c++/pass31-frag.cxx compilation failed to produce executable
FAIL: libmudflap.c++/pass41-frag.cxx (test for excess errors)
WARNING: libmudflap.c++/pass41-frag.cxx compilation failed to produce executable
FAIL: libmudflap.c++/pass55-frag.cxx (test for excess errors)
WARNING: libmudflap.c++/pass55-frag.cxx compilation failed to produce executable
FAIL: libmudflap.c++/pass57-frag.cxx (test for excess errors)
WARNING: libmudflap.c++/pass57-frag.cxx compilation failed to produce executable
FAIL: libmudflap.c++/pass58-frag.cxx (test for excess errors)
WARNING: libmudflap.c++/pass58-frag.cxx compilation failed to produce executable
FAIL: libmudflap.c++/pass60-frag.cxx (test for excess errors)
WARNING: libmudflap.c++/pass60-frag.cxx compilation failed to produce executable
FAIL: libmudflap.c++/pass61-frag.cxx (test for excess errors)
FAIL: libmudflap.c++/pass66-frag.cxx (test for excess errors)
FAIL: libmudflap.c++/fail24-frag.cxx ( -O) (test for excess errors)
WARNING: libmudflap.c++/fail24-frag.cxx ( -O) compilation failed to produce executable
FAIL: libmudflap.c++/pass27-frag.cxx ( -O) (test for excess errors)
WARNING: libmudflap.c++/pass27-frag.cxx ( -O) compilation failed to produce executable
FAIL: libmudflap.c++/pass28-frag.cxx ( -O) (test for excess errors)
WARNING: libmudflap.c++/pass28-frag.cxx ( -O) compilation failed to produce executable
FAIL: libmudflap.c++/pass31-frag.cxx ( -O) (test for excess errors)
WARNING: libmudflap.c++/pass31-frag.cxx ( -O) compilation failed to produce executable
FAIL: libmudflap.c++/pass41-frag.cxx ( -O) (test for excess errors)
WARNING: libmudflap.c++/pass41-frag.cxx ( -O) compilation failed to produce executable
FAIL: libmudflap.c++/pass55-frag.cxx ( -O) (test for excess errors)
WARNING: libmudflap.c++/pass55-frag.cxx ( -O) compilation failed to produce executable
FAIL: libmudflap.c++/pass57-frag.cxx ( -O) (test for excess errors)
WARNING: libmudflap.c++/pass57-frag.cxx ( -O) compilation failed to produce executable
FAIL: libmudflap.c++/pass58-frag.cxx ( -O) (test for excess errors)
WARNING: libmudflap.c++/pass58-frag.cxx ( -O) compilation failed to produce executable
FAIL: libmudflap.c++/pass60-frag.cxx ( -O) (test for excess errors)
WARNING: libmudflap.c++/pass60-frag.cxx ( -O) compilation failed to produce executable
FAIL: libmudflap.c++/pass61-frag.cxx ( -O) (test for excess errors)
FAIL: libmudflap.c++/pass66-frag.cxx ( -O) (test for excess errors)
FAIL: libmudflap.c++/fail24-frag.cxx (-O2) (test for excess errors)
WARNING: libmudflap.c++/fail24-frag.cxx (-O2) compilation failed to produce executable
FAIL: libmudflap.c++/pass27-frag.cxx (-O2) (test for excess errors)
WARNING: libmudflap.c++/pass27-frag.cxx (-O2) compilation failed to produce executable
FAIL: libmudflap.c++/pass28-frag.cxx (-O2) (test for excess errors)
WARNING: libmudflap.c++/pass28-frag.cxx (-O2) compilation failed to produce executable
FAIL: libmudflap.c++/pass31-frag.cxx (-O2) (test for excess errors)
WARNING: libmudflap.c++/pass31-frag.cxx (-O2) compilation failed to produce executable
FAIL: libmudflap.c++/pass41-frag.cxx (-O2) (test for excess errors)
WARNING: libmudflap.c++/pass41-frag.cxx (-O2) compilation failed to produce executable
FAIL: libmudflap.c++/pass55-frag.cxx (-O2) (test for excess errors)
WARNING: libmudflap.c++/pass55-frag.cxx (-O2) compilation failed to produce executable
FAIL: libmudflap.c++/pass57-frag.cxx (-O2) (test for excess errors)
WARNING: libmudflap.c++/pass57-frag.cxx (-O2) compilation failed to produce executable
FAIL: libmudflap.c++/pass58-frag.cxx (-O2) (test for excess errors)
WARNING: libmudflap.c++/pass58-frag.cxx (-O2) compilation failed to produce executable
FAIL: libmudflap.c++/pass60-frag.cxx (-O2) (test for excess errors)
WARNING: libmudflap.c++/pass60-frag.cxx (-O2) compilation failed to produce executable
FAIL: libmudflap.c++/pass61-frag.cxx (-O2) (test for excess errors)
FAIL: libmudflap.c++/pass66-frag.cxx (-O2) (test for excess errors)
FAIL: libmudflap.c++/fail24-frag.cxx (-O3) (test for excess errors)
WARNING: libmudflap.c++/fail24-frag.cxx (-O3) compilation failed to produce executable
FAIL: libmudflap.c++/pass27-frag.cxx (-O3) (test for excess errors)
WARNING: libmudflap.c++/pass27-frag.cxx (-O3) compilation failed to produce executable
FAIL: libmudflap.c++/pass28-frag.cxx (-O3) (test for excess errors)
WARNING: libmudflap.c++/pass28-frag.cxx (-O3) compilation failed to produce executable
FAIL: libmudflap.c++/pass31-frag.cxx (-O3) (test for excess errors)
WARNING: libmudflap.c++/pass31-frag.cxx (-O3) compilation failed to produce executable
FAIL: libmudflap.c++/pass41-frag.cxx (-O3) (test for excess errors)
WARNING: libmudflap.c++/pass41-frag.cxx (-O3) compilation failed to produce executable
FAIL: libmudflap.c++/pass55-frag.cxx (-O3) (test for excess errors)
WARNING: libmudflap.c++/pass55-frag.cxx (-O3) compilation failed to produce executable
FAIL: libmudflap.c++/pass57-frag.cxx (-O3) (test for excess errors)
WARNING: libmudflap.c++/pass57-frag.cxx (-O3) compilation failed to produce executable
FAIL: libmudflap.c++/pass58-frag.cxx (-O3) (test for excess errors)
WARNING: libmudflap.c++/pass58-frag.cxx (-O3) compilation failed to produce executable
FAIL: libmudflap.c++/pass60-frag.cxx (-O3) (test for excess errors)
WARNING: libmudflap.c++/pass60-frag.cxx (-O3) compilation failed to produce executable
FAIL: libmudflap.c++/pass61-frag.cxx (-O3) (test for excess errors)
FAIL: libmudflap.c++/pass66-frag.cxx (-O3) (test for excess errors)
FAIL: ctors-12 linkage
FAIL: ctors-21 linkage
WARNING: program timed out.
FAIL: ctors-12 execution
WARNING: program timed out.
FAIL: ctors-21 execution
FAIL: ctors-12 linkage -O2
FAIL: ctors-21 linkage -O2
WARNING: program timed out.
FAIL: ctors-12 execution -O2
WARNING: program timed out.
FAIL: ctors-21 execution -O2
FAIL: ctors-12 linkage -O3
FAIL: ctors-21 linkage -O3
WARNING: program timed out.
FAIL: ctors-12 execution -O3
WARNING: program timed out.
FAIL: ctors-21 execution -O3
WARNING: program timed out.
FAIL: libmudflap.cth/pass40-frag.c execution test
FAIL: libmudflap.cth/pass40-frag.c output pattern test
WARNING: program timed out.
FAIL: libmudflap.cth/pass40-frag.c (-static -DSTATIC) execution test
FAIL: libmudflap.cth/pass40-frag.c (-static -DSTATIC) output pattern test
WARNING: program timed out.
FAIL: libmudflap.cth/pass40-frag.c (-O2) execution test
FAIL: libmudflap.cth/pass40-frag.c (-O2) output pattern test
WARNING: program timed out.
FAIL: libmudflap.cth/pass40-frag.c (-O3) execution test
FAIL: libmudflap.cth/pass40-frag.c (-O3) output pattern test
=== libmudflap Summary ===
# of expected passes 1758
# of unexpected failures 64
=== libstdc++ tests ===
Running target unix
FAIL: 22_locale/time_get/get_date/wchar_t/4.cc execution test
FAIL: 26_numerics/complex/13450.cc (test for excess errors)
UNRESOLVED: 26_numerics/complex/13450.cc compilation failed to produce executable
XPASS: 26_numerics/headers/cmath/c99_classification_macros_c.cc (test for excess errors)
WARNING: program timed out.
FAIL: ext/pb_ds/regression/tree_no_data_map_rand.cc (test for excess errors)
UNRESOLVED: ext/pb_ds/regression/tree_no_data_map_rand.cc compilation failed to produce executable
WARNING: program timed out.
FAIL: ext/rope/pthread7-rope.cc execution test
FAIL: tr1/8_c_compatibility/complex/overloads_int.cc (test for excess errors)
UNRESOLVED: tr1/8_c_compatibility/complex/overloads_int.cc compilation failed to produce executable
=== libstdc++ Summary ===
# of expected passes 6718
# of unexpected failures 5
# of unexpected successes 1
# of expected failures 82
# of unresolved testcases 3
# of unsupported tests 18
Compiler version: 4.5.0 20090507 (experimental) [trunk revision 147214] (GCC)
Platform: hppa-unknown-linux-gnu
configure flags: --with-gnu-as --with-gnu-ld --enable-shared --prefix=/home/dave/opt/gnu/gcc/gcc-4.5.0 --with-local-prefix=/home/dave/opt/gnu --enable-threads=posix --enable-__cxa_atexit --build=hppa-linux --enable-clocale=gnu --enable-java-gc=boehm --enable-java-awt=xlib --enable-languages=c,c++,objc,fortran,obj-c++,java,ada