This is the mail archive of the
gcc-testresults@gcc.gnu.org
mailing list for the GCC project.
Results for 4.5.0 20090428 (experimental) [ revision ] (GCC) testsuite on alphaev56-unknown-linux-gnu
- From: uros at gcc11 dot fsffrance dot org
- To: gcc-testresults at gcc dot gnu dot org
- Date: Thu, 30 Apr 2009 10:45:44 +0200
- Subject: Results for 4.5.0 20090428 (experimental) [ revision ] (GCC) testsuite on alphaev56-unknown-linux-gnu
LAST_UPDATED: mardi 28 avril 2009, 09:58:59 (UTC+0000) (revision )
Native configuration is alphaev56-unknown-linux-gnu
=== libgomp tests ===
Running target unix
FAIL: libgomp.c++/task-4.C -O (internal compiler error)
FAIL: libgomp.c++/task-4.C -O (test for excess errors)
UNRESOLVED: libgomp.c++/task-4.C -O compilation failed to produce executable
=== libgomp Summary ===
# of expected passes 2406
# of unexpected failures 2
# of unresolved testcases 1
=== libmudflap tests ===
Running target unix
FAIL: libmudflap.c/pass54-frag.c execution test
FAIL: libmudflap.c/pass54-frag.c execution test
FAIL: libmudflap.c/pass54-frag.c (-static) execution test
FAIL: libmudflap.c/pass54-frag.c (-static) execution test
FAIL: libmudflap.c++/pass41-frag.cxx execution test
FAIL: libmudflap.c++/pass41-frag.cxx (-static) execution test
FAIL: libmudflap.c++/pass41-frag.cxx (-O2) execution test
FAIL: libmudflap.c++/pass41-frag.cxx (-O3) execution test
=== libmudflap Summary ===
# of expected passes 1886
# of unexpected failures 8
=== libstdc++ tests ===
Running target unix
FAIL: 22_locale/time_get/get_date/wchar_t/4.cc execution test
XPASS: 26_numerics/headers/cmath/c99_classification_macros_c.cc (test for excess errors)
=== libstdc++ Summary ===
# of expected passes 6727
# of unexpected failures 1
# of unexpected successes 1
# of expected failures 82
# of unsupported tests 15
=== gcc tests ===
Running target unix
FAIL: gcc.c-torture/execute/20030916-1.c execution, -O1
FAIL: gcc.c-torture/execute/20030916-1.c execution, -O2
FAIL: gcc.c-torture/execute/20030916-1.c execution, -Os
XPASS: gcc.dg/Warray-bounds.c (test for warnings, line 59)
XPASS: gcc.dg/Warray-bounds.c (test for warnings, line 65)
FAIL: gcc.dg/cleanup-10.c execution test
FAIL: gcc.dg/cleanup-11.c execution test
FAIL: gcc.dg/cleanup-8.c execution test
FAIL: gcc.dg/cleanup-9.c execution test
FAIL: gcc.dg/pr32912-2.c (internal compiler error)
FAIL: gcc.dg/pr32912-2.c (test for excess errors)
UNRESOLVED: gcc.dg/pr32912-2.c compilation failed to produce executable
FAIL: gcc.dg/pr32912-3.c (internal compiler error)
FAIL: gcc.dg/pr32912-3.c (test for excess errors)
FAIL: gcc.dg/pr32912-3.c scan-tree-dump-not optimized "~{": dump file does not exist
FAIL: gcc.dg/pr34989-1.c (internal compiler error)
FAIL: gcc.dg/pr34989-1.c (test for excess errors)
FAIL: gcc.dg/pr35652.c (test for excess errors)
XPASS: gcc.dg/struct/wo_prof_array_through_pointer.c scan-ipa-dump ipa_struct_reorg "Number of structures to transform is 1"
FAIL: gcc.dg/struct/wo_prof_double_malloc.c (internal compiler error)
FAIL: gcc.dg/struct/wo_prof_double_malloc.c (test for excess errors)
UNRESOLVED: gcc.dg/struct/wo_prof_double_malloc.c compilation failed to produce executable
=== gcc Summary ===
# of expected passes 50701
# of unexpected failures 17
# of unexpected successes 3
# of expected failures 74
# of unresolved testcases 2
# of unsupported tests 502
/home/uros/gcc-build/gcc/xgcc version 4.5.0 20090428 (experimental) [ revision ] (GCC)
=== gfortran tests ===
Running target unix
=== gfortran Summary ===
# of expected passes 29745
# of expected failures 19
# of unsupported tests 46
/home/uros/gcc-build/gcc/testsuite/gfortran/../../gfortran version 4.5.0 20090428 (experimental) [ revision ] (GCC)
=== g++ tests ===
Running target unix
FAIL: g++.dg/ext/cleanup-10.C execution test
FAIL: g++.dg/ext/cleanup-11.C execution test
FAIL: g++.dg/ext/cleanup-8.C execution test
FAIL: g++.dg/ext/cleanup-9.C execution test
=== g++ Summary ===
# of expected passes 19183
# of unexpected failures 4
# of expected failures 140
# of unsupported tests 160
/home/uros/gcc-build/gcc/testsuite/g++/../../g++ version 4.5.0 20090428 (experimental) [ revision ] (GCC)
Compiler version: 4.5.0 20090428 (experimental) [ revision ] (GCC)
Platform: alphaev56-unknown-linux-gnu
configure flags: --enable-languages=c,c++,fortran
BOOT_CFLAGS=-g -O2