This is the mail archive of the
gcc-testresults@gcc.gnu.org
mailing list for the GCC project.
Results for 4.5.0 20090429 (experimental) (GCC) testsuite on m68k-unknown-elf
- From: CodeSourcery Automatic Testing System <gcc at codesourcery dot com>
- To: gcc-testresults at gcc dot gnu dot org
- Date: Wed, 29 Apr 2009 16:19:29 -0700 (PDT)
- Subject: Results for 4.5.0 20090429 (experimental) (GCC) testsuite on m68k-unknown-elf
LAST_UPDATED: Wed Apr 29 07:18:57 UTC 2009 (/trunk revision 146925)
Target is m68k-unknown-elf
Host is i686-pc-linux-gnu
=== g++ tests ===
Running target qemu-coldfire-elf-prebuilt-fsf/-mcpu=5206e
FAIL: g++.dg/eh/gcsec1.C execution test
FAIL: g++.dg/init/ref15.C execution test
FAIL: g++.dg/torture/pr36191.C -O3 -fomit-frame-pointer (test for excess errors)
FAIL: g++.dg/torture/type-generic-1.C -O0 execution test
FAIL: g++.dg/torture/type-generic-1.C -O1 execution test
FAIL: g++.dg/torture/type-generic-1.C -O2 execution test
FAIL: g++.dg/torture/type-generic-1.C -O3 -fomit-frame-pointer execution test
FAIL: g++.dg/torture/type-generic-1.C -O3 -g execution test
FAIL: g++.dg/torture/type-generic-1.C -Os execution test
=== g++ Summary ===
# of expected passes 18571
# of unexpected failures 9
# of expected failures 139
# of unsupported tests 198
/scratch/gcc/nightly-2009-04-29-mainline/coldfire-elf/obj/test-mainline-0-m68k-elf/host-i686-pc-linux-gnu/fsf-mainline/bin/m68k-elf-g++ version 4.5.0 20090429 (experimental) (GCC)
Host is i686-pc-linux-gnu
=== gcc tests ===
Running target qemu-coldfire-elf-prebuilt-fsf/-mcpu=5206e
FAIL: gcc.c-torture/execute/20060420-1.c compilation, -O2 (internal compiler error)
UNRESOLVED: gcc.c-torture/execute/20060420-1.c execution, -O2
FAIL: gcc.c-torture/execute/20060420-1.c compilation, -O3 -fomit-frame-pointer (internal compiler error)
UNRESOLVED: gcc.c-torture/execute/20060420-1.c execution, -O3 -fomit-frame-pointer
FAIL: gcc.c-torture/execute/20060420-1.c compilation, -O3 -fomit-frame-pointer -funroll-loops (internal compiler error)
UNRESOLVED: gcc.c-torture/execute/20060420-1.c execution, -O3 -fomit-frame-pointer -funroll-loops
FAIL: gcc.c-torture/execute/20060420-1.c compilation, -O3 -fomit-frame-pointer -funroll-all-loops -finline-functions (internal compiler error)
UNRESOLVED: gcc.c-torture/execute/20060420-1.c execution, -O3 -fomit-frame-pointer -funroll-all-loops -finline-functions
FAIL: gcc.c-torture/execute/20060420-1.c compilation, -O3 -g (internal compiler error)
UNRESOLVED: gcc.c-torture/execute/20060420-1.c execution, -O3 -g
XPASS: gcc.dg/Warray-bounds.c (test for warnings, line 59)
XPASS: gcc.dg/Warray-bounds.c (test for warnings, line 65)
FAIL: gcc.dg/pr28796-2.c execution test
FAIL: gcc.dg/pr34989-1.c (internal compiler error)
FAIL: gcc.dg/pr34989-1.c (test for excess errors)
XPASS: gcc.dg/struct/wo_prof_array_through_pointer.c scan-ipa-dump ipa_struct_reorg "Number of structures to transform is 1"
FAIL: gcc.dg/struct/wo_prof_double_malloc.c (internal compiler error)
FAIL: gcc.dg/struct/wo_prof_double_malloc.c (test for excess errors)
UNRESOLVED: gcc.dg/struct/wo_prof_double_malloc.c compilation failed to produce executable
FAIL: gcc.dg/torture/type-generic-1.c -O0 execution test
FAIL: gcc.dg/torture/type-generic-1.c -O1 execution test
FAIL: gcc.dg/torture/type-generic-1.c -O2 execution test
FAIL: gcc.dg/torture/type-generic-1.c -O3 -fomit-frame-pointer execution test
FAIL: gcc.dg/torture/type-generic-1.c -O3 -g execution test
FAIL: gcc.dg/torture/type-generic-1.c -Os execution test
FAIL: gcc.dg/tree-ssa/vrp47.c scan-tree-dump-times vrp1 "[xy][^ ]* !=" 0
FAIL: gcc.dg/tree-ssa/vrp47.c scan-tree-dump-times dom1 "x[^ ]* & y" 1
FAIL: gcc.dg/tree-ssa/vrp47.c scan-tree-dump-times vrp1 "x[^ ]* [|] y" 1
=== gcc Summary ===
# of expected passes 49805
# of unexpected failures 19
# of unexpected successes 3
# of expected failures 68
# of unresolved testcases 6
# of unsupported tests 599
/scratch/gcc/nightly-2009-04-29-mainline/coldfire-elf/obj/test-mainline-0-m68k-elf/host-i686-pc-linux-gnu/fsf-mainline/bin/m68k-elf-gcc version 4.5.0 20090429 (experimental) (GCC)
Host is i686-pc-linux-gnu
=== libstdc++ tests ===
Running target qemu-coldfire-elf-prebuilt-fsf/-mcpu=5206e
FAIL: 21_strings/basic_string/inserters_extractors/wchar_t/28277.cc execution test
FAIL: 22_locale/collate/transform/wchar_t/28277.cc execution test
FAIL: 22_locale/ctype/scan/wchar_t/1.cc execution test
FAIL: 23_containers/forward_list/ext_pointer/operations/4.cc (test for excess errors)
UNRESOLVED: 23_containers/forward_list/ext_pointer/operations/4.cc compilation failed to produce executable
FAIL: 26_numerics/random/bernoulli_distribution/cons/default.cc (test for excess errors)
UNRESOLVED: 26_numerics/random/bernoulli_distribution/cons/default.cc compilation failed to produce executable
FAIL: 26_numerics/random/bernoulli_distribution/cons/parms.cc (test for excess errors)
UNRESOLVED: 26_numerics/random/bernoulli_distribution/cons/parms.cc compilation failed to produce executable
FAIL: 26_numerics/random/bernoulli_distribution/requirements/typedefs.cc (test for excess errors)
FAIL: 26_numerics/random/binomial_distribution/cons/default.cc (test for excess errors)
UNRESOLVED: 26_numerics/random/binomial_distribution/cons/default.cc compilation failed to produce executable
FAIL: 26_numerics/random/binomial_distribution/cons/parms.cc (test for excess errors)
UNRESOLVED: 26_numerics/random/binomial_distribution/cons/parms.cc compilation failed to produce executable
FAIL: 26_numerics/random/binomial_distribution/requirements/typedefs.cc (test for excess errors)
FAIL: 26_numerics/random/cauchy_distribution/cons/default.cc (test for excess errors)
UNRESOLVED: 26_numerics/random/cauchy_distribution/cons/default.cc compilation failed to produce executable
FAIL: 26_numerics/random/cauchy_distribution/cons/parms.cc (test for excess errors)
UNRESOLVED: 26_numerics/random/cauchy_distribution/cons/parms.cc compilation failed to produce executable
FAIL: 26_numerics/random/cauchy_distribution/requirements/typedefs.cc (test for excess errors)
FAIL: 26_numerics/random/chi_squared_distribution/cons/default.cc (test for excess errors)
UNRESOLVED: 26_numerics/random/chi_squared_distribution/cons/default.cc compilation failed to produce executable
FAIL: 26_numerics/random/chi_squared_distribution/cons/parms.cc (test for excess errors)
UNRESOLVED: 26_numerics/random/chi_squared_distribution/cons/parms.cc compilation failed to produce executable
FAIL: 26_numerics/random/chi_squared_distribution/requirements/typedefs.cc (test for excess errors)
FAIL: 26_numerics/random/default_random_engine.cc (test for excess errors)
UNRESOLVED: 26_numerics/random/default_random_engine.cc compilation failed to produce executable
FAIL: 26_numerics/random/discard_block_engine/cons/base_copy.cc (test for excess errors)
UNRESOLVED: 26_numerics/random/discard_block_engine/cons/base_copy.cc compilation failed to produce executable
FAIL: 26_numerics/random/discard_block_engine/cons/base_move.cc (test for excess errors)
UNRESOLVED: 26_numerics/random/discard_block_engine/cons/base_move.cc compilation failed to produce executable
FAIL: 26_numerics/random/discard_block_engine/cons/default.cc (test for excess errors)
UNRESOLVED: 26_numerics/random/discard_block_engine/cons/default.cc compilation failed to produce executable
FAIL: 26_numerics/random/discard_block_engine/cons/seed1.cc (test for excess errors)
UNRESOLVED: 26_numerics/random/discard_block_engine/cons/seed1.cc compilation failed to produce executable
FAIL: 26_numerics/random/discard_block_engine/cons/seed2.cc (test for excess errors)
UNRESOLVED: 26_numerics/random/discard_block_engine/cons/seed2.cc compilation failed to produce executable
FAIL: 26_numerics/random/discard_block_engine/cons/seed_seq.cc (test for excess errors)
UNRESOLVED: 26_numerics/random/discard_block_engine/cons/seed_seq.cc compilation failed to produce executable
FAIL: 26_numerics/random/discard_block_engine/operators/equal.cc (test for excess errors)
UNRESOLVED: 26_numerics/random/discard_block_engine/operators/equal.cc compilation failed to produce executable
FAIL: 26_numerics/random/discard_block_engine/operators/serialize.cc (test for excess errors)
UNRESOLVED: 26_numerics/random/discard_block_engine/operators/serialize.cc compilation failed to produce executable
FAIL: 26_numerics/random/discard_block_engine/requirements/typedefs.cc (test for excess errors)
FAIL: 26_numerics/random/discrete_distribution/cons/default.cc (test for excess errors)
UNRESOLVED: 26_numerics/random/discrete_distribution/cons/default.cc compilation failed to produce executable
FAIL: 26_numerics/random/discrete_distribution/cons/initlist.cc (test for excess errors)
UNRESOLVED: 26_numerics/random/discrete_distribution/cons/initlist.cc compilation failed to produce executable
FAIL: 26_numerics/random/discrete_distribution/cons/num_xbound_fun.cc (test for excess errors)
UNRESOLVED: 26_numerics/random/discrete_distribution/cons/num_xbound_fun.cc compilation failed to produce executable
FAIL: 26_numerics/random/discrete_distribution/cons/range.cc (test for excess errors)
UNRESOLVED: 26_numerics/random/discrete_distribution/cons/range.cc compilation failed to produce executable
FAIL: 26_numerics/random/discrete_distribution/requirements/typedefs.cc (test for excess errors)
FAIL: 26_numerics/random/exponential_distribution/cons/default.cc (test for excess errors)
UNRESOLVED: 26_numerics/random/exponential_distribution/cons/default.cc compilation failed to produce executable
FAIL: 26_numerics/random/exponential_distribution/cons/parms.cc (test for excess errors)
UNRESOLVED: 26_numerics/random/exponential_distribution/cons/parms.cc compilation failed to produce executable
FAIL: 26_numerics/random/exponential_distribution/requirements/typedefs.cc (test for excess errors)
FAIL: 26_numerics/random/extreme_value_distribution/cons/default.cc (test for excess errors)
UNRESOLVED: 26_numerics/random/extreme_value_distribution/cons/default.cc compilation failed to produce executable
FAIL: 26_numerics/random/extreme_value_distribution/cons/parms.cc (test for excess errors)
UNRESOLVED: 26_numerics/random/extreme_value_distribution/cons/parms.cc compilation failed to produce executable
FAIL: 26_numerics/random/extreme_value_distribution/requirements/typedefs.cc (test for excess errors)
FAIL: 26_numerics/random/fisher_f_distribution/cons/default.cc (test for excess errors)
UNRESOLVED: 26_numerics/random/fisher_f_distribution/cons/default.cc compilation failed to produce executable
FAIL: 26_numerics/random/fisher_f_distribution/cons/parms.cc (test for excess errors)
UNRESOLVED: 26_numerics/random/fisher_f_distribution/cons/parms.cc compilation failed to produce executable
FAIL: 26_numerics/random/fisher_f_distribution/requirements/typedefs.cc (test for excess errors)
FAIL: 26_numerics/random/gamma_distribution/cons/default.cc (test for excess errors)
UNRESOLVED: 26_numerics/random/gamma_distribution/cons/default.cc compilation failed to produce executable
FAIL: 26_numerics/random/gamma_distribution/cons/parms.cc (test for excess errors)
UNRESOLVED: 26_numerics/random/gamma_distribution/cons/parms.cc compilation failed to produce executable
FAIL: 26_numerics/random/gamma_distribution/requirements/typedefs.cc (test for excess errors)
FAIL: 26_numerics/random/geometric_distribution/cons/default.cc (test for excess errors)
UNRESOLVED: 26_numerics/random/geometric_distribution/cons/default.cc compilation failed to produce executable
FAIL: 26_numerics/random/geometric_distribution/cons/parms.cc (test for excess errors)
UNRESOLVED: 26_numerics/random/geometric_distribution/cons/parms.cc compilation failed to produce executable
FAIL: 26_numerics/random/geometric_distribution/requirements/typedefs.cc (test for excess errors)
FAIL: 26_numerics/random/independent_bits_engine/cons/base_copy.cc (test for excess errors)
UNRESOLVED: 26_numerics/random/independent_bits_engine/cons/base_copy.cc compilation failed to produce executable
FAIL: 26_numerics/random/independent_bits_engine/cons/base_move.cc (test for excess errors)
UNRESOLVED: 26_numerics/random/independent_bits_engine/cons/base_move.cc compilation failed to produce executable
FAIL: 26_numerics/random/independent_bits_engine/cons/default.cc (test for excess errors)
UNRESOLVED: 26_numerics/random/independent_bits_engine/cons/default.cc compilation failed to produce executable
FAIL: 26_numerics/random/independent_bits_engine/cons/seed1.cc (test for excess errors)
UNRESOLVED: 26_numerics/random/independent_bits_engine/cons/seed1.cc compilation failed to produce executable
FAIL: 26_numerics/random/independent_bits_engine/cons/seed2.cc (test for excess errors)
UNRESOLVED: 26_numerics/random/independent_bits_engine/cons/seed2.cc compilation failed to produce executable
FAIL: 26_numerics/random/independent_bits_engine/cons/seed_seq.cc (test for excess errors)
UNRESOLVED: 26_numerics/random/independent_bits_engine/cons/seed_seq.cc compilation failed to produce executable
FAIL: 26_numerics/random/independent_bits_engine/operators/equal.cc (test for excess errors)
UNRESOLVED: 26_numerics/random/independent_bits_engine/operators/equal.cc compilation failed to produce executable
FAIL: 26_numerics/random/independent_bits_engine/operators/serialize.cc (test for excess errors)
UNRESOLVED: 26_numerics/random/independent_bits_engine/operators/serialize.cc compilation failed to produce executable
FAIL: 26_numerics/random/independent_bits_engine/requirements/typedefs.cc (test for excess errors)
FAIL: 26_numerics/random/knuth_b.cc (test for excess errors)
UNRESOLVED: 26_numerics/random/knuth_b.cc compilation failed to produce executable
FAIL: 26_numerics/random/linear_congruential_engine/cons/default.cc (test for excess errors)
UNRESOLVED: 26_numerics/random/linear_congruential_engine/cons/default.cc compilation failed to produce executable
FAIL: 26_numerics/random/linear_congruential_engine/cons/seed1.cc (test for excess errors)
UNRESOLVED: 26_numerics/random/linear_congruential_engine/cons/seed1.cc compilation failed to produce executable
FAIL: 26_numerics/random/linear_congruential_engine/cons/seed2.cc (test for excess errors)
UNRESOLVED: 26_numerics/random/linear_congruential_engine/cons/seed2.cc compilation failed to produce executable
FAIL: 26_numerics/random/linear_congruential_engine/operators/equal.cc (test for excess errors)
UNRESOLVED: 26_numerics/random/linear_congruential_engine/operators/equal.cc compilation failed to produce executable
FAIL: 26_numerics/random/linear_congruential_engine/operators/serialize.cc (test for excess errors)
UNRESOLVED: 26_numerics/random/linear_congruential_engine/operators/serialize.cc compilation failed to produce executable
FAIL: 26_numerics/random/linear_congruential_engine/requirements/non_uint_neg.cc (test for excess errors)
FAIL: 26_numerics/random/linear_congruential_engine/requirements/typedefs.cc (test for excess errors)
FAIL: 26_numerics/random/lognormal_distribution/cons/default.cc (test for excess errors)
UNRESOLVED: 26_numerics/random/lognormal_distribution/cons/default.cc compilation failed to produce executable
FAIL: 26_numerics/random/lognormal_distribution/cons/parms.cc (test for excess errors)
UNRESOLVED: 26_numerics/random/lognormal_distribution/cons/parms.cc compilation failed to produce executable
FAIL: 26_numerics/random/lognormal_distribution/requirements/typedefs.cc (test for excess errors)
FAIL: 26_numerics/random/mersenne_twister_engine/cons/default.cc (test for excess errors)
UNRESOLVED: 26_numerics/random/mersenne_twister_engine/cons/default.cc compilation failed to produce executable
FAIL: 26_numerics/random/mersenne_twister_engine/cons/seed1.cc (test for excess errors)
UNRESOLVED: 26_numerics/random/mersenne_twister_engine/cons/seed1.cc compilation failed to produce executable
FAIL: 26_numerics/random/mersenne_twister_engine/cons/seed2.cc (test for excess errors)
UNRESOLVED: 26_numerics/random/mersenne_twister_engine/cons/seed2.cc compilation failed to produce executable
FAIL: 26_numerics/random/mersenne_twister_engine/operators/equal.cc (test for excess errors)
UNRESOLVED: 26_numerics/random/mersenne_twister_engine/operators/equal.cc compilation failed to produce executable
FAIL: 26_numerics/random/mersenne_twister_engine/operators/serialize.cc (test for excess errors)
UNRESOLVED: 26_numerics/random/mersenne_twister_engine/operators/serialize.cc compilation failed to produce executable
FAIL: 26_numerics/random/mersenne_twister_engine/requirements/typedefs.cc (test for excess errors)
FAIL: 26_numerics/random/minstd_rand.cc (test for excess errors)
UNRESOLVED: 26_numerics/random/minstd_rand.cc compilation failed to produce executable
FAIL: 26_numerics/random/minstd_rand0.cc (test for excess errors)
UNRESOLVED: 26_numerics/random/minstd_rand0.cc compilation failed to produce executable
FAIL: 26_numerics/random/mt19937.cc (test for excess errors)
UNRESOLVED: 26_numerics/random/mt19937.cc compilation failed to produce executable
FAIL: 26_numerics/random/mt19937_64.cc (test for excess errors)
UNRESOLVED: 26_numerics/random/mt19937_64.cc compilation failed to produce executable
FAIL: 26_numerics/random/negative_binomial_distribution/cons/default.cc (test for excess errors)
UNRESOLVED: 26_numerics/random/negative_binomial_distribution/cons/default.cc compilation failed to produce executable
FAIL: 26_numerics/random/negative_binomial_distribution/cons/parms.cc (test for excess errors)
UNRESOLVED: 26_numerics/random/negative_binomial_distribution/cons/parms.cc compilation failed to produce executable
FAIL: 26_numerics/random/negative_binomial_distribution/requirements/typedefs.cc (test for excess errors)
FAIL: 26_numerics/random/normal_distribution/cons/default.cc (test for excess errors)
UNRESOLVED: 26_numerics/random/normal_distribution/cons/default.cc compilation failed to produce executable
FAIL: 26_numerics/random/normal_distribution/cons/parms.cc (test for excess errors)
UNRESOLVED: 26_numerics/random/normal_distribution/cons/parms.cc compilation failed to produce executable
FAIL: 26_numerics/random/normal_distribution/requirements/typedefs.cc (test for excess errors)
FAIL: 26_numerics/random/piecewise_constant_distribution/cons/default.cc (test for excess errors)
UNRESOLVED: 26_numerics/random/piecewise_constant_distribution/cons/default.cc compilation failed to produce executable
FAIL: 26_numerics/random/piecewise_constant_distribution/cons/initlist_fun.cc (test for excess errors)
UNRESOLVED: 26_numerics/random/piecewise_constant_distribution/cons/initlist_fun.cc compilation failed to produce executable
FAIL: 26_numerics/random/piecewise_constant_distribution/cons/num_xbound_fun.cc (test for excess errors)
UNRESOLVED: 26_numerics/random/piecewise_constant_distribution/cons/num_xbound_fun.cc compilation failed to produce executable
FAIL: 26_numerics/random/piecewise_constant_distribution/cons/range.cc (test for excess errors)
UNRESOLVED: 26_numerics/random/piecewise_constant_distribution/cons/range.cc compilation failed to produce executable
FAIL: 26_numerics/random/piecewise_constant_distribution/requirements/typedefs.cc (test for excess errors)
FAIL: 26_numerics/random/piecewise_linear_distribution/cons/default.cc (test for excess errors)
UNRESOLVED: 26_numerics/random/piecewise_linear_distribution/cons/default.cc compilation failed to produce executable
FAIL: 26_numerics/random/piecewise_linear_distribution/cons/initlist_fun.cc (test for excess errors)
UNRESOLVED: 26_numerics/random/piecewise_linear_distribution/cons/initlist_fun.cc compilation failed to produce executable
FAIL: 26_numerics/random/piecewise_linear_distribution/cons/num_xbound_fun.cc (test for excess errors)
UNRESOLVED: 26_numerics/random/piecewise_linear_distribution/cons/num_xbound_fun.cc compilation failed to produce executable
FAIL: 26_numerics/random/piecewise_linear_distribution/cons/range.cc (test for excess errors)
UNRESOLVED: 26_numerics/random/piecewise_linear_distribution/cons/range.cc compilation failed to produce executable
FAIL: 26_numerics/random/piecewise_linear_distribution/requirements/typedefs.cc (test for excess errors)
FAIL: 26_numerics/random/poisson_distribution/cons/default.cc (test for excess errors)
UNRESOLVED: 26_numerics/random/poisson_distribution/cons/default.cc compilation failed to produce executable
FAIL: 26_numerics/random/poisson_distribution/cons/parms.cc (test for excess errors)
UNRESOLVED: 26_numerics/random/poisson_distribution/cons/parms.cc compilation failed to produce executable
FAIL: 26_numerics/random/poisson_distribution/requirements/typedefs.cc (test for excess errors)
FAIL: 26_numerics/random/random_device/cons/default.cc (test for excess errors)
UNRESOLVED: 26_numerics/random/random_device/cons/default.cc compilation failed to produce executable
FAIL: 26_numerics/random/random_device/cons/token.cc (test for excess errors)
UNRESOLVED: 26_numerics/random/random_device/cons/token.cc compilation failed to produce executable
FAIL: 26_numerics/random/random_device/requirements/typedefs.cc (test for excess errors)
FAIL: 26_numerics/random/ranlux24.cc (test for excess errors)
UNRESOLVED: 26_numerics/random/ranlux24.cc compilation failed to produce executable
FAIL: 26_numerics/random/ranlux24_base.cc (test for excess errors)
UNRESOLVED: 26_numerics/random/ranlux24_base.cc compilation failed to produce executable
FAIL: 26_numerics/random/ranlux48.cc (test for excess errors)
UNRESOLVED: 26_numerics/random/ranlux48.cc compilation failed to produce executable
FAIL: 26_numerics/random/ranlux48_base.cc (test for excess errors)
UNRESOLVED: 26_numerics/random/ranlux48_base.cc compilation failed to produce executable
FAIL: 26_numerics/random/seed_seq/cons/default.cc (test for excess errors)
UNRESOLVED: 26_numerics/random/seed_seq/cons/default.cc compilation failed to produce executable
FAIL: 26_numerics/random/seed_seq/cons/initlist.cc (test for excess errors)
UNRESOLVED: 26_numerics/random/seed_seq/cons/initlist.cc compilation failed to produce executable
FAIL: 26_numerics/random/seed_seq/cons/range.cc (test for excess errors)
UNRESOLVED: 26_numerics/random/seed_seq/cons/range.cc compilation failed to produce executable
FAIL: 26_numerics/random/seed_seq/requirements/typedefs.cc (test for excess errors)
FAIL: 26_numerics/random/shuffle_order_engine/cons/base_copy.cc (test for excess errors)
UNRESOLVED: 26_numerics/random/shuffle_order_engine/cons/base_copy.cc compilation failed to produce executable
FAIL: 26_numerics/random/shuffle_order_engine/cons/base_move.cc (test for excess errors)
UNRESOLVED: 26_numerics/random/shuffle_order_engine/cons/base_move.cc compilation failed to produce executable
FAIL: 26_numerics/random/shuffle_order_engine/cons/default.cc (test for excess errors)
UNRESOLVED: 26_numerics/random/shuffle_order_engine/cons/default.cc compilation failed to produce executable
FAIL: 26_numerics/random/shuffle_order_engine/cons/seed1.cc (test for excess errors)
UNRESOLVED: 26_numerics/random/shuffle_order_engine/cons/seed1.cc compilation failed to produce executable
FAIL: 26_numerics/random/shuffle_order_engine/cons/seed2.cc (test for excess errors)
UNRESOLVED: 26_numerics/random/shuffle_order_engine/cons/seed2.cc compilation failed to produce executable
FAIL: 26_numerics/random/shuffle_order_engine/cons/seed_seq.cc (test for excess errors)
UNRESOLVED: 26_numerics/random/shuffle_order_engine/cons/seed_seq.cc compilation failed to produce executable
FAIL: 26_numerics/random/shuffle_order_engine/operators/equal.cc (test for excess errors)
UNRESOLVED: 26_numerics/random/shuffle_order_engine/operators/equal.cc compilation failed to produce executable
FAIL: 26_numerics/random/shuffle_order_engine/operators/serialize.cc (test for excess errors)
UNRESOLVED: 26_numerics/random/shuffle_order_engine/operators/serialize.cc compilation failed to produce executable
FAIL: 26_numerics/random/shuffle_order_engine/requirements/typedefs.cc (test for excess errors)
FAIL: 26_numerics/random/student_t_distribution/cons/default.cc (test for excess errors)
UNRESOLVED: 26_numerics/random/student_t_distribution/cons/default.cc compilation failed to produce executable
FAIL: 26_numerics/random/student_t_distribution/cons/parms.cc (test for excess errors)
UNRESOLVED: 26_numerics/random/student_t_distribution/cons/parms.cc compilation failed to produce executable
FAIL: 26_numerics/random/student_t_distribution/requirements/typedefs.cc (test for excess errors)
FAIL: 26_numerics/random/subtract_with_carry_engine/cons/default.cc (test for excess errors)
UNRESOLVED: 26_numerics/random/subtract_with_carry_engine/cons/default.cc compilation failed to produce executable
FAIL: 26_numerics/random/subtract_with_carry_engine/cons/seed1.cc (test for excess errors)
UNRESOLVED: 26_numerics/random/subtract_with_carry_engine/cons/seed1.cc compilation failed to produce executable
FAIL: 26_numerics/random/subtract_with_carry_engine/cons/seed2.cc (test for excess errors)
UNRESOLVED: 26_numerics/random/subtract_with_carry_engine/cons/seed2.cc compilation failed to produce executable
FAIL: 26_numerics/random/subtract_with_carry_engine/operators/equal.cc (test for excess errors)
UNRESOLVED: 26_numerics/random/subtract_with_carry_engine/operators/equal.cc compilation failed to produce executable
FAIL: 26_numerics/random/subtract_with_carry_engine/operators/serialize.cc (test for excess errors)
UNRESOLVED: 26_numerics/random/subtract_with_carry_engine/operators/serialize.cc compilation failed to produce executable
FAIL: 26_numerics/random/subtract_with_carry_engine/requirements/typedefs.cc (test for excess errors)
FAIL: 26_numerics/random/uniform_int_distribution/cons/default.cc (test for excess errors)
UNRESOLVED: 26_numerics/random/uniform_int_distribution/cons/default.cc compilation failed to produce executable
FAIL: 26_numerics/random/uniform_int_distribution/cons/parms.cc (test for excess errors)
UNRESOLVED: 26_numerics/random/uniform_int_distribution/cons/parms.cc compilation failed to produce executable
FAIL: 26_numerics/random/uniform_int_distribution/cons/parms_neg.cc (test for excess errors)
UNRESOLVED: 26_numerics/random/uniform_int_distribution/cons/parms_neg.cc compilation failed to produce executable
FAIL: 26_numerics/random/uniform_int_distribution/requirements/typedefs.cc (test for excess errors)
FAIL: 26_numerics/random/uniform_real_distribution/cons/default.cc (test for excess errors)
UNRESOLVED: 26_numerics/random/uniform_real_distribution/cons/default.cc compilation failed to produce executable
FAIL: 26_numerics/random/uniform_real_distribution/cons/parms.cc (test for excess errors)
UNRESOLVED: 26_numerics/random/uniform_real_distribution/cons/parms.cc compilation failed to produce executable
FAIL: 26_numerics/random/uniform_real_distribution/cons/parms_neg.cc (test for excess errors)
UNRESOLVED: 26_numerics/random/uniform_real_distribution/cons/parms_neg.cc compilation failed to produce executable
FAIL: 26_numerics/random/uniform_real_distribution/requirements/typedefs.cc (test for excess errors)
FAIL: 26_numerics/random/weibull_distribution/cons/default.cc (test for excess errors)
UNRESOLVED: 26_numerics/random/weibull_distribution/cons/default.cc compilation failed to produce executable
FAIL: 26_numerics/random/weibull_distribution/cons/parms.cc (test for excess errors)
UNRESOLVED: 26_numerics/random/weibull_distribution/cons/parms.cc compilation failed to produce executable
FAIL: 26_numerics/random/weibull_distribution/requirements/typedefs.cc (test for excess errors)
FAIL: 27_io/basic_filebuf/sgetn/char/1-in.cc execution test
FAIL: 27_io/basic_filebuf/sgetn/char/1-io.cc execution test
FAIL: 27_io/basic_filebuf/sgetn/char/2-in.cc execution test
FAIL: 27_io/basic_filebuf/sgetn/char/2-io.cc execution test
FAIL: 27_io/basic_filebuf/underflow/wchar_t/11603.cc execution test
FAIL: 27_io/basic_istream/extractors_arithmetic/char/12.cc execution test
FAIL: 27_io/basic_istream/extractors_arithmetic/wchar_t/12.cc execution test
FAIL: 27_io/basic_istream/readsome/char/6746-2.cc execution test
FAIL: 27_io/basic_istream/readsome/wchar_t/6746-2.cc execution test
FAIL: 27_io/basic_ostream/inserters_arithmetic/wchar_t/4402.cc execution test
FAIL: 27_io/basic_ostream/inserters_character/wchar_t/28277-3.cc execution test
FAIL: 27_io/basic_ostream/inserters_character/wchar_t/28277-4.cc execution test
FAIL: 27_io/basic_stringbuf/overflow/wchar_t/1.cc execution test
XPASS: 27_io/ios_base/sync_with_stdio/1.cc execution test
FAIL: 27_io/objects/char/6.cc execution test
FAIL: 27_io/objects/wchar_t/6.cc execution test
FAIL: ext/pool_allocator/allocate_chunk.cc execution test
FAIL: ext/vstring/inserters_extractors/wchar_t/28277.cc execution test
=== libstdc++ Summary ===
# of expected passes 5501
# of unexpected failures 152
# of unexpected successes 1
# of expected failures 77
# of unresolved testcases 103
# of unsupported tests 358
Host is i686-pc-linux-gnu
=== g++ tests ===
Running target qemu-coldfire-elf-prebuilt-fsf/-mcpu=5208
FAIL: g++.dg/eh/gcsec1.C execution test
FAIL: g++.dg/init/ref15.C execution test
FAIL: g++.dg/torture/pr36191.C -O3 -fomit-frame-pointer (test for excess errors)
FAIL: g++.dg/torture/type-generic-1.C -O0 execution test
FAIL: g++.dg/torture/type-generic-1.C -O1 execution test
FAIL: g++.dg/torture/type-generic-1.C -O2 execution test
FAIL: g++.dg/torture/type-generic-1.C -O3 -fomit-frame-pointer execution test
FAIL: g++.dg/torture/type-generic-1.C -O3 -g execution test
FAIL: g++.dg/torture/type-generic-1.C -Os execution test
=== g++ Summary ===
# of expected passes 18571
# of unexpected failures 9
# of expected failures 139
# of unsupported tests 198
/scratch/gcc/nightly-2009-04-29-mainline/coldfire-elf/obj/test-mainline-0-m68k-elf/host-i686-pc-linux-gnu/fsf-mainline/bin/m68k-elf-g++ version 4.5.0 20090429 (experimental) (GCC)
Host is i686-pc-linux-gnu
=== gcc tests ===
Running target qemu-coldfire-elf-prebuilt-fsf/-mcpu=5208
FAIL: gcc.c-torture/execute/20060420-1.c compilation, -O2 (internal compiler error)
UNRESOLVED: gcc.c-torture/execute/20060420-1.c execution, -O2
FAIL: gcc.c-torture/execute/20060420-1.c compilation, -O3 -fomit-frame-pointer (internal compiler error)
UNRESOLVED: gcc.c-torture/execute/20060420-1.c execution, -O3 -fomit-frame-pointer
FAIL: gcc.c-torture/execute/20060420-1.c compilation, -O3 -fomit-frame-pointer -funroll-loops (internal compiler error)
UNRESOLVED: gcc.c-torture/execute/20060420-1.c execution, -O3 -fomit-frame-pointer -funroll-loops
FAIL: gcc.c-torture/execute/20060420-1.c compilation, -O3 -fomit-frame-pointer -funroll-all-loops -finline-functions (internal compiler error)
UNRESOLVED: gcc.c-torture/execute/20060420-1.c execution, -O3 -fomit-frame-pointer -funroll-all-loops -finline-functions
FAIL: gcc.c-torture/execute/20060420-1.c compilation, -O3 -g (internal compiler error)
UNRESOLVED: gcc.c-torture/execute/20060420-1.c execution, -O3 -g
XPASS: gcc.dg/Warray-bounds.c (test for warnings, line 59)
XPASS: gcc.dg/Warray-bounds.c (test for warnings, line 65)
FAIL: gcc.dg/pr28796-2.c execution test
FAIL: gcc.dg/pr34989-1.c (internal compiler error)
FAIL: gcc.dg/pr34989-1.c (test for excess errors)
XPASS: gcc.dg/struct/wo_prof_array_through_pointer.c scan-ipa-dump ipa_struct_reorg "Number of structures to transform is 1"
FAIL: gcc.dg/struct/wo_prof_double_malloc.c (internal compiler error)
FAIL: gcc.dg/struct/wo_prof_double_malloc.c (test for excess errors)
UNRESOLVED: gcc.dg/struct/wo_prof_double_malloc.c compilation failed to produce executable
FAIL: gcc.dg/torture/type-generic-1.c -O0 execution test
FAIL: gcc.dg/torture/type-generic-1.c -O1 execution test
FAIL: gcc.dg/torture/type-generic-1.c -O2 execution test
FAIL: gcc.dg/torture/type-generic-1.c -O3 -fomit-frame-pointer execution test
FAIL: gcc.dg/torture/type-generic-1.c -O3 -g execution test
FAIL: gcc.dg/torture/type-generic-1.c -Os execution test
FAIL: gcc.dg/tree-ssa/vrp47.c scan-tree-dump-times vrp1 "[xy][^ ]* !=" 0
FAIL: gcc.dg/tree-ssa/vrp47.c scan-tree-dump-times dom1 "x[^ ]* & y" 1
FAIL: gcc.dg/tree-ssa/vrp47.c scan-tree-dump-times vrp1 "x[^ ]* [|] y" 1
=== gcc Summary ===
# of expected passes 49805
# of unexpected failures 19
# of unexpected successes 3
# of expected failures 68
# of unresolved testcases 6
# of unsupported tests 599
/scratch/gcc/nightly-2009-04-29-mainline/coldfire-elf/obj/test-mainline-0-m68k-elf/host-i686-pc-linux-gnu/fsf-mainline/bin/m68k-elf-gcc version 4.5.0 20090429 (experimental) (GCC)
Host is i686-pc-linux-gnu
=== libstdc++ tests ===
Running target qemu-coldfire-elf-prebuilt-fsf/-mcpu=5208
FAIL: 21_strings/basic_string/inserters_extractors/wchar_t/28277.cc execution test
FAIL: 22_locale/collate/transform/wchar_t/28277.cc execution test
FAIL: 22_locale/ctype/scan/wchar_t/1.cc execution test
FAIL: 23_containers/forward_list/ext_pointer/operations/4.cc (test for excess errors)
UNRESOLVED: 23_containers/forward_list/ext_pointer/operations/4.cc compilation failed to produce executable
FAIL: 26_numerics/random/bernoulli_distribution/cons/default.cc (test for excess errors)
UNRESOLVED: 26_numerics/random/bernoulli_distribution/cons/default.cc compilation failed to produce executable
FAIL: 26_numerics/random/bernoulli_distribution/cons/parms.cc (test for excess errors)
UNRESOLVED: 26_numerics/random/bernoulli_distribution/cons/parms.cc compilation failed to produce executable
FAIL: 26_numerics/random/bernoulli_distribution/requirements/typedefs.cc (test for excess errors)
FAIL: 26_numerics/random/binomial_distribution/cons/default.cc (test for excess errors)
UNRESOLVED: 26_numerics/random/binomial_distribution/cons/default.cc compilation failed to produce executable
FAIL: 26_numerics/random/binomial_distribution/cons/parms.cc (test for excess errors)
UNRESOLVED: 26_numerics/random/binomial_distribution/cons/parms.cc compilation failed to produce executable
FAIL: 26_numerics/random/binomial_distribution/requirements/typedefs.cc (test for excess errors)
FAIL: 26_numerics/random/cauchy_distribution/cons/default.cc (test for excess errors)
UNRESOLVED: 26_numerics/random/cauchy_distribution/cons/default.cc compilation failed to produce executable
FAIL: 26_numerics/random/cauchy_distribution/cons/parms.cc (test for excess errors)
UNRESOLVED: 26_numerics/random/cauchy_distribution/cons/parms.cc compilation failed to produce executable
FAIL: 26_numerics/random/cauchy_distribution/requirements/typedefs.cc (test for excess errors)
FAIL: 26_numerics/random/chi_squared_distribution/cons/default.cc (test for excess errors)
UNRESOLVED: 26_numerics/random/chi_squared_distribution/cons/default.cc compilation failed to produce executable
FAIL: 26_numerics/random/chi_squared_distribution/cons/parms.cc (test for excess errors)
UNRESOLVED: 26_numerics/random/chi_squared_distribution/cons/parms.cc compilation failed to produce executable
FAIL: 26_numerics/random/chi_squared_distribution/requirements/typedefs.cc (test for excess errors)
FAIL: 26_numerics/random/default_random_engine.cc (test for excess errors)
UNRESOLVED: 26_numerics/random/default_random_engine.cc compilation failed to produce executable
FAIL: 26_numerics/random/discard_block_engine/cons/base_copy.cc (test for excess errors)
UNRESOLVED: 26_numerics/random/discard_block_engine/cons/base_copy.cc compilation failed to produce executable
FAIL: 26_numerics/random/discard_block_engine/cons/base_move.cc (test for excess errors)
UNRESOLVED: 26_numerics/random/discard_block_engine/cons/base_move.cc compilation failed to produce executable
FAIL: 26_numerics/random/discard_block_engine/cons/default.cc (test for excess errors)
UNRESOLVED: 26_numerics/random/discard_block_engine/cons/default.cc compilation failed to produce executable
FAIL: 26_numerics/random/discard_block_engine/cons/seed1.cc (test for excess errors)
UNRESOLVED: 26_numerics/random/discard_block_engine/cons/seed1.cc compilation failed to produce executable
FAIL: 26_numerics/random/discard_block_engine/cons/seed2.cc (test for excess errors)
UNRESOLVED: 26_numerics/random/discard_block_engine/cons/seed2.cc compilation failed to produce executable
FAIL: 26_numerics/random/discard_block_engine/cons/seed_seq.cc (test for excess errors)
UNRESOLVED: 26_numerics/random/discard_block_engine/cons/seed_seq.cc compilation failed to produce executable
FAIL: 26_numerics/random/discard_block_engine/operators/equal.cc (test for excess errors)
UNRESOLVED: 26_numerics/random/discard_block_engine/operators/equal.cc compilation failed to produce executable
FAIL: 26_numerics/random/discard_block_engine/operators/serialize.cc (test for excess errors)
UNRESOLVED: 26_numerics/random/discard_block_engine/operators/serialize.cc compilation failed to produce executable
FAIL: 26_numerics/random/discard_block_engine/requirements/typedefs.cc (test for excess errors)
FAIL: 26_numerics/random/discrete_distribution/cons/default.cc (test for excess errors)
UNRESOLVED: 26_numerics/random/discrete_distribution/cons/default.cc compilation failed to produce executable
FAIL: 26_numerics/random/discrete_distribution/cons/initlist.cc (test for excess errors)
UNRESOLVED: 26_numerics/random/discrete_distribution/cons/initlist.cc compilation failed to produce executable
FAIL: 26_numerics/random/discrete_distribution/cons/num_xbound_fun.cc (test for excess errors)
UNRESOLVED: 26_numerics/random/discrete_distribution/cons/num_xbound_fun.cc compilation failed to produce executable
FAIL: 26_numerics/random/discrete_distribution/cons/range.cc (test for excess errors)
UNRESOLVED: 26_numerics/random/discrete_distribution/cons/range.cc compilation failed to produce executable
FAIL: 26_numerics/random/discrete_distribution/requirements/typedefs.cc (test for excess errors)
FAIL: 26_numerics/random/exponential_distribution/cons/default.cc (test for excess errors)
UNRESOLVED: 26_numerics/random/exponential_distribution/cons/default.cc compilation failed to produce executable
FAIL: 26_numerics/random/exponential_distribution/cons/parms.cc (test for excess errors)
UNRESOLVED: 26_numerics/random/exponential_distribution/cons/parms.cc compilation failed to produce executable
FAIL: 26_numerics/random/exponential_distribution/requirements/typedefs.cc (test for excess errors)
FAIL: 26_numerics/random/extreme_value_distribution/cons/default.cc (test for excess errors)
UNRESOLVED: 26_numerics/random/extreme_value_distribution/cons/default.cc compilation failed to produce executable
FAIL: 26_numerics/random/extreme_value_distribution/cons/parms.cc (test for excess errors)
UNRESOLVED: 26_numerics/random/extreme_value_distribution/cons/parms.cc compilation failed to produce executable
FAIL: 26_numerics/random/extreme_value_distribution/requirements/typedefs.cc (test for excess errors)
FAIL: 26_numerics/random/fisher_f_distribution/cons/default.cc (test for excess errors)
UNRESOLVED: 26_numerics/random/fisher_f_distribution/cons/default.cc compilation failed to produce executable
FAIL: 26_numerics/random/fisher_f_distribution/cons/parms.cc (test for excess errors)
UNRESOLVED: 26_numerics/random/fisher_f_distribution/cons/parms.cc compilation failed to produce executable
FAIL: 26_numerics/random/fisher_f_distribution/requirements/typedefs.cc (test for excess errors)
FAIL: 26_numerics/random/gamma_distribution/cons/default.cc (test for excess errors)
UNRESOLVED: 26_numerics/random/gamma_distribution/cons/default.cc compilation failed to produce executable
FAIL: 26_numerics/random/gamma_distribution/cons/parms.cc (test for excess errors)
UNRESOLVED: 26_numerics/random/gamma_distribution/cons/parms.cc compilation failed to produce executable
FAIL: 26_numerics/random/gamma_distribution/requirements/typedefs.cc (test for excess errors)
FAIL: 26_numerics/random/geometric_distribution/cons/default.cc (test for excess errors)
UNRESOLVED: 26_numerics/random/geometric_distribution/cons/default.cc compilation failed to produce executable
FAIL: 26_numerics/random/geometric_distribution/cons/parms.cc (test for excess errors)
UNRESOLVED: 26_numerics/random/geometric_distribution/cons/parms.cc compilation failed to produce executable
FAIL: 26_numerics/random/geometric_distribution/requirements/typedefs.cc (test for excess errors)
FAIL: 26_numerics/random/independent_bits_engine/cons/base_copy.cc (test for excess errors)
UNRESOLVED: 26_numerics/random/independent_bits_engine/cons/base_copy.cc compilation failed to produce executable
FAIL: 26_numerics/random/independent_bits_engine/cons/base_move.cc (test for excess errors)
UNRESOLVED: 26_numerics/random/independent_bits_engine/cons/base_move.cc compilation failed to produce executable
FAIL: 26_numerics/random/independent_bits_engine/cons/default.cc (test for excess errors)
UNRESOLVED: 26_numerics/random/independent_bits_engine/cons/default.cc compilation failed to produce executable
FAIL: 26_numerics/random/independent_bits_engine/cons/seed1.cc (test for excess errors)
UNRESOLVED: 26_numerics/random/independent_bits_engine/cons/seed1.cc compilation failed to produce executable
FAIL: 26_numerics/random/independent_bits_engine/cons/seed2.cc (test for excess errors)
UNRESOLVED: 26_numerics/random/independent_bits_engine/cons/seed2.cc compilation failed to produce executable
FAIL: 26_numerics/random/independent_bits_engine/cons/seed_seq.cc (test for excess errors)
UNRESOLVED: 26_numerics/random/independent_bits_engine/cons/seed_seq.cc compilation failed to produce executable
FAIL: 26_numerics/random/independent_bits_engine/operators/equal.cc (test for excess errors)
UNRESOLVED: 26_numerics/random/independent_bits_engine/operators/equal.cc compilation failed to produce executable
FAIL: 26_numerics/random/independent_bits_engine/operators/serialize.cc (test for excess errors)
UNRESOLVED: 26_numerics/random/independent_bits_engine/operators/serialize.cc compilation failed to produce executable
FAIL: 26_numerics/random/independent_bits_engine/requirements/typedefs.cc (test for excess errors)
FAIL: 26_numerics/random/knuth_b.cc (test for excess errors)
UNRESOLVED: 26_numerics/random/knuth_b.cc compilation failed to produce executable
FAIL: 26_numerics/random/linear_congruential_engine/cons/default.cc (test for excess errors)
UNRESOLVED: 26_numerics/random/linear_congruential_engine/cons/default.cc compilation failed to produce executable
FAIL: 26_numerics/random/linear_congruential_engine/cons/seed1.cc (test for excess errors)
UNRESOLVED: 26_numerics/random/linear_congruential_engine/cons/seed1.cc compilation failed to produce executable
FAIL: 26_numerics/random/linear_congruential_engine/cons/seed2.cc (test for excess errors)
UNRESOLVED: 26_numerics/random/linear_congruential_engine/cons/seed2.cc compilation failed to produce executable
FAIL: 26_numerics/random/linear_congruential_engine/operators/equal.cc (test for excess errors)
UNRESOLVED: 26_numerics/random/linear_congruential_engine/operators/equal.cc compilation failed to produce executable
FAIL: 26_numerics/random/linear_congruential_engine/operators/serialize.cc (test for excess errors)
UNRESOLVED: 26_numerics/random/linear_congruential_engine/operators/serialize.cc compilation failed to produce executable
FAIL: 26_numerics/random/linear_congruential_engine/requirements/non_uint_neg.cc (test for excess errors)
FAIL: 26_numerics/random/linear_congruential_engine/requirements/typedefs.cc (test for excess errors)
FAIL: 26_numerics/random/lognormal_distribution/cons/default.cc (test for excess errors)
UNRESOLVED: 26_numerics/random/lognormal_distribution/cons/default.cc compilation failed to produce executable
FAIL: 26_numerics/random/lognormal_distribution/cons/parms.cc (test for excess errors)
UNRESOLVED: 26_numerics/random/lognormal_distribution/cons/parms.cc compilation failed to produce executable
FAIL: 26_numerics/random/lognormal_distribution/requirements/typedefs.cc (test for excess errors)
FAIL: 26_numerics/random/mersenne_twister_engine/cons/default.cc (test for excess errors)
UNRESOLVED: 26_numerics/random/mersenne_twister_engine/cons/default.cc compilation failed to produce executable
FAIL: 26_numerics/random/mersenne_twister_engine/cons/seed1.cc (test for excess errors)
UNRESOLVED: 26_numerics/random/mersenne_twister_engine/cons/seed1.cc compilation failed to produce executable
FAIL: 26_numerics/random/mersenne_twister_engine/cons/seed2.cc (test for excess errors)
UNRESOLVED: 26_numerics/random/mersenne_twister_engine/cons/seed2.cc compilation failed to produce executable
FAIL: 26_numerics/random/mersenne_twister_engine/operators/equal.cc (test for excess errors)
UNRESOLVED: 26_numerics/random/mersenne_twister_engine/operators/equal.cc compilation failed to produce executable
FAIL: 26_numerics/random/mersenne_twister_engine/operators/serialize.cc (test for excess errors)
UNRESOLVED: 26_numerics/random/mersenne_twister_engine/operators/serialize.cc compilation failed to produce executable
FAIL: 26_numerics/random/mersenne_twister_engine/requirements/typedefs.cc (test for excess errors)
FAIL: 26_numerics/random/minstd_rand.cc (test for excess errors)
UNRESOLVED: 26_numerics/random/minstd_rand.cc compilation failed to produce executable
FAIL: 26_numerics/random/minstd_rand0.cc (test for excess errors)
UNRESOLVED: 26_numerics/random/minstd_rand0.cc compilation failed to produce executable
FAIL: 26_numerics/random/mt19937.cc (test for excess errors)
UNRESOLVED: 26_numerics/random/mt19937.cc compilation failed to produce executable
FAIL: 26_numerics/random/mt19937_64.cc (test for excess errors)
UNRESOLVED: 26_numerics/random/mt19937_64.cc compilation failed to produce executable
FAIL: 26_numerics/random/negative_binomial_distribution/cons/default.cc (test for excess errors)
UNRESOLVED: 26_numerics/random/negative_binomial_distribution/cons/default.cc compilation failed to produce executable
FAIL: 26_numerics/random/negative_binomial_distribution/cons/parms.cc (test for excess errors)
UNRESOLVED: 26_numerics/random/negative_binomial_distribution/cons/parms.cc compilation failed to produce executable
FAIL: 26_numerics/random/negative_binomial_distribution/requirements/typedefs.cc (test for excess errors)
FAIL: 26_numerics/random/normal_distribution/cons/default.cc (test for excess errors)
UNRESOLVED: 26_numerics/random/normal_distribution/cons/default.cc compilation failed to produce executable
FAIL: 26_numerics/random/normal_distribution/cons/parms.cc (test for excess errors)
UNRESOLVED: 26_numerics/random/normal_distribution/cons/parms.cc compilation failed to produce executable
FAIL: 26_numerics/random/normal_distribution/requirements/typedefs.cc (test for excess errors)
FAIL: 26_numerics/random/piecewise_constant_distribution/cons/default.cc (test for excess errors)
UNRESOLVED: 26_numerics/random/piecewise_constant_distribution/cons/default.cc compilation failed to produce executable
FAIL: 26_numerics/random/piecewise_constant_distribution/cons/initlist_fun.cc (test for excess errors)
UNRESOLVED: 26_numerics/random/piecewise_constant_distribution/cons/initlist_fun.cc compilation failed to produce executable
FAIL: 26_numerics/random/piecewise_constant_distribution/cons/num_xbound_fun.cc (test for excess errors)
UNRESOLVED: 26_numerics/random/piecewise_constant_distribution/cons/num_xbound_fun.cc compilation failed to produce executable
FAIL: 26_numerics/random/piecewise_constant_distribution/cons/range.cc (test for excess errors)
UNRESOLVED: 26_numerics/random/piecewise_constant_distribution/cons/range.cc compilation failed to produce executable
FAIL: 26_numerics/random/piecewise_constant_distribution/requirements/typedefs.cc (test for excess errors)
FAIL: 26_numerics/random/piecewise_linear_distribution/cons/default.cc (test for excess errors)
UNRESOLVED: 26_numerics/random/piecewise_linear_distribution/cons/default.cc compilation failed to produce executable
FAIL: 26_numerics/random/piecewise_linear_distribution/cons/initlist_fun.cc (test for excess errors)
UNRESOLVED: 26_numerics/random/piecewise_linear_distribution/cons/initlist_fun.cc compilation failed to produce executable
FAIL: 26_numerics/random/piecewise_linear_distribution/cons/num_xbound_fun.cc (test for excess errors)
UNRESOLVED: 26_numerics/random/piecewise_linear_distribution/cons/num_xbound_fun.cc compilation failed to produce executable
FAIL: 26_numerics/random/piecewise_linear_distribution/cons/range.cc (test for excess errors)
UNRESOLVED: 26_numerics/random/piecewise_linear_distribution/cons/range.cc compilation failed to produce executable
FAIL: 26_numerics/random/piecewise_linear_distribution/requirements/typedefs.cc (test for excess errors)
FAIL: 26_numerics/random/poisson_distribution/cons/default.cc (test for excess errors)
UNRESOLVED: 26_numerics/random/poisson_distribution/cons/default.cc compilation failed to produce executable
FAIL: 26_numerics/random/poisson_distribution/cons/parms.cc (test for excess errors)
UNRESOLVED: 26_numerics/random/poisson_distribution/cons/parms.cc compilation failed to produce executable
FAIL: 26_numerics/random/poisson_distribution/requirements/typedefs.cc (test for excess errors)
FAIL: 26_numerics/random/random_device/cons/default.cc (test for excess errors)
UNRESOLVED: 26_numerics/random/random_device/cons/default.cc compilation failed to produce executable
FAIL: 26_numerics/random/random_device/cons/token.cc (test for excess errors)
UNRESOLVED: 26_numerics/random/random_device/cons/token.cc compilation failed to produce executable
FAIL: 26_numerics/random/random_device/requirements/typedefs.cc (test for excess errors)
FAIL: 26_numerics/random/ranlux24.cc (test for excess errors)
UNRESOLVED: 26_numerics/random/ranlux24.cc compilation failed to produce executable
FAIL: 26_numerics/random/ranlux24_base.cc (test for excess errors)
UNRESOLVED: 26_numerics/random/ranlux24_base.cc compilation failed to produce executable
FAIL: 26_numerics/random/ranlux48.cc (test for excess errors)
UNRESOLVED: 26_numerics/random/ranlux48.cc compilation failed to produce executable
FAIL: 26_numerics/random/ranlux48_base.cc (test for excess errors)
UNRESOLVED: 26_numerics/random/ranlux48_base.cc compilation failed to produce executable
FAIL: 26_numerics/random/seed_seq/cons/default.cc (test for excess errors)
UNRESOLVED: 26_numerics/random/seed_seq/cons/default.cc compilation failed to produce executable
FAIL: 26_numerics/random/seed_seq/cons/initlist.cc (test for excess errors)
UNRESOLVED: 26_numerics/random/seed_seq/cons/initlist.cc compilation failed to produce executable
FAIL: 26_numerics/random/seed_seq/cons/range.cc (test for excess errors)
UNRESOLVED: 26_numerics/random/seed_seq/cons/range.cc compilation failed to produce executable
FAIL: 26_numerics/random/seed_seq/requirements/typedefs.cc (test for excess errors)
FAIL: 26_numerics/random/shuffle_order_engine/cons/base_copy.cc (test for excess errors)
UNRESOLVED: 26_numerics/random/shuffle_order_engine/cons/base_copy.cc compilation failed to produce executable
FAIL: 26_numerics/random/shuffle_order_engine/cons/base_move.cc (test for excess errors)
UNRESOLVED: 26_numerics/random/shuffle_order_engine/cons/base_move.cc compilation failed to produce executable
FAIL: 26_numerics/random/shuffle_order_engine/cons/default.cc (test for excess errors)
UNRESOLVED: 26_numerics/random/shuffle_order_engine/cons/default.cc compilation failed to produce executable
FAIL: 26_numerics/random/shuffle_order_engine/cons/seed1.cc (test for excess errors)
UNRESOLVED: 26_numerics/random/shuffle_order_engine/cons/seed1.cc compilation failed to produce executable
FAIL: 26_numerics/random/shuffle_order_engine/cons/seed2.cc (test for excess errors)
UNRESOLVED: 26_numerics/random/shuffle_order_engine/cons/seed2.cc compilation failed to produce executable
FAIL: 26_numerics/random/shuffle_order_engine/cons/seed_seq.cc (test for excess errors)
UNRESOLVED: 26_numerics/random/shuffle_order_engine/cons/seed_seq.cc compilation failed to produce executable
FAIL: 26_numerics/random/shuffle_order_engine/operators/equal.cc (test for excess errors)
UNRESOLVED: 26_numerics/random/shuffle_order_engine/operators/equal.cc compilation failed to produce executable
FAIL: 26_numerics/random/shuffle_order_engine/operators/serialize.cc (test for excess errors)
UNRESOLVED: 26_numerics/random/shuffle_order_engine/operators/serialize.cc compilation failed to produce executable
FAIL: 26_numerics/random/shuffle_order_engine/requirements/typedefs.cc (test for excess errors)
FAIL: 26_numerics/random/student_t_distribution/cons/default.cc (test for excess errors)
UNRESOLVED: 26_numerics/random/student_t_distribution/cons/default.cc compilation failed to produce executable
FAIL: 26_numerics/random/student_t_distribution/cons/parms.cc (test for excess errors)
UNRESOLVED: 26_numerics/random/student_t_distribution/cons/parms.cc compilation failed to produce executable
FAIL: 26_numerics/random/student_t_distribution/requirements/typedefs.cc (test for excess errors)
FAIL: 26_numerics/random/subtract_with_carry_engine/cons/default.cc (test for excess errors)
UNRESOLVED: 26_numerics/random/subtract_with_carry_engine/cons/default.cc compilation failed to produce executable
FAIL: 26_numerics/random/subtract_with_carry_engine/cons/seed1.cc (test for excess errors)
UNRESOLVED: 26_numerics/random/subtract_with_carry_engine/cons/seed1.cc compilation failed to produce executable
FAIL: 26_numerics/random/subtract_with_carry_engine/cons/seed2.cc (test for excess errors)
UNRESOLVED: 26_numerics/random/subtract_with_carry_engine/cons/seed2.cc compilation failed to produce executable
FAIL: 26_numerics/random/subtract_with_carry_engine/operators/equal.cc (test for excess errors)
UNRESOLVED: 26_numerics/random/subtract_with_carry_engine/operators/equal.cc compilation failed to produce executable
FAIL: 26_numerics/random/subtract_with_carry_engine/operators/serialize.cc (test for excess errors)
UNRESOLVED: 26_numerics/random/subtract_with_carry_engine/operators/serialize.cc compilation failed to produce executable
FAIL: 26_numerics/random/subtract_with_carry_engine/requirements/typedefs.cc (test for excess errors)
FAIL: 26_numerics/random/uniform_int_distribution/cons/default.cc (test for excess errors)
UNRESOLVED: 26_numerics/random/uniform_int_distribution/cons/default.cc compilation failed to produce executable
FAIL: 26_numerics/random/uniform_int_distribution/cons/parms.cc (test for excess errors)
UNRESOLVED: 26_numerics/random/uniform_int_distribution/cons/parms.cc compilation failed to produce executable
FAIL: 26_numerics/random/uniform_int_distribution/cons/parms_neg.cc (test for excess errors)
UNRESOLVED: 26_numerics/random/uniform_int_distribution/cons/parms_neg.cc compilation failed to produce executable
FAIL: 26_numerics/random/uniform_int_distribution/requirements/typedefs.cc (test for excess errors)
FAIL: 26_numerics/random/uniform_real_distribution/cons/default.cc (test for excess errors)
UNRESOLVED: 26_numerics/random/uniform_real_distribution/cons/default.cc compilation failed to produce executable
FAIL: 26_numerics/random/uniform_real_distribution/cons/parms.cc (test for excess errors)
UNRESOLVED: 26_numerics/random/uniform_real_distribution/cons/parms.cc compilation failed to produce executable
FAIL: 26_numerics/random/uniform_real_distribution/cons/parms_neg.cc (test for excess errors)
UNRESOLVED: 26_numerics/random/uniform_real_distribution/cons/parms_neg.cc compilation failed to produce executable
FAIL: 26_numerics/random/uniform_real_distribution/requirements/typedefs.cc (test for excess errors)
FAIL: 26_numerics/random/weibull_distribution/cons/default.cc (test for excess errors)
UNRESOLVED: 26_numerics/random/weibull_distribution/cons/default.cc compilation failed to produce executable
FAIL: 26_numerics/random/weibull_distribution/cons/parms.cc (test for excess errors)
UNRESOLVED: 26_numerics/random/weibull_distribution/cons/parms.cc compilation failed to produce executable
FAIL: 26_numerics/random/weibull_distribution/requirements/typedefs.cc (test for excess errors)
FAIL: 27_io/basic_filebuf/sgetn/char/1-in.cc execution test
FAIL: 27_io/basic_filebuf/sgetn/char/1-io.cc execution test
FAIL: 27_io/basic_filebuf/sgetn/char/2-in.cc execution test
FAIL: 27_io/basic_filebuf/sgetn/char/2-io.cc execution test
FAIL: 27_io/basic_filebuf/underflow/wchar_t/11603.cc execution test
FAIL: 27_io/basic_istream/extractors_arithmetic/char/12.cc execution test
FAIL: 27_io/basic_istream/extractors_arithmetic/wchar_t/12.cc execution test
FAIL: 27_io/basic_istream/readsome/char/6746-2.cc execution test
FAIL: 27_io/basic_istream/readsome/wchar_t/6746-2.cc execution test
FAIL: 27_io/basic_ostream/inserters_arithmetic/wchar_t/4402.cc execution test
FAIL: 27_io/basic_ostream/inserters_character/wchar_t/28277-3.cc execution test
FAIL: 27_io/basic_ostream/inserters_character/wchar_t/28277-4.cc execution test
FAIL: 27_io/basic_stringbuf/overflow/wchar_t/1.cc execution test
XPASS: 27_io/ios_base/sync_with_stdio/1.cc execution test
FAIL: 27_io/objects/char/6.cc execution test
FAIL: 27_io/objects/wchar_t/6.cc execution test
FAIL: ext/pool_allocator/allocate_chunk.cc execution test
FAIL: ext/vstring/inserters_extractors/wchar_t/28277.cc execution test
WARNING: program timed out.
FAIL: tr1/5_numerical_facilities/special_functions/20_riemann_zeta/check_value_pos.cc execution test
=== libstdc++ Summary ===
# of expected passes 5500
# of unexpected failures 153
# of unexpected successes 1
# of expected failures 77
# of unresolved testcases 103
# of unsupported tests 358
Host is i686-pc-linux-gnu
=== g++ tests ===
Running target qemu-coldfire-elf-prebuilt-fsf/-mcpu=5475
FAIL: g++.dg/eh/gcsec1.C execution test
FAIL: g++.dg/init/ref15.C execution test
FAIL: g++.dg/torture/pr36191.C -O3 -fomit-frame-pointer (test for excess errors)
FAIL: g++.dg/torture/type-generic-1.C -O0 execution test
FAIL: g++.dg/torture/type-generic-1.C -O1 execution test
FAIL: g++.dg/torture/type-generic-1.C -O2 execution test
FAIL: g++.dg/torture/type-generic-1.C -O3 -fomit-frame-pointer execution test
FAIL: g++.dg/torture/type-generic-1.C -O3 -g execution test
FAIL: g++.dg/torture/type-generic-1.C -Os execution test
=== g++ Summary ===
# of expected passes 18571
# of unexpected failures 9
# of expected failures 139
# of unsupported tests 198
/scratch/gcc/nightly-2009-04-29-mainline/coldfire-elf/obj/test-mainline-0-m68k-elf/host-i686-pc-linux-gnu/fsf-mainline/bin/m68k-elf-g++ version 4.5.0 20090429 (experimental) (GCC)
Host is i686-pc-linux-gnu
=== gcc tests ===
Running target qemu-coldfire-elf-prebuilt-fsf/-mcpu=5475
FAIL: gcc.c-torture/execute/20060420-1.c compilation, -O2 (internal compiler error)
UNRESOLVED: gcc.c-torture/execute/20060420-1.c execution, -O2
FAIL: gcc.c-torture/execute/20060420-1.c compilation, -O3 -fomit-frame-pointer (internal compiler error)
UNRESOLVED: gcc.c-torture/execute/20060420-1.c execution, -O3 -fomit-frame-pointer
FAIL: gcc.c-torture/execute/20060420-1.c compilation, -O3 -fomit-frame-pointer -funroll-loops (internal compiler error)
UNRESOLVED: gcc.c-torture/execute/20060420-1.c execution, -O3 -fomit-frame-pointer -funroll-loops
FAIL: gcc.c-torture/execute/20060420-1.c compilation, -O3 -fomit-frame-pointer -funroll-all-loops -finline-functions (internal compiler error)
UNRESOLVED: gcc.c-torture/execute/20060420-1.c execution, -O3 -fomit-frame-pointer -funroll-all-loops -finline-functions
FAIL: gcc.c-torture/execute/20060420-1.c compilation, -O3 -g (internal compiler error)
UNRESOLVED: gcc.c-torture/execute/20060420-1.c execution, -O3 -g
FAIL: gcc.c-torture/execute/pr28982b.c compilation, -O1 (internal compiler error)
UNRESOLVED: gcc.c-torture/execute/pr28982b.c execution, -O1
FAIL: gcc.c-torture/execute/pr28982b.c compilation, -O2 (internal compiler error)
UNRESOLVED: gcc.c-torture/execute/pr28982b.c execution, -O2
FAIL: gcc.c-torture/execute/pr28982b.c compilation, -O3 -fomit-frame-pointer (internal compiler error)
UNRESOLVED: gcc.c-torture/execute/pr28982b.c execution, -O3 -fomit-frame-pointer
FAIL: gcc.c-torture/execute/pr28982b.c compilation, -O3 -fomit-frame-pointer -funroll-loops (internal compiler error)
UNRESOLVED: gcc.c-torture/execute/pr28982b.c execution, -O3 -fomit-frame-pointer -funroll-loops
FAIL: gcc.c-torture/execute/pr28982b.c compilation, -O3 -fomit-frame-pointer -funroll-all-loops -finline-functions (internal compiler error)
UNRESOLVED: gcc.c-torture/execute/pr28982b.c execution, -O3 -fomit-frame-pointer -funroll-all-loops -finline-functions
FAIL: gcc.c-torture/execute/pr28982b.c compilation, -O3 -g (internal compiler error)
UNRESOLVED: gcc.c-torture/execute/pr28982b.c execution, -O3 -g
FAIL: gcc.c-torture/execute/pr28982b.c compilation, -Os (internal compiler error)
UNRESOLVED: gcc.c-torture/execute/pr28982b.c execution, -Os
XPASS: gcc.c-torture/execute/ieee/20000320-1.c execution, -O0
XPASS: gcc.c-torture/execute/ieee/20000320-1.c execution, -O1
XPASS: gcc.c-torture/execute/ieee/20000320-1.c execution, -O2
XPASS: gcc.c-torture/execute/ieee/20000320-1.c execution, -O3 -fomit-frame-pointer
XPASS: gcc.c-torture/execute/ieee/20000320-1.c execution, -O3 -g
XPASS: gcc.c-torture/execute/ieee/20000320-1.c execution, -Os
FAIL: gcc.c-torture/execute/ieee/compare-fp-1.c execution, -O0
FAIL: gcc.c-torture/execute/ieee/compare-fp-1.c execution, -O1
FAIL: gcc.c-torture/execute/ieee/compare-fp-1.c execution, -O2
FAIL: gcc.c-torture/execute/ieee/compare-fp-1.c execution, -O3 -fomit-frame-pointer
FAIL: gcc.c-torture/execute/ieee/compare-fp-1.c execution, -O3 -g
FAIL: gcc.c-torture/execute/ieee/compare-fp-1.c execution, -Os
FAIL: gcc.c-torture/execute/ieee/compare-fp-4.c execution, -O0
FAIL: gcc.c-torture/execute/ieee/fp-cmp-4.c execution, -O0
FAIL: gcc.c-torture/execute/ieee/fp-cmp-4.c execution, -O1
FAIL: gcc.c-torture/execute/ieee/fp-cmp-4.c execution, -O2
FAIL: gcc.c-torture/execute/ieee/fp-cmp-4.c execution, -O3 -fomit-frame-pointer
FAIL: gcc.c-torture/execute/ieee/fp-cmp-4.c execution, -O3 -fomit-frame-pointer -funroll-loops
FAIL: gcc.c-torture/execute/ieee/fp-cmp-4.c execution, -O3 -fomit-frame-pointer -funroll-all-loops -finline-functions
FAIL: gcc.c-torture/execute/ieee/fp-cmp-4.c execution, -O3 -g
FAIL: gcc.c-torture/execute/ieee/fp-cmp-4.c execution, -Os
FAIL: gcc.c-torture/execute/ieee/fp-cmp-4f.c execution, -O0
FAIL: gcc.c-torture/execute/ieee/fp-cmp-4f.c execution, -O1
FAIL: gcc.c-torture/execute/ieee/fp-cmp-4f.c execution, -O2
FAIL: gcc.c-torture/execute/ieee/fp-cmp-4f.c execution, -O3 -fomit-frame-pointer
FAIL: gcc.c-torture/execute/ieee/fp-cmp-4f.c execution, -O3 -g
FAIL: gcc.c-torture/execute/ieee/fp-cmp-4f.c execution, -Os
FAIL: gcc.c-torture/execute/ieee/fp-cmp-4l.c execution, -O0
FAIL: gcc.c-torture/execute/ieee/fp-cmp-4l.c execution, -O1
FAIL: gcc.c-torture/execute/ieee/fp-cmp-4l.c execution, -O2
FAIL: gcc.c-torture/execute/ieee/fp-cmp-4l.c execution, -O3 -fomit-frame-pointer
FAIL: gcc.c-torture/execute/ieee/fp-cmp-4l.c execution, -O3 -g
FAIL: gcc.c-torture/execute/ieee/fp-cmp-4l.c execution, -Os
FAIL: gcc.c-torture/execute/ieee/fp-cmp-5.c execution, -O0
FAIL: gcc.c-torture/execute/ieee/fp-cmp-5.c execution, -O1
FAIL: gcc.c-torture/execute/ieee/fp-cmp-5.c execution, -O2
FAIL: gcc.c-torture/execute/ieee/fp-cmp-5.c execution, -O3 -fomit-frame-pointer
FAIL: gcc.c-torture/execute/ieee/fp-cmp-5.c execution, -O3 -fomit-frame-pointer -funroll-loops
FAIL: gcc.c-torture/execute/ieee/fp-cmp-5.c execution, -O3 -fomit-frame-pointer -funroll-all-loops -finline-functions
FAIL: gcc.c-torture/execute/ieee/fp-cmp-5.c execution, -O3 -g
FAIL: gcc.c-torture/execute/ieee/fp-cmp-5.c execution, -Os
FAIL: gcc.c-torture/execute/ieee/fp-cmp-8.c execution, -O0
FAIL: gcc.c-torture/execute/ieee/fp-cmp-8.c execution, -O1
FAIL: gcc.c-torture/execute/ieee/fp-cmp-8.c execution, -O2
FAIL: gcc.c-torture/execute/ieee/fp-cmp-8.c execution, -O3 -fomit-frame-pointer
FAIL: gcc.c-torture/execute/ieee/fp-cmp-8.c execution, -O3 -fomit-frame-pointer -funroll-loops
FAIL: gcc.c-torture/execute/ieee/fp-cmp-8.c execution, -O3 -fomit-frame-pointer -funroll-all-loops -finline-functions
FAIL: gcc.c-torture/execute/ieee/fp-cmp-8.c execution, -O3 -g
FAIL: gcc.c-torture/execute/ieee/fp-cmp-8.c execution, -Os
FAIL: gcc.c-torture/execute/ieee/fp-cmp-8f.c execution, -O0
FAIL: gcc.c-torture/execute/ieee/fp-cmp-8f.c execution, -O1
FAIL: gcc.c-torture/execute/ieee/fp-cmp-8f.c execution, -O2
FAIL: gcc.c-torture/execute/ieee/fp-cmp-8f.c execution, -O3 -fomit-frame-pointer
FAIL: gcc.c-torture/execute/ieee/fp-cmp-8f.c execution, -O3 -g
FAIL: gcc.c-torture/execute/ieee/fp-cmp-8f.c execution, -Os
FAIL: gcc.c-torture/execute/ieee/fp-cmp-8l.c execution, -O0
FAIL: gcc.c-torture/execute/ieee/fp-cmp-8l.c execution, -O1
FAIL: gcc.c-torture/execute/ieee/fp-cmp-8l.c execution, -O2
FAIL: gcc.c-torture/execute/ieee/fp-cmp-8l.c execution, -O3 -fomit-frame-pointer
FAIL: gcc.c-torture/execute/ieee/fp-cmp-8l.c execution, -O3 -g
FAIL: gcc.c-torture/execute/ieee/fp-cmp-8l.c execution, -Os
XPASS: gcc.c-torture/execute/ieee/mul-subnormal-single-1.c execution, -O0
XPASS: gcc.c-torture/execute/ieee/mul-subnormal-single-1.c execution, -O1
XPASS: gcc.c-torture/execute/ieee/mul-subnormal-single-1.c execution, -O2
XPASS: gcc.c-torture/execute/ieee/mul-subnormal-single-1.c execution, -O3 -fomit-frame-pointer
XPASS: gcc.c-torture/execute/ieee/mul-subnormal-single-1.c execution, -O3 -fomit-frame-pointer -funroll-loops
XPASS: gcc.c-torture/execute/ieee/mul-subnormal-single-1.c execution, -O3 -fomit-frame-pointer -funroll-all-loops -finline-functions
XPASS: gcc.c-torture/execute/ieee/mul-subnormal-single-1.c execution, -O3 -g
XPASS: gcc.c-torture/execute/ieee/mul-subnormal-single-1.c execution, -Os
FAIL: gcc.c-torture/execute/ieee/pr38016.c execution, -O0
FAIL: gcc.c-torture/execute/ieee/pr38016.c execution, -O1
FAIL: gcc.c-torture/execute/ieee/pr38016.c execution, -O2
FAIL: gcc.c-torture/execute/ieee/pr38016.c execution, -O3 -fomit-frame-pointer
FAIL: gcc.c-torture/execute/ieee/pr38016.c execution, -O3 -g
FAIL: gcc.c-torture/execute/ieee/pr38016.c execution, -Os
XPASS: gcc.dg/Warray-bounds.c (test for warnings, line 59)
XPASS: gcc.dg/Warray-bounds.c (test for warnings, line 65)
FAIL: gcc.dg/pr28796-2.c execution test
FAIL: gcc.dg/pr34989-1.c (internal compiler error)
FAIL: gcc.dg/pr34989-1.c (test for excess errors)
XPASS: gcc.dg/struct/wo_prof_array_through_pointer.c scan-ipa-dump ipa_struct_reorg "Number of structures to transform is 1"
FAIL: gcc.dg/struct/wo_prof_double_malloc.c (internal compiler error)
FAIL: gcc.dg/struct/wo_prof_double_malloc.c (test for excess errors)
UNRESOLVED: gcc.dg/struct/wo_prof_double_malloc.c compilation failed to produce executable
FAIL: gcc.dg/torture/type-generic-1.c -O0 execution test
FAIL: gcc.dg/torture/type-generic-1.c -O1 execution test
FAIL: gcc.dg/torture/type-generic-1.c -O2 execution test
FAIL: gcc.dg/torture/type-generic-1.c -O3 -fomit-frame-pointer execution test
FAIL: gcc.dg/torture/type-generic-1.c -O3 -g execution test
FAIL: gcc.dg/torture/type-generic-1.c -Os execution test
FAIL: gcc.dg/tree-ssa/vrp47.c scan-tree-dump-times vrp1 "[xy][^ ]* !=" 0
FAIL: gcc.dg/tree-ssa/vrp47.c scan-tree-dump-times dom1 "x[^ ]* & y" 1
FAIL: gcc.dg/tree-ssa/vrp47.c scan-tree-dump-times vrp1 "x[^ ]* [|] y" 1
=== gcc Summary ===
# of expected passes 49720
# of unexpected failures 87
# of unexpected successes 17
# of expected failures 69
# of unresolved testcases 13
# of unsupported tests 597
/scratch/gcc/nightly-2009-04-29-mainline/coldfire-elf/obj/test-mainline-0-m68k-elf/host-i686-pc-linux-gnu/fsf-mainline/bin/m68k-elf-gcc version 4.5.0 20090429 (experimental) (GCC)
Host is i686-pc-linux-gnu
=== libstdc++ tests ===
Running target qemu-coldfire-elf-prebuilt-fsf/-mcpu=5475
FAIL: 21_strings/basic_string/inserters_extractors/wchar_t/28277.cc execution test
FAIL: 22_locale/collate/transform/wchar_t/28277.cc execution test
FAIL: 22_locale/ctype/scan/wchar_t/1.cc execution test
FAIL: 23_containers/forward_list/ext_pointer/operations/4.cc (test for excess errors)
UNRESOLVED: 23_containers/forward_list/ext_pointer/operations/4.cc compilation failed to produce executable
FAIL: 26_numerics/random/bernoulli_distribution/cons/default.cc (test for excess errors)
UNRESOLVED: 26_numerics/random/bernoulli_distribution/cons/default.cc compilation failed to produce executable
FAIL: 26_numerics/random/bernoulli_distribution/cons/parms.cc (test for excess errors)
UNRESOLVED: 26_numerics/random/bernoulli_distribution/cons/parms.cc compilation failed to produce executable
FAIL: 26_numerics/random/bernoulli_distribution/requirements/typedefs.cc (test for excess errors)
FAIL: 26_numerics/random/binomial_distribution/cons/default.cc (test for excess errors)
UNRESOLVED: 26_numerics/random/binomial_distribution/cons/default.cc compilation failed to produce executable
FAIL: 26_numerics/random/binomial_distribution/cons/parms.cc (test for excess errors)
UNRESOLVED: 26_numerics/random/binomial_distribution/cons/parms.cc compilation failed to produce executable
FAIL: 26_numerics/random/binomial_distribution/requirements/typedefs.cc (test for excess errors)
FAIL: 26_numerics/random/cauchy_distribution/cons/default.cc (test for excess errors)
UNRESOLVED: 26_numerics/random/cauchy_distribution/cons/default.cc compilation failed to produce executable
FAIL: 26_numerics/random/cauchy_distribution/cons/parms.cc (test for excess errors)
UNRESOLVED: 26_numerics/random/cauchy_distribution/cons/parms.cc compilation failed to produce executable
FAIL: 26_numerics/random/cauchy_distribution/requirements/typedefs.cc (test for excess errors)
FAIL: 26_numerics/random/chi_squared_distribution/cons/default.cc (test for excess errors)
UNRESOLVED: 26_numerics/random/chi_squared_distribution/cons/default.cc compilation failed to produce executable
FAIL: 26_numerics/random/chi_squared_distribution/cons/parms.cc (test for excess errors)
UNRESOLVED: 26_numerics/random/chi_squared_distribution/cons/parms.cc compilation failed to produce executable
FAIL: 26_numerics/random/chi_squared_distribution/requirements/typedefs.cc (test for excess errors)
FAIL: 26_numerics/random/default_random_engine.cc (test for excess errors)
UNRESOLVED: 26_numerics/random/default_random_engine.cc compilation failed to produce executable
FAIL: 26_numerics/random/discard_block_engine/cons/base_copy.cc (test for excess errors)
UNRESOLVED: 26_numerics/random/discard_block_engine/cons/base_copy.cc compilation failed to produce executable
FAIL: 26_numerics/random/discard_block_engine/cons/base_move.cc (test for excess errors)
UNRESOLVED: 26_numerics/random/discard_block_engine/cons/base_move.cc compilation failed to produce executable
FAIL: 26_numerics/random/discard_block_engine/cons/default.cc (test for excess errors)
UNRESOLVED: 26_numerics/random/discard_block_engine/cons/default.cc compilation failed to produce executable
FAIL: 26_numerics/random/discard_block_engine/cons/seed1.cc (test for excess errors)
UNRESOLVED: 26_numerics/random/discard_block_engine/cons/seed1.cc compilation failed to produce executable
FAIL: 26_numerics/random/discard_block_engine/cons/seed2.cc (test for excess errors)
UNRESOLVED: 26_numerics/random/discard_block_engine/cons/seed2.cc compilation failed to produce executable
FAIL: 26_numerics/random/discard_block_engine/cons/seed_seq.cc (test for excess errors)
UNRESOLVED: 26_numerics/random/discard_block_engine/cons/seed_seq.cc compilation failed to produce executable
FAIL: 26_numerics/random/discard_block_engine/operators/equal.cc (test for excess errors)
UNRESOLVED: 26_numerics/random/discard_block_engine/operators/equal.cc compilation failed to produce executable
FAIL: 26_numerics/random/discard_block_engine/operators/serialize.cc (test for excess errors)
UNRESOLVED: 26_numerics/random/discard_block_engine/operators/serialize.cc compilation failed to produce executable
FAIL: 26_numerics/random/discard_block_engine/requirements/typedefs.cc (test for excess errors)
FAIL: 26_numerics/random/discrete_distribution/cons/default.cc (test for excess errors)
UNRESOLVED: 26_numerics/random/discrete_distribution/cons/default.cc compilation failed to produce executable
FAIL: 26_numerics/random/discrete_distribution/cons/initlist.cc (test for excess errors)
UNRESOLVED: 26_numerics/random/discrete_distribution/cons/initlist.cc compilation failed to produce executable
FAIL: 26_numerics/random/discrete_distribution/cons/num_xbound_fun.cc (test for excess errors)
UNRESOLVED: 26_numerics/random/discrete_distribution/cons/num_xbound_fun.cc compilation failed to produce executable
FAIL: 26_numerics/random/discrete_distribution/cons/range.cc (test for excess errors)
UNRESOLVED: 26_numerics/random/discrete_distribution/cons/range.cc compilation failed to produce executable
FAIL: 26_numerics/random/discrete_distribution/requirements/typedefs.cc (test for excess errors)
FAIL: 26_numerics/random/exponential_distribution/cons/default.cc (test for excess errors)
UNRESOLVED: 26_numerics/random/exponential_distribution/cons/default.cc compilation failed to produce executable
FAIL: 26_numerics/random/exponential_distribution/cons/parms.cc (test for excess errors)
UNRESOLVED: 26_numerics/random/exponential_distribution/cons/parms.cc compilation failed to produce executable
FAIL: 26_numerics/random/exponential_distribution/requirements/typedefs.cc (test for excess errors)
FAIL: 26_numerics/random/extreme_value_distribution/cons/default.cc (test for excess errors)
UNRESOLVED: 26_numerics/random/extreme_value_distribution/cons/default.cc compilation failed to produce executable
FAIL: 26_numerics/random/extreme_value_distribution/cons/parms.cc (test for excess errors)
UNRESOLVED: 26_numerics/random/extreme_value_distribution/cons/parms.cc compilation failed to produce executable
FAIL: 26_numerics/random/extreme_value_distribution/requirements/typedefs.cc (test for excess errors)
FAIL: 26_numerics/random/fisher_f_distribution/cons/default.cc (test for excess errors)
UNRESOLVED: 26_numerics/random/fisher_f_distribution/cons/default.cc compilation failed to produce executable
FAIL: 26_numerics/random/fisher_f_distribution/cons/parms.cc (test for excess errors)
UNRESOLVED: 26_numerics/random/fisher_f_distribution/cons/parms.cc compilation failed to produce executable
FAIL: 26_numerics/random/fisher_f_distribution/requirements/typedefs.cc (test for excess errors)
FAIL: 26_numerics/random/gamma_distribution/cons/default.cc (test for excess errors)
UNRESOLVED: 26_numerics/random/gamma_distribution/cons/default.cc compilation failed to produce executable
FAIL: 26_numerics/random/gamma_distribution/cons/parms.cc (test for excess errors)
UNRESOLVED: 26_numerics/random/gamma_distribution/cons/parms.cc compilation failed to produce executable
FAIL: 26_numerics/random/gamma_distribution/requirements/typedefs.cc (test for excess errors)
FAIL: 26_numerics/random/geometric_distribution/cons/default.cc (test for excess errors)
UNRESOLVED: 26_numerics/random/geometric_distribution/cons/default.cc compilation failed to produce executable
FAIL: 26_numerics/random/geometric_distribution/cons/parms.cc (test for excess errors)
UNRESOLVED: 26_numerics/random/geometric_distribution/cons/parms.cc compilation failed to produce executable
FAIL: 26_numerics/random/geometric_distribution/requirements/typedefs.cc (test for excess errors)
FAIL: 26_numerics/random/independent_bits_engine/cons/base_copy.cc (test for excess errors)
UNRESOLVED: 26_numerics/random/independent_bits_engine/cons/base_copy.cc compilation failed to produce executable
FAIL: 26_numerics/random/independent_bits_engine/cons/base_move.cc (test for excess errors)
UNRESOLVED: 26_numerics/random/independent_bits_engine/cons/base_move.cc compilation failed to produce executable
FAIL: 26_numerics/random/independent_bits_engine/cons/default.cc (test for excess errors)
UNRESOLVED: 26_numerics/random/independent_bits_engine/cons/default.cc compilation failed to produce executable
FAIL: 26_numerics/random/independent_bits_engine/cons/seed1.cc (test for excess errors)
UNRESOLVED: 26_numerics/random/independent_bits_engine/cons/seed1.cc compilation failed to produce executable
FAIL: 26_numerics/random/independent_bits_engine/cons/seed2.cc (test for excess errors)
UNRESOLVED: 26_numerics/random/independent_bits_engine/cons/seed2.cc compilation failed to produce executable
FAIL: 26_numerics/random/independent_bits_engine/cons/seed_seq.cc (test for excess errors)
UNRESOLVED: 26_numerics/random/independent_bits_engine/cons/seed_seq.cc compilation failed to produce executable
FAIL: 26_numerics/random/independent_bits_engine/operators/equal.cc (test for excess errors)
UNRESOLVED: 26_numerics/random/independent_bits_engine/operators/equal.cc compilation failed to produce executable
FAIL: 26_numerics/random/independent_bits_engine/operators/serialize.cc (test for excess errors)
UNRESOLVED: 26_numerics/random/independent_bits_engine/operators/serialize.cc compilation failed to produce executable
FAIL: 26_numerics/random/independent_bits_engine/requirements/typedefs.cc (test for excess errors)
FAIL: 26_numerics/random/knuth_b.cc (test for excess errors)
UNRESOLVED: 26_numerics/random/knuth_b.cc compilation failed to produce executable
FAIL: 26_numerics/random/linear_congruential_engine/cons/default.cc (test for excess errors)
UNRESOLVED: 26_numerics/random/linear_congruential_engine/cons/default.cc compilation failed to produce executable
FAIL: 26_numerics/random/linear_congruential_engine/cons/seed1.cc (test for excess errors)
UNRESOLVED: 26_numerics/random/linear_congruential_engine/cons/seed1.cc compilation failed to produce executable
FAIL: 26_numerics/random/linear_congruential_engine/cons/seed2.cc (test for excess errors)
UNRESOLVED: 26_numerics/random/linear_congruential_engine/cons/seed2.cc compilation failed to produce executable
FAIL: 26_numerics/random/linear_congruential_engine/operators/equal.cc (test for excess errors)
UNRESOLVED: 26_numerics/random/linear_congruential_engine/operators/equal.cc compilation failed to produce executable
FAIL: 26_numerics/random/linear_congruential_engine/operators/serialize.cc (test for excess errors)
UNRESOLVED: 26_numerics/random/linear_congruential_engine/operators/serialize.cc compilation failed to produce executable
FAIL: 26_numerics/random/linear_congruential_engine/requirements/non_uint_neg.cc (test for excess errors)
FAIL: 26_numerics/random/linear_congruential_engine/requirements/typedefs.cc (test for excess errors)
FAIL: 26_numerics/random/lognormal_distribution/cons/default.cc (test for excess errors)
UNRESOLVED: 26_numerics/random/lognormal_distribution/cons/default.cc compilation failed to produce executable
FAIL: 26_numerics/random/lognormal_distribution/cons/parms.cc (test for excess errors)
UNRESOLVED: 26_numerics/random/lognormal_distribution/cons/parms.cc compilation failed to produce executable
FAIL: 26_numerics/random/lognormal_distribution/requirements/typedefs.cc (test for excess errors)
FAIL: 26_numerics/random/mersenne_twister_engine/cons/default.cc (test for excess errors)
UNRESOLVED: 26_numerics/random/mersenne_twister_engine/cons/default.cc compilation failed to produce executable
FAIL: 26_numerics/random/mersenne_twister_engine/cons/seed1.cc (test for excess errors)
UNRESOLVED: 26_numerics/random/mersenne_twister_engine/cons/seed1.cc compilation failed to produce executable
FAIL: 26_numerics/random/mersenne_twister_engine/cons/seed2.cc (test for excess errors)
UNRESOLVED: 26_numerics/random/mersenne_twister_engine/cons/seed2.cc compilation failed to produce executable
FAIL: 26_numerics/random/mersenne_twister_engine/operators/equal.cc (test for excess errors)
UNRESOLVED: 26_numerics/random/mersenne_twister_engine/operators/equal.cc compilation failed to produce executable
FAIL: 26_numerics/random/mersenne_twister_engine/operators/serialize.cc (test for excess errors)
UNRESOLVED: 26_numerics/random/mersenne_twister_engine/operators/serialize.cc compilation failed to produce executable
FAIL: 26_numerics/random/mersenne_twister_engine/requirements/typedefs.cc (test for excess errors)
FAIL: 26_numerics/random/minstd_rand.cc (test for excess errors)
UNRESOLVED: 26_numerics/random/minstd_rand.cc compilation failed to produce executable
FAIL: 26_numerics/random/minstd_rand0.cc (test for excess errors)
UNRESOLVED: 26_numerics/random/minstd_rand0.cc compilation failed to produce executable
FAIL: 26_numerics/random/mt19937.cc (test for excess errors)
UNRESOLVED: 26_numerics/random/mt19937.cc compilation failed to produce executable
FAIL: 26_numerics/random/mt19937_64.cc (test for excess errors)
UNRESOLVED: 26_numerics/random/mt19937_64.cc compilation failed to produce executable
FAIL: 26_numerics/random/negative_binomial_distribution/cons/default.cc (test for excess errors)
UNRESOLVED: 26_numerics/random/negative_binomial_distribution/cons/default.cc compilation failed to produce executable
FAIL: 26_numerics/random/negative_binomial_distribution/cons/parms.cc (test for excess errors)
UNRESOLVED: 26_numerics/random/negative_binomial_distribution/cons/parms.cc compilation failed to produce executable
FAIL: 26_numerics/random/negative_binomial_distribution/requirements/typedefs.cc (test for excess errors)
FAIL: 26_numerics/random/normal_distribution/cons/default.cc (test for excess errors)
UNRESOLVED: 26_numerics/random/normal_distribution/cons/default.cc compilation failed to produce executable
FAIL: 26_numerics/random/normal_distribution/cons/parms.cc (test for excess errors)
UNRESOLVED: 26_numerics/random/normal_distribution/cons/parms.cc compilation failed to produce executable
FAIL: 26_numerics/random/normal_distribution/requirements/typedefs.cc (test for excess errors)
FAIL: 26_numerics/random/piecewise_constant_distribution/cons/default.cc (test for excess errors)
UNRESOLVED: 26_numerics/random/piecewise_constant_distribution/cons/default.cc compilation failed to produce executable
FAIL: 26_numerics/random/piecewise_constant_distribution/cons/initlist_fun.cc (test for excess errors)
UNRESOLVED: 26_numerics/random/piecewise_constant_distribution/cons/initlist_fun.cc compilation failed to produce executable
FAIL: 26_numerics/random/piecewise_constant_distribution/cons/num_xbound_fun.cc (test for excess errors)
UNRESOLVED: 26_numerics/random/piecewise_constant_distribution/cons/num_xbound_fun.cc compilation failed to produce executable
FAIL: 26_numerics/random/piecewise_constant_distribution/cons/range.cc (test for excess errors)
UNRESOLVED: 26_numerics/random/piecewise_constant_distribution/cons/range.cc compilation failed to produce executable
FAIL: 26_numerics/random/piecewise_constant_distribution/requirements/typedefs.cc (test for excess errors)
FAIL: 26_numerics/random/piecewise_linear_distribution/cons/default.cc (test for excess errors)
UNRESOLVED: 26_numerics/random/piecewise_linear_distribution/cons/default.cc compilation failed to produce executable
FAIL: 26_numerics/random/piecewise_linear_distribution/cons/initlist_fun.cc (test for excess errors)
UNRESOLVED: 26_numerics/random/piecewise_linear_distribution/cons/initlist_fun.cc compilation failed to produce executable
FAIL: 26_numerics/random/piecewise_linear_distribution/cons/num_xbound_fun.cc (test for excess errors)
UNRESOLVED: 26_numerics/random/piecewise_linear_distribution/cons/num_xbound_fun.cc compilation failed to produce executable
FAIL: 26_numerics/random/piecewise_linear_distribution/cons/range.cc (test for excess errors)
UNRESOLVED: 26_numerics/random/piecewise_linear_distribution/cons/range.cc compilation failed to produce executable
FAIL: 26_numerics/random/piecewise_linear_distribution/requirements/typedefs.cc (test for excess errors)
FAIL: 26_numerics/random/poisson_distribution/cons/default.cc (test for excess errors)
UNRESOLVED: 26_numerics/random/poisson_distribution/cons/default.cc compilation failed to produce executable
FAIL: 26_numerics/random/poisson_distribution/cons/parms.cc (test for excess errors)
UNRESOLVED: 26_numerics/random/poisson_distribution/cons/parms.cc compilation failed to produce executable
FAIL: 26_numerics/random/poisson_distribution/requirements/typedefs.cc (test for excess errors)
FAIL: 26_numerics/random/random_device/cons/default.cc (test for excess errors)
UNRESOLVED: 26_numerics/random/random_device/cons/default.cc compilation failed to produce executable
FAIL: 26_numerics/random/random_device/cons/token.cc (test for excess errors)
UNRESOLVED: 26_numerics/random/random_device/cons/token.cc compilation failed to produce executable
FAIL: 26_numerics/random/random_device/requirements/typedefs.cc (test for excess errors)
FAIL: 26_numerics/random/ranlux24.cc (test for excess errors)
UNRESOLVED: 26_numerics/random/ranlux24.cc compilation failed to produce executable
FAIL: 26_numerics/random/ranlux24_base.cc (test for excess errors)
UNRESOLVED: 26_numerics/random/ranlux24_base.cc compilation failed to produce executable
FAIL: 26_numerics/random/ranlux48.cc (test for excess errors)
UNRESOLVED: 26_numerics/random/ranlux48.cc compilation failed to produce executable
FAIL: 26_numerics/random/ranlux48_base.cc (test for excess errors)
UNRESOLVED: 26_numerics/random/ranlux48_base.cc compilation failed to produce executable
FAIL: 26_numerics/random/seed_seq/cons/default.cc (test for excess errors)
UNRESOLVED: 26_numerics/random/seed_seq/cons/default.cc compilation failed to produce executable
FAIL: 26_numerics/random/seed_seq/cons/initlist.cc (test for excess errors)
UNRESOLVED: 26_numerics/random/seed_seq/cons/initlist.cc compilation failed to produce executable
FAIL: 26_numerics/random/seed_seq/cons/range.cc (test for excess errors)
UNRESOLVED: 26_numerics/random/seed_seq/cons/range.cc compilation failed to produce executable
FAIL: 26_numerics/random/seed_seq/requirements/typedefs.cc (test for excess errors)
FAIL: 26_numerics/random/shuffle_order_engine/cons/base_copy.cc (test for excess errors)
UNRESOLVED: 26_numerics/random/shuffle_order_engine/cons/base_copy.cc compilation failed to produce executable
FAIL: 26_numerics/random/shuffle_order_engine/cons/base_move.cc (test for excess errors)
UNRESOLVED: 26_numerics/random/shuffle_order_engine/cons/base_move.cc compilation failed to produce executable
FAIL: 26_numerics/random/shuffle_order_engine/cons/default.cc (test for excess errors)
UNRESOLVED: 26_numerics/random/shuffle_order_engine/cons/default.cc compilation failed to produce executable
FAIL: 26_numerics/random/shuffle_order_engine/cons/seed1.cc (test for excess errors)
UNRESOLVED: 26_numerics/random/shuffle_order_engine/cons/seed1.cc compilation failed to produce executable
FAIL: 26_numerics/random/shuffle_order_engine/cons/seed2.cc (test for excess errors)
UNRESOLVED: 26_numerics/random/shuffle_order_engine/cons/seed2.cc compilation failed to produce executable
FAIL: 26_numerics/random/shuffle_order_engine/cons/seed_seq.cc (test for excess errors)
UNRESOLVED: 26_numerics/random/shuffle_order_engine/cons/seed_seq.cc compilation failed to produce executable
FAIL: 26_numerics/random/shuffle_order_engine/operators/equal.cc (test for excess errors)
UNRESOLVED: 26_numerics/random/shuffle_order_engine/operators/equal.cc compilation failed to produce executable
FAIL: 26_numerics/random/shuffle_order_engine/operators/serialize.cc (test for excess errors)
UNRESOLVED: 26_numerics/random/shuffle_order_engine/operators/serialize.cc compilation failed to produce executable
FAIL: 26_numerics/random/shuffle_order_engine/requirements/typedefs.cc (test for excess errors)
FAIL: 26_numerics/random/student_t_distribution/cons/default.cc (test for excess errors)
UNRESOLVED: 26_numerics/random/student_t_distribution/cons/default.cc compilation failed to produce executable
FAIL: 26_numerics/random/student_t_distribution/cons/parms.cc (test for excess errors)
UNRESOLVED: 26_numerics/random/student_t_distribution/cons/parms.cc compilation failed to produce executable
FAIL: 26_numerics/random/student_t_distribution/requirements/typedefs.cc (test for excess errors)
FAIL: 26_numerics/random/subtract_with_carry_engine/cons/default.cc (test for excess errors)
UNRESOLVED: 26_numerics/random/subtract_with_carry_engine/cons/default.cc compilation failed to produce executable
FAIL: 26_numerics/random/subtract_with_carry_engine/cons/seed1.cc (test for excess errors)
UNRESOLVED: 26_numerics/random/subtract_with_carry_engine/cons/seed1.cc compilation failed to produce executable
FAIL: 26_numerics/random/subtract_with_carry_engine/cons/seed2.cc (test for excess errors)
UNRESOLVED: 26_numerics/random/subtract_with_carry_engine/cons/seed2.cc compilation failed to produce executable
FAIL: 26_numerics/random/subtract_with_carry_engine/operators/equal.cc (test for excess errors)
UNRESOLVED: 26_numerics/random/subtract_with_carry_engine/operators/equal.cc compilation failed to produce executable
FAIL: 26_numerics/random/subtract_with_carry_engine/operators/serialize.cc (test for excess errors)
UNRESOLVED: 26_numerics/random/subtract_with_carry_engine/operators/serialize.cc compilation failed to produce executable
FAIL: 26_numerics/random/subtract_with_carry_engine/requirements/typedefs.cc (test for excess errors)
FAIL: 26_numerics/random/uniform_int_distribution/cons/default.cc (test for excess errors)
UNRESOLVED: 26_numerics/random/uniform_int_distribution/cons/default.cc compilation failed to produce executable
FAIL: 26_numerics/random/uniform_int_distribution/cons/parms.cc (test for excess errors)
UNRESOLVED: 26_numerics/random/uniform_int_distribution/cons/parms.cc compilation failed to produce executable
FAIL: 26_numerics/random/uniform_int_distribution/cons/parms_neg.cc (test for excess errors)
UNRESOLVED: 26_numerics/random/uniform_int_distribution/cons/parms_neg.cc compilation failed to produce executable
FAIL: 26_numerics/random/uniform_int_distribution/requirements/typedefs.cc (test for excess errors)
FAIL: 26_numerics/random/uniform_real_distribution/cons/default.cc (test for excess errors)
UNRESOLVED: 26_numerics/random/uniform_real_distribution/cons/default.cc compilation failed to produce executable
FAIL: 26_numerics/random/uniform_real_distribution/cons/parms.cc (test for excess errors)
UNRESOLVED: 26_numerics/random/uniform_real_distribution/cons/parms.cc compilation failed to produce executable
FAIL: 26_numerics/random/uniform_real_distribution/cons/parms_neg.cc (test for excess errors)
UNRESOLVED: 26_numerics/random/uniform_real_distribution/cons/parms_neg.cc compilation failed to produce executable
FAIL: 26_numerics/random/uniform_real_distribution/requirements/typedefs.cc (test for excess errors)
FAIL: 26_numerics/random/weibull_distribution/cons/default.cc (test for excess errors)
UNRESOLVED: 26_numerics/random/weibull_distribution/cons/default.cc compilation failed to produce executable
FAIL: 26_numerics/random/weibull_distribution/cons/parms.cc (test for excess errors)
UNRESOLVED: 26_numerics/random/weibull_distribution/cons/parms.cc compilation failed to produce executable
FAIL: 26_numerics/random/weibull_distribution/requirements/typedefs.cc (test for excess errors)
FAIL: 27_io/basic_filebuf/sgetn/char/1-in.cc execution test
FAIL: 27_io/basic_filebuf/sgetn/char/1-io.cc execution test
FAIL: 27_io/basic_filebuf/sgetn/char/2-in.cc execution test
FAIL: 27_io/basic_filebuf/sgetn/char/2-io.cc execution test
FAIL: 27_io/basic_filebuf/underflow/wchar_t/11603.cc execution test
FAIL: 27_io/basic_istream/readsome/char/6746-2.cc execution test
FAIL: 27_io/basic_istream/readsome/wchar_t/6746-2.cc execution test
FAIL: 27_io/basic_ostream/inserters_arithmetic/wchar_t/4402.cc execution test
FAIL: 27_io/basic_ostream/inserters_character/wchar_t/28277-3.cc execution test
FAIL: 27_io/basic_ostream/inserters_character/wchar_t/28277-4.cc execution test
FAIL: 27_io/basic_stringbuf/overflow/wchar_t/1.cc execution test
XPASS: 27_io/ios_base/sync_with_stdio/1.cc execution test
FAIL: 27_io/objects/char/6.cc execution test
FAIL: 27_io/objects/wchar_t/6.cc execution test
FAIL: ext/pool_allocator/allocate_chunk.cc execution test
FAIL: ext/vstring/inserters_extractors/wchar_t/28277.cc execution test
FAIL: tr1/5_numerical_facilities/special_functions/02_assoc_legendre/check_nan.cc execution test
FAIL: tr1/5_numerical_facilities/special_functions/05_comp_ellint_2/check_nan.cc execution test
FAIL: tr1/5_numerical_facilities/special_functions/06_comp_ellint_3/check_nan.cc execution test
FAIL: tr1/5_numerical_facilities/special_functions/08_cyl_bessel_i/check_nan.cc execution test
FAIL: tr1/5_numerical_facilities/special_functions/09_cyl_bessel_j/check_nan.cc execution test
FAIL: tr1/5_numerical_facilities/special_functions/10_cyl_bessel_k/check_nan.cc execution test
FAIL: tr1/5_numerical_facilities/special_functions/11_cyl_neumann/check_nan.cc execution test
FAIL: tr1/5_numerical_facilities/special_functions/12_ellint_1/check_nan.cc execution test
FAIL: tr1/5_numerical_facilities/special_functions/13_ellint_2/check_nan.cc execution test
FAIL: tr1/5_numerical_facilities/special_functions/14_ellint_3/check_nan.cc execution test
FAIL: tr1/5_numerical_facilities/special_functions/19_legendre/check_nan.cc execution test
FAIL: tr1/5_numerical_facilities/special_functions/20_riemann_zeta/check_nan.cc execution test
FAIL: tr1/5_numerical_facilities/special_functions/21_sph_bessel/check_nan.cc execution test
FAIL: tr1/5_numerical_facilities/special_functions/22_sph_legendre/check_nan.cc execution test
FAIL: tr1/5_numerical_facilities/special_functions/23_sph_neumann/check_nan.cc execution test
=== libstdc++ Summary ===
# of expected passes 5488
# of unexpected failures 165
# of unexpected successes 1
# of expected failures 77
# of unresolved testcases 103
# of unsupported tests 358
Compiler version: 4.5.0 20090429 (experimental) (GCC)
Platform: m68k-unknown-elf
configure flags: --build=i686-pc-linux-gnu --host=i686-pc-linux-gnu --target=m68k-elf --enable-threads --disable-libmudflap --disable-libssp --disable-libstdcxx-pch --with-arch=cf --disable-threads --with-gnu-as --with-gnu-ld --enable-languages=c,c++ --disable-shared --with-newlib --disable-nls --prefix=/opt/codesourcery --with-headers=yes --with-sysroot=/opt/codesourcery/m68k-elf --with-build-sysroot=/scratch/gcc/nightly-2009-04-29-mainline/coldfire-elf/install/m68k-elf --with-gmp=/scratch/gcc/nightly-2009-04-29-mainline/coldfire-elf/obj/host-libs-mainline-0-m68k-elf-i686-pc-linux-gnu/usr --with-mpfr=/scratch/gcc/nightly-2009-04-29-mainline/coldfire-elf/obj/host-libs-mainline-0-m68k-elf-i686-pc-linux-gnu/usr --with-ppl=/scratch/gcc/nightly-2009-04-29-mainline/coldfire-elf/obj/host-libs-mainline-0-m68k-elf-i686-pc-linux-gnu/usr --with-host-libstdcxx='-static-libgcc -Wl,-Bstatic,-lstdc++,-Bdynamic -lm' --with-cloog=/scratch/gcc/nightly-2009-04-29-mainline/coldfire-elf/obj/host
-libs-mainline-0-m68k-elf-i686-pc-linux-gnu/usr --disable-libgomp --enable-poison-system-directories --with-build-time-tools=/scratch/gcc/nightly-2009-04-29-mainline/coldfire-elf/install/m68k-elf/bin --with-build-time-tools=/scratch/gcc/nightly-2009-04-29-mainline/coldfire-elf/install/m68k-elf/bin