This is the mail archive of the
gcc-testresults@gcc.gnu.org
mailing list for the GCC project.
Results for 4.5.0 20090427 (experimental) [trunk revision 146847] (GCC) testsuite on i686-pc-linux-gnu
- From: Joey Ye <jye2 at shgcc-16 dot sh dot intel dot com>
- To: gcc-testresults at gcc dot gnu dot org
- Date: Tue, 28 Apr 2009 03:33:47 +0800
- Subject: Results for 4.5.0 20090427 (experimental) [trunk revision 146847] (GCC) testsuite on i686-pc-linux-gnu
LAST_UPDATED: Mon Apr 27 17:46:36 UTC 2009 (revision 146847)
Native configuration is i686-pc-linux-gnu
=== g++ tests ===
Running target unix
=== g++ Summary ===
# of expected passes 19842
# of expected failures 140
# of unsupported tests 102
/home/jye2/gcc/build-daily/gcc/testsuite/g++/../../g++ version 4.5.0 20090427 (experimental) [trunk revision 146847] (GCC)
=== gcc tests ===
Running target unix
FAIL: gcc.c-torture/execute/960416-1.c execution, -O2
FAIL: gcc.c-torture/execute/960416-1.c execution, -O3 -fomit-frame-pointer
FAIL: gcc.c-torture/execute/960416-1.c execution, -O3 -g
XPASS: gcc.dg/Warray-bounds.c (test for warnings, line 59)
XPASS: gcc.dg/Warray-bounds.c (test for warnings, line 65)
XPASS: gcc.dg/struct/wo_prof_array_through_pointer.c scan-ipa-dump ipa_struct_reorg "Number of structures to transform is 1"
=== gcc Summary ===
# of expected passes 57147
# of unexpected failures 3
# of unexpected successes 3
# of expected failures 145
# of unsupported tests 883
/home/jye2/gcc/build-daily/gcc/xgcc version 4.5.0 20090427 (experimental) [trunk revision 146847] (GCC)
=== gfortran tests ===
Running target unix
=== gfortran Summary ===
# of expected passes 30178
# of expected failures 11
# of unsupported tests 97
/home/jye2/gcc/build-daily/gcc/testsuite/gfortran/../../gfortran version 4.5.0 20090427 (experimental) [trunk revision 146847] (GCC)
=== objc tests ===
Running target unix
=== objc Summary ===
# of expected passes 1872
# of expected failures 7
# of unsupported tests 24
/home/jye2/gcc/build-daily/gcc/xgcc version 4.5.0 20090427 (experimental) [trunk revision 146847] (GCC)
=== libffi tests ===
Running target unix
=== libffi Summary ===
# of expected passes 1389
# of unsupported tests 10
=== libgomp tests ===
Running target unix
FAIL: libgomp.c/loop-12.c execution test
FAIL: libgomp.c/loop-6.c execution test
FAIL: libgomp.c++/loop-12.C -O2 execution test
FAIL: libgomp.c++/loop-12.C -O3 -fomit-frame-pointer execution test
FAIL: libgomp.c++/loop-12.C -O3 -fomit-frame-pointer -funroll-loops execution test
FAIL: libgomp.c++/loop-12.C -O3 -fomit-frame-pointer -funroll-all-loops -finline-functions execution test
FAIL: libgomp.c++/loop-12.C -O3 -g execution test
FAIL: libgomp.c++/loop-12.C -Os execution test
FAIL: libgomp.c++/loop-9.C -O2 execution test
FAIL: libgomp.c++/loop-9.C -O3 -fomit-frame-pointer execution test
FAIL: libgomp.c++/loop-9.C -O3 -fomit-frame-pointer -funroll-loops execution test
FAIL: libgomp.c++/loop-9.C -O3 -fomit-frame-pointer -funroll-all-loops -finline-functions execution test
FAIL: libgomp.c++/loop-9.C -O3 -g execution test
FAIL: libgomp.c++/loop-9.C -Os execution test
=== libgomp Summary ===
# of expected passes 2394
# of unexpected failures 14
=== libjava tests ===
Running target unix
=== libjava Summary ===
# of expected passes 2574
=== libmudflap tests ===
Running target unix
FAIL: libmudflap.c++/pass41-frag.cxx execution test
FAIL: libmudflap.c++/pass41-frag.cxx (-static) execution test
FAIL: libmudflap.c++/pass41-frag.cxx (-O2) execution test
FAIL: libmudflap.c++/pass41-frag.cxx (-O3) execution test
FAIL: libmudflap.cth/pass39-frag.c (rerun 3) execution test
FAIL: libmudflap.cth/pass39-frag.c (rerun 3) output pattern test
=== libmudflap Summary ===
# of expected passes 1888
# of unexpected failures 6
=== libstdc++ tests ===
Running target unix
XPASS: 26_numerics/headers/cmath/c99_classification_macros_c.cc (test for excess errors)
=== libstdc++ Summary ===
# of expected passes 6722
# of unexpected successes 1
# of expected failures 82
# of unsupported tests 18
Compiler version: 4.5.0 20090427 (experimental) [trunk revision 146847] (GCC)
Platform: i686-pc-linux-gnu
configure flags: --enable-clocale=gnu --with-system-zlib --enable-decimal-float=bid --with-demangler-in-ld --enable-shared --enable-threads=posix --enable-haifa --enable-checking=assert