This is the mail archive of the
gcc-testresults@gcc.gnu.org
mailing list for the GCC project.
Results for 4.5.0 20090424 (experimental) (GCC) testsuite on arm-none-eabi
- From: CodeSourcery Automatic Testing System <gcc at codesourcery dot com>
- To: gcc-testresults at gcc dot gnu dot org
- Date: Fri, 24 Apr 2009 07:16:07 -0700
- Subject: Results for 4.5.0 20090424 (experimental) (GCC) testsuite on arm-none-eabi
LAST_UPDATED: Fri Apr 24 07:31:14 UTC 2009 (/trunk revision 146670)
Target is arm-none-eabi
Host is i686-pc-linux-gnu
=== g++ tests ===
Running target arm-sim-fsf
FAIL: tmpdir-g++.dg-struct-layout-1/t004 cp_compat_x_tst.o compile
FAIL: tmpdir-g++.dg-struct-layout-1/t004 cp_compat_y_tst.o compile
FAIL: g++.dg/conversion/enum1.C execution test
FAIL: g++.dg/init/copy7.C execution test
FAIL: g++.dg/init/ref15.C execution test
FAIL: g++.dg/ipa/iinline-1.C scan-ipa-dump inline "String::funcOne[^\\n]*inline copy in int main"
XPASS: g++.dg/other/packed1.C execution test
FAIL: g++.dg/template/cond5.C (internal compiler error)
FAIL: g++.dg/template/cond5.C (test for excess errors)
FAIL: g++.dg/tree-ssa/ehcleanup-1.C scan-tree-dump-times ehcleanup1 "Empty EH handler" 1
FAIL: g++.dg/tree-ssa/new1.C scan-tree-dump-not forwprop1 "= .* \\+ -"
=== g++ Summary ===
# of expected passes 18649
# of unexpected failures 10
# of unexpected successes 1
# of expected failures 139
# of unsupported tests 180
/scratch/gcc/nightly-2009-04-24-mainline/arm-none-eabi/obj/test-mainline-0-arm-none-eabi/host-i686-pc-linux-gnu/fsf-mainline/bin/arm-none-eabi-g++ version 4.5.0 20090424 (experimental) (GCC)
Host is i686-pc-linux-gnu
=== gcc tests ===
Running target arm-sim-fsf
FAIL: gcc.c-torture/compile/pr39845.c -O0 (test for excess errors)
FAIL: gcc.c-torture/compile/pr39845.c -O1 (test for excess errors)
FAIL: gcc.c-torture/compile/pr39845.c -O2 (test for excess errors)
FAIL: gcc.c-torture/compile/pr39845.c -O3 -fomit-frame-pointer (test for excess errors)
FAIL: gcc.c-torture/compile/pr39845.c -O3 -fomit-frame-pointer -funroll-loops (test for excess errors)
FAIL: gcc.c-torture/compile/pr39845.c -O3 -fomit-frame-pointer -funroll-all-loops -finline-functions (test for excess errors)
FAIL: gcc.c-torture/compile/pr39845.c -O3 -g (test for excess errors)
FAIL: gcc.c-torture/compile/pr39845.c -Os (test for excess errors)
FAIL: gcc.dg/compat/struct-layout-1 c_compat_x_tst.o compile
FAIL: gcc.dg/compat/struct-layout-1 c_compat_y_tst.o compile
UNRESOLVED: gcc.dg/compat/struct-layout-1 c_compat_x_tst.o-c_compat_y_tst.o link
UNRESOLVED: gcc.dg/compat/struct-layout-1 c_compat_x_tst.o-c_compat_y_tst.o execute
XPASS: gcc.dg/Warray-bounds.c (test for warnings, line 59)
XPASS: gcc.dg/Warray-bounds.c (test for warnings, line 65)
FAIL: gcc.dg/c99-stdint-1.c (test for excess errors)
FAIL: gcc.dg/uninit-13.c unconditional (test for warnings, line 8)
FAIL: gcc.dg/uninit-13.c (test for excess errors)
XPASS: gcc.dg/struct/wo_prof_array_through_pointer.c scan-ipa-dump ipa_struct_reorg "Number of structures to transform is 1"
FAIL: gcc.dg/tls/alias-1.c (test for excess errors)
FAIL: gcc.dg/tls/opt-2.c (test for excess errors)
FAIL: gcc.dg/vect/vect-35.c scan-tree-dump-times vect "vectorized 2 loops" 1
FAIL: gcc.target/arm/neon/polytypes.c (test for excess errors)
FAIL: gcc.target/arm/neon/vget_lowf32.c scan-assembler vmov[ \\t]+[dD][0-9]+, [dD][0-9]+!?([ \\t]+@[a-zA-Z0-9 ]+)?\\n
FAIL: gcc.target/arm/neon/vget_lowp16.c scan-assembler vmov[ \\t]+[dD][0-9]+, [dD][0-9]+!?([ \\t]+@[a-zA-Z0-9 ]+)?\\n
FAIL: gcc.target/arm/neon/vget_lowp8.c scan-assembler vmov[ \\t]+[dD][0-9]+, [dD][0-9]+!?([ \\t]+@[a-zA-Z0-9 ]+)?\\n
FAIL: gcc.target/arm/neon/vget_lows16.c scan-assembler vmov[ \\t]+[dD][0-9]+, [dD][0-9]+!?([ \\t]+@[a-zA-Z0-9 ]+)?\\n
FAIL: gcc.target/arm/neon/vget_lows32.c scan-assembler vmov[ \\t]+[dD][0-9]+, [dD][0-9]+!?([ \\t]+@[a-zA-Z0-9 ]+)?\\n
FAIL: gcc.target/arm/neon/vget_lows64.c scan-assembler vmov[ \\t]+[dD][0-9]+, [dD][0-9]+!?([ \\t]+@[a-zA-Z0-9 ]+)?\\n
FAIL: gcc.target/arm/neon/vget_lows8.c scan-assembler vmov[ \\t]+[dD][0-9]+, [dD][0-9]+!?([ \\t]+@[a-zA-Z0-9 ]+)?\\n
FAIL: gcc.target/arm/neon/vget_lowu16.c scan-assembler vmov[ \\t]+[dD][0-9]+, [dD][0-9]+!?([ \\t]+@[a-zA-Z0-9 ]+)?\\n
FAIL: gcc.target/arm/neon/vget_lowu32.c scan-assembler vmov[ \\t]+[dD][0-9]+, [dD][0-9]+!?([ \\t]+@[a-zA-Z0-9 ]+)?\\n
FAIL: gcc.target/arm/neon/vget_lowu64.c scan-assembler vmov[ \\t]+[dD][0-9]+, [dD][0-9]+!?([ \\t]+@[a-zA-Z0-9 ]+)?\\n
FAIL: gcc.target/arm/neon/vget_lowu8.c scan-assembler vmov[ \\t]+[dD][0-9]+, [dD][0-9]+!?([ \\t]+@[a-zA-Z0-9 ]+)?\\n
=== gcc Summary ===
# of expected passes 54320
# of unexpected failures 28
# of unexpected successes 3
# of expected failures 194
# of unresolved testcases 2
# of unsupported tests 648
/scratch/gcc/nightly-2009-04-24-mainline/arm-none-eabi/obj/test-mainline-0-arm-none-eabi/host-i686-pc-linux-gnu/fsf-mainline/bin/arm-none-eabi-gcc version 4.5.0 20090424 (experimental) (GCC)
Host is i686-pc-linux-gnu
=== libstdc++ tests ===
Running target arm-sim-fsf
FAIL: 22_locale/collate/transform/wchar_t/28277.cc execution test
FAIL: 22_locale/ctype/scan/wchar_t/1.cc execution test
FAIL: 23_containers/forward_list/ext_pointer/operations/4.cc (test for excess errors)
UNRESOLVED: 23_containers/forward_list/ext_pointer/operations/4.cc compilation failed to produce executable
FAIL: 26_numerics/random/bernoulli_distribution/cons/default.cc (test for excess errors)
UNRESOLVED: 26_numerics/random/bernoulli_distribution/cons/default.cc compilation failed to produce executable
FAIL: 26_numerics/random/bernoulli_distribution/cons/parms.cc (test for excess errors)
UNRESOLVED: 26_numerics/random/bernoulli_distribution/cons/parms.cc compilation failed to produce executable
FAIL: 26_numerics/random/bernoulli_distribution/requirements/typedefs.cc (test for excess errors)
FAIL: 26_numerics/random/binomial_distribution/cons/default.cc (test for excess errors)
UNRESOLVED: 26_numerics/random/binomial_distribution/cons/default.cc compilation failed to produce executable
FAIL: 26_numerics/random/binomial_distribution/cons/parms.cc (test for excess errors)
UNRESOLVED: 26_numerics/random/binomial_distribution/cons/parms.cc compilation failed to produce executable
FAIL: 26_numerics/random/binomial_distribution/requirements/typedefs.cc (test for excess errors)
FAIL: 26_numerics/random/cauchy_distribution/cons/default.cc (test for excess errors)
UNRESOLVED: 26_numerics/random/cauchy_distribution/cons/default.cc compilation failed to produce executable
FAIL: 26_numerics/random/cauchy_distribution/cons/parms.cc (test for excess errors)
UNRESOLVED: 26_numerics/random/cauchy_distribution/cons/parms.cc compilation failed to produce executable
FAIL: 26_numerics/random/cauchy_distribution/requirements/typedefs.cc (test for excess errors)
FAIL: 26_numerics/random/chi_squared_distribution/cons/default.cc (test for excess errors)
UNRESOLVED: 26_numerics/random/chi_squared_distribution/cons/default.cc compilation failed to produce executable
FAIL: 26_numerics/random/chi_squared_distribution/cons/parms.cc (test for excess errors)
UNRESOLVED: 26_numerics/random/chi_squared_distribution/cons/parms.cc compilation failed to produce executable
FAIL: 26_numerics/random/chi_squared_distribution/requirements/typedefs.cc (test for excess errors)
FAIL: 26_numerics/random/default_random_engine.cc (test for excess errors)
UNRESOLVED: 26_numerics/random/default_random_engine.cc compilation failed to produce executable
FAIL: 26_numerics/random/discard_block_engine/cons/base_copy.cc (test for excess errors)
UNRESOLVED: 26_numerics/random/discard_block_engine/cons/base_copy.cc compilation failed to produce executable
FAIL: 26_numerics/random/discard_block_engine/cons/base_move.cc (test for excess errors)
UNRESOLVED: 26_numerics/random/discard_block_engine/cons/base_move.cc compilation failed to produce executable
FAIL: 26_numerics/random/discard_block_engine/cons/default.cc (test for excess errors)
UNRESOLVED: 26_numerics/random/discard_block_engine/cons/default.cc compilation failed to produce executable
FAIL: 26_numerics/random/discard_block_engine/cons/seed1.cc (test for excess errors)
UNRESOLVED: 26_numerics/random/discard_block_engine/cons/seed1.cc compilation failed to produce executable
FAIL: 26_numerics/random/discard_block_engine/cons/seed2.cc (test for excess errors)
UNRESOLVED: 26_numerics/random/discard_block_engine/cons/seed2.cc compilation failed to produce executable
FAIL: 26_numerics/random/discard_block_engine/cons/seed_seq.cc (test for excess errors)
UNRESOLVED: 26_numerics/random/discard_block_engine/cons/seed_seq.cc compilation failed to produce executable
FAIL: 26_numerics/random/discard_block_engine/operators/equal.cc (test for excess errors)
UNRESOLVED: 26_numerics/random/discard_block_engine/operators/equal.cc compilation failed to produce executable
FAIL: 26_numerics/random/discard_block_engine/operators/serialize.cc (test for excess errors)
UNRESOLVED: 26_numerics/random/discard_block_engine/operators/serialize.cc compilation failed to produce executable
FAIL: 26_numerics/random/discard_block_engine/requirements/typedefs.cc (test for excess errors)
FAIL: 26_numerics/random/discrete_distribution/cons/default.cc (test for excess errors)
UNRESOLVED: 26_numerics/random/discrete_distribution/cons/default.cc compilation failed to produce executable
FAIL: 26_numerics/random/discrete_distribution/cons/initlist.cc (test for excess errors)
UNRESOLVED: 26_numerics/random/discrete_distribution/cons/initlist.cc compilation failed to produce executable
FAIL: 26_numerics/random/discrete_distribution/cons/num_xbound_fun.cc (test for excess errors)
UNRESOLVED: 26_numerics/random/discrete_distribution/cons/num_xbound_fun.cc compilation failed to produce executable
FAIL: 26_numerics/random/discrete_distribution/cons/range.cc (test for excess errors)
UNRESOLVED: 26_numerics/random/discrete_distribution/cons/range.cc compilation failed to produce executable
FAIL: 26_numerics/random/discrete_distribution/requirements/typedefs.cc (test for excess errors)
FAIL: 26_numerics/random/exponential_distribution/cons/default.cc (test for excess errors)
UNRESOLVED: 26_numerics/random/exponential_distribution/cons/default.cc compilation failed to produce executable
FAIL: 26_numerics/random/exponential_distribution/cons/parms.cc (test for excess errors)
UNRESOLVED: 26_numerics/random/exponential_distribution/cons/parms.cc compilation failed to produce executable
FAIL: 26_numerics/random/exponential_distribution/requirements/typedefs.cc (test for excess errors)
FAIL: 26_numerics/random/extreme_value_distribution/cons/default.cc (test for excess errors)
UNRESOLVED: 26_numerics/random/extreme_value_distribution/cons/default.cc compilation failed to produce executable
FAIL: 26_numerics/random/extreme_value_distribution/cons/parms.cc (test for excess errors)
UNRESOLVED: 26_numerics/random/extreme_value_distribution/cons/parms.cc compilation failed to produce executable
FAIL: 26_numerics/random/extreme_value_distribution/requirements/typedefs.cc (test for excess errors)
FAIL: 26_numerics/random/fisher_f_distribution/cons/default.cc (test for excess errors)
UNRESOLVED: 26_numerics/random/fisher_f_distribution/cons/default.cc compilation failed to produce executable
FAIL: 26_numerics/random/fisher_f_distribution/cons/parms.cc (test for excess errors)
UNRESOLVED: 26_numerics/random/fisher_f_distribution/cons/parms.cc compilation failed to produce executable
FAIL: 26_numerics/random/fisher_f_distribution/requirements/typedefs.cc (test for excess errors)
FAIL: 26_numerics/random/gamma_distribution/cons/default.cc (test for excess errors)
UNRESOLVED: 26_numerics/random/gamma_distribution/cons/default.cc compilation failed to produce executable
FAIL: 26_numerics/random/gamma_distribution/cons/parms.cc (test for excess errors)
UNRESOLVED: 26_numerics/random/gamma_distribution/cons/parms.cc compilation failed to produce executable
FAIL: 26_numerics/random/gamma_distribution/requirements/typedefs.cc (test for excess errors)
FAIL: 26_numerics/random/geometric_distribution/cons/default.cc (test for excess errors)
UNRESOLVED: 26_numerics/random/geometric_distribution/cons/default.cc compilation failed to produce executable
FAIL: 26_numerics/random/geometric_distribution/cons/parms.cc (test for excess errors)
UNRESOLVED: 26_numerics/random/geometric_distribution/cons/parms.cc compilation failed to produce executable
FAIL: 26_numerics/random/geometric_distribution/requirements/typedefs.cc (test for excess errors)
FAIL: 26_numerics/random/independent_bits_engine/cons/base_copy.cc (test for excess errors)
UNRESOLVED: 26_numerics/random/independent_bits_engine/cons/base_copy.cc compilation failed to produce executable
FAIL: 26_numerics/random/independent_bits_engine/cons/base_move.cc (test for excess errors)
UNRESOLVED: 26_numerics/random/independent_bits_engine/cons/base_move.cc compilation failed to produce executable
FAIL: 26_numerics/random/independent_bits_engine/cons/default.cc (test for excess errors)
UNRESOLVED: 26_numerics/random/independent_bits_engine/cons/default.cc compilation failed to produce executable
FAIL: 26_numerics/random/independent_bits_engine/cons/seed1.cc (test for excess errors)
UNRESOLVED: 26_numerics/random/independent_bits_engine/cons/seed1.cc compilation failed to produce executable
FAIL: 26_numerics/random/independent_bits_engine/cons/seed2.cc (test for excess errors)
UNRESOLVED: 26_numerics/random/independent_bits_engine/cons/seed2.cc compilation failed to produce executable
FAIL: 26_numerics/random/independent_bits_engine/cons/seed_seq.cc (test for excess errors)
UNRESOLVED: 26_numerics/random/independent_bits_engine/cons/seed_seq.cc compilation failed to produce executable
FAIL: 26_numerics/random/independent_bits_engine/operators/equal.cc (test for excess errors)
UNRESOLVED: 26_numerics/random/independent_bits_engine/operators/equal.cc compilation failed to produce executable
FAIL: 26_numerics/random/independent_bits_engine/operators/serialize.cc (test for excess errors)
UNRESOLVED: 26_numerics/random/independent_bits_engine/operators/serialize.cc compilation failed to produce executable
FAIL: 26_numerics/random/independent_bits_engine/requirements/typedefs.cc (test for excess errors)
FAIL: 26_numerics/random/knuth_b.cc (test for excess errors)
UNRESOLVED: 26_numerics/random/knuth_b.cc compilation failed to produce executable
FAIL: 26_numerics/random/linear_congruential_engine/cons/default.cc (test for excess errors)
UNRESOLVED: 26_numerics/random/linear_congruential_engine/cons/default.cc compilation failed to produce executable
FAIL: 26_numerics/random/linear_congruential_engine/cons/seed1.cc (test for excess errors)
UNRESOLVED: 26_numerics/random/linear_congruential_engine/cons/seed1.cc compilation failed to produce executable
FAIL: 26_numerics/random/linear_congruential_engine/cons/seed2.cc (test for excess errors)
UNRESOLVED: 26_numerics/random/linear_congruential_engine/cons/seed2.cc compilation failed to produce executable
FAIL: 26_numerics/random/linear_congruential_engine/operators/equal.cc (test for excess errors)
UNRESOLVED: 26_numerics/random/linear_congruential_engine/operators/equal.cc compilation failed to produce executable
FAIL: 26_numerics/random/linear_congruential_engine/operators/serialize.cc (test for excess errors)
UNRESOLVED: 26_numerics/random/linear_congruential_engine/operators/serialize.cc compilation failed to produce executable
FAIL: 26_numerics/random/linear_congruential_engine/requirements/non_uint_neg.cc (test for excess errors)
FAIL: 26_numerics/random/linear_congruential_engine/requirements/typedefs.cc (test for excess errors)
FAIL: 26_numerics/random/lognormal_distribution/cons/default.cc (test for excess errors)
UNRESOLVED: 26_numerics/random/lognormal_distribution/cons/default.cc compilation failed to produce executable
FAIL: 26_numerics/random/lognormal_distribution/cons/parms.cc (test for excess errors)
UNRESOLVED: 26_numerics/random/lognormal_distribution/cons/parms.cc compilation failed to produce executable
FAIL: 26_numerics/random/lognormal_distribution/requirements/typedefs.cc (test for excess errors)
FAIL: 26_numerics/random/mersenne_twister_engine/cons/default.cc (test for excess errors)
UNRESOLVED: 26_numerics/random/mersenne_twister_engine/cons/default.cc compilation failed to produce executable
FAIL: 26_numerics/random/mersenne_twister_engine/cons/seed1.cc (test for excess errors)
UNRESOLVED: 26_numerics/random/mersenne_twister_engine/cons/seed1.cc compilation failed to produce executable
FAIL: 26_numerics/random/mersenne_twister_engine/cons/seed2.cc (test for excess errors)
UNRESOLVED: 26_numerics/random/mersenne_twister_engine/cons/seed2.cc compilation failed to produce executable
FAIL: 26_numerics/random/mersenne_twister_engine/operators/equal.cc (test for excess errors)
UNRESOLVED: 26_numerics/random/mersenne_twister_engine/operators/equal.cc compilation failed to produce executable
FAIL: 26_numerics/random/mersenne_twister_engine/operators/serialize.cc (test for excess errors)
UNRESOLVED: 26_numerics/random/mersenne_twister_engine/operators/serialize.cc compilation failed to produce executable
FAIL: 26_numerics/random/mersenne_twister_engine/requirements/typedefs.cc (test for excess errors)
FAIL: 26_numerics/random/minstd_rand.cc (test for excess errors)
UNRESOLVED: 26_numerics/random/minstd_rand.cc compilation failed to produce executable
FAIL: 26_numerics/random/minstd_rand0.cc (test for excess errors)
UNRESOLVED: 26_numerics/random/minstd_rand0.cc compilation failed to produce executable
FAIL: 26_numerics/random/mt19937.cc (test for excess errors)
UNRESOLVED: 26_numerics/random/mt19937.cc compilation failed to produce executable
FAIL: 26_numerics/random/mt19937_64.cc (test for excess errors)
UNRESOLVED: 26_numerics/random/mt19937_64.cc compilation failed to produce executable
FAIL: 26_numerics/random/negative_binomial_distribution/cons/default.cc (test for excess errors)
UNRESOLVED: 26_numerics/random/negative_binomial_distribution/cons/default.cc compilation failed to produce executable
FAIL: 26_numerics/random/negative_binomial_distribution/cons/parms.cc (test for excess errors)
UNRESOLVED: 26_numerics/random/negative_binomial_distribution/cons/parms.cc compilation failed to produce executable
FAIL: 26_numerics/random/negative_binomial_distribution/requirements/typedefs.cc (test for excess errors)
FAIL: 26_numerics/random/normal_distribution/cons/default.cc (test for excess errors)
UNRESOLVED: 26_numerics/random/normal_distribution/cons/default.cc compilation failed to produce executable
FAIL: 26_numerics/random/normal_distribution/cons/parms.cc (test for excess errors)
UNRESOLVED: 26_numerics/random/normal_distribution/cons/parms.cc compilation failed to produce executable
FAIL: 26_numerics/random/normal_distribution/requirements/typedefs.cc (test for excess errors)
FAIL: 26_numerics/random/piecewise_constant_distribution/cons/default.cc (test for excess errors)
UNRESOLVED: 26_numerics/random/piecewise_constant_distribution/cons/default.cc compilation failed to produce executable
FAIL: 26_numerics/random/piecewise_constant_distribution/cons/initlist_fun.cc (test for excess errors)
UNRESOLVED: 26_numerics/random/piecewise_constant_distribution/cons/initlist_fun.cc compilation failed to produce executable
FAIL: 26_numerics/random/piecewise_constant_distribution/cons/num_xbound_fun.cc (test for excess errors)
UNRESOLVED: 26_numerics/random/piecewise_constant_distribution/cons/num_xbound_fun.cc compilation failed to produce executable
FAIL: 26_numerics/random/piecewise_constant_distribution/cons/range.cc (test for excess errors)
UNRESOLVED: 26_numerics/random/piecewise_constant_distribution/cons/range.cc compilation failed to produce executable
FAIL: 26_numerics/random/piecewise_constant_distribution/requirements/typedefs.cc (test for excess errors)
FAIL: 26_numerics/random/piecewise_linear_distribution/cons/default.cc (test for excess errors)
UNRESOLVED: 26_numerics/random/piecewise_linear_distribution/cons/default.cc compilation failed to produce executable
FAIL: 26_numerics/random/piecewise_linear_distribution/cons/initlist_fun.cc (test for excess errors)
UNRESOLVED: 26_numerics/random/piecewise_linear_distribution/cons/initlist_fun.cc compilation failed to produce executable
FAIL: 26_numerics/random/piecewise_linear_distribution/cons/num_xbound_fun.cc (test for excess errors)
UNRESOLVED: 26_numerics/random/piecewise_linear_distribution/cons/num_xbound_fun.cc compilation failed to produce executable
FAIL: 26_numerics/random/piecewise_linear_distribution/cons/range.cc (test for excess errors)
UNRESOLVED: 26_numerics/random/piecewise_linear_distribution/cons/range.cc compilation failed to produce executable
FAIL: 26_numerics/random/piecewise_linear_distribution/requirements/typedefs.cc (test for excess errors)
FAIL: 26_numerics/random/poisson_distribution/cons/default.cc (test for excess errors)
UNRESOLVED: 26_numerics/random/poisson_distribution/cons/default.cc compilation failed to produce executable
FAIL: 26_numerics/random/poisson_distribution/cons/parms.cc (test for excess errors)
UNRESOLVED: 26_numerics/random/poisson_distribution/cons/parms.cc compilation failed to produce executable
FAIL: 26_numerics/random/poisson_distribution/requirements/typedefs.cc (test for excess errors)
FAIL: 26_numerics/random/random_device/cons/default.cc (test for excess errors)
UNRESOLVED: 26_numerics/random/random_device/cons/default.cc compilation failed to produce executable
FAIL: 26_numerics/random/random_device/cons/token.cc (test for excess errors)
UNRESOLVED: 26_numerics/random/random_device/cons/token.cc compilation failed to produce executable
FAIL: 26_numerics/random/random_device/requirements/typedefs.cc (test for excess errors)
FAIL: 26_numerics/random/ranlux24.cc (test for excess errors)
UNRESOLVED: 26_numerics/random/ranlux24.cc compilation failed to produce executable
FAIL: 26_numerics/random/ranlux24_base.cc (test for excess errors)
UNRESOLVED: 26_numerics/random/ranlux24_base.cc compilation failed to produce executable
FAIL: 26_numerics/random/ranlux48.cc (test for excess errors)
UNRESOLVED: 26_numerics/random/ranlux48.cc compilation failed to produce executable
FAIL: 26_numerics/random/ranlux48_base.cc (test for excess errors)
UNRESOLVED: 26_numerics/random/ranlux48_base.cc compilation failed to produce executable
FAIL: 26_numerics/random/seed_seq/cons/default.cc (test for excess errors)
UNRESOLVED: 26_numerics/random/seed_seq/cons/default.cc compilation failed to produce executable
FAIL: 26_numerics/random/seed_seq/cons/initlist.cc (test for excess errors)
UNRESOLVED: 26_numerics/random/seed_seq/cons/initlist.cc compilation failed to produce executable
FAIL: 26_numerics/random/seed_seq/cons/range.cc (test for excess errors)
UNRESOLVED: 26_numerics/random/seed_seq/cons/range.cc compilation failed to produce executable
FAIL: 26_numerics/random/seed_seq/requirements/typedefs.cc (test for excess errors)
FAIL: 26_numerics/random/shuffle_order_engine/cons/base_copy.cc (test for excess errors)
UNRESOLVED: 26_numerics/random/shuffle_order_engine/cons/base_copy.cc compilation failed to produce executable
FAIL: 26_numerics/random/shuffle_order_engine/cons/base_move.cc (test for excess errors)
UNRESOLVED: 26_numerics/random/shuffle_order_engine/cons/base_move.cc compilation failed to produce executable
FAIL: 26_numerics/random/shuffle_order_engine/cons/default.cc (test for excess errors)
UNRESOLVED: 26_numerics/random/shuffle_order_engine/cons/default.cc compilation failed to produce executable
FAIL: 26_numerics/random/shuffle_order_engine/cons/seed1.cc (test for excess errors)
UNRESOLVED: 26_numerics/random/shuffle_order_engine/cons/seed1.cc compilation failed to produce executable
FAIL: 26_numerics/random/shuffle_order_engine/cons/seed2.cc (test for excess errors)
UNRESOLVED: 26_numerics/random/shuffle_order_engine/cons/seed2.cc compilation failed to produce executable
FAIL: 26_numerics/random/shuffle_order_engine/cons/seed_seq.cc (test for excess errors)
UNRESOLVED: 26_numerics/random/shuffle_order_engine/cons/seed_seq.cc compilation failed to produce executable
FAIL: 26_numerics/random/shuffle_order_engine/operators/equal.cc (test for excess errors)
UNRESOLVED: 26_numerics/random/shuffle_order_engine/operators/equal.cc compilation failed to produce executable
FAIL: 26_numerics/random/shuffle_order_engine/operators/serialize.cc (test for excess errors)
UNRESOLVED: 26_numerics/random/shuffle_order_engine/operators/serialize.cc compilation failed to produce executable
FAIL: 26_numerics/random/shuffle_order_engine/requirements/typedefs.cc (test for excess errors)
FAIL: 26_numerics/random/student_t_distribution/cons/default.cc (test for excess errors)
UNRESOLVED: 26_numerics/random/student_t_distribution/cons/default.cc compilation failed to produce executable
FAIL: 26_numerics/random/student_t_distribution/cons/parms.cc (test for excess errors)
UNRESOLVED: 26_numerics/random/student_t_distribution/cons/parms.cc compilation failed to produce executable
FAIL: 26_numerics/random/student_t_distribution/requirements/typedefs.cc (test for excess errors)
FAIL: 26_numerics/random/subtract_with_carry_engine/cons/default.cc (test for excess errors)
UNRESOLVED: 26_numerics/random/subtract_with_carry_engine/cons/default.cc compilation failed to produce executable
FAIL: 26_numerics/random/subtract_with_carry_engine/cons/seed1.cc (test for excess errors)
UNRESOLVED: 26_numerics/random/subtract_with_carry_engine/cons/seed1.cc compilation failed to produce executable
FAIL: 26_numerics/random/subtract_with_carry_engine/cons/seed2.cc (test for excess errors)
UNRESOLVED: 26_numerics/random/subtract_with_carry_engine/cons/seed2.cc compilation failed to produce executable
FAIL: 26_numerics/random/subtract_with_carry_engine/operators/equal.cc (test for excess errors)
UNRESOLVED: 26_numerics/random/subtract_with_carry_engine/operators/equal.cc compilation failed to produce executable
FAIL: 26_numerics/random/subtract_with_carry_engine/operators/serialize.cc (test for excess errors)
UNRESOLVED: 26_numerics/random/subtract_with_carry_engine/operators/serialize.cc compilation failed to produce executable
FAIL: 26_numerics/random/subtract_with_carry_engine/requirements/typedefs.cc (test for excess errors)
FAIL: 26_numerics/random/uniform_int_distribution/cons/default.cc (test for excess errors)
UNRESOLVED: 26_numerics/random/uniform_int_distribution/cons/default.cc compilation failed to produce executable
FAIL: 26_numerics/random/uniform_int_distribution/cons/parms.cc (test for excess errors)
UNRESOLVED: 26_numerics/random/uniform_int_distribution/cons/parms.cc compilation failed to produce executable
FAIL: 26_numerics/random/uniform_int_distribution/cons/parms_neg.cc (test for excess errors)
UNRESOLVED: 26_numerics/random/uniform_int_distribution/cons/parms_neg.cc compilation failed to produce executable
FAIL: 26_numerics/random/uniform_int_distribution/requirements/typedefs.cc (test for excess errors)
FAIL: 26_numerics/random/uniform_real_distribution/cons/default.cc (test for excess errors)
UNRESOLVED: 26_numerics/random/uniform_real_distribution/cons/default.cc compilation failed to produce executable
FAIL: 26_numerics/random/uniform_real_distribution/cons/parms.cc (test for excess errors)
UNRESOLVED: 26_numerics/random/uniform_real_distribution/cons/parms.cc compilation failed to produce executable
FAIL: 26_numerics/random/uniform_real_distribution/cons/parms_neg.cc (test for excess errors)
UNRESOLVED: 26_numerics/random/uniform_real_distribution/cons/parms_neg.cc compilation failed to produce executable
FAIL: 26_numerics/random/uniform_real_distribution/requirements/typedefs.cc (test for excess errors)
FAIL: 26_numerics/random/weibull_distribution/cons/default.cc (test for excess errors)
UNRESOLVED: 26_numerics/random/weibull_distribution/cons/default.cc compilation failed to produce executable
FAIL: 26_numerics/random/weibull_distribution/cons/parms.cc (test for excess errors)
UNRESOLVED: 26_numerics/random/weibull_distribution/cons/parms.cc compilation failed to produce executable
FAIL: 26_numerics/random/weibull_distribution/requirements/typedefs.cc (test for excess errors)
FAIL: 27_io/basic_filebuf/underflow/wchar_t/11603.cc execution test
FAIL: 27_io/basic_ostream/inserters_arithmetic/wchar_t/4402.cc execution test
FAIL: 27_io/basic_stringbuf/overflow/wchar_t/1.cc execution test
FAIL: ext/pb_ds/regression/hash_data_map_rand.cc (test for excess errors)
UNRESOLVED: ext/pb_ds/regression/hash_data_map_rand.cc compilation failed to produce executable
FAIL: ext/pb_ds/regression/hash_no_data_map_rand.cc (test for excess errors)
UNRESOLVED: ext/pb_ds/regression/hash_no_data_map_rand.cc compilation failed to produce executable
FAIL: ext/pb_ds/regression/list_update_data_map_rand.cc (test for excess errors)
UNRESOLVED: ext/pb_ds/regression/list_update_data_map_rand.cc compilation failed to produce executable
FAIL: ext/pb_ds/regression/list_update_no_data_map_rand.cc (test for excess errors)
UNRESOLVED: ext/pb_ds/regression/list_update_no_data_map_rand.cc compilation failed to produce executable
FAIL: ext/pb_ds/regression/tree_data_map_rand.cc (test for excess errors)
UNRESOLVED: ext/pb_ds/regression/tree_data_map_rand.cc compilation failed to produce executable
FAIL: ext/pb_ds/regression/tree_no_data_map_rand.cc (test for excess errors)
UNRESOLVED: ext/pb_ds/regression/tree_no_data_map_rand.cc compilation failed to produce executable
FAIL: ext/pb_ds/regression/trie_data_map_rand.cc (test for excess errors)
UNRESOLVED: ext/pb_ds/regression/trie_data_map_rand.cc compilation failed to produce executable
FAIL: ext/pb_ds/regression/trie_no_data_map_rand.cc (test for excess errors)
UNRESOLVED: ext/pb_ds/regression/trie_no_data_map_rand.cc compilation failed to produce executable
XPASS: ext/stdio_filebuf/char/10063-2.cc execution test
XPASS: ext/stdio_filebuf/char/10063-3.cc execution test
=== libstdc++ Summary ===
# of expected passes 5483
# of unexpected failures 145
# of unexpected successes 2
# of expected failures 84
# of unresolved testcases 111
# of unsupported tests 358
Host is i686-pc-linux-gnu
=== g++ tests ===
Running target arm-sim-fsf/-mthumb
FAIL: tmpdir-g++.dg-struct-layout-1/t004 cp_compat_x_tst.o compile
FAIL: tmpdir-g++.dg-struct-layout-1/t004 cp_compat_y_tst.o compile
FAIL: g++.dg/conversion/enum1.C execution test
FAIL: g++.dg/init/copy7.C execution test
FAIL: g++.dg/init/ref15.C execution test
FAIL: g++.dg/ipa/iinline-1.C scan-ipa-dump inline "String::funcOne[^\\n]*inline copy in int main"
XPASS: g++.dg/other/packed1.C execution test
FAIL: g++.dg/template/cond5.C (internal compiler error)
FAIL: g++.dg/template/cond5.C (test for excess errors)
FAIL: g++.dg/tree-ssa/ehcleanup-1.C scan-tree-dump-times ehcleanup1 "Empty EH handler" 1
FAIL: g++.dg/tree-ssa/new1.C scan-tree-dump-not forwprop1 "= .* \\+ -"
=== g++ Summary ===
# of expected passes 18579
# of unexpected failures 10
# of unexpected successes 1
# of expected failures 139
# of unsupported tests 191
/scratch/gcc/nightly-2009-04-24-mainline/arm-none-eabi/obj/test-mainline-0-arm-none-eabi/host-i686-pc-linux-gnu/fsf-mainline/bin/arm-none-eabi-g++ version 4.5.0 20090424 (experimental) (GCC)
Host is i686-pc-linux-gnu
=== gcc tests ===
Running target arm-sim-fsf/-mthumb
FAIL: gcc.c-torture/compile/920413-1.c -O1 (internal compiler error)
FAIL: gcc.c-torture/compile/920413-1.c -O1 (test for excess errors)
FAIL: gcc.c-torture/compile/920413-1.c -O2 (internal compiler error)
FAIL: gcc.c-torture/compile/920413-1.c -O2 (test for excess errors)
FAIL: gcc.c-torture/compile/920413-1.c -O3 -fomit-frame-pointer (internal compiler error)
FAIL: gcc.c-torture/compile/920413-1.c -O3 -fomit-frame-pointer (test for excess errors)
FAIL: gcc.c-torture/compile/920413-1.c -O3 -g (internal compiler error)
FAIL: gcc.c-torture/compile/920413-1.c -O3 -g (test for excess errors)
FAIL: gcc.c-torture/compile/920413-1.c -Os (internal compiler error)
FAIL: gcc.c-torture/compile/920413-1.c -Os (test for excess errors)
FAIL: gcc.c-torture/compile/pr39845.c -O0 (test for excess errors)
FAIL: gcc.c-torture/compile/pr39845.c -O1 (test for excess errors)
FAIL: gcc.c-torture/compile/pr39845.c -O2 (test for excess errors)
FAIL: gcc.c-torture/compile/pr39845.c -O3 -fomit-frame-pointer (test for excess errors)
FAIL: gcc.c-torture/compile/pr39845.c -O3 -fomit-frame-pointer -funroll-loops (test for excess errors)
FAIL: gcc.c-torture/compile/pr39845.c -O3 -fomit-frame-pointer -funroll-all-loops -finline-functions (test for excess errors)
FAIL: gcc.c-torture/compile/pr39845.c -O3 -g (test for excess errors)
FAIL: gcc.c-torture/compile/pr39845.c -Os (test for excess errors)
XPASS: gcc.c-torture/execute/941014-1.c execution, -O0
FAIL: gcc.dg/compat/struct-layout-1 c_compat_x_tst.o compile
FAIL: gcc.dg/compat/struct-layout-1 c_compat_y_tst.o compile
UNRESOLVED: gcc.dg/compat/struct-layout-1 c_compat_x_tst.o-c_compat_y_tst.o link
UNRESOLVED: gcc.dg/compat/struct-layout-1 c_compat_x_tst.o-c_compat_y_tst.o execute
XPASS: gcc.dg/Warray-bounds.c (test for warnings, line 59)
XPASS: gcc.dg/Warray-bounds.c (test for warnings, line 65)
FAIL: gcc.dg/c99-stdint-1.c (test for excess errors)
FAIL: gcc.dg/uninit-13.c unconditional (test for warnings, line 8)
FAIL: gcc.dg/uninit-13.c (test for excess errors)
XPASS: gcc.dg/struct/wo_prof_array_through_pointer.c scan-ipa-dump ipa_struct_reorg "Number of structures to transform is 1"
=== gcc Summary ===
# of expected passes 49645
# of unexpected failures 23
# of unexpected successes 4
# of expected failures 69
# of unresolved testcases 2
# of unsupported tests 2509
/scratch/gcc/nightly-2009-04-24-mainline/arm-none-eabi/obj/test-mainline-0-arm-none-eabi/host-i686-pc-linux-gnu/fsf-mainline/bin/arm-none-eabi-gcc version 4.5.0 20090424 (experimental) (GCC)
Host is i686-pc-linux-gnu
=== libstdc++ tests ===
Running target arm-sim-fsf/-mthumb
FAIL: 22_locale/collate/transform/wchar_t/28277.cc execution test
FAIL: 22_locale/ctype/scan/wchar_t/1.cc execution test
FAIL: 26_numerics/random/bernoulli_distribution/cons/default.cc (test for excess errors)
UNRESOLVED: 26_numerics/random/bernoulli_distribution/cons/default.cc compilation failed to produce executable
FAIL: 26_numerics/random/bernoulli_distribution/cons/parms.cc (test for excess errors)
UNRESOLVED: 26_numerics/random/bernoulli_distribution/cons/parms.cc compilation failed to produce executable
FAIL: 26_numerics/random/bernoulli_distribution/requirements/typedefs.cc (test for excess errors)
FAIL: 26_numerics/random/binomial_distribution/cons/default.cc (test for excess errors)
UNRESOLVED: 26_numerics/random/binomial_distribution/cons/default.cc compilation failed to produce executable
FAIL: 26_numerics/random/binomial_distribution/cons/parms.cc (test for excess errors)
UNRESOLVED: 26_numerics/random/binomial_distribution/cons/parms.cc compilation failed to produce executable
FAIL: 26_numerics/random/binomial_distribution/requirements/typedefs.cc (test for excess errors)
FAIL: 26_numerics/random/cauchy_distribution/cons/default.cc (test for excess errors)
UNRESOLVED: 26_numerics/random/cauchy_distribution/cons/default.cc compilation failed to produce executable
FAIL: 26_numerics/random/cauchy_distribution/cons/parms.cc (test for excess errors)
UNRESOLVED: 26_numerics/random/cauchy_distribution/cons/parms.cc compilation failed to produce executable
FAIL: 26_numerics/random/cauchy_distribution/requirements/typedefs.cc (test for excess errors)
FAIL: 26_numerics/random/chi_squared_distribution/cons/default.cc (test for excess errors)
UNRESOLVED: 26_numerics/random/chi_squared_distribution/cons/default.cc compilation failed to produce executable
FAIL: 26_numerics/random/chi_squared_distribution/cons/parms.cc (test for excess errors)
UNRESOLVED: 26_numerics/random/chi_squared_distribution/cons/parms.cc compilation failed to produce executable
FAIL: 26_numerics/random/chi_squared_distribution/requirements/typedefs.cc (test for excess errors)
FAIL: 26_numerics/random/default_random_engine.cc (test for excess errors)
UNRESOLVED: 26_numerics/random/default_random_engine.cc compilation failed to produce executable
FAIL: 26_numerics/random/discard_block_engine/cons/base_copy.cc (test for excess errors)
UNRESOLVED: 26_numerics/random/discard_block_engine/cons/base_copy.cc compilation failed to produce executable
FAIL: 26_numerics/random/discard_block_engine/cons/base_move.cc (test for excess errors)
UNRESOLVED: 26_numerics/random/discard_block_engine/cons/base_move.cc compilation failed to produce executable
FAIL: 26_numerics/random/discard_block_engine/cons/default.cc (test for excess errors)
UNRESOLVED: 26_numerics/random/discard_block_engine/cons/default.cc compilation failed to produce executable
FAIL: 26_numerics/random/discard_block_engine/cons/seed1.cc (test for excess errors)
UNRESOLVED: 26_numerics/random/discard_block_engine/cons/seed1.cc compilation failed to produce executable
FAIL: 26_numerics/random/discard_block_engine/cons/seed2.cc (test for excess errors)
UNRESOLVED: 26_numerics/random/discard_block_engine/cons/seed2.cc compilation failed to produce executable
FAIL: 26_numerics/random/discard_block_engine/cons/seed_seq.cc (test for excess errors)
UNRESOLVED: 26_numerics/random/discard_block_engine/cons/seed_seq.cc compilation failed to produce executable
FAIL: 26_numerics/random/discard_block_engine/operators/equal.cc (test for excess errors)
UNRESOLVED: 26_numerics/random/discard_block_engine/operators/equal.cc compilation failed to produce executable
FAIL: 26_numerics/random/discard_block_engine/operators/serialize.cc (test for excess errors)
UNRESOLVED: 26_numerics/random/discard_block_engine/operators/serialize.cc compilation failed to produce executable
FAIL: 26_numerics/random/discard_block_engine/requirements/typedefs.cc (test for excess errors)
FAIL: 26_numerics/random/discrete_distribution/cons/default.cc (test for excess errors)
UNRESOLVED: 26_numerics/random/discrete_distribution/cons/default.cc compilation failed to produce executable
FAIL: 26_numerics/random/discrete_distribution/cons/initlist.cc (test for excess errors)
UNRESOLVED: 26_numerics/random/discrete_distribution/cons/initlist.cc compilation failed to produce executable
FAIL: 26_numerics/random/discrete_distribution/cons/num_xbound_fun.cc (test for excess errors)
UNRESOLVED: 26_numerics/random/discrete_distribution/cons/num_xbound_fun.cc compilation failed to produce executable
FAIL: 26_numerics/random/discrete_distribution/cons/range.cc (test for excess errors)
UNRESOLVED: 26_numerics/random/discrete_distribution/cons/range.cc compilation failed to produce executable
FAIL: 26_numerics/random/discrete_distribution/requirements/typedefs.cc (test for excess errors)
FAIL: 26_numerics/random/exponential_distribution/cons/default.cc (test for excess errors)
UNRESOLVED: 26_numerics/random/exponential_distribution/cons/default.cc compilation failed to produce executable
FAIL: 26_numerics/random/exponential_distribution/cons/parms.cc (test for excess errors)
UNRESOLVED: 26_numerics/random/exponential_distribution/cons/parms.cc compilation failed to produce executable
FAIL: 26_numerics/random/exponential_distribution/requirements/typedefs.cc (test for excess errors)
FAIL: 26_numerics/random/extreme_value_distribution/cons/default.cc (test for excess errors)
UNRESOLVED: 26_numerics/random/extreme_value_distribution/cons/default.cc compilation failed to produce executable
FAIL: 26_numerics/random/extreme_value_distribution/cons/parms.cc (test for excess errors)
UNRESOLVED: 26_numerics/random/extreme_value_distribution/cons/parms.cc compilation failed to produce executable
FAIL: 26_numerics/random/extreme_value_distribution/requirements/typedefs.cc (test for excess errors)
FAIL: 26_numerics/random/fisher_f_distribution/cons/default.cc (test for excess errors)
UNRESOLVED: 26_numerics/random/fisher_f_distribution/cons/default.cc compilation failed to produce executable
FAIL: 26_numerics/random/fisher_f_distribution/cons/parms.cc (test for excess errors)
UNRESOLVED: 26_numerics/random/fisher_f_distribution/cons/parms.cc compilation failed to produce executable
FAIL: 26_numerics/random/fisher_f_distribution/requirements/typedefs.cc (test for excess errors)
FAIL: 26_numerics/random/gamma_distribution/cons/default.cc (test for excess errors)
UNRESOLVED: 26_numerics/random/gamma_distribution/cons/default.cc compilation failed to produce executable
FAIL: 26_numerics/random/gamma_distribution/cons/parms.cc (test for excess errors)
UNRESOLVED: 26_numerics/random/gamma_distribution/cons/parms.cc compilation failed to produce executable
FAIL: 26_numerics/random/gamma_distribution/requirements/typedefs.cc (test for excess errors)
FAIL: 26_numerics/random/geometric_distribution/cons/default.cc (test for excess errors)
UNRESOLVED: 26_numerics/random/geometric_distribution/cons/default.cc compilation failed to produce executable
FAIL: 26_numerics/random/geometric_distribution/cons/parms.cc (test for excess errors)
UNRESOLVED: 26_numerics/random/geometric_distribution/cons/parms.cc compilation failed to produce executable
FAIL: 26_numerics/random/geometric_distribution/requirements/typedefs.cc (test for excess errors)
FAIL: 26_numerics/random/independent_bits_engine/cons/base_copy.cc (test for excess errors)
UNRESOLVED: 26_numerics/random/independent_bits_engine/cons/base_copy.cc compilation failed to produce executable
FAIL: 26_numerics/random/independent_bits_engine/cons/base_move.cc (test for excess errors)
UNRESOLVED: 26_numerics/random/independent_bits_engine/cons/base_move.cc compilation failed to produce executable
FAIL: 26_numerics/random/independent_bits_engine/cons/default.cc (test for excess errors)
UNRESOLVED: 26_numerics/random/independent_bits_engine/cons/default.cc compilation failed to produce executable
FAIL: 26_numerics/random/independent_bits_engine/cons/seed1.cc (test for excess errors)
UNRESOLVED: 26_numerics/random/independent_bits_engine/cons/seed1.cc compilation failed to produce executable
FAIL: 26_numerics/random/independent_bits_engine/cons/seed2.cc (test for excess errors)
UNRESOLVED: 26_numerics/random/independent_bits_engine/cons/seed2.cc compilation failed to produce executable
FAIL: 26_numerics/random/independent_bits_engine/cons/seed_seq.cc (test for excess errors)
UNRESOLVED: 26_numerics/random/independent_bits_engine/cons/seed_seq.cc compilation failed to produce executable
FAIL: 26_numerics/random/independent_bits_engine/operators/equal.cc (test for excess errors)
UNRESOLVED: 26_numerics/random/independent_bits_engine/operators/equal.cc compilation failed to produce executable
FAIL: 26_numerics/random/independent_bits_engine/operators/serialize.cc (test for excess errors)
UNRESOLVED: 26_numerics/random/independent_bits_engine/operators/serialize.cc compilation failed to produce executable
FAIL: 26_numerics/random/independent_bits_engine/requirements/typedefs.cc (test for excess errors)
FAIL: 26_numerics/random/knuth_b.cc (test for excess errors)
UNRESOLVED: 26_numerics/random/knuth_b.cc compilation failed to produce executable
FAIL: 26_numerics/random/linear_congruential_engine/cons/default.cc (test for excess errors)
UNRESOLVED: 26_numerics/random/linear_congruential_engine/cons/default.cc compilation failed to produce executable
FAIL: 26_numerics/random/linear_congruential_engine/cons/seed1.cc (test for excess errors)
UNRESOLVED: 26_numerics/random/linear_congruential_engine/cons/seed1.cc compilation failed to produce executable
FAIL: 26_numerics/random/linear_congruential_engine/cons/seed2.cc (test for excess errors)
UNRESOLVED: 26_numerics/random/linear_congruential_engine/cons/seed2.cc compilation failed to produce executable
FAIL: 26_numerics/random/linear_congruential_engine/operators/equal.cc (test for excess errors)
UNRESOLVED: 26_numerics/random/linear_congruential_engine/operators/equal.cc compilation failed to produce executable
FAIL: 26_numerics/random/linear_congruential_engine/operators/serialize.cc (test for excess errors)
UNRESOLVED: 26_numerics/random/linear_congruential_engine/operators/serialize.cc compilation failed to produce executable
FAIL: 26_numerics/random/linear_congruential_engine/requirements/non_uint_neg.cc (test for excess errors)
FAIL: 26_numerics/random/linear_congruential_engine/requirements/typedefs.cc (test for excess errors)
FAIL: 26_numerics/random/lognormal_distribution/cons/default.cc (test for excess errors)
UNRESOLVED: 26_numerics/random/lognormal_distribution/cons/default.cc compilation failed to produce executable
FAIL: 26_numerics/random/lognormal_distribution/cons/parms.cc (test for excess errors)
UNRESOLVED: 26_numerics/random/lognormal_distribution/cons/parms.cc compilation failed to produce executable
FAIL: 26_numerics/random/lognormal_distribution/requirements/typedefs.cc (test for excess errors)
FAIL: 26_numerics/random/mersenne_twister_engine/cons/default.cc (test for excess errors)
UNRESOLVED: 26_numerics/random/mersenne_twister_engine/cons/default.cc compilation failed to produce executable
FAIL: 26_numerics/random/mersenne_twister_engine/cons/seed1.cc (test for excess errors)
UNRESOLVED: 26_numerics/random/mersenne_twister_engine/cons/seed1.cc compilation failed to produce executable
FAIL: 26_numerics/random/mersenne_twister_engine/cons/seed2.cc (test for excess errors)
UNRESOLVED: 26_numerics/random/mersenne_twister_engine/cons/seed2.cc compilation failed to produce executable
FAIL: 26_numerics/random/mersenne_twister_engine/operators/equal.cc (test for excess errors)
UNRESOLVED: 26_numerics/random/mersenne_twister_engine/operators/equal.cc compilation failed to produce executable
FAIL: 26_numerics/random/mersenne_twister_engine/operators/serialize.cc (test for excess errors)
UNRESOLVED: 26_numerics/random/mersenne_twister_engine/operators/serialize.cc compilation failed to produce executable
FAIL: 26_numerics/random/mersenne_twister_engine/requirements/typedefs.cc (test for excess errors)
FAIL: 26_numerics/random/minstd_rand.cc (test for excess errors)
UNRESOLVED: 26_numerics/random/minstd_rand.cc compilation failed to produce executable
FAIL: 26_numerics/random/minstd_rand0.cc (test for excess errors)
UNRESOLVED: 26_numerics/random/minstd_rand0.cc compilation failed to produce executable
FAIL: 26_numerics/random/mt19937.cc (test for excess errors)
UNRESOLVED: 26_numerics/random/mt19937.cc compilation failed to produce executable
FAIL: 26_numerics/random/mt19937_64.cc (test for excess errors)
UNRESOLVED: 26_numerics/random/mt19937_64.cc compilation failed to produce executable
FAIL: 26_numerics/random/negative_binomial_distribution/cons/default.cc (test for excess errors)
UNRESOLVED: 26_numerics/random/negative_binomial_distribution/cons/default.cc compilation failed to produce executable
FAIL: 26_numerics/random/negative_binomial_distribution/cons/parms.cc (test for excess errors)
UNRESOLVED: 26_numerics/random/negative_binomial_distribution/cons/parms.cc compilation failed to produce executable
FAIL: 26_numerics/random/negative_binomial_distribution/requirements/typedefs.cc (test for excess errors)
FAIL: 26_numerics/random/normal_distribution/cons/default.cc (test for excess errors)
UNRESOLVED: 26_numerics/random/normal_distribution/cons/default.cc compilation failed to produce executable
FAIL: 26_numerics/random/normal_distribution/cons/parms.cc (test for excess errors)
UNRESOLVED: 26_numerics/random/normal_distribution/cons/parms.cc compilation failed to produce executable
FAIL: 26_numerics/random/normal_distribution/requirements/typedefs.cc (test for excess errors)
FAIL: 26_numerics/random/piecewise_constant_distribution/cons/default.cc (test for excess errors)
UNRESOLVED: 26_numerics/random/piecewise_constant_distribution/cons/default.cc compilation failed to produce executable
FAIL: 26_numerics/random/piecewise_constant_distribution/cons/initlist_fun.cc (test for excess errors)
UNRESOLVED: 26_numerics/random/piecewise_constant_distribution/cons/initlist_fun.cc compilation failed to produce executable
FAIL: 26_numerics/random/piecewise_constant_distribution/cons/num_xbound_fun.cc (test for excess errors)
UNRESOLVED: 26_numerics/random/piecewise_constant_distribution/cons/num_xbound_fun.cc compilation failed to produce executable
FAIL: 26_numerics/random/piecewise_constant_distribution/cons/range.cc (test for excess errors)
UNRESOLVED: 26_numerics/random/piecewise_constant_distribution/cons/range.cc compilation failed to produce executable
FAIL: 26_numerics/random/piecewise_constant_distribution/requirements/typedefs.cc (test for excess errors)
FAIL: 26_numerics/random/piecewise_linear_distribution/cons/default.cc (test for excess errors)
UNRESOLVED: 26_numerics/random/piecewise_linear_distribution/cons/default.cc compilation failed to produce executable
FAIL: 26_numerics/random/piecewise_linear_distribution/cons/initlist_fun.cc (test for excess errors)
UNRESOLVED: 26_numerics/random/piecewise_linear_distribution/cons/initlist_fun.cc compilation failed to produce executable
FAIL: 26_numerics/random/piecewise_linear_distribution/cons/num_xbound_fun.cc (test for excess errors)
UNRESOLVED: 26_numerics/random/piecewise_linear_distribution/cons/num_xbound_fun.cc compilation failed to produce executable
FAIL: 26_numerics/random/piecewise_linear_distribution/cons/range.cc (test for excess errors)
UNRESOLVED: 26_numerics/random/piecewise_linear_distribution/cons/range.cc compilation failed to produce executable
FAIL: 26_numerics/random/piecewise_linear_distribution/requirements/typedefs.cc (test for excess errors)
FAIL: 26_numerics/random/poisson_distribution/cons/default.cc (test for excess errors)
UNRESOLVED: 26_numerics/random/poisson_distribution/cons/default.cc compilation failed to produce executable
FAIL: 26_numerics/random/poisson_distribution/cons/parms.cc (test for excess errors)
UNRESOLVED: 26_numerics/random/poisson_distribution/cons/parms.cc compilation failed to produce executable
FAIL: 26_numerics/random/poisson_distribution/requirements/typedefs.cc (test for excess errors)
FAIL: 26_numerics/random/random_device/cons/default.cc (test for excess errors)
UNRESOLVED: 26_numerics/random/random_device/cons/default.cc compilation failed to produce executable
FAIL: 26_numerics/random/random_device/cons/token.cc (test for excess errors)
UNRESOLVED: 26_numerics/random/random_device/cons/token.cc compilation failed to produce executable
FAIL: 26_numerics/random/random_device/requirements/typedefs.cc (test for excess errors)
FAIL: 26_numerics/random/ranlux24.cc (test for excess errors)
UNRESOLVED: 26_numerics/random/ranlux24.cc compilation failed to produce executable
FAIL: 26_numerics/random/ranlux24_base.cc (test for excess errors)
UNRESOLVED: 26_numerics/random/ranlux24_base.cc compilation failed to produce executable
FAIL: 26_numerics/random/ranlux48.cc (test for excess errors)
UNRESOLVED: 26_numerics/random/ranlux48.cc compilation failed to produce executable
FAIL: 26_numerics/random/ranlux48_base.cc (test for excess errors)
UNRESOLVED: 26_numerics/random/ranlux48_base.cc compilation failed to produce executable
FAIL: 26_numerics/random/seed_seq/cons/default.cc (test for excess errors)
UNRESOLVED: 26_numerics/random/seed_seq/cons/default.cc compilation failed to produce executable
FAIL: 26_numerics/random/seed_seq/cons/initlist.cc (test for excess errors)
UNRESOLVED: 26_numerics/random/seed_seq/cons/initlist.cc compilation failed to produce executable
FAIL: 26_numerics/random/seed_seq/cons/range.cc (test for excess errors)
UNRESOLVED: 26_numerics/random/seed_seq/cons/range.cc compilation failed to produce executable
FAIL: 26_numerics/random/seed_seq/requirements/typedefs.cc (test for excess errors)
FAIL: 26_numerics/random/shuffle_order_engine/cons/base_copy.cc (test for excess errors)
UNRESOLVED: 26_numerics/random/shuffle_order_engine/cons/base_copy.cc compilation failed to produce executable
FAIL: 26_numerics/random/shuffle_order_engine/cons/base_move.cc (test for excess errors)
UNRESOLVED: 26_numerics/random/shuffle_order_engine/cons/base_move.cc compilation failed to produce executable
FAIL: 26_numerics/random/shuffle_order_engine/cons/default.cc (test for excess errors)
UNRESOLVED: 26_numerics/random/shuffle_order_engine/cons/default.cc compilation failed to produce executable
FAIL: 26_numerics/random/shuffle_order_engine/cons/seed1.cc (test for excess errors)
UNRESOLVED: 26_numerics/random/shuffle_order_engine/cons/seed1.cc compilation failed to produce executable
FAIL: 26_numerics/random/shuffle_order_engine/cons/seed2.cc (test for excess errors)
UNRESOLVED: 26_numerics/random/shuffle_order_engine/cons/seed2.cc compilation failed to produce executable
FAIL: 26_numerics/random/shuffle_order_engine/cons/seed_seq.cc (test for excess errors)
UNRESOLVED: 26_numerics/random/shuffle_order_engine/cons/seed_seq.cc compilation failed to produce executable
FAIL: 26_numerics/random/shuffle_order_engine/operators/equal.cc (test for excess errors)
UNRESOLVED: 26_numerics/random/shuffle_order_engine/operators/equal.cc compilation failed to produce executable
FAIL: 26_numerics/random/shuffle_order_engine/operators/serialize.cc (test for excess errors)
UNRESOLVED: 26_numerics/random/shuffle_order_engine/operators/serialize.cc compilation failed to produce executable
FAIL: 26_numerics/random/shuffle_order_engine/requirements/typedefs.cc (test for excess errors)
FAIL: 26_numerics/random/student_t_distribution/cons/default.cc (test for excess errors)
UNRESOLVED: 26_numerics/random/student_t_distribution/cons/default.cc compilation failed to produce executable
FAIL: 26_numerics/random/student_t_distribution/cons/parms.cc (test for excess errors)
UNRESOLVED: 26_numerics/random/student_t_distribution/cons/parms.cc compilation failed to produce executable
FAIL: 26_numerics/random/student_t_distribution/requirements/typedefs.cc (test for excess errors)
FAIL: 26_numerics/random/subtract_with_carry_engine/cons/default.cc (test for excess errors)
UNRESOLVED: 26_numerics/random/subtract_with_carry_engine/cons/default.cc compilation failed to produce executable
FAIL: 26_numerics/random/subtract_with_carry_engine/cons/seed1.cc (test for excess errors)
UNRESOLVED: 26_numerics/random/subtract_with_carry_engine/cons/seed1.cc compilation failed to produce executable
FAIL: 26_numerics/random/subtract_with_carry_engine/cons/seed2.cc (test for excess errors)
UNRESOLVED: 26_numerics/random/subtract_with_carry_engine/cons/seed2.cc compilation failed to produce executable
FAIL: 26_numerics/random/subtract_with_carry_engine/operators/equal.cc (test for excess errors)
UNRESOLVED: 26_numerics/random/subtract_with_carry_engine/operators/equal.cc compilation failed to produce executable
FAIL: 26_numerics/random/subtract_with_carry_engine/operators/serialize.cc (test for excess errors)
UNRESOLVED: 26_numerics/random/subtract_with_carry_engine/operators/serialize.cc compilation failed to produce executable
FAIL: 26_numerics/random/subtract_with_carry_engine/requirements/typedefs.cc (test for excess errors)
FAIL: 26_numerics/random/uniform_int_distribution/cons/default.cc (test for excess errors)
UNRESOLVED: 26_numerics/random/uniform_int_distribution/cons/default.cc compilation failed to produce executable
FAIL: 26_numerics/random/uniform_int_distribution/cons/parms.cc (test for excess errors)
UNRESOLVED: 26_numerics/random/uniform_int_distribution/cons/parms.cc compilation failed to produce executable
FAIL: 26_numerics/random/uniform_int_distribution/cons/parms_neg.cc (test for excess errors)
UNRESOLVED: 26_numerics/random/uniform_int_distribution/cons/parms_neg.cc compilation failed to produce executable
FAIL: 26_numerics/random/uniform_int_distribution/requirements/typedefs.cc (test for excess errors)
FAIL: 26_numerics/random/uniform_real_distribution/cons/default.cc (test for excess errors)
UNRESOLVED: 26_numerics/random/uniform_real_distribution/cons/default.cc compilation failed to produce executable
FAIL: 26_numerics/random/uniform_real_distribution/cons/parms.cc (test for excess errors)
UNRESOLVED: 26_numerics/random/uniform_real_distribution/cons/parms.cc compilation failed to produce executable
FAIL: 26_numerics/random/uniform_real_distribution/cons/parms_neg.cc (test for excess errors)
UNRESOLVED: 26_numerics/random/uniform_real_distribution/cons/parms_neg.cc compilation failed to produce executable
FAIL: 26_numerics/random/uniform_real_distribution/requirements/typedefs.cc (test for excess errors)
FAIL: 26_numerics/random/weibull_distribution/cons/default.cc (test for excess errors)
UNRESOLVED: 26_numerics/random/weibull_distribution/cons/default.cc compilation failed to produce executable
FAIL: 26_numerics/random/weibull_distribution/cons/parms.cc (test for excess errors)
UNRESOLVED: 26_numerics/random/weibull_distribution/cons/parms.cc compilation failed to produce executable
FAIL: 26_numerics/random/weibull_distribution/requirements/typedefs.cc (test for excess errors)
FAIL: 27_io/basic_filebuf/underflow/wchar_t/11603.cc execution test
FAIL: 27_io/basic_ostream/inserters_arithmetic/wchar_t/4402.cc execution test
FAIL: 27_io/basic_stringbuf/overflow/char/9988.cc execution test
FAIL: 27_io/basic_stringbuf/overflow/wchar_t/1.cc execution test
FAIL: 27_io/basic_stringbuf/overflow/wchar_t/9988.cc execution test
FAIL: ext/pb_ds/regression/hash_data_map_rand.cc (test for excess errors)
UNRESOLVED: ext/pb_ds/regression/hash_data_map_rand.cc compilation failed to produce executable
FAIL: ext/pb_ds/regression/hash_no_data_map_rand.cc (test for excess errors)
UNRESOLVED: ext/pb_ds/regression/hash_no_data_map_rand.cc compilation failed to produce executable
FAIL: ext/pb_ds/regression/list_update_data_map_rand.cc (test for excess errors)
UNRESOLVED: ext/pb_ds/regression/list_update_data_map_rand.cc compilation failed to produce executable
FAIL: ext/pb_ds/regression/list_update_no_data_map_rand.cc (test for excess errors)
UNRESOLVED: ext/pb_ds/regression/list_update_no_data_map_rand.cc compilation failed to produce executable
FAIL: ext/pb_ds/regression/tree_data_map_rand.cc (test for excess errors)
UNRESOLVED: ext/pb_ds/regression/tree_data_map_rand.cc compilation failed to produce executable
FAIL: ext/pb_ds/regression/tree_no_data_map_rand.cc (test for excess errors)
UNRESOLVED: ext/pb_ds/regression/tree_no_data_map_rand.cc compilation failed to produce executable
FAIL: ext/pb_ds/regression/trie_data_map_rand.cc (test for excess errors)
UNRESOLVED: ext/pb_ds/regression/trie_data_map_rand.cc compilation failed to produce executable
FAIL: ext/pb_ds/regression/trie_no_data_map_rand.cc (test for excess errors)
UNRESOLVED: ext/pb_ds/regression/trie_no_data_map_rand.cc compilation failed to produce executable
XPASS: ext/stdio_filebuf/char/10063-2.cc execution test
XPASS: ext/stdio_filebuf/char/10063-3.cc execution test
=== libstdc++ Summary ===
# of expected passes 5483
# of unexpected failures 146
# of unexpected successes 2
# of expected failures 84
# of unresolved testcases 110
# of unsupported tests 358
Compiler version: 4.5.0 20090424 (experimental) (GCC)
Platform: arm-none-eabi
configure flags: --build=i686-pc-linux-gnu --host=i686-pc-linux-gnu --target=arm-none-eabi --enable-threads --disable-libmudflap --disable-libssp --disable-libstdcxx-pch --with-gnu-as --with-gnu-ld --enable-languages=c,c++ --disable-shared --with-newlib --disable-nls --prefix=/opt/codesourcery --with-headers=yes --with-sysroot=/opt/codesourcery/arm-none-eabi --with-build-sysroot=/scratch/gcc/nightly-2009-04-24-mainline/arm-none-eabi/install/arm-none-eabi --with-gmp=/scratch/gcc/nightly-2009-04-24-mainline/arm-none-eabi/obj/host-libs-mainline-0-arm-none-eabi-i686-pc-linux-gnu/usr --with-mpfr=/scratch/gcc/nightly-2009-04-24-mainline/arm-none-eabi/obj/host-libs-mainline-0-arm-none-eabi-i686-pc-linux-gnu/usr --with-ppl=/scratch/gcc/nightly-2009-04-24-mainline/arm-none-eabi/obj/host-libs-mainline-0-arm-none-eabi-i686-pc-linux-gnu/usr --with-host-libstdcxx='-static-libgcc -Wl,-Bstatic,-lstdc++,-Bdynamic -lm' --with-cloog=/scratch/gcc/nightly-2009-04-24-mainline/arm-none-eabi/obj/h!
ost-libs-mainline-0-arm-none-eabi-i686-pc-linux-gnu/usr --disable-libgomp --enable-poison-system-directories --with-build-time-tools=/scratch/gcc/nightly-2009-04-24-mainline/arm-none-eabi/install/arm-none-eabi/bin --with-build-time-tools=/scratch/gcc/nightly-2009-04-24-mainline/arm-none-eabi/install/arm-none-eabi/bin