This is the mail archive of the
gcc-testresults@gcc.gnu.org
mailing list for the GCC project.
Results for 4.5.0 20090422 (experimental) [ revision ] (GCC) testsuite on alphaev56-unknown-linux-gnu
- From: uros at gcc11 dot fsffrance dot org
- To: gcc-testresults at gcc dot gnu dot org
- Date: Fri, 24 Apr 2009 14:52:42 +0200
- Subject: Results for 4.5.0 20090422 (experimental) [ revision ] (GCC) testsuite on alphaev56-unknown-linux-gnu
LAST_UPDATED: mercredi 22 avril 2009, 13:07:28 (UTC+0000) (revision )
Native configuration is alphaev56-unknown-linux-gnu
=== libgomp tests ===
Running target unix
=== libgomp Summary ===
# of expected passes 2408
=== libmudflap tests ===
Running target unix
FAIL: libmudflap.c/pass54-frag.c execution test
FAIL: libmudflap.c/pass54-frag.c execution test
FAIL: libmudflap.c/pass54-frag.c (-static) execution test
FAIL: libmudflap.c/pass54-frag.c (-static) execution test
FAIL: libmudflap.c++/pass41-frag.cxx execution test
FAIL: libmudflap.c++/pass41-frag.cxx (-static) execution test
FAIL: libmudflap.c++/pass41-frag.cxx (-O2) execution test
FAIL: libmudflap.c++/pass41-frag.cxx (-O3) execution test
=== libmudflap Summary ===
# of expected passes 1886
# of unexpected failures 8
=== libstdc++ tests ===
Running target unix
FAIL: 18_support/headers/exception/synopsis.cc (test for excess errors)
FAIL: 22_locale/time_get/get_date/wchar_t/4.cc execution test
FAIL: ext/pb_ds/regression/trie_no_data_map_rand.cc execution test
=== libstdc++ Summary ===
# of expected passes 6716
# of unexpected failures 3
# of expected failures 83
# of unsupported tests 15
=== gcc tests ===
Running target unix
XPASS: gcc.dg/Warray-bounds.c (test for warnings, line 59)
XPASS: gcc.dg/Warray-bounds.c (test for warnings, line 65)
FAIL: gcc.dg/cleanup-10.c execution test
FAIL: gcc.dg/cleanup-11.c execution test
FAIL: gcc.dg/cleanup-8.c execution test
FAIL: gcc.dg/cleanup-9.c execution test
FAIL: gcc.dg/pr39323-2.c (test for excess errors)
FAIL: gcc.dg/pr39323-2.c scan-assembler .align[\\\\t ]*268435456
FAIL: gcc.dg/pr39323-3.c (test for excess errors)
FAIL: gcc.dg/pr39323-3.c scan-assembler .align[\\\\t ]*268435456
XPASS: gcc.dg/struct/wo_prof_array_through_pointer.c scan-ipa-dump ipa_struct_reorg "Number of structures to transform is 1"
=== gcc Summary ===
# of expected passes 50543
# of unexpected failures 8
# of unexpected successes 3
# of expected failures 73
# of unsupported tests 502
/home/uros/gcc-build/gcc/xgcc version 4.5.0 20090422 (experimental) [ revision ] (GCC)
=== gfortran tests ===
Running target unix
=== gfortran Summary ===
# of expected passes 29721
# of expected failures 19
# of unsupported tests 46
/home/uros/gcc-build/gcc/testsuite/gfortran/../../gfortran version 4.5.0 20090422 (experimental) [ revision ] (GCC)
=== g++ tests ===
Running target unix
FAIL: g++.dg/ext/cleanup-10.C execution test
FAIL: g++.dg/ext/cleanup-11.C execution test
FAIL: g++.dg/ext/cleanup-8.C execution test
FAIL: g++.dg/ext/cleanup-9.C execution test
=== g++ Summary ===
# of expected passes 19153
# of unexpected failures 4
# of expected failures 140
# of unsupported tests 160
/home/uros/gcc-build/gcc/testsuite/g++/../../g++ version 4.5.0 20090422 (experimental) [ revision ] (GCC)
Compiler version: 4.5.0 20090422 (experimental) [ revision ] (GCC)
Platform: alphaev56-unknown-linux-gnu
configure flags: --enable-languages=c,c++,fortran
BOOT_CFLAGS=-g -O2