This is the mail archive of the
gcc-testresults@gcc.gnu.org
mailing list for the GCC project.
Results for 4.5.0 20090422 (experimental) [trunk revision 146612] (GCC) testsuite on hppa2.0w-hp-hpux11.11
- From: John David Anglin <dave at hiauly3 dot hia dot nrc dot ca>
- To: dave at hiauly3 dot hia dot nrc dot ca, gcc-testresults at gcc dot gnu dot org
- Date: Thu, 23 Apr 2009 19:03:07 -0400 (EDT)
- Subject: Results for 4.5.0 20090422 (experimental) [trunk revision 146612] (GCC) testsuite on hppa2.0w-hp-hpux11.11
LAST_UPDATED: Wed Apr 22 20:42:37 UTC 2009 (revision 146612)
=== acats tests ===
FAIL: c954a01
FAIL: c9a011b
=== acats Summary ===
# of expected passes 2313
# of unexpected failures 2
Native configuration is hppa2.0w-hp-hpux11.11
=== g++ tests ===
Running target unix
=== g++ Summary ===
# of expected passes 18095
# of expected failures 142
# of unsupported tests 247
/test/gnu/gcc/objdir/gcc/testsuite/g++/../../g++ version 4.5.0 20090422 (experimental) [trunk revision 146612] (GCC)
=== gcc tests ===
Running target unix
XPASS: gcc.dg/Warray-bounds.c (test for warnings, line 59)
XPASS: gcc.dg/Warray-bounds.c (test for warnings, line 65)
XPASS: gcc.dg/struct/wo_prof_array_through_pointer.c scan-ipa-dump ipa_struct_reorg "Number of structures to transform is 1"
ERROR: tcl error sourcing /test/gnu/gcc/gcc/gcc/testsuite/gcc.misc-tests/help.exp.
ERROR: syntax error in expression "\$pattern ne """
=== gcc Summary ===
# of expected passes 49316
# of unexpected successes 3
# of expected failures 73
# of unsupported tests 638
/test/gnu/gcc/objdir/gcc/xgcc version 4.5.0 20090422 (experimental) [trunk revision 146612] (GCC)
=== gfortran tests ===
Running target unix
=== gfortran Summary ===
# of expected passes 29238
# of expected failures 15
# of unsupported tests 262
/test/gnu/gcc/objdir/gcc/testsuite/gfortran/../../gfortran version 4.5.0 20090422 (experimental) [trunk revision 146612] (GCC)
=== gnat tests ===
Running target unix
=== gnat Summary ===
# of expected passes 623
# of expected failures 6
=== obj-c++ tests ===
Running target unix
WARNING: obj-c++.dg/lookup-2.mm compilation failed to produce executable
WARNING: obj-c++.dg/try-catch-2.mm compilation failed to produce executable
WARNING: obj-c++.dg/try-catch-9.mm compilation failed to produce executable
=== obj-c++ Summary ===
# of expected passes 436
# of expected failures 10
# of unsupported tests 14
/test/gnu/gcc/objdir/gcc/testsuite/obj-c++/../../g++ version 4.5.0 20090422 (experimental) [trunk revision 146612] (GCC)
=== objc tests ===
Running target unix
=== objc Summary ===
# of expected passes 1858
# of expected failures 15
# of unsupported tests 27
/test/gnu/gcc/objdir/gcc/xgcc version 4.5.0 20090422 (experimental) [trunk revision 146612] (GCC)
=== libffi tests ===
Running target unix
=== libffi Summary ===
# of expected passes 1389
# of unsupported tests 10
=== libgomp tests ===
Running target unix
FAIL: libgomp.fortran/vla6.f90 -O3 -fomit-frame-pointer execution test
FAIL: libgomp.fortran/vla6.f90 -O3 -g execution test
=== libgomp Summary ===
# of expected passes 2388
# of unexpected failures 2
# of unsupported tests 9
=== libjava tests ===
Running target unix
FAIL: LargeFile execution - source compiled test
FAIL: LargeFile -findirect-dispatch execution - source compiled test
FAIL: LargeFile -O3 execution - source compiled test
FAIL: LargeFile -O3 -findirect-dispatch execution - source compiled test
=== libjava Summary ===
# of expected passes 2566
# of unexpected failures 4
# of untested testcases 4
=== libstdc++ tests ===
Running target unix
WARNING: program timed out.
FAIL: ext/pb_ds/example/store_hash.cc (test for excess errors)
WARNING: ext/pb_ds/example/store_hash.cc compilation failed to produce executable
WARNING: program timed out.
FAIL: ext/pb_ds/example/tree_join.cc execution test
=== libstdc++ Summary ===
# of expected passes 5772
# of unexpected failures 2
# of expected failures 80
# of unsupported tests 490
Compiler version: 4.5.0 20090422 (experimental) [trunk revision 146612] (GCC)
Platform: hppa2.0w-hp-hpux11.11
configure flags: --with-gnu-as --with-as=/opt/gnu/bin/as --enable-shared --disable-nls --with-local-prefix=/opt/gnu --prefix=/opt/gnu/gcc/gcc-4.5.0 --enable-debug=no --enable-threads=posix --with-mpfr=/opt/gnu/gcc/gcc-4.5.0 --with-gmp=/opt/gnu/gcc/gcc-4.5.0 --disable-libmudflap --enable-languages=c,c++,objc,obj-c++,fortran,java,ada