This is the mail archive of the
gcc-testresults@gcc.gnu.org
mailing list for the GCC project.
Results for 4.5.0 20090420 (experimental) [trunk revision 146454] (GCC) testsuite on powerpc64-unknown-linux-gnu
- From: Janis Johnson <janis187 at us dot ibm dot com>
- To: gcc-testresults at gcc dot gnu dot org
- Date: Mon, 20 Apr 2009 21:02:28 -0700
- Subject: Results for 4.5.0 20090420 (experimental) [trunk revision 146454] (GCC) testsuite on powerpc64-unknown-linux-gnu
Linux 2.6.5-7.252-pseries64 ppc64
GNU C Library stable release version 2.3.5 (20050720)
GNU ld (GNU Binutils) 2.18.50.20080905
GNU assembler (GNU Binutils) 2.18.50.20080905
GNU Make 3.80
DejaGnu:
Expect version is 5.43.0
Tcl version is 8.4
Framework version is 1.4.4
32-bit biarch default32
SVN branch: trunk
This hardware has VMX instructions.
LAST_UPDATED: Mon Apr 20 21:13:59 UTC 2009 (revision 146454)
Native configuration is powerpc64-unknown-linux-gnu
=== g++ tests ===
Running target unix/-m32
FAIL: g++.dg/ext/altivec-12.C (test for excess errors)
FAIL: g++.dg/ext/altivec-13.C (test for excess errors)
FAIL: g++.dg/ext/altivec-15.C (test for errors, line 11)
FAIL: g++.dg/ext/altivec-15.C (test for errors, line 12)
FAIL: g++.dg/ext/altivec-2.C (internal compiler error)
FAIL: g++.dg/ext/altivec-2.C (test for excess errors)
FAIL: g++.dg/ext/altivec-3.C (test for excess errors)
FAIL: g++.dg/ext/altivec-4.C (internal compiler error)
FAIL: g++.dg/ext/altivec-4.C (test for excess errors)
FAIL: g++.dg/ext/altivec-6.C (internal compiler error)
FAIL: g++.dg/ext/altivec-6.C (test for excess errors)
FAIL: g++.dg/ext/altivec-8.C (internal compiler error)
FAIL: g++.dg/ext/altivec-8.C (test for excess errors)
FAIL: g++.dg/ext/altivec-9.C (internal compiler error)
FAIL: g++.dg/ext/altivec-9.C (test for excess errors)
FAIL: g++.dg/other/spu2vmx-1.C (internal compiler error)
FAIL: g++.dg/other/spu2vmx-1.C (test for excess errors)
=== g++ Summary for unix/-m32 ===
# of expected passes 20061
# of unexpected failures 17
# of expected failures 142
# of unsupported tests 132
Running target unix/-m64
FAIL: g++.dg/ext/altivec-12.C (test for excess errors)
FAIL: g++.dg/ext/altivec-13.C (test for excess errors)
FAIL: g++.dg/ext/altivec-15.C (test for errors, line 11)
FAIL: g++.dg/ext/altivec-15.C (test for errors, line 12)
FAIL: g++.dg/ext/altivec-2.C (internal compiler error)
FAIL: g++.dg/ext/altivec-2.C (test for excess errors)
FAIL: g++.dg/ext/altivec-3.C (test for excess errors)
FAIL: g++.dg/ext/altivec-4.C (internal compiler error)
FAIL: g++.dg/ext/altivec-4.C (test for excess errors)
FAIL: g++.dg/ext/altivec-6.C (internal compiler error)
FAIL: g++.dg/ext/altivec-6.C (test for excess errors)
FAIL: g++.dg/ext/altivec-8.C (internal compiler error)
FAIL: g++.dg/ext/altivec-8.C (test for excess errors)
FAIL: g++.dg/ext/altivec-9.C (internal compiler error)
FAIL: g++.dg/ext/altivec-9.C (test for excess errors)
FAIL: g++.dg/other/spu2vmx-1.C (internal compiler error)
FAIL: g++.dg/other/spu2vmx-1.C (test for excess errors)
=== g++ Summary for unix/-m64 ===
# of expected passes 20027
# of unexpected failures 17
# of expected failures 142
# of unsupported tests 134
=== g++ Summary ===
# of expected passes 40088
# of unexpected failures 34
# of expected failures 284
# of unsupported tests 266
/extra_space/gccbuild/build/nightly/build-gcc-trunk/gcc/testsuite/g++/../../g++ version 4.5.0 20090420 (experimental) [trunk revision 146454] (GCC)
=== gcc tests ===
Running target unix/-m32
XPASS: gcc.dg/Warray-bounds.c (test for warnings, line 59)
XPASS: gcc.dg/Warray-bounds.c (test for warnings, line 65)
FAIL: gcc.dg/and-1.c scan-assembler-not nand
FAIL: gcc.dg/c99-stdint-1.c (test for excess errors)
FAIL: gcc.dg/pr39323-2.c scan-assembler .align[\\\\t ]*268435456
FAIL: gcc.dg/pr39323-3.c scan-assembler .align[\\\\t ]*268435456
FAIL: gcc.dg/var-expand3.c (internal compiler error)
FAIL: gcc.dg/var-expand3.c (test for excess errors)
WARNING: gcc.dg/var-expand3.c compilation failed to produce executable
FAIL: gcc.dg/var-expand3.c scan-rtl-dump loop2_unroll "Expanding Accumulator": dump file does not exist
XPASS: gcc.dg/struct/wo_prof_array_through_pointer.c scan-ipa-dump ipa_struct_reorg "Number of structures to transform is 1"
FAIL: gcc.dg/torture/pr39678.c -O0 execution test
FAIL: gcc.dg/torture/pr39678.c -O1 execution test
FAIL: gcc.dg/torture/pr39678.c -O2 execution test
FAIL: gcc.dg/torture/pr39678.c -O3 -fomit-frame-pointer execution test
FAIL: gcc.dg/torture/pr39678.c -O3 -g execution test
FAIL: gcc.dg/torture/pr39678.c -Os execution test
FAIL: gcc.dg/tree-ssa/vrp47.c scan-tree-dump-times vrp1 "[xy][^ ]* !=" 0
FAIL: gcc.dg/tree-ssa/vrp47.c scan-tree-dump-times dom1 "x[^ ]* & y" 1
FAIL: gcc.dg/vect/pr35821-altivec.c scan-tree-dump-times vect "vectorized 1 loops" 1
FAIL: gcc.dg/vmx/1b-01.c -O0 (test for excess errors)
WARNING: gcc.dg/vmx/1b-01.c -O0 compilation failed to produce executable
FAIL: gcc.dg/vmx/1b-01.c -O1 (test for excess errors)
WARNING: gcc.dg/vmx/1b-01.c -O1 compilation failed to produce executable
FAIL: gcc.dg/vmx/1b-01.c -O2 (test for excess errors)
WARNING: gcc.dg/vmx/1b-01.c -O2 compilation failed to produce executable
FAIL: gcc.dg/vmx/1b-01.c -O3 -fomit-frame-pointer (test for excess errors)
WARNING: gcc.dg/vmx/1b-01.c -O3 -fomit-frame-pointer compilation failed to produce executable
FAIL: gcc.dg/vmx/1b-01.c -O3 -g (test for excess errors)
WARNING: gcc.dg/vmx/1b-01.c -O3 -g compilation failed to produce executable
FAIL: gcc.dg/vmx/1b-01.c -Os (test for excess errors)
WARNING: gcc.dg/vmx/1b-01.c -Os compilation failed to produce executable
FAIL: gcc.dg/vmx/3a-01.c -O0 (internal compiler error)
FAIL: gcc.dg/vmx/3a-01.c -O0 (test for excess errors)
WARNING: gcc.dg/vmx/3a-01.c -O0 compilation failed to produce executable
FAIL: gcc.dg/vmx/3a-01.c -O1 (internal compiler error)
FAIL: gcc.dg/vmx/3a-01.c -O1 (test for excess errors)
WARNING: gcc.dg/vmx/3a-01.c -O1 compilation failed to produce executable
FAIL: gcc.dg/vmx/3a-01.c -O2 (internal compiler error)
FAIL: gcc.dg/vmx/3a-01.c -O2 (test for excess errors)
WARNING: gcc.dg/vmx/3a-01.c -O2 compilation failed to produce executable
FAIL: gcc.dg/vmx/3a-01.c -O3 -fomit-frame-pointer (internal compiler error)
FAIL: gcc.dg/vmx/3a-01.c -O3 -fomit-frame-pointer (test for excess errors)
WARNING: gcc.dg/vmx/3a-01.c -O3 -fomit-frame-pointer compilation failed to produce executable
FAIL: gcc.dg/vmx/3a-01.c -O3 -g (internal compiler error)
FAIL: gcc.dg/vmx/3a-01.c -O3 -g (test for excess errors)
WARNING: gcc.dg/vmx/3a-01.c -O3 -g compilation failed to produce executable
FAIL: gcc.dg/vmx/3a-01.c -Os (internal compiler error)
FAIL: gcc.dg/vmx/3a-01.c -Os (test for excess errors)
WARNING: gcc.dg/vmx/3a-01.c -Os compilation failed to produce executable
FAIL: gcc.dg/vmx/3a-01a.c -O0 (internal compiler error)
FAIL: gcc.dg/vmx/3a-01a.c -O0 (test for excess errors)
WARNING: gcc.dg/vmx/3a-01a.c -O0 compilation failed to produce executable
FAIL: gcc.dg/vmx/3a-01a.c -O1 (internal compiler error)
FAIL: gcc.dg/vmx/3a-01a.c -O1 (test for excess errors)
WARNING: gcc.dg/vmx/3a-01a.c -O1 compilation failed to produce executable
FAIL: gcc.dg/vmx/3a-01a.c -O2 (internal compiler error)
FAIL: gcc.dg/vmx/3a-01a.c -O2 (test for excess errors)
WARNING: gcc.dg/vmx/3a-01a.c -O2 compilation failed to produce executable
FAIL: gcc.dg/vmx/3a-01a.c -O3 -fomit-frame-pointer (internal compiler error)
FAIL: gcc.dg/vmx/3a-01a.c -O3 -fomit-frame-pointer (test for excess errors)
WARNING: gcc.dg/vmx/3a-01a.c -O3 -fomit-frame-pointer compilation failed to produce executable
FAIL: gcc.dg/vmx/3a-01a.c -O3 -g (internal compiler error)
FAIL: gcc.dg/vmx/3a-01a.c -O3 -g (test for excess errors)
WARNING: gcc.dg/vmx/3a-01a.c -O3 -g compilation failed to produce executable
FAIL: gcc.dg/vmx/3a-01a.c -Os (internal compiler error)
FAIL: gcc.dg/vmx/3a-01a.c -Os (test for excess errors)
WARNING: gcc.dg/vmx/3a-01a.c -Os compilation failed to produce executable
FAIL: gcc.dg/vmx/3a-01m.c -O0 (internal compiler error)
FAIL: gcc.dg/vmx/3a-01m.c -O0 (test for excess errors)
WARNING: gcc.dg/vmx/3a-01m.c -O0 compilation failed to produce executable
FAIL: gcc.dg/vmx/3a-01m.c -O1 (internal compiler error)
FAIL: gcc.dg/vmx/3a-01m.c -O1 (test for excess errors)
WARNING: gcc.dg/vmx/3a-01m.c -O1 compilation failed to produce executable
FAIL: gcc.dg/vmx/3a-01m.c -O2 (internal compiler error)
FAIL: gcc.dg/vmx/3a-01m.c -O2 (test for excess errors)
WARNING: gcc.dg/vmx/3a-01m.c -O2 compilation failed to produce executable
FAIL: gcc.dg/vmx/3a-01m.c -O3 -fomit-frame-pointer (internal compiler error)
FAIL: gcc.dg/vmx/3a-01m.c -O3 -fomit-frame-pointer (test for excess errors)
WARNING: gcc.dg/vmx/3a-01m.c -O3 -fomit-frame-pointer compilation failed to produce executable
FAIL: gcc.dg/vmx/3a-01m.c -O3 -g (internal compiler error)
FAIL: gcc.dg/vmx/3a-01m.c -O3 -g (test for excess errors)
WARNING: gcc.dg/vmx/3a-01m.c -O3 -g compilation failed to produce executable
FAIL: gcc.dg/vmx/3a-01m.c -Os (internal compiler error)
FAIL: gcc.dg/vmx/3a-01m.c -Os (test for excess errors)
WARNING: gcc.dg/vmx/3a-01m.c -Os compilation failed to produce executable
FAIL: gcc.dg/vmx/3a-03.c -O0 (internal compiler error)
FAIL: gcc.dg/vmx/3a-03.c -O0 (test for excess errors)
WARNING: gcc.dg/vmx/3a-03.c -O0 compilation failed to produce executable
FAIL: gcc.dg/vmx/3a-03.c -O1 (internal compiler error)
FAIL: gcc.dg/vmx/3a-03.c -O1 (test for excess errors)
WARNING: gcc.dg/vmx/3a-03.c -O1 compilation failed to produce executable
FAIL: gcc.dg/vmx/3a-03.c -O2 (internal compiler error)
FAIL: gcc.dg/vmx/3a-03.c -O2 (test for excess errors)
WARNING: gcc.dg/vmx/3a-03.c -O2 compilation failed to produce executable
FAIL: gcc.dg/vmx/3a-03.c -O3 -fomit-frame-pointer (internal compiler error)
FAIL: gcc.dg/vmx/3a-03.c -O3 -fomit-frame-pointer (test for excess errors)
WARNING: gcc.dg/vmx/3a-03.c -O3 -fomit-frame-pointer compilation failed to produce executable
FAIL: gcc.dg/vmx/3a-03.c -O3 -g (internal compiler error)
FAIL: gcc.dg/vmx/3a-03.c -O3 -g (test for excess errors)
WARNING: gcc.dg/vmx/3a-03.c -O3 -g compilation failed to produce executable
FAIL: gcc.dg/vmx/3a-03.c -Os (internal compiler error)
FAIL: gcc.dg/vmx/3a-03.c -Os (test for excess errors)
WARNING: gcc.dg/vmx/3a-03.c -Os compilation failed to produce executable
FAIL: gcc.dg/vmx/3a-03m.c -O0 (internal compiler error)
FAIL: gcc.dg/vmx/3a-03m.c -O0 (test for excess errors)
WARNING: gcc.dg/vmx/3a-03m.c -O0 compilation failed to produce executable
FAIL: gcc.dg/vmx/3a-03m.c -O1 (internal compiler error)
FAIL: gcc.dg/vmx/3a-03m.c -O1 (test for excess errors)
WARNING: gcc.dg/vmx/3a-03m.c -O1 compilation failed to produce executable
FAIL: gcc.dg/vmx/3a-03m.c -O2 (internal compiler error)
FAIL: gcc.dg/vmx/3a-03m.c -O2 (test for excess errors)
WARNING: gcc.dg/vmx/3a-03m.c -O2 compilation failed to produce executable
FAIL: gcc.dg/vmx/3a-03m.c -O3 -fomit-frame-pointer (internal compiler error)
FAIL: gcc.dg/vmx/3a-03m.c -O3 -fomit-frame-pointer (test for excess errors)
WARNING: gcc.dg/vmx/3a-03m.c -O3 -fomit-frame-pointer compilation failed to produce executable
FAIL: gcc.dg/vmx/3a-03m.c -O3 -g (internal compiler error)
FAIL: gcc.dg/vmx/3a-03m.c -O3 -g (test for excess errors)
WARNING: gcc.dg/vmx/3a-03m.c -O3 -g compilation failed to produce executable
FAIL: gcc.dg/vmx/3a-03m.c -Os (internal compiler error)
FAIL: gcc.dg/vmx/3a-03m.c -Os (test for excess errors)
WARNING: gcc.dg/vmx/3a-03m.c -Os compilation failed to produce executable
FAIL: gcc.dg/vmx/3a-04.c -O0 (internal compiler error)
FAIL: gcc.dg/vmx/3a-04.c -O0 (test for excess errors)
WARNING: gcc.dg/vmx/3a-04.c -O0 compilation failed to produce executable
FAIL: gcc.dg/vmx/3a-04.c -O1 (internal compiler error)
FAIL: gcc.dg/vmx/3a-04.c -O1 (test for excess errors)
WARNING: gcc.dg/vmx/3a-04.c -O1 compilation failed to produce executable
FAIL: gcc.dg/vmx/3a-04.c -O2 (internal compiler error)
FAIL: gcc.dg/vmx/3a-04.c -O2 (test for excess errors)
WARNING: gcc.dg/vmx/3a-04.c -O2 compilation failed to produce executable
FAIL: gcc.dg/vmx/3a-04.c -O3 -fomit-frame-pointer (internal compiler error)
FAIL: gcc.dg/vmx/3a-04.c -O3 -fomit-frame-pointer (test for excess errors)
WARNING: gcc.dg/vmx/3a-04.c -O3 -fomit-frame-pointer compilation failed to produce executable
FAIL: gcc.dg/vmx/3a-04.c -O3 -g (internal compiler error)
FAIL: gcc.dg/vmx/3a-04.c -O3 -g (test for excess errors)
WARNING: gcc.dg/vmx/3a-04.c -O3 -g compilation failed to produce executable
FAIL: gcc.dg/vmx/3a-04.c -Os (internal compiler error)
FAIL: gcc.dg/vmx/3a-04.c -Os (test for excess errors)
WARNING: gcc.dg/vmx/3a-04.c -Os compilation failed to produce executable
FAIL: gcc.dg/vmx/3a-04m.c -O0 (internal compiler error)
FAIL: gcc.dg/vmx/3a-04m.c -O0 (test for excess errors)
WARNING: gcc.dg/vmx/3a-04m.c -O0 compilation failed to produce executable
FAIL: gcc.dg/vmx/3a-04m.c -O1 (internal compiler error)
FAIL: gcc.dg/vmx/3a-04m.c -O1 (test for excess errors)
WARNING: gcc.dg/vmx/3a-04m.c -O1 compilation failed to produce executable
FAIL: gcc.dg/vmx/3a-04m.c -O2 (internal compiler error)
FAIL: gcc.dg/vmx/3a-04m.c -O2 (test for excess errors)
WARNING: gcc.dg/vmx/3a-04m.c -O2 compilation failed to produce executable
FAIL: gcc.dg/vmx/3a-04m.c -O3 -fomit-frame-pointer (internal compiler error)
FAIL: gcc.dg/vmx/3a-04m.c -O3 -fomit-frame-pointer (test for excess errors)
WARNING: gcc.dg/vmx/3a-04m.c -O3 -fomit-frame-pointer compilation failed to produce executable
FAIL: gcc.dg/vmx/3a-04m.c -O3 -g (internal compiler error)
FAIL: gcc.dg/vmx/3a-04m.c -O3 -g (test for excess errors)
WARNING: gcc.dg/vmx/3a-04m.c -O3 -g compilation failed to produce executable
FAIL: gcc.dg/vmx/3a-04m.c -Os (internal compiler error)
FAIL: gcc.dg/vmx/3a-04m.c -Os (test for excess errors)
WARNING: gcc.dg/vmx/3a-04m.c -Os compilation failed to produce executable
FAIL: gcc.dg/vmx/3a-05.c -O0 (internal compiler error)
FAIL: gcc.dg/vmx/3a-05.c -O0 (test for excess errors)
WARNING: gcc.dg/vmx/3a-05.c -O0 compilation failed to produce executable
FAIL: gcc.dg/vmx/3a-05.c -O1 (internal compiler error)
FAIL: gcc.dg/vmx/3a-05.c -O1 (test for excess errors)
WARNING: gcc.dg/vmx/3a-05.c -O1 compilation failed to produce executable
FAIL: gcc.dg/vmx/3a-05.c -O2 (internal compiler error)
FAIL: gcc.dg/vmx/3a-05.c -O2 (test for excess errors)
WARNING: gcc.dg/vmx/3a-05.c -O2 compilation failed to produce executable
FAIL: gcc.dg/vmx/3a-05.c -O3 -fomit-frame-pointer (internal compiler error)
FAIL: gcc.dg/vmx/3a-05.c -O3 -fomit-frame-pointer (test for excess errors)
WARNING: gcc.dg/vmx/3a-05.c -O3 -fomit-frame-pointer compilation failed to produce executable
FAIL: gcc.dg/vmx/3a-05.c -O3 -g (internal compiler error)
FAIL: gcc.dg/vmx/3a-05.c -O3 -g (test for excess errors)
WARNING: gcc.dg/vmx/3a-05.c -O3 -g compilation failed to produce executable
FAIL: gcc.dg/vmx/3a-05.c -Os (internal compiler error)
FAIL: gcc.dg/vmx/3a-05.c -Os (test for excess errors)
WARNING: gcc.dg/vmx/3a-05.c -Os compilation failed to produce executable
FAIL: gcc.dg/vmx/3a-06.c -O0 (internal compiler error)
FAIL: gcc.dg/vmx/3a-06.c -O0 (test for excess errors)
WARNING: gcc.dg/vmx/3a-06.c -O0 compilation failed to produce executable
FAIL: gcc.dg/vmx/3a-06.c -O1 (internal compiler error)
FAIL: gcc.dg/vmx/3a-06.c -O1 (test for excess errors)
WARNING: gcc.dg/vmx/3a-06.c -O1 compilation failed to produce executable
FAIL: gcc.dg/vmx/3a-06.c -O2 (internal compiler error)
FAIL: gcc.dg/vmx/3a-06.c -O2 (test for excess errors)
WARNING: gcc.dg/vmx/3a-06.c -O2 compilation failed to produce executable
FAIL: gcc.dg/vmx/3a-06.c -O3 -fomit-frame-pointer (internal compiler error)
FAIL: gcc.dg/vmx/3a-06.c -O3 -fomit-frame-pointer (test for excess errors)
WARNING: gcc.dg/vmx/3a-06.c -O3 -fomit-frame-pointer compilation failed to produce executable
FAIL: gcc.dg/vmx/3a-06.c -O3 -g (internal compiler error)
FAIL: gcc.dg/vmx/3a-06.c -O3 -g (test for excess errors)
WARNING: gcc.dg/vmx/3a-06.c -O3 -g compilation failed to produce executable
FAIL: gcc.dg/vmx/3a-06.c -Os (internal compiler error)
FAIL: gcc.dg/vmx/3a-06.c -Os (test for excess errors)
WARNING: gcc.dg/vmx/3a-06.c -Os compilation failed to produce executable
FAIL: gcc.dg/vmx/3a-06m.c -O0 (internal compiler error)
FAIL: gcc.dg/vmx/3a-06m.c -O0 (test for excess errors)
WARNING: gcc.dg/vmx/3a-06m.c -O0 compilation failed to produce executable
FAIL: gcc.dg/vmx/3a-06m.c -O1 (internal compiler error)
FAIL: gcc.dg/vmx/3a-06m.c -O1 (test for excess errors)
WARNING: gcc.dg/vmx/3a-06m.c -O1 compilation failed to produce executable
FAIL: gcc.dg/vmx/3a-06m.c -O2 (internal compiler error)
FAIL: gcc.dg/vmx/3a-06m.c -O2 (test for excess errors)
WARNING: gcc.dg/vmx/3a-06m.c -O2 compilation failed to produce executable
FAIL: gcc.dg/vmx/3a-06m.c -O3 -fomit-frame-pointer (internal compiler error)
FAIL: gcc.dg/vmx/3a-06m.c -O3 -fomit-frame-pointer (test for excess errors)
WARNING: gcc.dg/vmx/3a-06m.c -O3 -fomit-frame-pointer compilation failed to produce executable
FAIL: gcc.dg/vmx/3a-06m.c -O3 -g (internal compiler error)
FAIL: gcc.dg/vmx/3a-06m.c -O3 -g (test for excess errors)
WARNING: gcc.dg/vmx/3a-06m.c -O3 -g compilation failed to produce executable
FAIL: gcc.dg/vmx/3a-06m.c -Os (internal compiler error)
FAIL: gcc.dg/vmx/3a-06m.c -Os (test for excess errors)
WARNING: gcc.dg/vmx/3a-06m.c -Os compilation failed to produce executable
FAIL: gcc.dg/vmx/3a-07.c -O0 (internal compiler error)
FAIL: gcc.dg/vmx/3a-07.c -O0 (test for excess errors)
WARNING: gcc.dg/vmx/3a-07.c -O0 compilation failed to produce executable
FAIL: gcc.dg/vmx/3a-07.c -O1 (internal compiler error)
FAIL: gcc.dg/vmx/3a-07.c -O1 (test for excess errors)
WARNING: gcc.dg/vmx/3a-07.c -O1 compilation failed to produce executable
FAIL: gcc.dg/vmx/3a-07.c -O2 (internal compiler error)
FAIL: gcc.dg/vmx/3a-07.c -O2 (test for excess errors)
WARNING: gcc.dg/vmx/3a-07.c -O2 compilation failed to produce executable
FAIL: gcc.dg/vmx/3a-07.c -O3 -fomit-frame-pointer (internal compiler error)
FAIL: gcc.dg/vmx/3a-07.c -O3 -fomit-frame-pointer (test for excess errors)
WARNING: gcc.dg/vmx/3a-07.c -O3 -fomit-frame-pointer compilation failed to produce executable
FAIL: gcc.dg/vmx/3a-07.c -O3 -g (internal compiler error)
FAIL: gcc.dg/vmx/3a-07.c -O3 -g (test for excess errors)
WARNING: gcc.dg/vmx/3a-07.c -O3 -g compilation failed to produce executable
FAIL: gcc.dg/vmx/3a-07.c -Os (internal compiler error)
FAIL: gcc.dg/vmx/3a-07.c -Os (test for excess errors)
WARNING: gcc.dg/vmx/3a-07.c -Os compilation failed to produce executable
FAIL: gcc.dg/vmx/3b-01.c -O0 (internal compiler error)
FAIL: gcc.dg/vmx/3b-01.c -O0 (test for excess errors)
WARNING: gcc.dg/vmx/3b-01.c -O0 compilation failed to produce executable
FAIL: gcc.dg/vmx/3b-01.c -O1 (internal compiler error)
FAIL: gcc.dg/vmx/3b-01.c -O1 (test for excess errors)
WARNING: gcc.dg/vmx/3b-01.c -O1 compilation failed to produce executable
FAIL: gcc.dg/vmx/3b-01.c -O2 (internal compiler error)
FAIL: gcc.dg/vmx/3b-01.c -O2 (test for excess errors)
WARNING: gcc.dg/vmx/3b-01.c -O2 compilation failed to produce executable
FAIL: gcc.dg/vmx/3b-01.c -O3 -fomit-frame-pointer (internal compiler error)
FAIL: gcc.dg/vmx/3b-01.c -O3 -fomit-frame-pointer (test for excess errors)
WARNING: gcc.dg/vmx/3b-01.c -O3 -fomit-frame-pointer compilation failed to produce executable
FAIL: gcc.dg/vmx/3b-01.c -O3 -g (internal compiler error)
FAIL: gcc.dg/vmx/3b-01.c -O3 -g (test for excess errors)
WARNING: gcc.dg/vmx/3b-01.c -O3 -g compilation failed to produce executable
FAIL: gcc.dg/vmx/3b-01.c -Os (internal compiler error)
FAIL: gcc.dg/vmx/3b-01.c -Os (test for excess errors)
WARNING: gcc.dg/vmx/3b-01.c -Os compilation failed to produce executable
FAIL: gcc.dg/vmx/3b-02.c -O0 (internal compiler error)
FAIL: gcc.dg/vmx/3b-02.c -O0 (test for excess errors)
WARNING: gcc.dg/vmx/3b-02.c -O0 compilation failed to produce executable
FAIL: gcc.dg/vmx/3b-02.c -O1 (internal compiler error)
FAIL: gcc.dg/vmx/3b-02.c -O1 (test for excess errors)
WARNING: gcc.dg/vmx/3b-02.c -O1 compilation failed to produce executable
FAIL: gcc.dg/vmx/3b-02.c -O2 (internal compiler error)
FAIL: gcc.dg/vmx/3b-02.c -O2 (test for excess errors)
WARNING: gcc.dg/vmx/3b-02.c -O2 compilation failed to produce executable
FAIL: gcc.dg/vmx/3b-02.c -O3 -fomit-frame-pointer (internal compiler error)
FAIL: gcc.dg/vmx/3b-02.c -O3 -fomit-frame-pointer (test for excess errors)
WARNING: gcc.dg/vmx/3b-02.c -O3 -fomit-frame-pointer compilation failed to produce executable
FAIL: gcc.dg/vmx/3b-02.c -O3 -g (internal compiler error)
FAIL: gcc.dg/vmx/3b-02.c -O3 -g (test for excess errors)
WARNING: gcc.dg/vmx/3b-02.c -O3 -g compilation failed to produce executable
FAIL: gcc.dg/vmx/3b-02.c -Os (internal compiler error)
FAIL: gcc.dg/vmx/3b-02.c -Os (test for excess errors)
WARNING: gcc.dg/vmx/3b-02.c -Os compilation failed to produce executable
FAIL: gcc.dg/vmx/3b-10.c -O0 (internal compiler error)
FAIL: gcc.dg/vmx/3b-10.c -O0 (test for excess errors)
WARNING: gcc.dg/vmx/3b-10.c -O0 compilation failed to produce executable
FAIL: gcc.dg/vmx/3b-10.c -O1 (internal compiler error)
FAIL: gcc.dg/vmx/3b-10.c -O1 (test for excess errors)
WARNING: gcc.dg/vmx/3b-10.c -O1 compilation failed to produce executable
FAIL: gcc.dg/vmx/3b-10.c -O2 (internal compiler error)
FAIL: gcc.dg/vmx/3b-10.c -O2 (test for excess errors)
WARNING: gcc.dg/vmx/3b-10.c -O2 compilation failed to produce executable
FAIL: gcc.dg/vmx/3b-10.c -O3 -fomit-frame-pointer (internal compiler error)
FAIL: gcc.dg/vmx/3b-10.c -O3 -fomit-frame-pointer (test for excess errors)
WARNING: gcc.dg/vmx/3b-10.c -O3 -fomit-frame-pointer compilation failed to produce executable
FAIL: gcc.dg/vmx/3b-10.c -O3 -g (internal compiler error)
FAIL: gcc.dg/vmx/3b-10.c -O3 -g (test for excess errors)
WARNING: gcc.dg/vmx/3b-10.c -O3 -g compilation failed to produce executable
FAIL: gcc.dg/vmx/3b-10.c -Os (internal compiler error)
FAIL: gcc.dg/vmx/3b-10.c -Os (test for excess errors)
WARNING: gcc.dg/vmx/3b-10.c -Os compilation failed to produce executable
FAIL: gcc.dg/vmx/3b-13.c -O0 (internal compiler error)
FAIL: gcc.dg/vmx/3b-13.c -O0 (test for excess errors)
WARNING: gcc.dg/vmx/3b-13.c -O0 compilation failed to produce executable
FAIL: gcc.dg/vmx/3b-13.c -O1 (internal compiler error)
FAIL: gcc.dg/vmx/3b-13.c -O1 (test for excess errors)
WARNING: gcc.dg/vmx/3b-13.c -O1 compilation failed to produce executable
FAIL: gcc.dg/vmx/3b-13.c -O2 (internal compiler error)
FAIL: gcc.dg/vmx/3b-13.c -O2 (test for excess errors)
WARNING: gcc.dg/vmx/3b-13.c -O2 compilation failed to produce executable
FAIL: gcc.dg/vmx/3b-13.c -O3 -fomit-frame-pointer (internal compiler error)
FAIL: gcc.dg/vmx/3b-13.c -O3 -fomit-frame-pointer (test for excess errors)
WARNING: gcc.dg/vmx/3b-13.c -O3 -fomit-frame-pointer compilation failed to produce executable
FAIL: gcc.dg/vmx/3b-13.c -O3 -g (internal compiler error)
FAIL: gcc.dg/vmx/3b-13.c -O3 -g (test for excess errors)
WARNING: gcc.dg/vmx/3b-13.c -O3 -g compilation failed to produce executable
FAIL: gcc.dg/vmx/3b-13.c -Os (internal compiler error)
FAIL: gcc.dg/vmx/3b-13.c -Os (test for excess errors)
WARNING: gcc.dg/vmx/3b-13.c -Os compilation failed to produce executable
FAIL: gcc.dg/vmx/3b-14.c -O0 (test for excess errors)
WARNING: gcc.dg/vmx/3b-14.c -O0 compilation failed to produce executable
FAIL: gcc.dg/vmx/3b-14.c -O1 (test for excess errors)
WARNING: gcc.dg/vmx/3b-14.c -O1 compilation failed to produce executable
FAIL: gcc.dg/vmx/3b-14.c -O2 (test for excess errors)
WARNING: gcc.dg/vmx/3b-14.c -O2 compilation failed to produce executable
FAIL: gcc.dg/vmx/3b-14.c -O3 -fomit-frame-pointer (test for excess errors)
WARNING: gcc.dg/vmx/3b-14.c -O3 -fomit-frame-pointer compilation failed to produce executable
FAIL: gcc.dg/vmx/3b-14.c -O3 -g (test for excess errors)
WARNING: gcc.dg/vmx/3b-14.c -O3 -g compilation failed to produce executable
FAIL: gcc.dg/vmx/3b-14.c -Os (test for excess errors)
WARNING: gcc.dg/vmx/3b-14.c -Os compilation failed to produce executable
FAIL: gcc.dg/vmx/3b-15.c -O0 (internal compiler error)
FAIL: gcc.dg/vmx/3b-15.c -O0 (test for excess errors)
WARNING: gcc.dg/vmx/3b-15.c -O0 compilation failed to produce executable
FAIL: gcc.dg/vmx/3b-15.c -O1 (internal compiler error)
FAIL: gcc.dg/vmx/3b-15.c -O1 (test for excess errors)
WARNING: gcc.dg/vmx/3b-15.c -O1 compilation failed to produce executable
FAIL: gcc.dg/vmx/3b-15.c -O2 (internal compiler error)
FAIL: gcc.dg/vmx/3b-15.c -O2 (test for excess errors)
WARNING: gcc.dg/vmx/3b-15.c -O2 compilation failed to produce executable
FAIL: gcc.dg/vmx/3b-15.c -O3 -fomit-frame-pointer (internal compiler error)
FAIL: gcc.dg/vmx/3b-15.c -O3 -fomit-frame-pointer (test for excess errors)
WARNING: gcc.dg/vmx/3b-15.c -O3 -fomit-frame-pointer compilation failed to produce executable
FAIL: gcc.dg/vmx/3b-15.c -O3 -g (internal compiler error)
FAIL: gcc.dg/vmx/3b-15.c -O3 -g (test for excess errors)
WARNING: gcc.dg/vmx/3b-15.c -O3 -g compilation failed to produce executable
FAIL: gcc.dg/vmx/3b-15.c -Os (internal compiler error)
FAIL: gcc.dg/vmx/3b-15.c -Os (test for excess errors)
WARNING: gcc.dg/vmx/3b-15.c -Os compilation failed to produce executable
FAIL: gcc.dg/vmx/3c-01.c -O0 (internal compiler error)
FAIL: gcc.dg/vmx/3c-01.c -O0 (test for excess errors)
WARNING: gcc.dg/vmx/3c-01.c -O0 compilation failed to produce executable
FAIL: gcc.dg/vmx/3c-01.c -O1 (internal compiler error)
FAIL: gcc.dg/vmx/3c-01.c -O1 (test for excess errors)
WARNING: gcc.dg/vmx/3c-01.c -O1 compilation failed to produce executable
FAIL: gcc.dg/vmx/3c-01.c -O2 (internal compiler error)
FAIL: gcc.dg/vmx/3c-01.c -O2 (test for excess errors)
WARNING: gcc.dg/vmx/3c-01.c -O2 compilation failed to produce executable
FAIL: gcc.dg/vmx/3c-01.c -O3 -fomit-frame-pointer (internal compiler error)
FAIL: gcc.dg/vmx/3c-01.c -O3 -fomit-frame-pointer (test for excess errors)
WARNING: gcc.dg/vmx/3c-01.c -O3 -fomit-frame-pointer compilation failed to produce executable
FAIL: gcc.dg/vmx/3c-01.c -O3 -g (internal compiler error)
FAIL: gcc.dg/vmx/3c-01.c -O3 -g (test for excess errors)
WARNING: gcc.dg/vmx/3c-01.c -O3 -g compilation failed to produce executable
FAIL: gcc.dg/vmx/3c-01.c -Os (internal compiler error)
FAIL: gcc.dg/vmx/3c-01.c -Os (test for excess errors)
WARNING: gcc.dg/vmx/3c-01.c -Os compilation failed to produce executable
FAIL: gcc.dg/vmx/3c-01a.c -O0 (test for excess errors)
FAIL: gcc.dg/vmx/3c-01a.c -O1 (test for excess errors)
FAIL: gcc.dg/vmx/3c-01a.c -O2 (test for excess errors)
FAIL: gcc.dg/vmx/3c-01a.c -O3 -fomit-frame-pointer (test for excess errors)
FAIL: gcc.dg/vmx/3c-01a.c -O3 -g (test for excess errors)
FAIL: gcc.dg/vmx/3c-01a.c -Os (test for excess errors)
FAIL: gcc.dg/vmx/3c-02.c -O0 (internal compiler error)
FAIL: gcc.dg/vmx/3c-02.c -O0 (test for excess errors)
WARNING: gcc.dg/vmx/3c-02.c -O0 compilation failed to produce executable
FAIL: gcc.dg/vmx/3c-02.c -O1 (internal compiler error)
FAIL: gcc.dg/vmx/3c-02.c -O1 (test for excess errors)
WARNING: gcc.dg/vmx/3c-02.c -O1 compilation failed to produce executable
FAIL: gcc.dg/vmx/3c-02.c -O2 (internal compiler error)
FAIL: gcc.dg/vmx/3c-02.c -O2 (test for excess errors)
WARNING: gcc.dg/vmx/3c-02.c -O2 compilation failed to produce executable
FAIL: gcc.dg/vmx/3c-02.c -O3 -fomit-frame-pointer (internal compiler error)
FAIL: gcc.dg/vmx/3c-02.c -O3 -fomit-frame-pointer (test for excess errors)
WARNING: gcc.dg/vmx/3c-02.c -O3 -fomit-frame-pointer compilation failed to produce executable
FAIL: gcc.dg/vmx/3c-02.c -O3 -g (internal compiler error)
FAIL: gcc.dg/vmx/3c-02.c -O3 -g (test for excess errors)
WARNING: gcc.dg/vmx/3c-02.c -O3 -g compilation failed to produce executable
FAIL: gcc.dg/vmx/3c-02.c -Os (internal compiler error)
FAIL: gcc.dg/vmx/3c-02.c -Os (test for excess errors)
WARNING: gcc.dg/vmx/3c-02.c -Os compilation failed to produce executable
FAIL: gcc.dg/vmx/3c-03.c -O0 (internal compiler error)
FAIL: gcc.dg/vmx/3c-03.c -O0 (test for excess errors)
WARNING: gcc.dg/vmx/3c-03.c -O0 compilation failed to produce executable
FAIL: gcc.dg/vmx/3c-03.c -O1 (internal compiler error)
FAIL: gcc.dg/vmx/3c-03.c -O1 (test for excess errors)
WARNING: gcc.dg/vmx/3c-03.c -O1 compilation failed to produce executable
FAIL: gcc.dg/vmx/3c-03.c -O2 (internal compiler error)
FAIL: gcc.dg/vmx/3c-03.c -O2 (test for excess errors)
WARNING: gcc.dg/vmx/3c-03.c -O2 compilation failed to produce executable
FAIL: gcc.dg/vmx/3c-03.c -O3 -fomit-frame-pointer (internal compiler error)
FAIL: gcc.dg/vmx/3c-03.c -O3 -fomit-frame-pointer (test for excess errors)
WARNING: gcc.dg/vmx/3c-03.c -O3 -fomit-frame-pointer compilation failed to produce executable
FAIL: gcc.dg/vmx/3c-03.c -O3 -g (internal compiler error)
FAIL: gcc.dg/vmx/3c-03.c -O3 -g (test for excess errors)
WARNING: gcc.dg/vmx/3c-03.c -O3 -g compilation failed to produce executable
FAIL: gcc.dg/vmx/3c-03.c -Os (internal compiler error)
FAIL: gcc.dg/vmx/3c-03.c -Os (test for excess errors)
WARNING: gcc.dg/vmx/3c-03.c -Os compilation failed to produce executable
FAIL: gcc.dg/vmx/3d-01.c -O0 (test for excess errors)
FAIL: gcc.dg/vmx/3d-01.c -O1 (test for excess errors)
FAIL: gcc.dg/vmx/3d-01.c -O2 (test for excess errors)
FAIL: gcc.dg/vmx/3d-01.c -O3 -fomit-frame-pointer (test for excess errors)
FAIL: gcc.dg/vmx/3d-01.c -O3 -g (test for excess errors)
FAIL: gcc.dg/vmx/3d-01.c -Os (test for excess errors)
FAIL: gcc.dg/vmx/5-11.c -O0 (internal compiler error)
FAIL: gcc.dg/vmx/5-11.c -O0 (test for excess errors)
FAIL: gcc.dg/vmx/5-11.c -O1 (test for excess errors)
FAIL: gcc.dg/vmx/5-11.c -O2 (test for excess errors)
FAIL: gcc.dg/vmx/5-11.c -O3 -fomit-frame-pointer (test for excess errors)
FAIL: gcc.dg/vmx/5-11.c -O3 -g (test for excess errors)
FAIL: gcc.dg/vmx/5-11.c -Os (test for excess errors)
FAIL: gcc.dg/vmx/7-01.c -O0 (internal compiler error)
FAIL: gcc.dg/vmx/7-01.c -O0 (test for excess errors)
FAIL: gcc.dg/vmx/7-01.c -O1 (internal compiler error)
FAIL: gcc.dg/vmx/7-01.c -O1 (test for excess errors)
FAIL: gcc.dg/vmx/7-01.c -O2 (internal compiler error)
FAIL: gcc.dg/vmx/7-01.c -O2 (test for excess errors)
FAIL: gcc.dg/vmx/7-01.c -O3 -fomit-frame-pointer (internal compiler error)
FAIL: gcc.dg/vmx/7-01.c -O3 -fomit-frame-pointer (test for excess errors)
FAIL: gcc.dg/vmx/7-01.c -O3 -fomit-frame-pointer -funroll-loops (internal compiler error)
FAIL: gcc.dg/vmx/7-01.c -O3 -fomit-frame-pointer -funroll-loops (test for excess errors)
FAIL: gcc.dg/vmx/7-01.c -O3 -fomit-frame-pointer -funroll-all-loops -finline-functions (internal compiler error)
FAIL: gcc.dg/vmx/7-01.c -O3 -fomit-frame-pointer -funroll-all-loops -finline-functions (test for excess errors)
FAIL: gcc.dg/vmx/7-01.c -O3 -g (internal compiler error)
FAIL: gcc.dg/vmx/7-01.c -O3 -g (test for excess errors)
FAIL: gcc.dg/vmx/7-01.c -Os (internal compiler error)
FAIL: gcc.dg/vmx/7-01.c -Os (test for excess errors)
FAIL: gcc.dg/vmx/7-01a.c -O0 (internal compiler error)
FAIL: gcc.dg/vmx/7-01a.c -O0 (test for excess errors)
FAIL: gcc.dg/vmx/7-01a.c -O1 (internal compiler error)
FAIL: gcc.dg/vmx/7-01a.c -O1 (test for excess errors)
FAIL: gcc.dg/vmx/7-01a.c -O2 (internal compiler error)
FAIL: gcc.dg/vmx/7-01a.c -O2 (test for excess errors)
FAIL: gcc.dg/vmx/7-01a.c -O3 -fomit-frame-pointer (internal compiler error)
FAIL: gcc.dg/vmx/7-01a.c -O3 -fomit-frame-pointer (test for excess errors)
FAIL: gcc.dg/vmx/7-01a.c -O3 -fomit-frame-pointer -funroll-loops (internal compiler error)
FAIL: gcc.dg/vmx/7-01a.c -O3 -fomit-frame-pointer -funroll-loops (test for excess errors)
FAIL: gcc.dg/vmx/7-01a.c -O3 -fomit-frame-pointer -funroll-all-loops -finline-functions (internal compiler error)
FAIL: gcc.dg/vmx/7-01a.c -O3 -fomit-frame-pointer -funroll-all-loops -finline-functions (test for excess errors)
FAIL: gcc.dg/vmx/7-01a.c -O3 -g (internal compiler error)
FAIL: gcc.dg/vmx/7-01a.c -O3 -g (test for excess errors)
FAIL: gcc.dg/vmx/7-01a.c -Os (internal compiler error)
FAIL: gcc.dg/vmx/7-01a.c -Os (test for excess errors)
FAIL: gcc.dg/vmx/7d-01.c -O0 (internal compiler error)
FAIL: gcc.dg/vmx/7d-01.c -O0 (test for excess errors)
FAIL: gcc.dg/vmx/7d-01.c -O1 (internal compiler error)
FAIL: gcc.dg/vmx/7d-01.c -O1 (test for excess errors)
FAIL: gcc.dg/vmx/7d-01.c -O2 (internal compiler error)
FAIL: gcc.dg/vmx/7d-01.c -O2 (test for excess errors)
FAIL: gcc.dg/vmx/7d-01.c -O3 -fomit-frame-pointer (internal compiler error)
FAIL: gcc.dg/vmx/7d-01.c -O3 -fomit-frame-pointer (test for excess errors)
FAIL: gcc.dg/vmx/7d-01.c -O3 -g (internal compiler error)
FAIL: gcc.dg/vmx/7d-01.c -O3 -g (test for excess errors)
FAIL: gcc.dg/vmx/7d-01.c -Os (internal compiler error)
FAIL: gcc.dg/vmx/7d-01.c -Os (test for excess errors)
FAIL: gcc.dg/vmx/7d-02.c -O0 (test for excess errors)
FAIL: gcc.dg/vmx/7d-02.c -O1 (test for excess errors)
FAIL: gcc.dg/vmx/7d-02.c -O2 (test for excess errors)
FAIL: gcc.dg/vmx/7d-02.c -O3 -fomit-frame-pointer (test for excess errors)
FAIL: gcc.dg/vmx/7d-02.c -O3 -g (test for excess errors)
FAIL: gcc.dg/vmx/7d-02.c -Os (test for excess errors)
FAIL: gcc.dg/vmx/8-01.c -O0 (test for excess errors)
FAIL: gcc.dg/vmx/8-01.c -O1 (test for excess errors)
FAIL: gcc.dg/vmx/8-01.c -O2 (test for excess errors)
FAIL: gcc.dg/vmx/8-01.c -O3 -fomit-frame-pointer (test for excess errors)
FAIL: gcc.dg/vmx/8-01.c -O3 -g (test for excess errors)
FAIL: gcc.dg/vmx/8-01.c -Os (test for excess errors)
FAIL: gcc.dg/vmx/8-02.c -O0 (test for excess errors)
WARNING: gcc.dg/vmx/8-02.c -O0 compilation failed to produce executable
FAIL: gcc.dg/vmx/8-02.c -O1 (test for excess errors)
WARNING: gcc.dg/vmx/8-02.c -O1 compilation failed to produce executable
FAIL: gcc.dg/vmx/8-02.c -O2 (test for excess errors)
WARNING: gcc.dg/vmx/8-02.c -O2 compilation failed to produce executable
FAIL: gcc.dg/vmx/8-02.c -O3 -fomit-frame-pointer (test for excess errors)
WARNING: gcc.dg/vmx/8-02.c -O3 -fomit-frame-pointer compilation failed to produce executable
FAIL: gcc.dg/vmx/8-02.c -O3 -g (test for excess errors)
WARNING: gcc.dg/vmx/8-02.c -O3 -g compilation failed to produce executable
FAIL: gcc.dg/vmx/8-02.c -Os (test for excess errors)
WARNING: gcc.dg/vmx/8-02.c -Os compilation failed to produce executable
FAIL: gcc.dg/vmx/8-02a.c -O0 (test for excess errors)
WARNING: gcc.dg/vmx/8-02a.c -O0 compilation failed to produce executable
FAIL: gcc.dg/vmx/8-02a.c -O1 (test for excess errors)
WARNING: gcc.dg/vmx/8-02a.c -O1 compilation failed to produce executable
FAIL: gcc.dg/vmx/8-02a.c -O2 (test for excess errors)
WARNING: gcc.dg/vmx/8-02a.c -O2 compilation failed to produce executable
FAIL: gcc.dg/vmx/8-02a.c -O3 -fomit-frame-pointer (test for excess errors)
WARNING: gcc.dg/vmx/8-02a.c -O3 -fomit-frame-pointer compilation failed to produce executable
FAIL: gcc.dg/vmx/8-02a.c -O3 -g (test for excess errors)
WARNING: gcc.dg/vmx/8-02a.c -O3 -g compilation failed to produce executable
FAIL: gcc.dg/vmx/8-02a.c -Os (test for excess errors)
WARNING: gcc.dg/vmx/8-02a.c -Os compilation failed to produce executable
FAIL: gcc.dg/vmx/brode-1.c -O0 (internal compiler error)
FAIL: gcc.dg/vmx/brode-1.c -O0 (test for excess errors)
WARNING: gcc.dg/vmx/brode-1.c -O0 compilation failed to produce executable
FAIL: gcc.dg/vmx/brode-1.c -O1 (test for excess errors)
WARNING: gcc.dg/vmx/brode-1.c -O1 compilation failed to produce executable
FAIL: gcc.dg/vmx/brode-1.c -O2 (test for excess errors)
WARNING: gcc.dg/vmx/brode-1.c -O2 compilation failed to produce executable
FAIL: gcc.dg/vmx/brode-1.c -O3 -fomit-frame-pointer (test for excess errors)
WARNING: gcc.dg/vmx/brode-1.c -O3 -fomit-frame-pointer compilation failed to produce executable
FAIL: gcc.dg/vmx/brode-1.c -O3 -g (test for excess errors)
WARNING: gcc.dg/vmx/brode-1.c -O3 -g compilation failed to produce executable
FAIL: gcc.dg/vmx/brode-1.c -Os (test for excess errors)
WARNING: gcc.dg/vmx/brode-1.c -Os compilation failed to produce executable
FAIL: gcc.dg/vmx/bug-1.c -O0 (test for excess errors)
WARNING: gcc.dg/vmx/bug-1.c -O0 compilation failed to produce executable
FAIL: gcc.dg/vmx/bug-1.c -O1 (test for excess errors)
WARNING: gcc.dg/vmx/bug-1.c -O1 compilation failed to produce executable
FAIL: gcc.dg/vmx/bug-1.c -O2 (test for excess errors)
WARNING: gcc.dg/vmx/bug-1.c -O2 compilation failed to produce executable
FAIL: gcc.dg/vmx/bug-1.c -O3 -fomit-frame-pointer (test for excess errors)
WARNING: gcc.dg/vmx/bug-1.c -O3 -fomit-frame-pointer compilation failed to produce executable
FAIL: gcc.dg/vmx/bug-1.c -O3 -fomit-frame-pointer -funroll-loops (test for excess errors)
WARNING: gcc.dg/vmx/bug-1.c -O3 -fomit-frame-pointer -funroll-loops compilation failed to produce executable
FAIL: gcc.dg/vmx/bug-1.c -O3 -fomit-frame-pointer -funroll-all-loops -finline-functions (test for excess errors)
WARNING: gcc.dg/vmx/bug-1.c -O3 -fomit-frame-pointer -funroll-all-loops -finline-functions compilation failed to produce executable
FAIL: gcc.dg/vmx/bug-1.c -O3 -g (test for excess errors)
WARNING: gcc.dg/vmx/bug-1.c -O3 -g compilation failed to produce executable
FAIL: gcc.dg/vmx/bug-1.c -Os (test for excess errors)
WARNING: gcc.dg/vmx/bug-1.c -Os compilation failed to produce executable
FAIL: gcc.dg/vmx/bug-2.c -O0 (test for excess errors)
WARNING: gcc.dg/vmx/bug-2.c -O0 compilation failed to produce executable
FAIL: gcc.dg/vmx/bug-2.c -O1 (test for excess errors)
WARNING: gcc.dg/vmx/bug-2.c -O1 compilation failed to produce executable
FAIL: gcc.dg/vmx/bug-2.c -O2 (test for excess errors)
WARNING: gcc.dg/vmx/bug-2.c -O2 compilation failed to produce executable
FAIL: gcc.dg/vmx/bug-2.c -O3 -fomit-frame-pointer (test for excess errors)
WARNING: gcc.dg/vmx/bug-2.c -O3 -fomit-frame-pointer compilation failed to produce executable
FAIL: gcc.dg/vmx/bug-2.c -O3 -g (test for excess errors)
WARNING: gcc.dg/vmx/bug-2.c -O3 -g compilation failed to produce executable
FAIL: gcc.dg/vmx/bug-2.c -Os (test for excess errors)
WARNING: gcc.dg/vmx/bug-2.c -Os compilation failed to produce executable
FAIL: gcc.dg/vmx/bug-3.c -O0 (test for excess errors)
WARNING: gcc.dg/vmx/bug-3.c -O0 compilation failed to produce executable
FAIL: gcc.dg/vmx/bug-3.c -O1 (test for excess errors)
WARNING: gcc.dg/vmx/bug-3.c -O1 compilation failed to produce executable
FAIL: gcc.dg/vmx/bug-3.c -O2 (test for excess errors)
WARNING: gcc.dg/vmx/bug-3.c -O2 compilation failed to produce executable
FAIL: gcc.dg/vmx/bug-3.c -O3 -fomit-frame-pointer (test for excess errors)
WARNING: gcc.dg/vmx/bug-3.c -O3 -fomit-frame-pointer compilation failed to produce executable
FAIL: gcc.dg/vmx/bug-3.c -O3 -g (test for excess errors)
WARNING: gcc.dg/vmx/bug-3.c -O3 -g compilation failed to produce executable
FAIL: gcc.dg/vmx/bug-3.c -Os (test for excess errors)
WARNING: gcc.dg/vmx/bug-3.c -Os compilation failed to produce executable
FAIL: gcc.dg/vmx/cw-bug-1.c -O0 (test for excess errors)
WARNING: gcc.dg/vmx/cw-bug-1.c -O0 compilation failed to produce executable
FAIL: gcc.dg/vmx/cw-bug-1.c -O1 (test for excess errors)
WARNING: gcc.dg/vmx/cw-bug-1.c -O1 compilation failed to produce executable
FAIL: gcc.dg/vmx/cw-bug-1.c -O2 (test for excess errors)
WARNING: gcc.dg/vmx/cw-bug-1.c -O2 compilation failed to produce executable
FAIL: gcc.dg/vmx/cw-bug-1.c -O3 -fomit-frame-pointer (test for excess errors)
WARNING: gcc.dg/vmx/cw-bug-1.c -O3 -fomit-frame-pointer compilation failed to produce executable
FAIL: gcc.dg/vmx/cw-bug-1.c -O3 -g (test for excess errors)
WARNING: gcc.dg/vmx/cw-bug-1.c -O3 -g compilation failed to produce executable
FAIL: gcc.dg/vmx/cw-bug-1.c -Os (test for excess errors)
WARNING: gcc.dg/vmx/cw-bug-1.c -Os compilation failed to produce executable
FAIL: gcc.dg/vmx/dct.c -O0 (internal compiler error)
FAIL: gcc.dg/vmx/dct.c -O0 (test for excess errors)
FAIL: gcc.dg/vmx/dct.c -O1 (internal compiler error)
FAIL: gcc.dg/vmx/dct.c -O1 (test for excess errors)
FAIL: gcc.dg/vmx/dct.c -O2 (internal compiler error)
FAIL: gcc.dg/vmx/dct.c -O2 (test for excess errors)
FAIL: gcc.dg/vmx/dct.c -O3 -fomit-frame-pointer (internal compiler error)
FAIL: gcc.dg/vmx/dct.c -O3 -fomit-frame-pointer (test for excess errors)
FAIL: gcc.dg/vmx/dct.c -O3 -g (internal compiler error)
FAIL: gcc.dg/vmx/dct.c -O3 -g (test for excess errors)
FAIL: gcc.dg/vmx/dct.c -Os (internal compiler error)
FAIL: gcc.dg/vmx/dct.c -Os (test for excess errors)
FAIL: gcc.dg/vmx/debug-4.c -O0 (internal compiler error)
FAIL: gcc.dg/vmx/debug-4.c -O0 (test for excess errors)
WARNING: gcc.dg/vmx/debug-4.c -O0 compilation failed to produce executable
FAIL: gcc.dg/vmx/debug-4.c -O1 (internal compiler error)
FAIL: gcc.dg/vmx/debug-4.c -O1 (test for excess errors)
WARNING: gcc.dg/vmx/debug-4.c -O1 compilation failed to produce executable
FAIL: gcc.dg/vmx/debug-4.c -O2 (internal compiler error)
FAIL: gcc.dg/vmx/debug-4.c -O2 (test for excess errors)
WARNING: gcc.dg/vmx/debug-4.c -O2 compilation failed to produce executable
FAIL: gcc.dg/vmx/debug-4.c -O3 -fomit-frame-pointer (internal compiler error)
FAIL: gcc.dg/vmx/debug-4.c -O3 -fomit-frame-pointer (test for excess errors)
WARNING: gcc.dg/vmx/debug-4.c -O3 -fomit-frame-pointer compilation failed to produce executable
FAIL: gcc.dg/vmx/debug-4.c -O3 -g (internal compiler error)
FAIL: gcc.dg/vmx/debug-4.c -O3 -g (test for excess errors)
WARNING: gcc.dg/vmx/debug-4.c -O3 -g compilation failed to produce executable
FAIL: gcc.dg/vmx/debug-4.c -Os (internal compiler error)
FAIL: gcc.dg/vmx/debug-4.c -Os (test for excess errors)
WARNING: gcc.dg/vmx/debug-4.c -Os compilation failed to produce executable
FAIL: gcc.dg/vmx/dos-bug-2-gdb.c -O0 (internal compiler error)
FAIL: gcc.dg/vmx/dos-bug-2-gdb.c -O0 (test for excess errors)
WARNING: gcc.dg/vmx/dos-bug-2-gdb.c -O0 compilation failed to produce executable
FAIL: gcc.dg/vmx/dos-bug-2-gdb.c -O1 (test for excess errors)
WARNING: gcc.dg/vmx/dos-bug-2-gdb.c -O1 compilation failed to produce executable
FAIL: gcc.dg/vmx/dos-bug-2-gdb.c -O2 (test for excess errors)
WARNING: gcc.dg/vmx/dos-bug-2-gdb.c -O2 compilation failed to produce executable
FAIL: gcc.dg/vmx/dos-bug-2-gdb.c -O3 -fomit-frame-pointer (test for excess errors)
WARNING: gcc.dg/vmx/dos-bug-2-gdb.c -O3 -fomit-frame-pointer compilation failed to produce executable
FAIL: gcc.dg/vmx/dos-bug-2-gdb.c -O3 -g (test for excess errors)
WARNING: gcc.dg/vmx/dos-bug-2-gdb.c -O3 -g compilation failed to produce executable
FAIL: gcc.dg/vmx/dos-bug-2-gdb.c -Os (test for excess errors)
WARNING: gcc.dg/vmx/dos-bug-2-gdb.c -Os compilation failed to produce executable
FAIL: gcc.dg/vmx/eg-5.c -O0 (internal compiler error)
FAIL: gcc.dg/vmx/eg-5.c -O0 (test for excess errors)
WARNING: gcc.dg/vmx/eg-5.c -O0 compilation failed to produce executable
FAIL: gcc.dg/vmx/eg-5.c -O1 (internal compiler error)
FAIL: gcc.dg/vmx/eg-5.c -O1 (test for excess errors)
WARNING: gcc.dg/vmx/eg-5.c -O1 compilation failed to produce executable
FAIL: gcc.dg/vmx/eg-5.c -O2 (internal compiler error)
FAIL: gcc.dg/vmx/eg-5.c -O2 (test for excess errors)
WARNING: gcc.dg/vmx/eg-5.c -O2 compilation failed to produce executable
FAIL: gcc.dg/vmx/eg-5.c -O3 -fomit-frame-pointer (internal compiler error)
FAIL: gcc.dg/vmx/eg-5.c -O3 -fomit-frame-pointer (test for excess errors)
WARNING: gcc.dg/vmx/eg-5.c -O3 -fomit-frame-pointer compilation failed to produce executable
FAIL: gcc.dg/vmx/eg-5.c -O3 -g (internal compiler error)
FAIL: gcc.dg/vmx/eg-5.c -O3 -g (test for excess errors)
WARNING: gcc.dg/vmx/eg-5.c -O3 -g compilation failed to produce executable
FAIL: gcc.dg/vmx/eg-5.c -Os (internal compiler error)
FAIL: gcc.dg/vmx/eg-5.c -Os (test for excess errors)
WARNING: gcc.dg/vmx/eg-5.c -Os compilation failed to produce executable
FAIL: gcc.dg/vmx/fft.c -O0 (internal compiler error)
FAIL: gcc.dg/vmx/fft.c -O0 (test for excess errors)
FAIL: gcc.dg/vmx/fft.c -O1 (internal compiler error)
FAIL: gcc.dg/vmx/fft.c -O1 (test for excess errors)
FAIL: gcc.dg/vmx/fft.c -O2 (internal compiler error)
FAIL: gcc.dg/vmx/fft.c -O2 (test for excess errors)
FAIL: gcc.dg/vmx/fft.c -O3 -fomit-frame-pointer (internal compiler error)
FAIL: gcc.dg/vmx/fft.c -O3 -fomit-frame-pointer (test for excess errors)
FAIL: gcc.dg/vmx/fft.c -O3 -fomit-frame-pointer -funroll-loops (internal compiler error)
FAIL: gcc.dg/vmx/fft.c -O3 -fomit-frame-pointer -funroll-loops (test for excess errors)
FAIL: gcc.dg/vmx/fft.c -O3 -fomit-frame-pointer -funroll-all-loops -finline-functions (internal compiler error)
FAIL: gcc.dg/vmx/fft.c -O3 -fomit-frame-pointer -funroll-all-loops -finline-functions (test for excess errors)
FAIL: gcc.dg/vmx/fft.c -O3 -g (internal compiler error)
FAIL: gcc.dg/vmx/fft.c -O3 -g (test for excess errors)
FAIL: gcc.dg/vmx/fft.c -Os (internal compiler error)
FAIL: gcc.dg/vmx/fft.c -Os (test for excess errors)
FAIL: gcc.dg/vmx/gcc-bug-b.c -O0 (internal compiler error)
FAIL: gcc.dg/vmx/gcc-bug-b.c -O0 (test for excess errors)
FAIL: gcc.dg/vmx/gcc-bug-b.c -O1 (internal compiler error)
FAIL: gcc.dg/vmx/gcc-bug-b.c -O1 (test for excess errors)
FAIL: gcc.dg/vmx/gcc-bug-b.c -O2 (internal compiler error)
FAIL: gcc.dg/vmx/gcc-bug-b.c -O2 (test for excess errors)
FAIL: gcc.dg/vmx/gcc-bug-b.c -O3 -fomit-frame-pointer (internal compiler error)
FAIL: gcc.dg/vmx/gcc-bug-b.c -O3 -fomit-frame-pointer (test for excess errors)
FAIL: gcc.dg/vmx/gcc-bug-b.c -O3 -g (internal compiler error)
FAIL: gcc.dg/vmx/gcc-bug-b.c -O3 -g (test for excess errors)
FAIL: gcc.dg/vmx/gcc-bug-b.c -Os (internal compiler error)
FAIL: gcc.dg/vmx/gcc-bug-b.c -Os (test for excess errors)
FAIL: gcc.dg/vmx/gcc-bug-c.c -O0 (internal compiler error)
FAIL: gcc.dg/vmx/gcc-bug-c.c -O0 (test for excess errors)
FAIL: gcc.dg/vmx/gcc-bug-c.c -O1 (internal compiler error)
FAIL: gcc.dg/vmx/gcc-bug-c.c -O1 (test for excess errors)
FAIL: gcc.dg/vmx/gcc-bug-c.c -O2 (internal compiler error)
FAIL: gcc.dg/vmx/gcc-bug-c.c -O2 (test for excess errors)
FAIL: gcc.dg/vmx/gcc-bug-c.c -O3 -fomit-frame-pointer (internal compiler error)
FAIL: gcc.dg/vmx/gcc-bug-c.c -O3 -fomit-frame-pointer (test for excess errors)
FAIL: gcc.dg/vmx/gcc-bug-c.c -O3 -g (internal compiler error)
FAIL: gcc.dg/vmx/gcc-bug-c.c -O3 -g (test for excess errors)
FAIL: gcc.dg/vmx/gcc-bug-c.c -Os (internal compiler error)
FAIL: gcc.dg/vmx/gcc-bug-c.c -Os (test for excess errors)
FAIL: gcc.dg/vmx/gcc-bug-e.c -O0 (test for excess errors)
WARNING: gcc.dg/vmx/gcc-bug-e.c -O0 compilation failed to produce executable
FAIL: gcc.dg/vmx/gcc-bug-e.c -O1 (test for excess errors)
WARNING: gcc.dg/vmx/gcc-bug-e.c -O1 compilation failed to produce executable
FAIL: gcc.dg/vmx/gcc-bug-e.c -O2 (test for excess errors)
WARNING: gcc.dg/vmx/gcc-bug-e.c -O2 compilation failed to produce executable
FAIL: gcc.dg/vmx/gcc-bug-e.c -O3 -fomit-frame-pointer (test for excess errors)
WARNING: gcc.dg/vmx/gcc-bug-e.c -O3 -fomit-frame-pointer compilation failed to produce executable
FAIL: gcc.dg/vmx/gcc-bug-e.c -O3 -g (test for excess errors)
WARNING: gcc.dg/vmx/gcc-bug-e.c -O3 -g compilation failed to produce executable
FAIL: gcc.dg/vmx/gcc-bug-e.c -Os (test for excess errors)
WARNING: gcc.dg/vmx/gcc-bug-e.c -Os compilation failed to produce executable
FAIL: gcc.dg/vmx/gcc-bug-f.c -O0 (internal compiler error)
FAIL: gcc.dg/vmx/gcc-bug-f.c -O0 (test for excess errors)
FAIL: gcc.dg/vmx/gcc-bug-f.c -O1 (internal compiler error)
FAIL: gcc.dg/vmx/gcc-bug-f.c -O1 (test for excess errors)
FAIL: gcc.dg/vmx/gcc-bug-f.c -O2 (internal compiler error)
FAIL: gcc.dg/vmx/gcc-bug-f.c -O2 (test for excess errors)
FAIL: gcc.dg/vmx/gcc-bug-f.c -O3 -fomit-frame-pointer (internal compiler error)
FAIL: gcc.dg/vmx/gcc-bug-f.c -O3 -fomit-frame-pointer (test for excess errors)
FAIL: gcc.dg/vmx/gcc-bug-f.c -O3 -g (internal compiler error)
FAIL: gcc.dg/vmx/gcc-bug-f.c -O3 -g (test for excess errors)
FAIL: gcc.dg/vmx/gcc-bug-f.c -Os (internal compiler error)
FAIL: gcc.dg/vmx/gcc-bug-f.c -Os (test for excess errors)
FAIL: gcc.dg/vmx/gcc-bug-g.c -O0 (internal compiler error)
FAIL: gcc.dg/vmx/gcc-bug-g.c -O0 (test for excess errors)
FAIL: gcc.dg/vmx/gcc-bug-g.c -O1 (internal compiler error)
FAIL: gcc.dg/vmx/gcc-bug-g.c -O1 (test for excess errors)
FAIL: gcc.dg/vmx/gcc-bug-g.c -O2 (internal compiler error)
FAIL: gcc.dg/vmx/gcc-bug-g.c -O2 (test for excess errors)
FAIL: gcc.dg/vmx/gcc-bug-g.c -O3 -fomit-frame-pointer (internal compiler error)
FAIL: gcc.dg/vmx/gcc-bug-g.c -O3 -fomit-frame-pointer (test for excess errors)
FAIL: gcc.dg/vmx/gcc-bug-g.c -O3 -g (internal compiler error)
FAIL: gcc.dg/vmx/gcc-bug-g.c -O3 -g (test for excess errors)
FAIL: gcc.dg/vmx/gcc-bug-g.c -Os (internal compiler error)
FAIL: gcc.dg/vmx/gcc-bug-g.c -Os (test for excess errors)
FAIL: gcc.dg/vmx/ira1.c -O0 (test for excess errors)
WARNING: gcc.dg/vmx/ira1.c -O0 compilation failed to produce executable
FAIL: gcc.dg/vmx/ira1.c -O1 (test for excess errors)
WARNING: gcc.dg/vmx/ira1.c -O1 compilation failed to produce executable
FAIL: gcc.dg/vmx/ira1.c -O2 (test for excess errors)
WARNING: gcc.dg/vmx/ira1.c -O2 compilation failed to produce executable
FAIL: gcc.dg/vmx/ira1.c -O3 -fomit-frame-pointer (test for excess errors)
WARNING: gcc.dg/vmx/ira1.c -O3 -fomit-frame-pointer compilation failed to produce executable
FAIL: gcc.dg/vmx/ira1.c -O3 -g (test for excess errors)
WARNING: gcc.dg/vmx/ira1.c -O3 -g compilation failed to produce executable
FAIL: gcc.dg/vmx/ira1.c -Os (test for excess errors)
WARNING: gcc.dg/vmx/ira1.c -Os compilation failed to produce executable
FAIL: gcc.dg/vmx/ira2.c -O0 (internal compiler error)
FAIL: gcc.dg/vmx/ira2.c -O0 (test for excess errors)
FAIL: gcc.dg/vmx/ira2.c -O1 (internal compiler error)
FAIL: gcc.dg/vmx/ira2.c -O1 (test for excess errors)
FAIL: gcc.dg/vmx/ira2.c -O2 (internal compiler error)
FAIL: gcc.dg/vmx/ira2.c -O2 (test for excess errors)
FAIL: gcc.dg/vmx/ira2.c -O3 -fomit-frame-pointer (internal compiler error)
FAIL: gcc.dg/vmx/ira2.c -O3 -fomit-frame-pointer (test for excess errors)
FAIL: gcc.dg/vmx/ira2.c -O3 -g (internal compiler error)
FAIL: gcc.dg/vmx/ira2.c -O3 -g (test for excess errors)
FAIL: gcc.dg/vmx/ira2.c -Os (internal compiler error)
FAIL: gcc.dg/vmx/ira2.c -Os (test for excess errors)
FAIL: gcc.dg/vmx/ira2a.c -O0 (test for excess errors)
WARNING: gcc.dg/vmx/ira2a.c -O0 compilation failed to produce executable
FAIL: gcc.dg/vmx/ira2a.c -O1 (test for excess errors)
WARNING: gcc.dg/vmx/ira2a.c -O1 compilation failed to produce executable
FAIL: gcc.dg/vmx/ira2a.c -O2 (test for excess errors)
WARNING: gcc.dg/vmx/ira2a.c -O2 compilation failed to produce executable
FAIL: gcc.dg/vmx/ira2a.c -O3 -fomit-frame-pointer (test for excess errors)
WARNING: gcc.dg/vmx/ira2a.c -O3 -fomit-frame-pointer compilation failed to produce executable
FAIL: gcc.dg/vmx/ira2a.c -O3 -g (test for excess errors)
WARNING: gcc.dg/vmx/ira2a.c -O3 -g compilation failed to produce executable
FAIL: gcc.dg/vmx/ira2a.c -Os (test for excess errors)
WARNING: gcc.dg/vmx/ira2a.c -Os compilation failed to produce executable
FAIL: gcc.dg/vmx/ira2b.c -O0 (internal compiler error)
FAIL: gcc.dg/vmx/ira2b.c -O0 (test for excess errors)
WARNING: gcc.dg/vmx/ira2b.c -O0 compilation failed to produce executable
FAIL: gcc.dg/vmx/ira2b.c -O1 (internal compiler error)
FAIL: gcc.dg/vmx/ira2b.c -O1 (test for excess errors)
WARNING: gcc.dg/vmx/ira2b.c -O1 compilation failed to produce executable
FAIL: gcc.dg/vmx/ira2b.c -O2 (internal compiler error)
FAIL: gcc.dg/vmx/ira2b.c -O2 (test for excess errors)
WARNING: gcc.dg/vmx/ira2b.c -O2 compilation failed to produce executable
FAIL: gcc.dg/vmx/ira2b.c -O3 -fomit-frame-pointer (internal compiler error)
FAIL: gcc.dg/vmx/ira2b.c -O3 -fomit-frame-pointer (test for excess errors)
WARNING: gcc.dg/vmx/ira2b.c -O3 -fomit-frame-pointer compilation failed to produce executable
FAIL: gcc.dg/vmx/ira2b.c -O3 -g (internal compiler error)
FAIL: gcc.dg/vmx/ira2b.c -O3 -g (test for excess errors)
WARNING: gcc.dg/vmx/ira2b.c -O3 -g compilation failed to produce executable
FAIL: gcc.dg/vmx/ira2b.c -Os (internal compiler error)
FAIL: gcc.dg/vmx/ira2b.c -Os (test for excess errors)
WARNING: gcc.dg/vmx/ira2b.c -Os compilation failed to produce executable
FAIL: gcc.dg/vmx/mem.c -O0 (internal compiler error)
FAIL: gcc.dg/vmx/mem.c -O0 (test for excess errors)
FAIL: gcc.dg/vmx/mem.c -O1 (internal compiler error)
FAIL: gcc.dg/vmx/mem.c -O1 (test for excess errors)
FAIL: gcc.dg/vmx/mem.c -O2 (internal compiler error)
FAIL: gcc.dg/vmx/mem.c -O2 (test for excess errors)
FAIL: gcc.dg/vmx/mem.c -O3 -fomit-frame-pointer (internal compiler error)
FAIL: gcc.dg/vmx/mem.c -O3 -fomit-frame-pointer (test for excess errors)
FAIL: gcc.dg/vmx/mem.c -O3 -fomit-frame-pointer -funroll-loops (internal compiler error)
FAIL: gcc.dg/vmx/mem.c -O3 -fomit-frame-pointer -funroll-loops (test for excess errors)
FAIL: gcc.dg/vmx/mem.c -O3 -fomit-frame-pointer -funroll-all-loops -finline-functions (internal compiler error)
FAIL: gcc.dg/vmx/mem.c -O3 -fomit-frame-pointer -funroll-all-loops -finline-functions (test for excess errors)
FAIL: gcc.dg/vmx/mem.c -O3 -g (internal compiler error)
FAIL: gcc.dg/vmx/mem.c -O3 -g (test for excess errors)
FAIL: gcc.dg/vmx/mem.c -Os (internal compiler error)
FAIL: gcc.dg/vmx/mem.c -Os (test for excess errors)
FAIL: gcc.dg/vmx/newton-1.c -O0 (internal compiler error)
FAIL: gcc.dg/vmx/newton-1.c -O0 (test for excess errors)
FAIL: gcc.dg/vmx/newton-1.c -O1 (internal compiler error)
FAIL: gcc.dg/vmx/newton-1.c -O1 (test for excess errors)
FAIL: gcc.dg/vmx/newton-1.c -O2 (internal compiler error)
FAIL: gcc.dg/vmx/newton-1.c -O2 (test for excess errors)
FAIL: gcc.dg/vmx/newton-1.c -O3 -fomit-frame-pointer (internal compiler error)
FAIL: gcc.dg/vmx/newton-1.c -O3 -fomit-frame-pointer (test for excess errors)
FAIL: gcc.dg/vmx/newton-1.c -O3 -fomit-frame-pointer -funroll-loops (internal compiler error)
FAIL: gcc.dg/vmx/newton-1.c -O3 -fomit-frame-pointer -funroll-loops (test for excess errors)
FAIL: gcc.dg/vmx/newton-1.c -O3 -fomit-frame-pointer -funroll-all-loops -finline-functions (internal compiler error)
FAIL: gcc.dg/vmx/newton-1.c -O3 -fomit-frame-pointer -funroll-all-loops -finline-functions (test for excess errors)
FAIL: gcc.dg/vmx/newton-1.c -O3 -g (internal compiler error)
FAIL: gcc.dg/vmx/newton-1.c -O3 -g (test for excess errors)
FAIL: gcc.dg/vmx/newton-1.c -Os (internal compiler error)
FAIL: gcc.dg/vmx/newton-1.c -Os (test for excess errors)
FAIL: gcc.dg/vmx/ops-long-1.c -O0 (test for excess errors)
FAIL: gcc.dg/vmx/ops-long-1.c -O1 (test for excess errors)
FAIL: gcc.dg/vmx/ops-long-1.c -O2 (test for excess errors)
FAIL: gcc.dg/vmx/ops-long-1.c -O3 -fomit-frame-pointer (test for excess errors)
FAIL: gcc.dg/vmx/ops-long-1.c -O3 -g (test for excess errors)
FAIL: gcc.dg/vmx/ops-long-1.c -Os (test for excess errors)
FAIL: gcc.dg/vmx/ops-long-2.c -O0 (test for errors, line 20)
FAIL: gcc.dg/vmx/ops-long-2.c -O0 (test for errors, line 21)
FAIL: gcc.dg/vmx/ops-long-2.c -O0 (test for errors, line 24)
FAIL: gcc.dg/vmx/ops-long-2.c -O0 (test for errors, line 25)
FAIL: gcc.dg/vmx/ops-long-2.c -O0 (test for errors, line 26)
FAIL: gcc.dg/vmx/ops-long-2.c -O0 (test for errors, line 27)
FAIL: gcc.dg/vmx/ops-long-2.c -O0 (test for errors, line 28)
FAIL: gcc.dg/vmx/ops-long-2.c -O0 (test for errors, line 29)
FAIL: gcc.dg/vmx/ops-long-2.c -O0 (test for errors, line 30)
FAIL: gcc.dg/vmx/ops-long-2.c -O0 (test for errors, line 31)
FAIL: gcc.dg/vmx/ops-long-2.c -O0 (test for errors, line 32)
FAIL: gcc.dg/vmx/ops-long-2.c -O0 (test for errors, line 33)
FAIL: gcc.dg/vmx/ops-long-2.c -O0 (test for excess errors)
FAIL: gcc.dg/vmx/ops-long-2.c -O1 (test for errors, line 20)
FAIL: gcc.dg/vmx/ops-long-2.c -O1 (test for errors, line 21)
FAIL: gcc.dg/vmx/ops-long-2.c -O1 (test for errors, line 24)
FAIL: gcc.dg/vmx/ops-long-2.c -O1 (test for errors, line 25)
FAIL: gcc.dg/vmx/ops-long-2.c -O1 (test for errors, line 26)
FAIL: gcc.dg/vmx/ops-long-2.c -O1 (test for errors, line 27)
FAIL: gcc.dg/vmx/ops-long-2.c -O1 (test for errors, line 28)
FAIL: gcc.dg/vmx/ops-long-2.c -O1 (test for errors, line 29)
FAIL: gcc.dg/vmx/ops-long-2.c -O1 (test for errors, line 30)
FAIL: gcc.dg/vmx/ops-long-2.c -O1 (test for errors, line 31)
FAIL: gcc.dg/vmx/ops-long-2.c -O1 (test for errors, line 32)
FAIL: gcc.dg/vmx/ops-long-2.c -O1 (test for errors, line 33)
FAIL: gcc.dg/vmx/ops-long-2.c -O1 (test for excess errors)
FAIL: gcc.dg/vmx/ops-long-2.c -O2 (test for errors, line 20)
FAIL: gcc.dg/vmx/ops-long-2.c -O2 (test for errors, line 21)
FAIL: gcc.dg/vmx/ops-long-2.c -O2 (test for errors, line 24)
FAIL: gcc.dg/vmx/ops-long-2.c -O2 (test for errors, line 25)
FAIL: gcc.dg/vmx/ops-long-2.c -O2 (test for errors, line 26)
FAIL: gcc.dg/vmx/ops-long-2.c -O2 (test for errors, line 27)
FAIL: gcc.dg/vmx/ops-long-2.c -O2 (test for errors, line 28)
FAIL: gcc.dg/vmx/ops-long-2.c -O2 (test for errors, line 29)
FAIL: gcc.dg/vmx/ops-long-2.c -O2 (test for errors, line 30)
FAIL: gcc.dg/vmx/ops-long-2.c -O2 (test for errors, line 31)
FAIL: gcc.dg/vmx/ops-long-2.c -O2 (test for errors, line 32)
FAIL: gcc.dg/vmx/ops-long-2.c -O2 (test for errors, line 33)
FAIL: gcc.dg/vmx/ops-long-2.c -O2 (test for excess errors)
FAIL: gcc.dg/vmx/ops-long-2.c -O3 -fomit-frame-pointer (test for errors, line 20)
FAIL: gcc.dg/vmx/ops-long-2.c -O3 -fomit-frame-pointer (test for errors, line 21)
FAIL: gcc.dg/vmx/ops-long-2.c -O3 -fomit-frame-pointer (test for errors, line 24)
FAIL: gcc.dg/vmx/ops-long-2.c -O3 -fomit-frame-pointer (test for errors, line 25)
FAIL: gcc.dg/vmx/ops-long-2.c -O3 -fomit-frame-pointer (test for errors, line 26)
FAIL: gcc.dg/vmx/ops-long-2.c -O3 -fomit-frame-pointer (test for errors, line 27)
FAIL: gcc.dg/vmx/ops-long-2.c -O3 -fomit-frame-pointer (test for errors, line 28)
FAIL: gcc.dg/vmx/ops-long-2.c -O3 -fomit-frame-pointer (test for errors, line 29)
FAIL: gcc.dg/vmx/ops-long-2.c -O3 -fomit-frame-pointer (test for errors, line 30)
FAIL: gcc.dg/vmx/ops-long-2.c -O3 -fomit-frame-pointer (test for errors, line 31)
FAIL: gcc.dg/vmx/ops-long-2.c -O3 -fomit-frame-pointer (test for errors, line 32)
FAIL: gcc.dg/vmx/ops-long-2.c -O3 -fomit-frame-pointer (test for errors, line 33)
FAIL: gcc.dg/vmx/ops-long-2.c -O3 -fomit-frame-pointer (test for excess errors)
FAIL: gcc.dg/vmx/ops-long-2.c -O3 -g (test for errors, line 20)
FAIL: gcc.dg/vmx/ops-long-2.c -O3 -g (test for errors, line 21)
FAIL: gcc.dg/vmx/ops-long-2.c -O3 -g (test for errors, line 24)
FAIL: gcc.dg/vmx/ops-long-2.c -O3 -g (test for errors, line 25)
FAIL: gcc.dg/vmx/ops-long-2.c -O3 -g (test for errors, line 26)
FAIL: gcc.dg/vmx/ops-long-2.c -O3 -g (test for errors, line 27)
FAIL: gcc.dg/vmx/ops-long-2.c -O3 -g (test for errors, line 28)
FAIL: gcc.dg/vmx/ops-long-2.c -O3 -g (test for errors, line 29)
FAIL: gcc.dg/vmx/ops-long-2.c -O3 -g (test for errors, line 30)
FAIL: gcc.dg/vmx/ops-long-2.c -O3 -g (test for errors, line 31)
FAIL: gcc.dg/vmx/ops-long-2.c -O3 -g (test for errors, line 32)
FAIL: gcc.dg/vmx/ops-long-2.c -O3 -g (test for errors, line 33)
FAIL: gcc.dg/vmx/ops-long-2.c -O3 -g (test for excess errors)
FAIL: gcc.dg/vmx/ops-long-2.c -Os (test for errors, line 20)
FAIL: gcc.dg/vmx/ops-long-2.c -Os (test for errors, line 21)
FAIL: gcc.dg/vmx/ops-long-2.c -Os (test for errors, line 24)
FAIL: gcc.dg/vmx/ops-long-2.c -Os (test for errors, line 25)
FAIL: gcc.dg/vmx/ops-long-2.c -Os (test for errors, line 26)
FAIL: gcc.dg/vmx/ops-long-2.c -Os (test for errors, line 27)
FAIL: gcc.dg/vmx/ops-long-2.c -Os (test for errors, line 28)
FAIL: gcc.dg/vmx/ops-long-2.c -Os (test for errors, line 29)
FAIL: gcc.dg/vmx/ops-long-2.c -Os (test for errors, line 30)
FAIL: gcc.dg/vmx/ops-long-2.c -Os (test for errors, line 31)
FAIL: gcc.dg/vmx/ops-long-2.c -Os (test for errors, line 32)
FAIL: gcc.dg/vmx/ops-long-2.c -Os (test for errors, line 33)
FAIL: gcc.dg/vmx/ops-long-2.c -Os (test for excess errors)
FAIL: gcc.dg/vmx/ops.c -O0 (test for excess errors)
FAIL: gcc.dg/vmx/ops.c -O1 (test for excess errors)
FAIL: gcc.dg/vmx/ops.c -O2 (test for excess errors)
FAIL: gcc.dg/vmx/ops.c -O3 -fomit-frame-pointer (test for excess errors)
FAIL: gcc.dg/vmx/ops.c -O3 -g (test for excess errors)
FAIL: gcc.dg/vmx/ops.c -Os (test for excess errors)
FAIL: gcc.dg/vmx/pr27842.c -O0 (internal compiler error)
FAIL: gcc.dg/vmx/pr27842.c -O0 (test for excess errors)
WARNING: gcc.dg/vmx/pr27842.c -O0 compilation failed to produce executable
FAIL: gcc.dg/vmx/pr27842.c -O1 (internal compiler error)
FAIL: gcc.dg/vmx/pr27842.c -O1 (test for excess errors)
WARNING: gcc.dg/vmx/pr27842.c -O1 compilation failed to produce executable
FAIL: gcc.dg/vmx/pr27842.c -O2 (internal compiler error)
FAIL: gcc.dg/vmx/pr27842.c -O2 (test for excess errors)
WARNING: gcc.dg/vmx/pr27842.c -O2 compilation failed to produce executable
FAIL: gcc.dg/vmx/pr27842.c -O3 -fomit-frame-pointer (internal compiler error)
FAIL: gcc.dg/vmx/pr27842.c -O3 -fomit-frame-pointer (test for excess errors)
WARNING: gcc.dg/vmx/pr27842.c -O3 -fomit-frame-pointer compilation failed to produce executable
FAIL: gcc.dg/vmx/pr27842.c -O3 -fomit-frame-pointer -funroll-loops (internal compiler error)
FAIL: gcc.dg/vmx/pr27842.c -O3 -fomit-frame-pointer -funroll-loops (test for excess errors)
WARNING: gcc.dg/vmx/pr27842.c -O3 -fomit-frame-pointer -funroll-loops compilation failed to produce executable
FAIL: gcc.dg/vmx/pr27842.c -O3 -fomit-frame-pointer -funroll-all-loops -finline-functions (internal compiler error)
FAIL: gcc.dg/vmx/pr27842.c -O3 -fomit-frame-pointer -funroll-all-loops -finline-functions (test for excess errors)
WARNING: gcc.dg/vmx/pr27842.c -O3 -fomit-frame-pointer -funroll-all-loops -finline-functions compilation failed to produce executable
FAIL: gcc.dg/vmx/pr27842.c -O3 -g (internal compiler error)
FAIL: gcc.dg/vmx/pr27842.c -O3 -g (test for excess errors)
WARNING: gcc.dg/vmx/pr27842.c -O3 -g compilation failed to produce executable
FAIL: gcc.dg/vmx/pr27842.c -Os (internal compiler error)
FAIL: gcc.dg/vmx/pr27842.c -Os (test for excess errors)
WARNING: gcc.dg/vmx/pr27842.c -Os compilation failed to produce executable
FAIL: gcc.dg/vmx/sn7153.c -O0 (internal compiler error)
FAIL: gcc.dg/vmx/sn7153.c -O0 (test for excess errors)
WARNING: gcc.dg/vmx/sn7153.c -O0 compilation failed to produce executable
FAIL: gcc.dg/vmx/sn7153.c -O1 (internal compiler error)
FAIL: gcc.dg/vmx/sn7153.c -O1 (test for excess errors)
WARNING: gcc.dg/vmx/sn7153.c -O1 compilation failed to produce executable
FAIL: gcc.dg/vmx/sn7153.c -O2 (internal compiler error)
FAIL: gcc.dg/vmx/sn7153.c -O2 (test for excess errors)
WARNING: gcc.dg/vmx/sn7153.c -O2 compilation failed to produce executable
FAIL: gcc.dg/vmx/sn7153.c -O3 -fomit-frame-pointer (internal compiler error)
FAIL: gcc.dg/vmx/sn7153.c -O3 -fomit-frame-pointer (test for excess errors)
WARNING: gcc.dg/vmx/sn7153.c -O3 -fomit-frame-pointer compilation failed to produce executable
FAIL: gcc.dg/vmx/sn7153.c -O3 -fomit-frame-pointer -funroll-loops (internal compiler error)
FAIL: gcc.dg/vmx/sn7153.c -O3 -fomit-frame-pointer -funroll-loops (test for excess errors)
WARNING: gcc.dg/vmx/sn7153.c -O3 -fomit-frame-pointer -funroll-loops compilation failed to produce executable
FAIL: gcc.dg/vmx/sn7153.c -O3 -fomit-frame-pointer -funroll-all-loops -finline-functions (internal compiler error)
FAIL: gcc.dg/vmx/sn7153.c -O3 -fomit-frame-pointer -funroll-all-loops -finline-functions (test for excess errors)
WARNING: gcc.dg/vmx/sn7153.c -O3 -fomit-frame-pointer -funroll-all-loops -finline-functions compilation failed to produce executable
FAIL: gcc.dg/vmx/sn7153.c -O3 -g (internal compiler error)
FAIL: gcc.dg/vmx/sn7153.c -O3 -g (test for excess errors)
WARNING: gcc.dg/vmx/sn7153.c -O3 -g compilation failed to produce executable
FAIL: gcc.dg/vmx/sn7153.c -Os (internal compiler error)
FAIL: gcc.dg/vmx/sn7153.c -Os (test for excess errors)
WARNING: gcc.dg/vmx/sn7153.c -Os compilation failed to produce executable
FAIL: gcc.dg/vmx/varargs-2.c -O0 (test for excess errors)
WARNING: gcc.dg/vmx/varargs-2.c -O0 compilation failed to produce executable
FAIL: gcc.dg/vmx/varargs-2.c -O1 (test for excess errors)
WARNING: gcc.dg/vmx/varargs-2.c -O1 compilation failed to produce executable
FAIL: gcc.dg/vmx/varargs-2.c -O2 (test for excess errors)
WARNING: gcc.dg/vmx/varargs-2.c -O2 compilation failed to produce executable
FAIL: gcc.dg/vmx/varargs-2.c -O3 -fomit-frame-pointer (test for excess errors)
WARNING: gcc.dg/vmx/varargs-2.c -O3 -fomit-frame-pointer compilation failed to produce executable
FAIL: gcc.dg/vmx/varargs-2.c -O3 -g (test for excess errors)
WARNING: gcc.dg/vmx/varargs-2.c -O3 -g compilation failed to produce executable
FAIL: gcc.dg/vmx/varargs-2.c -Os (test for excess errors)
WARNING: gcc.dg/vmx/varargs-2.c -Os compilation failed to produce executable
FAIL: gcc.dg/vmx/varargs-3.c -O0 (test for excess errors)
WARNING: gcc.dg/vmx/varargs-3.c -O0 compilation failed to produce executable
FAIL: gcc.dg/vmx/varargs-3.c -O1 (test for excess errors)
WARNING: gcc.dg/vmx/varargs-3.c -O1 compilation failed to produce executable
FAIL: gcc.dg/vmx/varargs-3.c -O2 (test for excess errors)
WARNING: gcc.dg/vmx/varargs-3.c -O2 compilation failed to produce executable
FAIL: gcc.dg/vmx/varargs-3.c -O3 -fomit-frame-pointer (test for excess errors)
WARNING: gcc.dg/vmx/varargs-3.c -O3 -fomit-frame-pointer compilation failed to produce executable
FAIL: gcc.dg/vmx/varargs-3.c -O3 -g (test for excess errors)
WARNING: gcc.dg/vmx/varargs-3.c -O3 -g compilation failed to produce executable
FAIL: gcc.dg/vmx/varargs-3.c -Os (test for excess errors)
WARNING: gcc.dg/vmx/varargs-3.c -Os compilation failed to produce executable
FAIL: gcc.dg/vmx/varargs-4.c -O0 (test for excess errors)
WARNING: gcc.dg/vmx/varargs-4.c -O0 compilation failed to produce executable
FAIL: gcc.dg/vmx/varargs-4.c -O1 (test for excess errors)
WARNING: gcc.dg/vmx/varargs-4.c -O1 compilation failed to produce executable
FAIL: gcc.dg/vmx/varargs-4.c -O2 (test for excess errors)
WARNING: gcc.dg/vmx/varargs-4.c -O2 compilation failed to produce executable
FAIL: gcc.dg/vmx/varargs-4.c -O3 -fomit-frame-pointer (test for excess errors)
WARNING: gcc.dg/vmx/varargs-4.c -O3 -fomit-frame-pointer compilation failed to produce executable
FAIL: gcc.dg/vmx/varargs-4.c -O3 -fomit-frame-pointer -funroll-loops (test for excess errors)
WARNING: gcc.dg/vmx/varargs-4.c -O3 -fomit-frame-pointer -funroll-loops compilation failed to produce executable
FAIL: gcc.dg/vmx/varargs-4.c -O3 -fomit-frame-pointer -funroll-all-loops -finline-functions (test for excess errors)
WARNING: gcc.dg/vmx/varargs-4.c -O3 -fomit-frame-pointer -funroll-all-loops -finline-functions compilation failed to produce executable
FAIL: gcc.dg/vmx/varargs-4.c -O3 -g (test for excess errors)
WARNING: gcc.dg/vmx/varargs-4.c -O3 -g compilation failed to produce executable
FAIL: gcc.dg/vmx/varargs-4.c -Os (test for excess errors)
WARNING: gcc.dg/vmx/varargs-4.c -Os compilation failed to produce executable
FAIL: gcc.dg/vmx/varargs-5.c -O0 (test for excess errors)
WARNING: gcc.dg/vmx/varargs-5.c -O0 compilation failed to produce executable
FAIL: gcc.dg/vmx/varargs-5.c -O1 (test for excess errors)
WARNING: gcc.dg/vmx/varargs-5.c -O1 compilation failed to produce executable
FAIL: gcc.dg/vmx/varargs-5.c -O2 (test for excess errors)
WARNING: gcc.dg/vmx/varargs-5.c -O2 compilation failed to produce executable
FAIL: gcc.dg/vmx/varargs-5.c -O3 -fomit-frame-pointer (test for excess errors)
WARNING: gcc.dg/vmx/varargs-5.c -O3 -fomit-frame-pointer compilation failed to produce executable
FAIL: gcc.dg/vmx/varargs-5.c -O3 -g (test for excess errors)
WARNING: gcc.dg/vmx/varargs-5.c -O3 -g compilation failed to produce executable
FAIL: gcc.dg/vmx/varargs-5.c -Os (test for excess errors)
WARNING: gcc.dg/vmx/varargs-5.c -Os compilation failed to produce executable
FAIL: gcc.dg/vmx/varargs-6.c -O0 (test for excess errors)
WARNING: gcc.dg/vmx/varargs-6.c -O0 compilation failed to produce executable
FAIL: gcc.dg/vmx/varargs-6.c -O1 (test for excess errors)
WARNING: gcc.dg/vmx/varargs-6.c -O1 compilation failed to produce executable
FAIL: gcc.dg/vmx/varargs-6.c -O2 (test for excess errors)
WARNING: gcc.dg/vmx/varargs-6.c -O2 compilation failed to produce executable
FAIL: gcc.dg/vmx/varargs-6.c -O3 -fomit-frame-pointer (test for excess errors)
WARNING: gcc.dg/vmx/varargs-6.c -O3 -fomit-frame-pointer compilation failed to produce executable
FAIL: gcc.dg/vmx/varargs-6.c -O3 -g (test for excess errors)
WARNING: gcc.dg/vmx/varargs-6.c -O3 -g compilation failed to produce executable
FAIL: gcc.dg/vmx/varargs-6.c -Os (test for excess errors)
WARNING: gcc.dg/vmx/varargs-6.c -Os compilation failed to produce executable
FAIL: gcc.dg/vmx/varargs-7.c -O0 (test for excess errors)
WARNING: gcc.dg/vmx/varargs-7.c -O0 compilation failed to produce executable
FAIL: gcc.dg/vmx/varargs-7.c -O1 (test for excess errors)
WARNING: gcc.dg/vmx/varargs-7.c -O1 compilation failed to produce executable
FAIL: gcc.dg/vmx/varargs-7.c -O2 (test for excess errors)
WARNING: gcc.dg/vmx/varargs-7.c -O2 compilation failed to produce executable
FAIL: gcc.dg/vmx/varargs-7.c -O3 -fomit-frame-pointer (test for excess errors)
WARNING: gcc.dg/vmx/varargs-7.c -O3 -fomit-frame-pointer compilation failed to produce executable
FAIL: gcc.dg/vmx/varargs-7.c -O3 -g (test for excess errors)
WARNING: gcc.dg/vmx/varargs-7.c -O3 -g compilation failed to produce executable
FAIL: gcc.dg/vmx/varargs-7.c -Os (test for excess errors)
WARNING: gcc.dg/vmx/varargs-7.c -Os compilation failed to produce executable
FAIL: gcc.dg/vmx/x-04.c -O0 (internal compiler error)
FAIL: gcc.dg/vmx/x-04.c -O0 (test for excess errors)
WARNING: gcc.dg/vmx/x-04.c -O0 compilation failed to produce executable
FAIL: gcc.dg/vmx/x-04.c -O1 (internal compiler error)
FAIL: gcc.dg/vmx/x-04.c -O1 (test for excess errors)
WARNING: gcc.dg/vmx/x-04.c -O1 compilation failed to produce executable
FAIL: gcc.dg/vmx/x-04.c -O2 (internal compiler error)
FAIL: gcc.dg/vmx/x-04.c -O2 (test for excess errors)
WARNING: gcc.dg/vmx/x-04.c -O2 compilation failed to produce executable
FAIL: gcc.dg/vmx/x-04.c -O3 -fomit-frame-pointer (internal compiler error)
FAIL: gcc.dg/vmx/x-04.c -O3 -fomit-frame-pointer (test for excess errors)
WARNING: gcc.dg/vmx/x-04.c -O3 -fomit-frame-pointer compilation failed to produce executable
FAIL: gcc.dg/vmx/x-04.c -O3 -g (internal compiler error)
FAIL: gcc.dg/vmx/x-04.c -O3 -g (test for excess errors)
WARNING: gcc.dg/vmx/x-04.c -O3 -g compilation failed to produce executable
FAIL: gcc.dg/vmx/x-04.c -Os (internal compiler error)
FAIL: gcc.dg/vmx/x-04.c -Os (test for excess errors)
WARNING: gcc.dg/vmx/x-04.c -Os compilation failed to produce executable
FAIL: gcc.dg/vmx/x-05.c -O0 (internal compiler error)
FAIL: gcc.dg/vmx/x-05.c -O0 (test for excess errors)
WARNING: gcc.dg/vmx/x-05.c -O0 compilation failed to produce executable
FAIL: gcc.dg/vmx/x-05.c -O1 (internal compiler error)
FAIL: gcc.dg/vmx/x-05.c -O1 (test for excess errors)
WARNING: gcc.dg/vmx/x-05.c -O1 compilation failed to produce executable
FAIL: gcc.dg/vmx/x-05.c -O2 (internal compiler error)
FAIL: gcc.dg/vmx/x-05.c -O2 (test for excess errors)
WARNING: gcc.dg/vmx/x-05.c -O2 compilation failed to produce executable
FAIL: gcc.dg/vmx/x-05.c -O3 -fomit-frame-pointer (internal compiler error)
FAIL: gcc.dg/vmx/x-05.c -O3 -fomit-frame-pointer (test for excess errors)
WARNING: gcc.dg/vmx/x-05.c -O3 -fomit-frame-pointer compilation failed to produce executable
FAIL: gcc.dg/vmx/x-05.c -O3 -g (internal compiler error)
FAIL: gcc.dg/vmx/x-05.c -O3 -g (test for excess errors)
WARNING: gcc.dg/vmx/x-05.c -O3 -g compilation failed to produce executable
FAIL: gcc.dg/vmx/x-05.c -Os (internal compiler error)
FAIL: gcc.dg/vmx/x-05.c -Os (test for excess errors)
WARNING: gcc.dg/vmx/x-05.c -Os compilation failed to produce executable
FAIL: gcc.dg/vmx/yousufi-1.c -O0 (internal compiler error)
FAIL: gcc.dg/vmx/yousufi-1.c -O0 (test for excess errors)
WARNING: gcc.dg/vmx/yousufi-1.c -O0 compilation failed to produce executable
FAIL: gcc.dg/vmx/yousufi-1.c -O1 (internal compiler error)
FAIL: gcc.dg/vmx/yousufi-1.c -O1 (test for excess errors)
WARNING: gcc.dg/vmx/yousufi-1.c -O1 compilation failed to produce executable
FAIL: gcc.dg/vmx/yousufi-1.c -O2 (internal compiler error)
FAIL: gcc.dg/vmx/yousufi-1.c -O2 (test for excess errors)
WARNING: gcc.dg/vmx/yousufi-1.c -O2 compilation failed to produce executable
FAIL: gcc.dg/vmx/yousufi-1.c -O3 -fomit-frame-pointer (internal compiler error)
FAIL: gcc.dg/vmx/yousufi-1.c -O3 -fomit-frame-pointer (test for excess errors)
WARNING: gcc.dg/vmx/yousufi-1.c -O3 -fomit-frame-pointer compilation failed to produce executable
FAIL: gcc.dg/vmx/yousufi-1.c -O3 -g (internal compiler error)
FAIL: gcc.dg/vmx/yousufi-1.c -O3 -g (test for excess errors)
WARNING: gcc.dg/vmx/yousufi-1.c -O3 -g compilation failed to produce executable
FAIL: gcc.dg/vmx/yousufi-1.c -Os (internal compiler error)
FAIL: gcc.dg/vmx/yousufi-1.c -Os (test for excess errors)
WARNING: gcc.dg/vmx/yousufi-1.c -Os compilation failed to produce executable
FAIL: gcc.dg/vmx/zero-1.c -O0 (internal compiler error)
FAIL: gcc.dg/vmx/zero-1.c -O0 (test for excess errors)
WARNING: gcc.dg/vmx/zero-1.c -O0 compilation failed to produce executable
FAIL: gcc.dg/vmx/zero-1.c -O1 (internal compiler error)
FAIL: gcc.dg/vmx/zero-1.c -O1 (test for excess errors)
WARNING: gcc.dg/vmx/zero-1.c -O1 compilation failed to produce executable
FAIL: gcc.dg/vmx/zero-1.c -O2 (internal compiler error)
FAIL: gcc.dg/vmx/zero-1.c -O2 (test for excess errors)
WARNING: gcc.dg/vmx/zero-1.c -O2 compilation failed to produce executable
FAIL: gcc.dg/vmx/zero-1.c -O3 -fomit-frame-pointer (internal compiler error)
FAIL: gcc.dg/vmx/zero-1.c -O3 -fomit-frame-pointer (test for excess errors)
WARNING: gcc.dg/vmx/zero-1.c -O3 -fomit-frame-pointer compilation failed to produce executable
FAIL: gcc.dg/vmx/zero-1.c -O3 -g (internal compiler error)
FAIL: gcc.dg/vmx/zero-1.c -O3 -g (test for excess errors)
WARNING: gcc.dg/vmx/zero-1.c -O3 -g compilation failed to produce executable
FAIL: gcc.dg/vmx/zero-1.c -Os (internal compiler error)
FAIL: gcc.dg/vmx/zero-1.c -Os (test for excess errors)
WARNING: gcc.dg/vmx/zero-1.c -Os compilation failed to produce executable
FAIL: gcc.dg/vmx/zero.c -O0 (internal compiler error)
FAIL: gcc.dg/vmx/zero.c -O0 (test for excess errors)
WARNING: gcc.dg/vmx/zero.c -O0 compilation failed to produce executable
FAIL: gcc.dg/vmx/zero.c -O1 (internal compiler error)
FAIL: gcc.dg/vmx/zero.c -O1 (test for excess errors)
WARNING: gcc.dg/vmx/zero.c -O1 compilation failed to produce executable
FAIL: gcc.dg/vmx/zero.c -O2 (internal compiler error)
FAIL: gcc.dg/vmx/zero.c -O2 (test for excess errors)
WARNING: gcc.dg/vmx/zero.c -O2 compilation failed to produce executable
FAIL: gcc.dg/vmx/zero.c -O3 -fomit-frame-pointer (internal compiler error)
FAIL: gcc.dg/vmx/zero.c -O3 -fomit-frame-pointer (test for excess errors)
WARNING: gcc.dg/vmx/zero.c -O3 -fomit-frame-pointer compilation failed to produce executable
FAIL: gcc.dg/vmx/zero.c -O3 -g (internal compiler error)
FAIL: gcc.dg/vmx/zero.c -O3 -g (test for excess errors)
WARNING: gcc.dg/vmx/zero.c -O3 -g compilation failed to produce executable
FAIL: gcc.dg/vmx/zero.c -Os (internal compiler error)
FAIL: gcc.dg/vmx/zero.c -Os (test for excess errors)
WARNING: gcc.dg/vmx/zero.c -Os compilation failed to produce executable
FAIL: gcc.target/powerpc/altivec-1.c (internal compiler error)
FAIL: gcc.target/powerpc/altivec-1.c (test for excess errors)
FAIL: gcc.target/powerpc/altivec-10.c (internal compiler error)
FAIL: gcc.target/powerpc/altivec-10.c (test for excess errors)
FAIL: gcc.target/powerpc/altivec-12.c (internal compiler error)
FAIL: gcc.target/powerpc/altivec-12.c (test for excess errors)
FAIL: gcc.target/powerpc/altivec-13.c (internal compiler error)
FAIL: gcc.target/powerpc/altivec-13.c (test for excess errors)
FAIL: gcc.target/powerpc/altivec-15.c (test for excess errors)
FAIL: gcc.target/powerpc/altivec-18.c (test for excess errors)
ERROR: gcc.target/powerpc/altivec-18.c: error executing dg-final: couldn't open "altivec-18.s": no such file or directory
UNRESOLVED: gcc.target/powerpc/altivec-18.c: error executing dg-final: couldn't open "altivec-18.s": no such file or directory
FAIL: gcc.target/powerpc/altivec-20.c (internal compiler error)
FAIL: gcc.target/powerpc/altivec-20.c (test for excess errors)
FAIL: gcc.target/powerpc/altivec-22.c (test for excess errors)
ERROR: gcc.target/powerpc/altivec-22.c: error executing dg-final: couldn't open "altivec-22.s": no such file or directory
UNRESOLVED: gcc.target/powerpc/altivec-22.c: error executing dg-final: couldn't open "altivec-22.s": no such file or directory
FAIL: gcc.target/powerpc/altivec-24.c (test for excess errors)
FAIL: gcc.target/powerpc/altivec-3.c (test for excess errors)
FAIL: gcc.target/powerpc/altivec-6.c (internal compiler error)
FAIL: gcc.target/powerpc/altivec-6.c (test for excess errors)
FAIL: gcc.target/powerpc/altivec-7.c (internal compiler error)
FAIL: gcc.target/powerpc/altivec-7.c (test for excess errors)
FAIL: gcc.target/powerpc/altivec-cell-6.c (test for excess errors)
FAIL: gcc.target/powerpc/altivec-cell-7.c (internal compiler error)
FAIL: gcc.target/powerpc/altivec-cell-7.c (test for excess errors)
ERROR: gcc.target/powerpc/altivec-cell-7.c: error executing dg-final: couldn't open "altivec-cell-7.s": no such file or directory
UNRESOLVED: gcc.target/powerpc/altivec-cell-7.c: error executing dg-final: couldn't open "altivec-cell-7.s": no such file or directory
FAIL: gcc.target/powerpc/altivec-cell-8.c (internal compiler error)
FAIL: gcc.target/powerpc/altivec-cell-8.c (test for excess errors)
FAIL: gcc.target/powerpc/altivec-pr22085.c (test for excess errors)
FAIL: gcc.target/powerpc/altivec-vec-merge.c (test for excess errors)
FAIL: gcc.target/powerpc/pr16155.c (internal compiler error)
FAIL: gcc.target/powerpc/pr16155.c (test for excess errors)
FAIL: gcc.target/powerpc/pr16286.c (internal compiler error)
FAIL: gcc.target/powerpc/pr16286.c (test for excess errors)
FAIL: gcc.target/powerpc/pr37168.c (internal compiler error)
FAIL: gcc.target/powerpc/pr37168.c (test for excess errors)
=== gcc Summary for unix/-m32 ===
# of expected passes 54460
# of unexpected successes 3
# of unexpected failures 809
# of expected failures 143
# of unresolved testcases 3
# of unsupported tests 550
Running target unix/-m64
FAIL: gcc.c-torture/execute/va-arg-trap-1.c compilation, -O2 (internal compiler error)
UNRESOLVED: gcc.c-torture/execute/va-arg-trap-1.c execution, -O2
FAIL: gcc.c-torture/execute/va-arg-trap-1.c compilation, -Os (internal compiler error)
UNRESOLVED: gcc.c-torture/execute/va-arg-trap-1.c execution, -Os
XPASS: gcc.dg/Warray-bounds.c (test for warnings, line 59)
XPASS: gcc.dg/Warray-bounds.c (test for warnings, line 65)
FAIL: gcc.dg/and-1.c scan-assembler-not nand
FAIL: gcc.dg/c99-stdint-1.c (test for excess errors)
FAIL: gcc.dg/pr39323-2.c scan-assembler .align[\\\\t ]*268435456
FAIL: gcc.dg/pr39323-3.c scan-assembler .align[\\\\t ]*268435456
FAIL: gcc.dg/var-expand3.c (internal compiler error)
FAIL: gcc.dg/var-expand3.c (test for excess errors)
WARNING: gcc.dg/var-expand3.c compilation failed to produce executable
FAIL: gcc.dg/var-expand3.c scan-rtl-dump loop2_unroll "Expanding Accumulator": dump file does not exist
XPASS: gcc.dg/struct/wo_prof_array_through_pointer.c scan-ipa-dump ipa_struct_reorg "Number of structures to transform is 1"
FAIL: gcc.dg/torture/pr39678.c -O0 execution test
FAIL: gcc.dg/torture/pr39678.c -O1 execution test
FAIL: gcc.dg/torture/pr39678.c -O2 execution test
FAIL: gcc.dg/torture/pr39678.c -O3 -fomit-frame-pointer execution test
FAIL: gcc.dg/torture/pr39678.c -O3 -g execution test
FAIL: gcc.dg/torture/pr39678.c -Os execution test
FAIL: gcc.dg/tree-ssa/vrp47.c scan-tree-dump-times vrp1 "[xy][^ ]* !=" 0
FAIL: gcc.dg/tree-ssa/vrp47.c scan-tree-dump-times dom1 "x[^ ]* & y" 1
FAIL: gcc.dg/vect/pr35821-altivec.c scan-tree-dump-times vect "vectorized 1 loops" 1
FAIL: gcc.dg/vmx/1b-01.c -O0 (test for excess errors)
WARNING: gcc.dg/vmx/1b-01.c -O0 compilation failed to produce executable
FAIL: gcc.dg/vmx/1b-01.c -O1 (test for excess errors)
WARNING: gcc.dg/vmx/1b-01.c -O1 compilation failed to produce executable
FAIL: gcc.dg/vmx/1b-01.c -O2 (test for excess errors)
WARNING: gcc.dg/vmx/1b-01.c -O2 compilation failed to produce executable
FAIL: gcc.dg/vmx/1b-01.c -O3 -fomit-frame-pointer (test for excess errors)
WARNING: gcc.dg/vmx/1b-01.c -O3 -fomit-frame-pointer compilation failed to produce executable
FAIL: gcc.dg/vmx/1b-01.c -O3 -g (test for excess errors)
WARNING: gcc.dg/vmx/1b-01.c -O3 -g compilation failed to produce executable
FAIL: gcc.dg/vmx/1b-01.c -Os (test for excess errors)
WARNING: gcc.dg/vmx/1b-01.c -Os compilation failed to produce executable
FAIL: gcc.dg/vmx/3a-01.c -O0 (internal compiler error)
FAIL: gcc.dg/vmx/3a-01.c -O0 (test for excess errors)
WARNING: gcc.dg/vmx/3a-01.c -O0 compilation failed to produce executable
FAIL: gcc.dg/vmx/3a-01.c -O1 (internal compiler error)
FAIL: gcc.dg/vmx/3a-01.c -O1 (test for excess errors)
WARNING: gcc.dg/vmx/3a-01.c -O1 compilation failed to produce executable
FAIL: gcc.dg/vmx/3a-01.c -O2 (internal compiler error)
FAIL: gcc.dg/vmx/3a-01.c -O2 (test for excess errors)
WARNING: gcc.dg/vmx/3a-01.c -O2 compilation failed to produce executable
FAIL: gcc.dg/vmx/3a-01.c -O3 -fomit-frame-pointer (internal compiler error)
FAIL: gcc.dg/vmx/3a-01.c -O3 -fomit-frame-pointer (test for excess errors)
WARNING: gcc.dg/vmx/3a-01.c -O3 -fomit-frame-pointer compilation failed to produce executable
FAIL: gcc.dg/vmx/3a-01.c -O3 -g (internal compiler error)
FAIL: gcc.dg/vmx/3a-01.c -O3 -g (test for excess errors)
WARNING: gcc.dg/vmx/3a-01.c -O3 -g compilation failed to produce executable
FAIL: gcc.dg/vmx/3a-01.c -Os (internal compiler error)
FAIL: gcc.dg/vmx/3a-01.c -Os (test for excess errors)
WARNING: gcc.dg/vmx/3a-01.c -Os compilation failed to produce executable
FAIL: gcc.dg/vmx/3a-01a.c -O0 (internal compiler error)
FAIL: gcc.dg/vmx/3a-01a.c -O0 (test for excess errors)
WARNING: gcc.dg/vmx/3a-01a.c -O0 compilation failed to produce executable
FAIL: gcc.dg/vmx/3a-01a.c -O1 (internal compiler error)
FAIL: gcc.dg/vmx/3a-01a.c -O1 (test for excess errors)
WARNING: gcc.dg/vmx/3a-01a.c -O1 compilation failed to produce executable
FAIL: gcc.dg/vmx/3a-01a.c -O2 (internal compiler error)
FAIL: gcc.dg/vmx/3a-01a.c -O2 (test for excess errors)
WARNING: gcc.dg/vmx/3a-01a.c -O2 compilation failed to produce executable
FAIL: gcc.dg/vmx/3a-01a.c -O3 -fomit-frame-pointer (internal compiler error)
FAIL: gcc.dg/vmx/3a-01a.c -O3 -fomit-frame-pointer (test for excess errors)
WARNING: gcc.dg/vmx/3a-01a.c -O3 -fomit-frame-pointer compilation failed to produce executable
FAIL: gcc.dg/vmx/3a-01a.c -O3 -g (internal compiler error)
FAIL: gcc.dg/vmx/3a-01a.c -O3 -g (test for excess errors)
WARNING: gcc.dg/vmx/3a-01a.c -O3 -g compilation failed to produce executable
FAIL: gcc.dg/vmx/3a-01a.c -Os (internal compiler error)
FAIL: gcc.dg/vmx/3a-01a.c -Os (test for excess errors)
WARNING: gcc.dg/vmx/3a-01a.c -Os compilation failed to produce executable
FAIL: gcc.dg/vmx/3a-01m.c -O0 (internal compiler error)
FAIL: gcc.dg/vmx/3a-01m.c -O0 (test for excess errors)
WARNING: gcc.dg/vmx/3a-01m.c -O0 compilation failed to produce executable
FAIL: gcc.dg/vmx/3a-01m.c -O1 (internal compiler error)
FAIL: gcc.dg/vmx/3a-01m.c -O1 (test for excess errors)
WARNING: gcc.dg/vmx/3a-01m.c -O1 compilation failed to produce executable
FAIL: gcc.dg/vmx/3a-01m.c -O2 (internal compiler error)
FAIL: gcc.dg/vmx/3a-01m.c -O2 (test for excess errors)
WARNING: gcc.dg/vmx/3a-01m.c -O2 compilation failed to produce executable
FAIL: gcc.dg/vmx/3a-01m.c -O3 -fomit-frame-pointer (internal compiler error)
FAIL: gcc.dg/vmx/3a-01m.c -O3 -fomit-frame-pointer (test for excess errors)
WARNING: gcc.dg/vmx/3a-01m.c -O3 -fomit-frame-pointer compilation failed to produce executable
FAIL: gcc.dg/vmx/3a-01m.c -O3 -g (internal compiler error)
FAIL: gcc.dg/vmx/3a-01m.c -O3 -g (test for excess errors)
WARNING: gcc.dg/vmx/3a-01m.c -O3 -g compilation failed to produce executable
FAIL: gcc.dg/vmx/3a-01m.c -Os (internal compiler error)
FAIL: gcc.dg/vmx/3a-01m.c -Os (test for excess errors)
WARNING: gcc.dg/vmx/3a-01m.c -Os compilation failed to produce executable
FAIL: gcc.dg/vmx/3a-03.c -O0 (internal compiler error)
FAIL: gcc.dg/vmx/3a-03.c -O0 (test for excess errors)
WARNING: gcc.dg/vmx/3a-03.c -O0 compilation failed to produce executable
FAIL: gcc.dg/vmx/3a-03.c -O1 (internal compiler error)
FAIL: gcc.dg/vmx/3a-03.c -O1 (test for excess errors)
WARNING: gcc.dg/vmx/3a-03.c -O1 compilation failed to produce executable
FAIL: gcc.dg/vmx/3a-03.c -O2 (internal compiler error)
FAIL: gcc.dg/vmx/3a-03.c -O2 (test for excess errors)
WARNING: gcc.dg/vmx/3a-03.c -O2 compilation failed to produce executable
FAIL: gcc.dg/vmx/3a-03.c -O3 -fomit-frame-pointer (internal compiler error)
FAIL: gcc.dg/vmx/3a-03.c -O3 -fomit-frame-pointer (test for excess errors)
WARNING: gcc.dg/vmx/3a-03.c -O3 -fomit-frame-pointer compilation failed to produce executable
FAIL: gcc.dg/vmx/3a-03.c -O3 -g (internal compiler error)
FAIL: gcc.dg/vmx/3a-03.c -O3 -g (test for excess errors)
WARNING: gcc.dg/vmx/3a-03.c -O3 -g compilation failed to produce executable
FAIL: gcc.dg/vmx/3a-03.c -Os (internal compiler error)
FAIL: gcc.dg/vmx/3a-03.c -Os (test for excess errors)
WARNING: gcc.dg/vmx/3a-03.c -Os compilation failed to produce executable
FAIL: gcc.dg/vmx/3a-03m.c -O0 (internal compiler error)
FAIL: gcc.dg/vmx/3a-03m.c -O0 (test for excess errors)
WARNING: gcc.dg/vmx/3a-03m.c -O0 compilation failed to produce executable
FAIL: gcc.dg/vmx/3a-03m.c -O1 (internal compiler error)
FAIL: gcc.dg/vmx/3a-03m.c -O1 (test for excess errors)
WARNING: gcc.dg/vmx/3a-03m.c -O1 compilation failed to produce executable
FAIL: gcc.dg/vmx/3a-03m.c -O2 (internal compiler error)
FAIL: gcc.dg/vmx/3a-03m.c -O2 (test for excess errors)
WARNING: gcc.dg/vmx/3a-03m.c -O2 compilation failed to produce executable
FAIL: gcc.dg/vmx/3a-03m.c -O3 -fomit-frame-pointer (internal compiler error)
FAIL: gcc.dg/vmx/3a-03m.c -O3 -fomit-frame-pointer (test for excess errors)
WARNING: gcc.dg/vmx/3a-03m.c -O3 -fomit-frame-pointer compilation failed to produce executable
FAIL: gcc.dg/vmx/3a-03m.c -O3 -g (internal compiler error)
FAIL: gcc.dg/vmx/3a-03m.c -O3 -g (test for excess errors)
WARNING: gcc.dg/vmx/3a-03m.c -O3 -g compilation failed to produce executable
FAIL: gcc.dg/vmx/3a-03m.c -Os (internal compiler error)
FAIL: gcc.dg/vmx/3a-03m.c -Os (test for excess errors)
WARNING: gcc.dg/vmx/3a-03m.c -Os compilation failed to produce executable
FAIL: gcc.dg/vmx/3a-04.c -O0 (internal compiler error)
FAIL: gcc.dg/vmx/3a-04.c -O0 (test for excess errors)
WARNING: gcc.dg/vmx/3a-04.c -O0 compilation failed to produce executable
FAIL: gcc.dg/vmx/3a-04.c -O1 (internal compiler error)
FAIL: gcc.dg/vmx/3a-04.c -O1 (test for excess errors)
WARNING: gcc.dg/vmx/3a-04.c -O1 compilation failed to produce executable
FAIL: gcc.dg/vmx/3a-04.c -O2 (internal compiler error)
FAIL: gcc.dg/vmx/3a-04.c -O2 (test for excess errors)
WARNING: gcc.dg/vmx/3a-04.c -O2 compilation failed to produce executable
FAIL: gcc.dg/vmx/3a-04.c -O3 -fomit-frame-pointer (internal compiler error)
FAIL: gcc.dg/vmx/3a-04.c -O3 -fomit-frame-pointer (test for excess errors)
WARNING: gcc.dg/vmx/3a-04.c -O3 -fomit-frame-pointer compilation failed to produce executable
FAIL: gcc.dg/vmx/3a-04.c -O3 -g (internal compiler error)
FAIL: gcc.dg/vmx/3a-04.c -O3 -g (test for excess errors)
WARNING: gcc.dg/vmx/3a-04.c -O3 -g compilation failed to produce executable
FAIL: gcc.dg/vmx/3a-04.c -Os (internal compiler error)
FAIL: gcc.dg/vmx/3a-04.c -Os (test for excess errors)
WARNING: gcc.dg/vmx/3a-04.c -Os compilation failed to produce executable
FAIL: gcc.dg/vmx/3a-04m.c -O0 (internal compiler error)
FAIL: gcc.dg/vmx/3a-04m.c -O0 (test for excess errors)
WARNING: gcc.dg/vmx/3a-04m.c -O0 compilation failed to produce executable
FAIL: gcc.dg/vmx/3a-04m.c -O1 (internal compiler error)
FAIL: gcc.dg/vmx/3a-04m.c -O1 (test for excess errors)
WARNING: gcc.dg/vmx/3a-04m.c -O1 compilation failed to produce executable
FAIL: gcc.dg/vmx/3a-04m.c -O2 (internal compiler error)
FAIL: gcc.dg/vmx/3a-04m.c -O2 (test for excess errors)
WARNING: gcc.dg/vmx/3a-04m.c -O2 compilation failed to produce executable
FAIL: gcc.dg/vmx/3a-04m.c -O3 -fomit-frame-pointer (internal compiler error)
FAIL: gcc.dg/vmx/3a-04m.c -O3 -fomit-frame-pointer (test for excess errors)
WARNING: gcc.dg/vmx/3a-04m.c -O3 -fomit-frame-pointer compilation failed to produce executable
FAIL: gcc.dg/vmx/3a-04m.c -O3 -g (internal compiler error)
FAIL: gcc.dg/vmx/3a-04m.c -O3 -g (test for excess errors)
WARNING: gcc.dg/vmx/3a-04m.c -O3 -g compilation failed to produce executable
FAIL: gcc.dg/vmx/3a-04m.c -Os (internal compiler error)
FAIL: gcc.dg/vmx/3a-04m.c -Os (test for excess errors)
WARNING: gcc.dg/vmx/3a-04m.c -Os compilation failed to produce executable
FAIL: gcc.dg/vmx/3a-05.c -O0 (internal compiler error)
FAIL: gcc.dg/vmx/3a-05.c -O0 (test for excess errors)
WARNING: gcc.dg/vmx/3a-05.c -O0 compilation failed to produce executable
FAIL: gcc.dg/vmx/3a-05.c -O1 (internal compiler error)
FAIL: gcc.dg/vmx/3a-05.c -O1 (test for excess errors)
WARNING: gcc.dg/vmx/3a-05.c -O1 compilation failed to produce executable
FAIL: gcc.dg/vmx/3a-05.c -O2 (internal compiler error)
FAIL: gcc.dg/vmx/3a-05.c -O2 (test for excess errors)
WARNING: gcc.dg/vmx/3a-05.c -O2 compilation failed to produce executable
FAIL: gcc.dg/vmx/3a-05.c -O3 -fomit-frame-pointer (internal compiler error)
FAIL: gcc.dg/vmx/3a-05.c -O3 -fomit-frame-pointer (test for excess errors)
WARNING: gcc.dg/vmx/3a-05.c -O3 -fomit-frame-pointer compilation failed to produce executable
FAIL: gcc.dg/vmx/3a-05.c -O3 -g (internal compiler error)
FAIL: gcc.dg/vmx/3a-05.c -O3 -g (test for excess errors)
WARNING: gcc.dg/vmx/3a-05.c -O3 -g compilation failed to produce executable
FAIL: gcc.dg/vmx/3a-05.c -Os (internal compiler error)
FAIL: gcc.dg/vmx/3a-05.c -Os (test for excess errors)
WARNING: gcc.dg/vmx/3a-05.c -Os compilation failed to produce executable
FAIL: gcc.dg/vmx/3a-06.c -O0 (internal compiler error)
FAIL: gcc.dg/vmx/3a-06.c -O0 (test for excess errors)
WARNING: gcc.dg/vmx/3a-06.c -O0 compilation failed to produce executable
FAIL: gcc.dg/vmx/3a-06.c -O1 (internal compiler error)
FAIL: gcc.dg/vmx/3a-06.c -O1 (test for excess errors)
WARNING: gcc.dg/vmx/3a-06.c -O1 compilation failed to produce executable
FAIL: gcc.dg/vmx/3a-06.c -O2 (internal compiler error)
FAIL: gcc.dg/vmx/3a-06.c -O2 (test for excess errors)
WARNING: gcc.dg/vmx/3a-06.c -O2 compilation failed to produce executable
FAIL: gcc.dg/vmx/3a-06.c -O3 -fomit-frame-pointer (internal compiler error)
FAIL: gcc.dg/vmx/3a-06.c -O3 -fomit-frame-pointer (test for excess errors)
WARNING: gcc.dg/vmx/3a-06.c -O3 -fomit-frame-pointer compilation failed to produce executable
FAIL: gcc.dg/vmx/3a-06.c -O3 -g (internal compiler error)
FAIL: gcc.dg/vmx/3a-06.c -O3 -g (test for excess errors)
WARNING: gcc.dg/vmx/3a-06.c -O3 -g compilation failed to produce executable
FAIL: gcc.dg/vmx/3a-06.c -Os (internal compiler error)
FAIL: gcc.dg/vmx/3a-06.c -Os (test for excess errors)
WARNING: gcc.dg/vmx/3a-06.c -Os compilation failed to produce executable
FAIL: gcc.dg/vmx/3a-06m.c -O0 (internal compiler error)
FAIL: gcc.dg/vmx/3a-06m.c -O0 (test for excess errors)
WARNING: gcc.dg/vmx/3a-06m.c -O0 compilation failed to produce executable
FAIL: gcc.dg/vmx/3a-06m.c -O1 (internal compiler error)
FAIL: gcc.dg/vmx/3a-06m.c -O1 (test for excess errors)
WARNING: gcc.dg/vmx/3a-06m.c -O1 compilation failed to produce executable
FAIL: gcc.dg/vmx/3a-06m.c -O2 (internal compiler error)
FAIL: gcc.dg/vmx/3a-06m.c -O2 (test for excess errors)
WARNING: gcc.dg/vmx/3a-06m.c -O2 compilation failed to produce executable
FAIL: gcc.dg/vmx/3a-06m.c -O3 -fomit-frame-pointer (internal compiler error)
FAIL: gcc.dg/vmx/3a-06m.c -O3 -fomit-frame-pointer (test for excess errors)
WARNING: gcc.dg/vmx/3a-06m.c -O3 -fomit-frame-pointer compilation failed to produce executable
FAIL: gcc.dg/vmx/3a-06m.c -O3 -g (internal compiler error)
FAIL: gcc.dg/vmx/3a-06m.c -O3 -g (test for excess errors)
WARNING: gcc.dg/vmx/3a-06m.c -O3 -g compilation failed to produce executable
FAIL: gcc.dg/vmx/3a-06m.c -Os (internal compiler error)
FAIL: gcc.dg/vmx/3a-06m.c -Os (test for excess errors)
WARNING: gcc.dg/vmx/3a-06m.c -Os compilation failed to produce executable
FAIL: gcc.dg/vmx/3a-07.c -O0 (internal compiler error)
FAIL: gcc.dg/vmx/3a-07.c -O0 (test for excess errors)
WARNING: gcc.dg/vmx/3a-07.c -O0 compilation failed to produce executable
FAIL: gcc.dg/vmx/3a-07.c -O1 (internal compiler error)
FAIL: gcc.dg/vmx/3a-07.c -O1 (test for excess errors)
WARNING: gcc.dg/vmx/3a-07.c -O1 compilation failed to produce executable
FAIL: gcc.dg/vmx/3a-07.c -O2 (internal compiler error)
FAIL: gcc.dg/vmx/3a-07.c -O2 (test for excess errors)
WARNING: gcc.dg/vmx/3a-07.c -O2 compilation failed to produce executable
FAIL: gcc.dg/vmx/3a-07.c -O3 -fomit-frame-pointer (internal compiler error)
FAIL: gcc.dg/vmx/3a-07.c -O3 -fomit-frame-pointer (test for excess errors)
WARNING: gcc.dg/vmx/3a-07.c -O3 -fomit-frame-pointer compilation failed to produce executable
FAIL: gcc.dg/vmx/3a-07.c -O3 -g (internal compiler error)
FAIL: gcc.dg/vmx/3a-07.c -O3 -g (test for excess errors)
WARNING: gcc.dg/vmx/3a-07.c -O3 -g compilation failed to produce executable
FAIL: gcc.dg/vmx/3a-07.c -Os (internal compiler error)
FAIL: gcc.dg/vmx/3a-07.c -Os (test for excess errors)
WARNING: gcc.dg/vmx/3a-07.c -Os compilation failed to produce executable
FAIL: gcc.dg/vmx/3b-01.c -O0 (internal compiler error)
FAIL: gcc.dg/vmx/3b-01.c -O0 (test for excess errors)
WARNING: gcc.dg/vmx/3b-01.c -O0 compilation failed to produce executable
FAIL: gcc.dg/vmx/3b-01.c -O1 (internal compiler error)
FAIL: gcc.dg/vmx/3b-01.c -O1 (test for excess errors)
WARNING: gcc.dg/vmx/3b-01.c -O1 compilation failed to produce executable
FAIL: gcc.dg/vmx/3b-01.c -O2 (internal compiler error)
FAIL: gcc.dg/vmx/3b-01.c -O2 (test for excess errors)
WARNING: gcc.dg/vmx/3b-01.c -O2 compilation failed to produce executable
FAIL: gcc.dg/vmx/3b-01.c -O3 -fomit-frame-pointer (internal compiler error)
FAIL: gcc.dg/vmx/3b-01.c -O3 -fomit-frame-pointer (test for excess errors)
WARNING: gcc.dg/vmx/3b-01.c -O3 -fomit-frame-pointer compilation failed to produce executable
FAIL: gcc.dg/vmx/3b-01.c -O3 -g (internal compiler error)
FAIL: gcc.dg/vmx/3b-01.c -O3 -g (test for excess errors)
WARNING: gcc.dg/vmx/3b-01.c -O3 -g compilation failed to produce executable
FAIL: gcc.dg/vmx/3b-01.c -Os (internal compiler error)
FAIL: gcc.dg/vmx/3b-01.c -Os (test for excess errors)
WARNING: gcc.dg/vmx/3b-01.c -Os compilation failed to produce executable
FAIL: gcc.dg/vmx/3b-02.c -O0 (internal compiler error)
FAIL: gcc.dg/vmx/3b-02.c -O0 (test for excess errors)
WARNING: gcc.dg/vmx/3b-02.c -O0 compilation failed to produce executable
FAIL: gcc.dg/vmx/3b-02.c -O1 (internal compiler error)
FAIL: gcc.dg/vmx/3b-02.c -O1 (test for excess errors)
WARNING: gcc.dg/vmx/3b-02.c -O1 compilation failed to produce executable
FAIL: gcc.dg/vmx/3b-02.c -O2 (internal compiler error)
FAIL: gcc.dg/vmx/3b-02.c -O2 (test for excess errors)
WARNING: gcc.dg/vmx/3b-02.c -O2 compilation failed to produce executable
FAIL: gcc.dg/vmx/3b-02.c -O3 -fomit-frame-pointer (internal compiler error)
FAIL: gcc.dg/vmx/3b-02.c -O3 -fomit-frame-pointer (test for excess errors)
WARNING: gcc.dg/vmx/3b-02.c -O3 -fomit-frame-pointer compilation failed to produce executable
FAIL: gcc.dg/vmx/3b-02.c -O3 -g (internal compiler error)
FAIL: gcc.dg/vmx/3b-02.c -O3 -g (test for excess errors)
WARNING: gcc.dg/vmx/3b-02.c -O3 -g compilation failed to produce executable
FAIL: gcc.dg/vmx/3b-02.c -Os (internal compiler error)
FAIL: gcc.dg/vmx/3b-02.c -Os (test for excess errors)
WARNING: gcc.dg/vmx/3b-02.c -Os compilation failed to produce executable
FAIL: gcc.dg/vmx/3b-10.c -O0 (internal compiler error)
FAIL: gcc.dg/vmx/3b-10.c -O0 (test for excess errors)
WARNING: gcc.dg/vmx/3b-10.c -O0 compilation failed to produce executable
FAIL: gcc.dg/vmx/3b-10.c -O1 (internal compiler error)
FAIL: gcc.dg/vmx/3b-10.c -O1 (test for excess errors)
WARNING: gcc.dg/vmx/3b-10.c -O1 compilation failed to produce executable
FAIL: gcc.dg/vmx/3b-10.c -O2 (internal compiler error)
FAIL: gcc.dg/vmx/3b-10.c -O2 (test for excess errors)
WARNING: gcc.dg/vmx/3b-10.c -O2 compilation failed to produce executable
FAIL: gcc.dg/vmx/3b-10.c -O3 -fomit-frame-pointer (internal compiler error)
FAIL: gcc.dg/vmx/3b-10.c -O3 -fomit-frame-pointer (test for excess errors)
WARNING: gcc.dg/vmx/3b-10.c -O3 -fomit-frame-pointer compilation failed to produce executable
FAIL: gcc.dg/vmx/3b-10.c -O3 -g (internal compiler error)
FAIL: gcc.dg/vmx/3b-10.c -O3 -g (test for excess errors)
WARNING: gcc.dg/vmx/3b-10.c -O3 -g compilation failed to produce executable
FAIL: gcc.dg/vmx/3b-10.c -Os (internal compiler error)
FAIL: gcc.dg/vmx/3b-10.c -Os (test for excess errors)
WARNING: gcc.dg/vmx/3b-10.c -Os compilation failed to produce executable
FAIL: gcc.dg/vmx/3b-13.c -O0 (internal compiler error)
FAIL: gcc.dg/vmx/3b-13.c -O0 (test for excess errors)
WARNING: gcc.dg/vmx/3b-13.c -O0 compilation failed to produce executable
FAIL: gcc.dg/vmx/3b-13.c -O1 (internal compiler error)
FAIL: gcc.dg/vmx/3b-13.c -O1 (test for excess errors)
WARNING: gcc.dg/vmx/3b-13.c -O1 compilation failed to produce executable
FAIL: gcc.dg/vmx/3b-13.c -O2 (internal compiler error)
FAIL: gcc.dg/vmx/3b-13.c -O2 (test for excess errors)
WARNING: gcc.dg/vmx/3b-13.c -O2 compilation failed to produce executable
FAIL: gcc.dg/vmx/3b-13.c -O3 -fomit-frame-pointer (internal compiler error)
FAIL: gcc.dg/vmx/3b-13.c -O3 -fomit-frame-pointer (test for excess errors)
WARNING: gcc.dg/vmx/3b-13.c -O3 -fomit-frame-pointer compilation failed to produce executable
FAIL: gcc.dg/vmx/3b-13.c -O3 -g (internal compiler error)
FAIL: gcc.dg/vmx/3b-13.c -O3 -g (test for excess errors)
WARNING: gcc.dg/vmx/3b-13.c -O3 -g compilation failed to produce executable
FAIL: gcc.dg/vmx/3b-13.c -Os (internal compiler error)
FAIL: gcc.dg/vmx/3b-13.c -Os (test for excess errors)
WARNING: gcc.dg/vmx/3b-13.c -Os compilation failed to produce executable
FAIL: gcc.dg/vmx/3b-14.c -O0 (test for excess errors)
WARNING: gcc.dg/vmx/3b-14.c -O0 compilation failed to produce executable
FAIL: gcc.dg/vmx/3b-14.c -O1 (test for excess errors)
WARNING: gcc.dg/vmx/3b-14.c -O1 compilation failed to produce executable
FAIL: gcc.dg/vmx/3b-14.c -O2 (test for excess errors)
WARNING: gcc.dg/vmx/3b-14.c -O2 compilation failed to produce executable
FAIL: gcc.dg/vmx/3b-14.c -O3 -fomit-frame-pointer (test for excess errors)
WARNING: gcc.dg/vmx/3b-14.c -O3 -fomit-frame-pointer compilation failed to produce executable
FAIL: gcc.dg/vmx/3b-14.c -O3 -g (test for excess errors)
WARNING: gcc.dg/vmx/3b-14.c -O3 -g compilation failed to produce executable
FAIL: gcc.dg/vmx/3b-14.c -Os (test for excess errors)
WARNING: gcc.dg/vmx/3b-14.c -Os compilation failed to produce executable
FAIL: gcc.dg/vmx/3b-15.c -O0 (internal compiler error)
FAIL: gcc.dg/vmx/3b-15.c -O0 (test for excess errors)
WARNING: gcc.dg/vmx/3b-15.c -O0 compilation failed to produce executable
FAIL: gcc.dg/vmx/3b-15.c -O1 (internal compiler error)
FAIL: gcc.dg/vmx/3b-15.c -O1 (test for excess errors)
WARNING: gcc.dg/vmx/3b-15.c -O1 compilation failed to produce executable
FAIL: gcc.dg/vmx/3b-15.c -O2 (internal compiler error)
FAIL: gcc.dg/vmx/3b-15.c -O2 (test for excess errors)
WARNING: gcc.dg/vmx/3b-15.c -O2 compilation failed to produce executable
FAIL: gcc.dg/vmx/3b-15.c -O3 -fomit-frame-pointer (internal compiler error)
FAIL: gcc.dg/vmx/3b-15.c -O3 -fomit-frame-pointer (test for excess errors)
WARNING: gcc.dg/vmx/3b-15.c -O3 -fomit-frame-pointer compilation failed to produce executable
FAIL: gcc.dg/vmx/3b-15.c -O3 -g (internal compiler error)
FAIL: gcc.dg/vmx/3b-15.c -O3 -g (test for excess errors)
WARNING: gcc.dg/vmx/3b-15.c -O3 -g compilation failed to produce executable
FAIL: gcc.dg/vmx/3b-15.c -Os (internal compiler error)
FAIL: gcc.dg/vmx/3b-15.c -Os (test for excess errors)
WARNING: gcc.dg/vmx/3b-15.c -Os compilation failed to produce executable
FAIL: gcc.dg/vmx/3c-01.c -O0 (internal compiler error)
FAIL: gcc.dg/vmx/3c-01.c -O0 (test for excess errors)
WARNING: gcc.dg/vmx/3c-01.c -O0 compilation failed to produce executable
FAIL: gcc.dg/vmx/3c-01.c -O1 (internal compiler error)
FAIL: gcc.dg/vmx/3c-01.c -O1 (test for excess errors)
WARNING: gcc.dg/vmx/3c-01.c -O1 compilation failed to produce executable
FAIL: gcc.dg/vmx/3c-01.c -O2 (internal compiler error)
FAIL: gcc.dg/vmx/3c-01.c -O2 (test for excess errors)
WARNING: gcc.dg/vmx/3c-01.c -O2 compilation failed to produce executable
FAIL: gcc.dg/vmx/3c-01.c -O3 -fomit-frame-pointer (internal compiler error)
FAIL: gcc.dg/vmx/3c-01.c -O3 -fomit-frame-pointer (test for excess errors)
WARNING: gcc.dg/vmx/3c-01.c -O3 -fomit-frame-pointer compilation failed to produce executable
FAIL: gcc.dg/vmx/3c-01.c -O3 -g (internal compiler error)
FAIL: gcc.dg/vmx/3c-01.c -O3 -g (test for excess errors)
WARNING: gcc.dg/vmx/3c-01.c -O3 -g compilation failed to produce executable
FAIL: gcc.dg/vmx/3c-01.c -Os (internal compiler error)
FAIL: gcc.dg/vmx/3c-01.c -Os (test for excess errors)
WARNING: gcc.dg/vmx/3c-01.c -Os compilation failed to produce executable
FAIL: gcc.dg/vmx/3c-01a.c -O0 (test for excess errors)
FAIL: gcc.dg/vmx/3c-01a.c -O1 (test for excess errors)
FAIL: gcc.dg/vmx/3c-01a.c -O2 (test for excess errors)
FAIL: gcc.dg/vmx/3c-01a.c -O3 -fomit-frame-pointer (test for excess errors)
FAIL: gcc.dg/vmx/3c-01a.c -O3 -g (test for excess errors)
FAIL: gcc.dg/vmx/3c-01a.c -Os (test for excess errors)
FAIL: gcc.dg/vmx/3c-02.c -O0 (internal compiler error)
FAIL: gcc.dg/vmx/3c-02.c -O0 (test for excess errors)
WARNING: gcc.dg/vmx/3c-02.c -O0 compilation failed to produce executable
FAIL: gcc.dg/vmx/3c-02.c -O1 (internal compiler error)
FAIL: gcc.dg/vmx/3c-02.c -O1 (test for excess errors)
WARNING: gcc.dg/vmx/3c-02.c -O1 compilation failed to produce executable
FAIL: gcc.dg/vmx/3c-02.c -O2 (internal compiler error)
FAIL: gcc.dg/vmx/3c-02.c -O2 (test for excess errors)
WARNING: gcc.dg/vmx/3c-02.c -O2 compilation failed to produce executable
FAIL: gcc.dg/vmx/3c-02.c -O3 -fomit-frame-pointer (internal compiler error)
FAIL: gcc.dg/vmx/3c-02.c -O3 -fomit-frame-pointer (test for excess errors)
WARNING: gcc.dg/vmx/3c-02.c -O3 -fomit-frame-pointer compilation failed to produce executable
FAIL: gcc.dg/vmx/3c-02.c -O3 -g (internal compiler error)
FAIL: gcc.dg/vmx/3c-02.c -O3 -g (test for excess errors)
WARNING: gcc.dg/vmx/3c-02.c -O3 -g compilation failed to produce executable
FAIL: gcc.dg/vmx/3c-02.c -Os (internal compiler error)
FAIL: gcc.dg/vmx/3c-02.c -Os (test for excess errors)
WARNING: gcc.dg/vmx/3c-02.c -Os compilation failed to produce executable
FAIL: gcc.dg/vmx/3c-03.c -O0 (internal compiler error)
FAIL: gcc.dg/vmx/3c-03.c -O0 (test for excess errors)
WARNING: gcc.dg/vmx/3c-03.c -O0 compilation failed to produce executable
FAIL: gcc.dg/vmx/3c-03.c -O1 (internal compiler error)
FAIL: gcc.dg/vmx/3c-03.c -O1 (test for excess errors)
WARNING: gcc.dg/vmx/3c-03.c -O1 compilation failed to produce executable
FAIL: gcc.dg/vmx/3c-03.c -O2 (internal compiler error)
FAIL: gcc.dg/vmx/3c-03.c -O2 (test for excess errors)
WARNING: gcc.dg/vmx/3c-03.c -O2 compilation failed to produce executable
FAIL: gcc.dg/vmx/3c-03.c -O3 -fomit-frame-pointer (internal compiler error)
FAIL: gcc.dg/vmx/3c-03.c -O3 -fomit-frame-pointer (test for excess errors)
WARNING: gcc.dg/vmx/3c-03.c -O3 -fomit-frame-pointer compilation failed to produce executable
FAIL: gcc.dg/vmx/3c-03.c -O3 -g (internal compiler error)
FAIL: gcc.dg/vmx/3c-03.c -O3 -g (test for excess errors)
WARNING: gcc.dg/vmx/3c-03.c -O3 -g compilation failed to produce executable
FAIL: gcc.dg/vmx/3c-03.c -Os (internal compiler error)
FAIL: gcc.dg/vmx/3c-03.c -Os (test for excess errors)
WARNING: gcc.dg/vmx/3c-03.c -Os compilation failed to produce executable
FAIL: gcc.dg/vmx/3d-01.c -O0 (test for excess errors)
FAIL: gcc.dg/vmx/3d-01.c -O1 (test for excess errors)
FAIL: gcc.dg/vmx/3d-01.c -O2 (test for excess errors)
FAIL: gcc.dg/vmx/3d-01.c -O3 -fomit-frame-pointer (test for excess errors)
FAIL: gcc.dg/vmx/3d-01.c -O3 -g (test for excess errors)
FAIL: gcc.dg/vmx/3d-01.c -Os (test for excess errors)
FAIL: gcc.dg/vmx/5-11.c -O0 (internal compiler error)
FAIL: gcc.dg/vmx/5-11.c -O0 (test for excess errors)
FAIL: gcc.dg/vmx/5-11.c -O1 (test for excess errors)
FAIL: gcc.dg/vmx/5-11.c -O2 (test for excess errors)
FAIL: gcc.dg/vmx/5-11.c -O3 -fomit-frame-pointer (test for excess errors)
FAIL: gcc.dg/vmx/5-11.c -O3 -g (test for excess errors)
FAIL: gcc.dg/vmx/5-11.c -Os (test for excess errors)
FAIL: gcc.dg/vmx/7-01.c -O0 (internal compiler error)
FAIL: gcc.dg/vmx/7-01.c -O0 (test for excess errors)
FAIL: gcc.dg/vmx/7-01.c -O1 (internal compiler error)
FAIL: gcc.dg/vmx/7-01.c -O1 (test for excess errors)
FAIL: gcc.dg/vmx/7-01.c -O2 (internal compiler error)
FAIL: gcc.dg/vmx/7-01.c -O2 (test for excess errors)
FAIL: gcc.dg/vmx/7-01.c -O3 -fomit-frame-pointer (internal compiler error)
FAIL: gcc.dg/vmx/7-01.c -O3 -fomit-frame-pointer (test for excess errors)
FAIL: gcc.dg/vmx/7-01.c -O3 -fomit-frame-pointer -funroll-loops (internal compiler error)
FAIL: gcc.dg/vmx/7-01.c -O3 -fomit-frame-pointer -funroll-loops (test for excess errors)
FAIL: gcc.dg/vmx/7-01.c -O3 -fomit-frame-pointer -funroll-all-loops -finline-functions (internal compiler error)
FAIL: gcc.dg/vmx/7-01.c -O3 -fomit-frame-pointer -funroll-all-loops -finline-functions (test for excess errors)
FAIL: gcc.dg/vmx/7-01.c -O3 -g (internal compiler error)
FAIL: gcc.dg/vmx/7-01.c -O3 -g (test for excess errors)
FAIL: gcc.dg/vmx/7-01.c -Os (internal compiler error)
FAIL: gcc.dg/vmx/7-01.c -Os (test for excess errors)
FAIL: gcc.dg/vmx/7-01a.c -O0 (internal compiler error)
FAIL: gcc.dg/vmx/7-01a.c -O0 (test for excess errors)
FAIL: gcc.dg/vmx/7-01a.c -O1 (internal compiler error)
FAIL: gcc.dg/vmx/7-01a.c -O1 (test for excess errors)
FAIL: gcc.dg/vmx/7-01a.c -O2 (internal compiler error)
FAIL: gcc.dg/vmx/7-01a.c -O2 (test for excess errors)
FAIL: gcc.dg/vmx/7-01a.c -O3 -fomit-frame-pointer (internal compiler error)
FAIL: gcc.dg/vmx/7-01a.c -O3 -fomit-frame-pointer (test for excess errors)
FAIL: gcc.dg/vmx/7-01a.c -O3 -fomit-frame-pointer -funroll-loops (internal compiler error)
FAIL: gcc.dg/vmx/7-01a.c -O3 -fomit-frame-pointer -funroll-loops (test for excess errors)
FAIL: gcc.dg/vmx/7-01a.c -O3 -fomit-frame-pointer -funroll-all-loops -finline-functions (internal compiler error)
FAIL: gcc.dg/vmx/7-01a.c -O3 -fomit-frame-pointer -funroll-all-loops -finline-functions (test for excess errors)
FAIL: gcc.dg/vmx/7-01a.c -O3 -g (internal compiler error)
FAIL: gcc.dg/vmx/7-01a.c -O3 -g (test for excess errors)
FAIL: gcc.dg/vmx/7-01a.c -Os (internal compiler error)
FAIL: gcc.dg/vmx/7-01a.c -Os (test for excess errors)
FAIL: gcc.dg/vmx/7d-01.c -O0 (internal compiler error)
FAIL: gcc.dg/vmx/7d-01.c -O0 (test for excess errors)
FAIL: gcc.dg/vmx/7d-01.c -O1 (internal compiler error)
FAIL: gcc.dg/vmx/7d-01.c -O1 (test for excess errors)
FAIL: gcc.dg/vmx/7d-01.c -O2 (internal compiler error)
FAIL: gcc.dg/vmx/7d-01.c -O2 (test for excess errors)
FAIL: gcc.dg/vmx/7d-01.c -O3 -fomit-frame-pointer (internal compiler error)
FAIL: gcc.dg/vmx/7d-01.c -O3 -fomit-frame-pointer (test for excess errors)
FAIL: gcc.dg/vmx/7d-01.c -O3 -g (internal compiler error)
FAIL: gcc.dg/vmx/7d-01.c -O3 -g (test for excess errors)
FAIL: gcc.dg/vmx/7d-01.c -Os (internal compiler error)
FAIL: gcc.dg/vmx/7d-01.c -Os (test for excess errors)
FAIL: gcc.dg/vmx/7d-02.c -O0 (test for excess errors)
FAIL: gcc.dg/vmx/7d-02.c -O1 (test for excess errors)
FAIL: gcc.dg/vmx/7d-02.c -O2 (test for excess errors)
FAIL: gcc.dg/vmx/7d-02.c -O3 -fomit-frame-pointer (test for excess errors)
FAIL: gcc.dg/vmx/7d-02.c -O3 -g (test for excess errors)
FAIL: gcc.dg/vmx/7d-02.c -Os (test for excess errors)
FAIL: gcc.dg/vmx/8-01.c -O0 (test for excess errors)
FAIL: gcc.dg/vmx/8-01.c -O1 (test for excess errors)
FAIL: gcc.dg/vmx/8-01.c -O2 (test for excess errors)
FAIL: gcc.dg/vmx/8-01.c -O3 -fomit-frame-pointer (test for excess errors)
FAIL: gcc.dg/vmx/8-01.c -O3 -g (test for excess errors)
FAIL: gcc.dg/vmx/8-01.c -Os (test for excess errors)
FAIL: gcc.dg/vmx/8-02.c -O0 (test for excess errors)
WARNING: gcc.dg/vmx/8-02.c -O0 compilation failed to produce executable
FAIL: gcc.dg/vmx/8-02.c -O1 (test for excess errors)
WARNING: gcc.dg/vmx/8-02.c -O1 compilation failed to produce executable
FAIL: gcc.dg/vmx/8-02.c -O2 (test for excess errors)
WARNING: gcc.dg/vmx/8-02.c -O2 compilation failed to produce executable
FAIL: gcc.dg/vmx/8-02.c -O3 -fomit-frame-pointer (test for excess errors)
WARNING: gcc.dg/vmx/8-02.c -O3 -fomit-frame-pointer compilation failed to produce executable
FAIL: gcc.dg/vmx/8-02.c -O3 -g (test for excess errors)
WARNING: gcc.dg/vmx/8-02.c -O3 -g compilation failed to produce executable
FAIL: gcc.dg/vmx/8-02.c -Os (test for excess errors)
WARNING: gcc.dg/vmx/8-02.c -Os compilation failed to produce executable
FAIL: gcc.dg/vmx/8-02a.c -O0 (test for excess errors)
WARNING: gcc.dg/vmx/8-02a.c -O0 compilation failed to produce executable
FAIL: gcc.dg/vmx/8-02a.c -O1 (test for excess errors)
WARNING: gcc.dg/vmx/8-02a.c -O1 compilation failed to produce executable
FAIL: gcc.dg/vmx/8-02a.c -O2 (test for excess errors)
WARNING: gcc.dg/vmx/8-02a.c -O2 compilation failed to produce executable
FAIL: gcc.dg/vmx/8-02a.c -O3 -fomit-frame-pointer (test for excess errors)
WARNING: gcc.dg/vmx/8-02a.c -O3 -fomit-frame-pointer compilation failed to produce executable
FAIL: gcc.dg/vmx/8-02a.c -O3 -g (test for excess errors)
WARNING: gcc.dg/vmx/8-02a.c -O3 -g compilation failed to produce executable
FAIL: gcc.dg/vmx/8-02a.c -Os (test for excess errors)
WARNING: gcc.dg/vmx/8-02a.c -Os compilation failed to produce executable
FAIL: gcc.dg/vmx/brode-1.c -O0 (internal compiler error)
FAIL: gcc.dg/vmx/brode-1.c -O0 (test for excess errors)
WARNING: gcc.dg/vmx/brode-1.c -O0 compilation failed to produce executable
FAIL: gcc.dg/vmx/brode-1.c -O1 (test for excess errors)
WARNING: gcc.dg/vmx/brode-1.c -O1 compilation failed to produce executable
FAIL: gcc.dg/vmx/brode-1.c -O2 (test for excess errors)
WARNING: gcc.dg/vmx/brode-1.c -O2 compilation failed to produce executable
FAIL: gcc.dg/vmx/brode-1.c -O3 -fomit-frame-pointer (test for excess errors)
WARNING: gcc.dg/vmx/brode-1.c -O3 -fomit-frame-pointer compilation failed to produce executable
FAIL: gcc.dg/vmx/brode-1.c -O3 -g (test for excess errors)
WARNING: gcc.dg/vmx/brode-1.c -O3 -g compilation failed to produce executable
FAIL: gcc.dg/vmx/brode-1.c -Os (test for excess errors)
WARNING: gcc.dg/vmx/brode-1.c -Os compilation failed to produce executable
FAIL: gcc.dg/vmx/bug-1.c -O0 (test for excess errors)
WARNING: gcc.dg/vmx/bug-1.c -O0 compilation failed to produce executable
FAIL: gcc.dg/vmx/bug-1.c -O1 (test for excess errors)
WARNING: gcc.dg/vmx/bug-1.c -O1 compilation failed to produce executable
FAIL: gcc.dg/vmx/bug-1.c -O2 (test for excess errors)
WARNING: gcc.dg/vmx/bug-1.c -O2 compilation failed to produce executable
FAIL: gcc.dg/vmx/bug-1.c -O3 -fomit-frame-pointer (test for excess errors)
WARNING: gcc.dg/vmx/bug-1.c -O3 -fomit-frame-pointer compilation failed to produce executable
FAIL: gcc.dg/vmx/bug-1.c -O3 -fomit-frame-pointer -funroll-loops (test for excess errors)
WARNING: gcc.dg/vmx/bug-1.c -O3 -fomit-frame-pointer -funroll-loops compilation failed to produce executable
FAIL: gcc.dg/vmx/bug-1.c -O3 -fomit-frame-pointer -funroll-all-loops -finline-functions (test for excess errors)
WARNING: gcc.dg/vmx/bug-1.c -O3 -fomit-frame-pointer -funroll-all-loops -finline-functions compilation failed to produce executable
FAIL: gcc.dg/vmx/bug-1.c -O3 -g (test for excess errors)
WARNING: gcc.dg/vmx/bug-1.c -O3 -g compilation failed to produce executable
FAIL: gcc.dg/vmx/bug-1.c -Os (test for excess errors)
WARNING: gcc.dg/vmx/bug-1.c -Os compilation failed to produce executable
FAIL: gcc.dg/vmx/bug-2.c -O0 (test for excess errors)
WARNING: gcc.dg/vmx/bug-2.c -O0 compilation failed to produce executable
FAIL: gcc.dg/vmx/bug-2.c -O1 (test for excess errors)
WARNING: gcc.dg/vmx/bug-2.c -O1 compilation failed to produce executable
FAIL: gcc.dg/vmx/bug-2.c -O2 (test for excess errors)
WARNING: gcc.dg/vmx/bug-2.c -O2 compilation failed to produce executable
FAIL: gcc.dg/vmx/bug-2.c -O3 -fomit-frame-pointer (test for excess errors)
WARNING: gcc.dg/vmx/bug-2.c -O3 -fomit-frame-pointer compilation failed to produce executable
FAIL: gcc.dg/vmx/bug-2.c -O3 -g (test for excess errors)
WARNING: gcc.dg/vmx/bug-2.c -O3 -g compilation failed to produce executable
FAIL: gcc.dg/vmx/bug-2.c -Os (test for excess errors)
WARNING: gcc.dg/vmx/bug-2.c -Os compilation failed to produce executable
FAIL: gcc.dg/vmx/bug-3.c -O0 (test for excess errors)
WARNING: gcc.dg/vmx/bug-3.c -O0 compilation failed to produce executable
FAIL: gcc.dg/vmx/bug-3.c -O1 (test for excess errors)
WARNING: gcc.dg/vmx/bug-3.c -O1 compilation failed to produce executable
FAIL: gcc.dg/vmx/bug-3.c -O2 (test for excess errors)
WARNING: gcc.dg/vmx/bug-3.c -O2 compilation failed to produce executable
FAIL: gcc.dg/vmx/bug-3.c -O3 -fomit-frame-pointer (test for excess errors)
WARNING: gcc.dg/vmx/bug-3.c -O3 -fomit-frame-pointer compilation failed to produce executable
FAIL: gcc.dg/vmx/bug-3.c -O3 -g (test for excess errors)
WARNING: gcc.dg/vmx/bug-3.c -O3 -g compilation failed to produce executable
FAIL: gcc.dg/vmx/bug-3.c -Os (test for excess errors)
WARNING: gcc.dg/vmx/bug-3.c -Os compilation failed to produce executable
FAIL: gcc.dg/vmx/cw-bug-1.c -O0 (test for excess errors)
WARNING: gcc.dg/vmx/cw-bug-1.c -O0 compilation failed to produce executable
FAIL: gcc.dg/vmx/cw-bug-1.c -O1 (test for excess errors)
WARNING: gcc.dg/vmx/cw-bug-1.c -O1 compilation failed to produce executable
FAIL: gcc.dg/vmx/cw-bug-1.c -O2 (test for excess errors)
WARNING: gcc.dg/vmx/cw-bug-1.c -O2 compilation failed to produce executable
FAIL: gcc.dg/vmx/cw-bug-1.c -O3 -fomit-frame-pointer (test for excess errors)
WARNING: gcc.dg/vmx/cw-bug-1.c -O3 -fomit-frame-pointer compilation failed to produce executable
FAIL: gcc.dg/vmx/cw-bug-1.c -O3 -g (test for excess errors)
WARNING: gcc.dg/vmx/cw-bug-1.c -O3 -g compilation failed to produce executable
FAIL: gcc.dg/vmx/cw-bug-1.c -Os (test for excess errors)
WARNING: gcc.dg/vmx/cw-bug-1.c -Os compilation failed to produce executable
FAIL: gcc.dg/vmx/dct.c -O0 (internal compiler error)
FAIL: gcc.dg/vmx/dct.c -O0 (test for excess errors)
FAIL: gcc.dg/vmx/dct.c -O1 (internal compiler error)
FAIL: gcc.dg/vmx/dct.c -O1 (test for excess errors)
FAIL: gcc.dg/vmx/dct.c -O2 (internal compiler error)
FAIL: gcc.dg/vmx/dct.c -O2 (test for excess errors)
FAIL: gcc.dg/vmx/dct.c -O3 -fomit-frame-pointer (internal compiler error)
FAIL: gcc.dg/vmx/dct.c -O3 -fomit-frame-pointer (test for excess errors)
FAIL: gcc.dg/vmx/dct.c -O3 -g (internal compiler error)
FAIL: gcc.dg/vmx/dct.c -O3 -g (test for excess errors)
FAIL: gcc.dg/vmx/dct.c -Os (internal compiler error)
FAIL: gcc.dg/vmx/dct.c -Os (test for excess errors)
FAIL: gcc.dg/vmx/debug-4.c -O0 (internal compiler error)
FAIL: gcc.dg/vmx/debug-4.c -O0 (test for excess errors)
WARNING: gcc.dg/vmx/debug-4.c -O0 compilation failed to produce executable
FAIL: gcc.dg/vmx/debug-4.c -O1 (internal compiler error)
FAIL: gcc.dg/vmx/debug-4.c -O1 (test for excess errors)
WARNING: gcc.dg/vmx/debug-4.c -O1 compilation failed to produce executable
FAIL: gcc.dg/vmx/debug-4.c -O2 (internal compiler error)
FAIL: gcc.dg/vmx/debug-4.c -O2 (test for excess errors)
WARNING: gcc.dg/vmx/debug-4.c -O2 compilation failed to produce executable
FAIL: gcc.dg/vmx/debug-4.c -O3 -fomit-frame-pointer (internal compiler error)
FAIL: gcc.dg/vmx/debug-4.c -O3 -fomit-frame-pointer (test for excess errors)
WARNING: gcc.dg/vmx/debug-4.c -O3 -fomit-frame-pointer compilation failed to produce executable
FAIL: gcc.dg/vmx/debug-4.c -O3 -g (internal compiler error)
FAIL: gcc.dg/vmx/debug-4.c -O3 -g (test for excess errors)
WARNING: gcc.dg/vmx/debug-4.c -O3 -g compilation failed to produce executable
FAIL: gcc.dg/vmx/debug-4.c -Os (internal compiler error)
FAIL: gcc.dg/vmx/debug-4.c -Os (test for excess errors)
WARNING: gcc.dg/vmx/debug-4.c -Os compilation failed to produce executable
FAIL: gcc.dg/vmx/dos-bug-2-gdb.c -O0 (internal compiler error)
FAIL: gcc.dg/vmx/dos-bug-2-gdb.c -O0 (test for excess errors)
WARNING: gcc.dg/vmx/dos-bug-2-gdb.c -O0 compilation failed to produce executable
FAIL: gcc.dg/vmx/dos-bug-2-gdb.c -O1 (test for excess errors)
WARNING: gcc.dg/vmx/dos-bug-2-gdb.c -O1 compilation failed to produce executable
FAIL: gcc.dg/vmx/dos-bug-2-gdb.c -O2 (test for excess errors)
WARNING: gcc.dg/vmx/dos-bug-2-gdb.c -O2 compilation failed to produce executable
FAIL: gcc.dg/vmx/dos-bug-2-gdb.c -O3 -fomit-frame-pointer (test for excess errors)
WARNING: gcc.dg/vmx/dos-bug-2-gdb.c -O3 -fomit-frame-pointer compilation failed to produce executable
FAIL: gcc.dg/vmx/dos-bug-2-gdb.c -O3 -g (test for excess errors)
WARNING: gcc.dg/vmx/dos-bug-2-gdb.c -O3 -g compilation failed to produce executable
FAIL: gcc.dg/vmx/dos-bug-2-gdb.c -Os (test for excess errors)
WARNING: gcc.dg/vmx/dos-bug-2-gdb.c -Os compilation failed to produce executable
FAIL: gcc.dg/vmx/eg-5.c -O0 (internal compiler error)
FAIL: gcc.dg/vmx/eg-5.c -O0 (test for excess errors)
WARNING: gcc.dg/vmx/eg-5.c -O0 compilation failed to produce executable
FAIL: gcc.dg/vmx/eg-5.c -O1 (internal compiler error)
FAIL: gcc.dg/vmx/eg-5.c -O1 (test for excess errors)
WARNING: gcc.dg/vmx/eg-5.c -O1 compilation failed to produce executable
FAIL: gcc.dg/vmx/eg-5.c -O2 (internal compiler error)
FAIL: gcc.dg/vmx/eg-5.c -O2 (test for excess errors)
WARNING: gcc.dg/vmx/eg-5.c -O2 compilation failed to produce executable
FAIL: gcc.dg/vmx/eg-5.c -O3 -fomit-frame-pointer (internal compiler error)
FAIL: gcc.dg/vmx/eg-5.c -O3 -fomit-frame-pointer (test for excess errors)
WARNING: gcc.dg/vmx/eg-5.c -O3 -fomit-frame-pointer compilation failed to produce executable
FAIL: gcc.dg/vmx/eg-5.c -O3 -g (internal compiler error)
FAIL: gcc.dg/vmx/eg-5.c -O3 -g (test for excess errors)
WARNING: gcc.dg/vmx/eg-5.c -O3 -g compilation failed to produce executable
FAIL: gcc.dg/vmx/eg-5.c -Os (internal compiler error)
FAIL: gcc.dg/vmx/eg-5.c -Os (test for excess errors)
WARNING: gcc.dg/vmx/eg-5.c -Os compilation failed to produce executable
FAIL: gcc.dg/vmx/fft.c -O0 (internal compiler error)
FAIL: gcc.dg/vmx/fft.c -O0 (test for excess errors)
FAIL: gcc.dg/vmx/fft.c -O1 (internal compiler error)
FAIL: gcc.dg/vmx/fft.c -O1 (test for excess errors)
FAIL: gcc.dg/vmx/fft.c -O2 (internal compiler error)
FAIL: gcc.dg/vmx/fft.c -O2 (test for excess errors)
FAIL: gcc.dg/vmx/fft.c -O3 -fomit-frame-pointer (internal compiler error)
FAIL: gcc.dg/vmx/fft.c -O3 -fomit-frame-pointer (test for excess errors)
FAIL: gcc.dg/vmx/fft.c -O3 -fomit-frame-pointer -funroll-loops (internal compiler error)
FAIL: gcc.dg/vmx/fft.c -O3 -fomit-frame-pointer -funroll-loops (test for excess errors)
FAIL: gcc.dg/vmx/fft.c -O3 -fomit-frame-pointer -funroll-all-loops -finline-functions (internal compiler error)
FAIL: gcc.dg/vmx/fft.c -O3 -fomit-frame-pointer -funroll-all-loops -finline-functions (test for excess errors)
FAIL: gcc.dg/vmx/fft.c -O3 -g (internal compiler error)
FAIL: gcc.dg/vmx/fft.c -O3 -g (test for excess errors)
FAIL: gcc.dg/vmx/fft.c -Os (internal compiler error)
FAIL: gcc.dg/vmx/fft.c -Os (test for excess errors)
FAIL: gcc.dg/vmx/gcc-bug-b.c -O0 (internal compiler error)
FAIL: gcc.dg/vmx/gcc-bug-b.c -O0 (test for excess errors)
FAIL: gcc.dg/vmx/gcc-bug-b.c -O1 (internal compiler error)
FAIL: gcc.dg/vmx/gcc-bug-b.c -O1 (test for excess errors)
FAIL: gcc.dg/vmx/gcc-bug-b.c -O2 (internal compiler error)
FAIL: gcc.dg/vmx/gcc-bug-b.c -O2 (test for excess errors)
FAIL: gcc.dg/vmx/gcc-bug-b.c -O3 -fomit-frame-pointer (internal compiler error)
FAIL: gcc.dg/vmx/gcc-bug-b.c -O3 -fomit-frame-pointer (test for excess errors)
FAIL: gcc.dg/vmx/gcc-bug-b.c -O3 -g (internal compiler error)
FAIL: gcc.dg/vmx/gcc-bug-b.c -O3 -g (test for excess errors)
FAIL: gcc.dg/vmx/gcc-bug-b.c -Os (internal compiler error)
FAIL: gcc.dg/vmx/gcc-bug-b.c -Os (test for excess errors)
FAIL: gcc.dg/vmx/gcc-bug-c.c -O0 (internal compiler error)
FAIL: gcc.dg/vmx/gcc-bug-c.c -O0 (test for excess errors)
FAIL: gcc.dg/vmx/gcc-bug-c.c -O1 (internal compiler error)
FAIL: gcc.dg/vmx/gcc-bug-c.c -O1 (test for excess errors)
FAIL: gcc.dg/vmx/gcc-bug-c.c -O2 (internal compiler error)
FAIL: gcc.dg/vmx/gcc-bug-c.c -O2 (test for excess errors)
FAIL: gcc.dg/vmx/gcc-bug-c.c -O3 -fomit-frame-pointer (internal compiler error)
FAIL: gcc.dg/vmx/gcc-bug-c.c -O3 -fomit-frame-pointer (test for excess errors)
FAIL: gcc.dg/vmx/gcc-bug-c.c -O3 -g (internal compiler error)
FAIL: gcc.dg/vmx/gcc-bug-c.c -O3 -g (test for excess errors)
FAIL: gcc.dg/vmx/gcc-bug-c.c -Os (internal compiler error)
FAIL: gcc.dg/vmx/gcc-bug-c.c -Os (test for excess errors)
FAIL: gcc.dg/vmx/gcc-bug-e.c -O0 (test for excess errors)
WARNING: gcc.dg/vmx/gcc-bug-e.c -O0 compilation failed to produce executable
FAIL: gcc.dg/vmx/gcc-bug-e.c -O1 (test for excess errors)
WARNING: gcc.dg/vmx/gcc-bug-e.c -O1 compilation failed to produce executable
FAIL: gcc.dg/vmx/gcc-bug-e.c -O2 (test for excess errors)
WARNING: gcc.dg/vmx/gcc-bug-e.c -O2 compilation failed to produce executable
FAIL: gcc.dg/vmx/gcc-bug-e.c -O3 -fomit-frame-pointer (test for excess errors)
WARNING: gcc.dg/vmx/gcc-bug-e.c -O3 -fomit-frame-pointer compilation failed to produce executable
FAIL: gcc.dg/vmx/gcc-bug-e.c -O3 -g (test for excess errors)
WARNING: gcc.dg/vmx/gcc-bug-e.c -O3 -g compilation failed to produce executable
FAIL: gcc.dg/vmx/gcc-bug-e.c -Os (test for excess errors)
WARNING: gcc.dg/vmx/gcc-bug-e.c -Os compilation failed to produce executable
FAIL: gcc.dg/vmx/gcc-bug-f.c -O0 (internal compiler error)
FAIL: gcc.dg/vmx/gcc-bug-f.c -O0 (test for excess errors)
FAIL: gcc.dg/vmx/gcc-bug-f.c -O1 (internal compiler error)
FAIL: gcc.dg/vmx/gcc-bug-f.c -O1 (test for excess errors)
FAIL: gcc.dg/vmx/gcc-bug-f.c -O2 (internal compiler error)
FAIL: gcc.dg/vmx/gcc-bug-f.c -O2 (test for excess errors)
FAIL: gcc.dg/vmx/gcc-bug-f.c -O3 -fomit-frame-pointer (internal compiler error)
FAIL: gcc.dg/vmx/gcc-bug-f.c -O3 -fomit-frame-pointer (test for excess errors)
FAIL: gcc.dg/vmx/gcc-bug-f.c -O3 -g (internal compiler error)
FAIL: gcc.dg/vmx/gcc-bug-f.c -O3 -g (test for excess errors)
FAIL: gcc.dg/vmx/gcc-bug-f.c -Os (internal compiler error)
FAIL: gcc.dg/vmx/gcc-bug-f.c -Os (test for excess errors)
FAIL: gcc.dg/vmx/gcc-bug-g.c -O0 (internal compiler error)
FAIL: gcc.dg/vmx/gcc-bug-g.c -O0 (test for excess errors)
FAIL: gcc.dg/vmx/gcc-bug-g.c -O1 (internal compiler error)
FAIL: gcc.dg/vmx/gcc-bug-g.c -O1 (test for excess errors)
FAIL: gcc.dg/vmx/gcc-bug-g.c -O2 (internal compiler error)
FAIL: gcc.dg/vmx/gcc-bug-g.c -O2 (test for excess errors)
FAIL: gcc.dg/vmx/gcc-bug-g.c -O3 -fomit-frame-pointer (internal compiler error)
FAIL: gcc.dg/vmx/gcc-bug-g.c -O3 -fomit-frame-pointer (test for excess errors)
FAIL: gcc.dg/vmx/gcc-bug-g.c -O3 -g (internal compiler error)
FAIL: gcc.dg/vmx/gcc-bug-g.c -O3 -g (test for excess errors)
FAIL: gcc.dg/vmx/gcc-bug-g.c -Os (internal compiler error)
FAIL: gcc.dg/vmx/gcc-bug-g.c -Os (test for excess errors)
FAIL: gcc.dg/vmx/ira1.c -O0 (test for excess errors)
WARNING: gcc.dg/vmx/ira1.c -O0 compilation failed to produce executable
FAIL: gcc.dg/vmx/ira1.c -O1 (test for excess errors)
WARNING: gcc.dg/vmx/ira1.c -O1 compilation failed to produce executable
FAIL: gcc.dg/vmx/ira1.c -O2 (test for excess errors)
WARNING: gcc.dg/vmx/ira1.c -O2 compilation failed to produce executable
FAIL: gcc.dg/vmx/ira1.c -O3 -fomit-frame-pointer (test for excess errors)
WARNING: gcc.dg/vmx/ira1.c -O3 -fomit-frame-pointer compilation failed to produce executable
FAIL: gcc.dg/vmx/ira1.c -O3 -g (test for excess errors)
WARNING: gcc.dg/vmx/ira1.c -O3 -g compilation failed to produce executable
FAIL: gcc.dg/vmx/ira1.c -Os (test for excess errors)
WARNING: gcc.dg/vmx/ira1.c -Os compilation failed to produce executable
FAIL: gcc.dg/vmx/ira2.c -O0 (internal compiler error)
FAIL: gcc.dg/vmx/ira2.c -O0 (test for excess errors)
FAIL: gcc.dg/vmx/ira2.c -O1 (internal compiler error)
FAIL: gcc.dg/vmx/ira2.c -O1 (test for excess errors)
FAIL: gcc.dg/vmx/ira2.c -O2 (internal compiler error)
FAIL: gcc.dg/vmx/ira2.c -O2 (test for excess errors)
FAIL: gcc.dg/vmx/ira2.c -O3 -fomit-frame-pointer (internal compiler error)
FAIL: gcc.dg/vmx/ira2.c -O3 -fomit-frame-pointer (test for excess errors)
FAIL: gcc.dg/vmx/ira2.c -O3 -g (internal compiler error)
FAIL: gcc.dg/vmx/ira2.c -O3 -g (test for excess errors)
FAIL: gcc.dg/vmx/ira2.c -Os (internal compiler error)
FAIL: gcc.dg/vmx/ira2.c -Os (test for excess errors)
FAIL: gcc.dg/vmx/ira2a.c -O0 (test for excess errors)
WARNING: gcc.dg/vmx/ira2a.c -O0 compilation failed to produce executable
FAIL: gcc.dg/vmx/ira2a.c -O1 (test for excess errors)
WARNING: gcc.dg/vmx/ira2a.c -O1 compilation failed to produce executable
FAIL: gcc.dg/vmx/ira2a.c -O2 (test for excess errors)
WARNING: gcc.dg/vmx/ira2a.c -O2 compilation failed to produce executable
FAIL: gcc.dg/vmx/ira2a.c -O3 -fomit-frame-pointer (test for excess errors)
WARNING: gcc.dg/vmx/ira2a.c -O3 -fomit-frame-pointer compilation failed to produce executable
FAIL: gcc.dg/vmx/ira2a.c -O3 -g (test for excess errors)
WARNING: gcc.dg/vmx/ira2a.c -O3 -g compilation failed to produce executable
FAIL: gcc.dg/vmx/ira2a.c -Os (test for excess errors)
WARNING: gcc.dg/vmx/ira2a.c -Os compilation failed to produce executable
FAIL: gcc.dg/vmx/ira2b.c -O0 (internal compiler error)
FAIL: gcc.dg/vmx/ira2b.c -O0 (test for excess errors)
WARNING: gcc.dg/vmx/ira2b.c -O0 compilation failed to produce executable
FAIL: gcc.dg/vmx/ira2b.c -O1 (internal compiler error)
FAIL: gcc.dg/vmx/ira2b.c -O1 (test for excess errors)
WARNING: gcc.dg/vmx/ira2b.c -O1 compilation failed to produce executable
FAIL: gcc.dg/vmx/ira2b.c -O2 (internal compiler error)
FAIL: gcc.dg/vmx/ira2b.c -O2 (test for excess errors)
WARNING: gcc.dg/vmx/ira2b.c -O2 compilation failed to produce executable
FAIL: gcc.dg/vmx/ira2b.c -O3 -fomit-frame-pointer (internal compiler error)
FAIL: gcc.dg/vmx/ira2b.c -O3 -fomit-frame-pointer (test for excess errors)
WARNING: gcc.dg/vmx/ira2b.c -O3 -fomit-frame-pointer compilation failed to produce executable
FAIL: gcc.dg/vmx/ira2b.c -O3 -g (internal compiler error)
FAIL: gcc.dg/vmx/ira2b.c -O3 -g (test for excess errors)
WARNING: gcc.dg/vmx/ira2b.c -O3 -g compilation failed to produce executable
FAIL: gcc.dg/vmx/ira2b.c -Os (internal compiler error)
FAIL: gcc.dg/vmx/ira2b.c -Os (test for excess errors)
WARNING: gcc.dg/vmx/ira2b.c -Os compilation failed to produce executable
FAIL: gcc.dg/vmx/mem.c -O0 (internal compiler error)
FAIL: gcc.dg/vmx/mem.c -O0 (test for excess errors)
FAIL: gcc.dg/vmx/mem.c -O1 (internal compiler error)
FAIL: gcc.dg/vmx/mem.c -O1 (test for excess errors)
FAIL: gcc.dg/vmx/mem.c -O2 (internal compiler error)
FAIL: gcc.dg/vmx/mem.c -O2 (test for excess errors)
FAIL: gcc.dg/vmx/mem.c -O3 -fomit-frame-pointer (internal compiler error)
FAIL: gcc.dg/vmx/mem.c -O3 -fomit-frame-pointer (test for excess errors)
FAIL: gcc.dg/vmx/mem.c -O3 -fomit-frame-pointer -funroll-loops (internal compiler error)
FAIL: gcc.dg/vmx/mem.c -O3 -fomit-frame-pointer -funroll-loops (test for excess errors)
FAIL: gcc.dg/vmx/mem.c -O3 -fomit-frame-pointer -funroll-all-loops -finline-functions (internal compiler error)
FAIL: gcc.dg/vmx/mem.c -O3 -fomit-frame-pointer -funroll-all-loops -finline-functions (test for excess errors)
FAIL: gcc.dg/vmx/mem.c -O3 -g (internal compiler error)
FAIL: gcc.dg/vmx/mem.c -O3 -g (test for excess errors)
FAIL: gcc.dg/vmx/mem.c -Os (internal compiler error)
FAIL: gcc.dg/vmx/mem.c -Os (test for excess errors)
FAIL: gcc.dg/vmx/newton-1.c -O0 (internal compiler error)
FAIL: gcc.dg/vmx/newton-1.c -O0 (test for excess errors)
FAIL: gcc.dg/vmx/newton-1.c -O1 (internal compiler error)
FAIL: gcc.dg/vmx/newton-1.c -O1 (test for excess errors)
FAIL: gcc.dg/vmx/newton-1.c -O2 (internal compiler error)
FAIL: gcc.dg/vmx/newton-1.c -O2 (test for excess errors)
FAIL: gcc.dg/vmx/newton-1.c -O3 -fomit-frame-pointer (internal compiler error)
FAIL: gcc.dg/vmx/newton-1.c -O3 -fomit-frame-pointer (test for excess errors)
FAIL: gcc.dg/vmx/newton-1.c -O3 -fomit-frame-pointer -funroll-loops (internal compiler error)
FAIL: gcc.dg/vmx/newton-1.c -O3 -fomit-frame-pointer -funroll-loops (test for excess errors)
FAIL: gcc.dg/vmx/newton-1.c -O3 -fomit-frame-pointer -funroll-all-loops -finline-functions (internal compiler error)
FAIL: gcc.dg/vmx/newton-1.c -O3 -fomit-frame-pointer -funroll-all-loops -finline-functions (test for excess errors)
FAIL: gcc.dg/vmx/newton-1.c -O3 -g (internal compiler error)
FAIL: gcc.dg/vmx/newton-1.c -O3 -g (test for excess errors)
FAIL: gcc.dg/vmx/newton-1.c -Os (internal compiler error)
FAIL: gcc.dg/vmx/newton-1.c -Os (test for excess errors)
FAIL: gcc.dg/vmx/ops-long-1.c -O0 (test for excess errors)
FAIL: gcc.dg/vmx/ops-long-1.c -O1 (test for excess errors)
FAIL: gcc.dg/vmx/ops-long-1.c -O2 (test for excess errors)
FAIL: gcc.dg/vmx/ops-long-1.c -O3 -fomit-frame-pointer (test for excess errors)
FAIL: gcc.dg/vmx/ops-long-1.c -O3 -g (test for excess errors)
FAIL: gcc.dg/vmx/ops-long-1.c -Os (test for excess errors)
FAIL: gcc.dg/vmx/ops-long-2.c -O0 (test for errors, line 20)
FAIL: gcc.dg/vmx/ops-long-2.c -O0 (test for errors, line 21)
FAIL: gcc.dg/vmx/ops-long-2.c -O0 (test for errors, line 24)
FAIL: gcc.dg/vmx/ops-long-2.c -O0 (test for errors, line 25)
FAIL: gcc.dg/vmx/ops-long-2.c -O0 (test for errors, line 26)
FAIL: gcc.dg/vmx/ops-long-2.c -O0 (test for errors, line 27)
FAIL: gcc.dg/vmx/ops-long-2.c -O0 (test for errors, line 28)
FAIL: gcc.dg/vmx/ops-long-2.c -O0 (test for errors, line 29)
FAIL: gcc.dg/vmx/ops-long-2.c -O0 (test for errors, line 30)
FAIL: gcc.dg/vmx/ops-long-2.c -O0 (test for errors, line 31)
FAIL: gcc.dg/vmx/ops-long-2.c -O0 (test for errors, line 32)
FAIL: gcc.dg/vmx/ops-long-2.c -O0 (test for errors, line 33)
FAIL: gcc.dg/vmx/ops-long-2.c -O0 (test for excess errors)
FAIL: gcc.dg/vmx/ops-long-2.c -O1 (test for errors, line 20)
FAIL: gcc.dg/vmx/ops-long-2.c -O1 (test for errors, line 21)
FAIL: gcc.dg/vmx/ops-long-2.c -O1 (test for errors, line 24)
FAIL: gcc.dg/vmx/ops-long-2.c -O1 (test for errors, line 25)
FAIL: gcc.dg/vmx/ops-long-2.c -O1 (test for errors, line 26)
FAIL: gcc.dg/vmx/ops-long-2.c -O1 (test for errors, line 27)
FAIL: gcc.dg/vmx/ops-long-2.c -O1 (test for errors, line 28)
FAIL: gcc.dg/vmx/ops-long-2.c -O1 (test for errors, line 29)
FAIL: gcc.dg/vmx/ops-long-2.c -O1 (test for errors, line 30)
FAIL: gcc.dg/vmx/ops-long-2.c -O1 (test for errors, line 31)
FAIL: gcc.dg/vmx/ops-long-2.c -O1 (test for errors, line 32)
FAIL: gcc.dg/vmx/ops-long-2.c -O1 (test for errors, line 33)
FAIL: gcc.dg/vmx/ops-long-2.c -O1 (test for excess errors)
FAIL: gcc.dg/vmx/ops-long-2.c -O2 (test for errors, line 20)
FAIL: gcc.dg/vmx/ops-long-2.c -O2 (test for errors, line 21)
FAIL: gcc.dg/vmx/ops-long-2.c -O2 (test for errors, line 24)
FAIL: gcc.dg/vmx/ops-long-2.c -O2 (test for errors, line 25)
FAIL: gcc.dg/vmx/ops-long-2.c -O2 (test for errors, line 26)
FAIL: gcc.dg/vmx/ops-long-2.c -O2 (test for errors, line 27)
FAIL: gcc.dg/vmx/ops-long-2.c -O2 (test for errors, line 28)
FAIL: gcc.dg/vmx/ops-long-2.c -O2 (test for errors, line 29)
FAIL: gcc.dg/vmx/ops-long-2.c -O2 (test for errors, line 30)
FAIL: gcc.dg/vmx/ops-long-2.c -O2 (test for errors, line 31)
FAIL: gcc.dg/vmx/ops-long-2.c -O2 (test for errors, line 32)
FAIL: gcc.dg/vmx/ops-long-2.c -O2 (test for errors, line 33)
FAIL: gcc.dg/vmx/ops-long-2.c -O2 (test for excess errors)
FAIL: gcc.dg/vmx/ops-long-2.c -O3 -fomit-frame-pointer (test for errors, line 20)
FAIL: gcc.dg/vmx/ops-long-2.c -O3 -fomit-frame-pointer (test for errors, line 21)
FAIL: gcc.dg/vmx/ops-long-2.c -O3 -fomit-frame-pointer (test for errors, line 24)
FAIL: gcc.dg/vmx/ops-long-2.c -O3 -fomit-frame-pointer (test for errors, line 25)
FAIL: gcc.dg/vmx/ops-long-2.c -O3 -fomit-frame-pointer (test for errors, line 26)
FAIL: gcc.dg/vmx/ops-long-2.c -O3 -fomit-frame-pointer (test for errors, line 27)
FAIL: gcc.dg/vmx/ops-long-2.c -O3 -fomit-frame-pointer (test for errors, line 28)
FAIL: gcc.dg/vmx/ops-long-2.c -O3 -fomit-frame-pointer (test for errors, line 29)
FAIL: gcc.dg/vmx/ops-long-2.c -O3 -fomit-frame-pointer (test for errors, line 30)
FAIL: gcc.dg/vmx/ops-long-2.c -O3 -fomit-frame-pointer (test for errors, line 31)
FAIL: gcc.dg/vmx/ops-long-2.c -O3 -fomit-frame-pointer (test for errors, line 32)
FAIL: gcc.dg/vmx/ops-long-2.c -O3 -fomit-frame-pointer (test for errors, line 33)
FAIL: gcc.dg/vmx/ops-long-2.c -O3 -fomit-frame-pointer (test for excess errors)
FAIL: gcc.dg/vmx/ops-long-2.c -O3 -g (test for errors, line 20)
FAIL: gcc.dg/vmx/ops-long-2.c -O3 -g (test for errors, line 21)
FAIL: gcc.dg/vmx/ops-long-2.c -O3 -g (test for errors, line 24)
FAIL: gcc.dg/vmx/ops-long-2.c -O3 -g (test for errors, line 25)
FAIL: gcc.dg/vmx/ops-long-2.c -O3 -g (test for errors, line 26)
FAIL: gcc.dg/vmx/ops-long-2.c -O3 -g (test for errors, line 27)
FAIL: gcc.dg/vmx/ops-long-2.c -O3 -g (test for errors, line 28)
FAIL: gcc.dg/vmx/ops-long-2.c -O3 -g (test for errors, line 29)
FAIL: gcc.dg/vmx/ops-long-2.c -O3 -g (test for errors, line 30)
FAIL: gcc.dg/vmx/ops-long-2.c -O3 -g (test for errors, line 31)
FAIL: gcc.dg/vmx/ops-long-2.c -O3 -g (test for errors, line 32)
FAIL: gcc.dg/vmx/ops-long-2.c -O3 -g (test for errors, line 33)
FAIL: gcc.dg/vmx/ops-long-2.c -O3 -g (test for excess errors)
FAIL: gcc.dg/vmx/ops-long-2.c -Os (test for errors, line 20)
FAIL: gcc.dg/vmx/ops-long-2.c -Os (test for errors, line 21)
FAIL: gcc.dg/vmx/ops-long-2.c -Os (test for errors, line 24)
FAIL: gcc.dg/vmx/ops-long-2.c -Os (test for errors, line 25)
FAIL: gcc.dg/vmx/ops-long-2.c -Os (test for errors, line 26)
FAIL: gcc.dg/vmx/ops-long-2.c -Os (test for errors, line 27)
FAIL: gcc.dg/vmx/ops-long-2.c -Os (test for errors, line 28)
FAIL: gcc.dg/vmx/ops-long-2.c -Os (test for errors, line 29)
FAIL: gcc.dg/vmx/ops-long-2.c -Os (test for errors, line 30)
FAIL: gcc.dg/vmx/ops-long-2.c -Os (test for errors, line 31)
FAIL: gcc.dg/vmx/ops-long-2.c -Os (test for errors, line 32)
FAIL: gcc.dg/vmx/ops-long-2.c -Os (test for errors, line 33)
FAIL: gcc.dg/vmx/ops-long-2.c -Os (test for excess errors)
FAIL: gcc.dg/vmx/ops.c -O0 (test for excess errors)
FAIL: gcc.dg/vmx/ops.c -O1 (test for excess errors)
FAIL: gcc.dg/vmx/ops.c -O2 (test for excess errors)
FAIL: gcc.dg/vmx/ops.c -O3 -fomit-frame-pointer (test for excess errors)
FAIL: gcc.dg/vmx/ops.c -O3 -g (test for excess errors)
FAIL: gcc.dg/vmx/ops.c -Os (test for excess errors)
FAIL: gcc.dg/vmx/pr27842.c -O0 (internal compiler error)
FAIL: gcc.dg/vmx/pr27842.c -O0 (test for excess errors)
WARNING: gcc.dg/vmx/pr27842.c -O0 compilation failed to produce executable
FAIL: gcc.dg/vmx/pr27842.c -O1 (internal compiler error)
FAIL: gcc.dg/vmx/pr27842.c -O1 (test for excess errors)
WARNING: gcc.dg/vmx/pr27842.c -O1 compilation failed to produce executable
FAIL: gcc.dg/vmx/pr27842.c -O2 (internal compiler error)
FAIL: gcc.dg/vmx/pr27842.c -O2 (test for excess errors)
WARNING: gcc.dg/vmx/pr27842.c -O2 compilation failed to produce executable
FAIL: gcc.dg/vmx/pr27842.c -O3 -fomit-frame-pointer (internal compiler error)
FAIL: gcc.dg/vmx/pr27842.c -O3 -fomit-frame-pointer (test for excess errors)
WARNING: gcc.dg/vmx/pr27842.c -O3 -fomit-frame-pointer compilation failed to produce executable
FAIL: gcc.dg/vmx/pr27842.c -O3 -fomit-frame-pointer -funroll-loops (internal compiler error)
FAIL: gcc.dg/vmx/pr27842.c -O3 -fomit-frame-pointer -funroll-loops (test for excess errors)
WARNING: gcc.dg/vmx/pr27842.c -O3 -fomit-frame-pointer -funroll-loops compilation failed to produce executable
FAIL: gcc.dg/vmx/pr27842.c -O3 -fomit-frame-pointer -funroll-all-loops -finline-functions (internal compiler error)
FAIL: gcc.dg/vmx/pr27842.c -O3 -fomit-frame-pointer -funroll-all-loops -finline-functions (test for excess errors)
WARNING: gcc.dg/vmx/pr27842.c -O3 -fomit-frame-pointer -funroll-all-loops -finline-functions compilation failed to produce executable
FAIL: gcc.dg/vmx/pr27842.c -O3 -g (internal compiler error)
FAIL: gcc.dg/vmx/pr27842.c -O3 -g (test for excess errors)
WARNING: gcc.dg/vmx/pr27842.c -O3 -g compilation failed to produce executable
FAIL: gcc.dg/vmx/pr27842.c -Os (internal compiler error)
FAIL: gcc.dg/vmx/pr27842.c -Os (test for excess errors)
WARNING: gcc.dg/vmx/pr27842.c -Os compilation failed to produce executable
FAIL: gcc.dg/vmx/sn7153.c -O0 (internal compiler error)
FAIL: gcc.dg/vmx/sn7153.c -O0 (test for excess errors)
WARNING: gcc.dg/vmx/sn7153.c -O0 compilation failed to produce executable
FAIL: gcc.dg/vmx/sn7153.c -O1 (internal compiler error)
FAIL: gcc.dg/vmx/sn7153.c -O1 (test for excess errors)
WARNING: gcc.dg/vmx/sn7153.c -O1 compilation failed to produce executable
FAIL: gcc.dg/vmx/sn7153.c -O2 (internal compiler error)
FAIL: gcc.dg/vmx/sn7153.c -O2 (test for excess errors)
WARNING: gcc.dg/vmx/sn7153.c -O2 compilation failed to produce executable
FAIL: gcc.dg/vmx/sn7153.c -O3 -fomit-frame-pointer (internal compiler error)
FAIL: gcc.dg/vmx/sn7153.c -O3 -fomit-frame-pointer (test for excess errors)
WARNING: gcc.dg/vmx/sn7153.c -O3 -fomit-frame-pointer compilation failed to produce executable
FAIL: gcc.dg/vmx/sn7153.c -O3 -fomit-frame-pointer -funroll-loops (internal compiler error)
FAIL: gcc.dg/vmx/sn7153.c -O3 -fomit-frame-pointer -funroll-loops (test for excess errors)
WARNING: gcc.dg/vmx/sn7153.c -O3 -fomit-frame-pointer -funroll-loops compilation failed to produce executable
FAIL: gcc.dg/vmx/sn7153.c -O3 -fomit-frame-pointer -funroll-all-loops -finline-functions (internal compiler error)
FAIL: gcc.dg/vmx/sn7153.c -O3 -fomit-frame-pointer -funroll-all-loops -finline-functions (test for excess errors)
WARNING: gcc.dg/vmx/sn7153.c -O3 -fomit-frame-pointer -funroll-all-loops -finline-functions compilation failed to produce executable
FAIL: gcc.dg/vmx/sn7153.c -O3 -g (internal compiler error)
FAIL: gcc.dg/vmx/sn7153.c -O3 -g (test for excess errors)
WARNING: gcc.dg/vmx/sn7153.c -O3 -g compilation failed to produce executable
FAIL: gcc.dg/vmx/sn7153.c -Os (internal compiler error)
FAIL: gcc.dg/vmx/sn7153.c -Os (test for excess errors)
WARNING: gcc.dg/vmx/sn7153.c -Os compilation failed to produce executable
FAIL: gcc.dg/vmx/varargs-2.c -O0 (test for excess errors)
WARNING: gcc.dg/vmx/varargs-2.c -O0 compilation failed to produce executable
FAIL: gcc.dg/vmx/varargs-2.c -O1 (test for excess errors)
WARNING: gcc.dg/vmx/varargs-2.c -O1 compilation failed to produce executable
FAIL: gcc.dg/vmx/varargs-2.c -O2 (test for excess errors)
WARNING: gcc.dg/vmx/varargs-2.c -O2 compilation failed to produce executable
FAIL: gcc.dg/vmx/varargs-2.c -O3 -fomit-frame-pointer (test for excess errors)
WARNING: gcc.dg/vmx/varargs-2.c -O3 -fomit-frame-pointer compilation failed to produce executable
FAIL: gcc.dg/vmx/varargs-2.c -O3 -g (test for excess errors)
WARNING: gcc.dg/vmx/varargs-2.c -O3 -g compilation failed to produce executable
FAIL: gcc.dg/vmx/varargs-2.c -Os (test for excess errors)
WARNING: gcc.dg/vmx/varargs-2.c -Os compilation failed to produce executable
FAIL: gcc.dg/vmx/varargs-3.c -O0 (test for excess errors)
WARNING: gcc.dg/vmx/varargs-3.c -O0 compilation failed to produce executable
FAIL: gcc.dg/vmx/varargs-3.c -O1 (test for excess errors)
WARNING: gcc.dg/vmx/varargs-3.c -O1 compilation failed to produce executable
FAIL: gcc.dg/vmx/varargs-3.c -O2 (test for excess errors)
WARNING: gcc.dg/vmx/varargs-3.c -O2 compilation failed to produce executable
FAIL: gcc.dg/vmx/varargs-3.c -O3 -fomit-frame-pointer (test for excess errors)
WARNING: gcc.dg/vmx/varargs-3.c -O3 -fomit-frame-pointer compilation failed to produce executable
FAIL: gcc.dg/vmx/varargs-3.c -O3 -g (test for excess errors)
WARNING: gcc.dg/vmx/varargs-3.c -O3 -g compilation failed to produce executable
FAIL: gcc.dg/vmx/varargs-3.c -Os (test for excess errors)
WARNING: gcc.dg/vmx/varargs-3.c -Os compilation failed to produce executable
FAIL: gcc.dg/vmx/varargs-4.c -O0 (test for excess errors)
WARNING: gcc.dg/vmx/varargs-4.c -O0 compilation failed to produce executable
FAIL: gcc.dg/vmx/varargs-4.c -O1 (test for excess errors)
WARNING: gcc.dg/vmx/varargs-4.c -O1 compilation failed to produce executable
FAIL: gcc.dg/vmx/varargs-4.c -O2 (test for excess errors)
WARNING: gcc.dg/vmx/varargs-4.c -O2 compilation failed to produce executable
FAIL: gcc.dg/vmx/varargs-4.c -O3 -fomit-frame-pointer (test for excess errors)
WARNING: gcc.dg/vmx/varargs-4.c -O3 -fomit-frame-pointer compilation failed to produce executable
FAIL: gcc.dg/vmx/varargs-4.c -O3 -fomit-frame-pointer -funroll-loops (test for excess errors)
WARNING: gcc.dg/vmx/varargs-4.c -O3 -fomit-frame-pointer -funroll-loops compilation failed to produce executable
FAIL: gcc.dg/vmx/varargs-4.c -O3 -fomit-frame-pointer -funroll-all-loops -finline-functions (test for excess errors)
WARNING: gcc.dg/vmx/varargs-4.c -O3 -fomit-frame-pointer -funroll-all-loops -finline-functions compilation failed to produce executable
FAIL: gcc.dg/vmx/varargs-4.c -O3 -g (test for excess errors)
WARNING: gcc.dg/vmx/varargs-4.c -O3 -g compilation failed to produce executable
FAIL: gcc.dg/vmx/varargs-4.c -Os (test for excess errors)
WARNING: gcc.dg/vmx/varargs-4.c -Os compilation failed to produce executable
FAIL: gcc.dg/vmx/varargs-5.c -O0 (test for excess errors)
WARNING: gcc.dg/vmx/varargs-5.c -O0 compilation failed to produce executable
FAIL: gcc.dg/vmx/varargs-5.c -O1 (test for excess errors)
WARNING: gcc.dg/vmx/varargs-5.c -O1 compilation failed to produce executable
FAIL: gcc.dg/vmx/varargs-5.c -O2 (test for excess errors)
WARNING: gcc.dg/vmx/varargs-5.c -O2 compilation failed to produce executable
FAIL: gcc.dg/vmx/varargs-5.c -O3 -fomit-frame-pointer (test for excess errors)
WARNING: gcc.dg/vmx/varargs-5.c -O3 -fomit-frame-pointer compilation failed to produce executable
FAIL: gcc.dg/vmx/varargs-5.c -O3 -g (test for excess errors)
WARNING: gcc.dg/vmx/varargs-5.c -O3 -g compilation failed to produce executable
FAIL: gcc.dg/vmx/varargs-5.c -Os (test for excess errors)
WARNING: gcc.dg/vmx/varargs-5.c -Os compilation failed to produce executable
FAIL: gcc.dg/vmx/varargs-6.c -O0 (test for excess errors)
WARNING: gcc.dg/vmx/varargs-6.c -O0 compilation failed to produce executable
FAIL: gcc.dg/vmx/varargs-6.c -O1 (test for excess errors)
WARNING: gcc.dg/vmx/varargs-6.c -O1 compilation failed to produce executable
FAIL: gcc.dg/vmx/varargs-6.c -O2 (test for excess errors)
WARNING: gcc.dg/vmx/varargs-6.c -O2 compilation failed to produce executable
FAIL: gcc.dg/vmx/varargs-6.c -O3 -fomit-frame-pointer (test for excess errors)
WARNING: gcc.dg/vmx/varargs-6.c -O3 -fomit-frame-pointer compilation failed to produce executable
FAIL: gcc.dg/vmx/varargs-6.c -O3 -g (test for excess errors)
WARNING: gcc.dg/vmx/varargs-6.c -O3 -g compilation failed to produce executable
FAIL: gcc.dg/vmx/varargs-6.c -Os (test for excess errors)
WARNING: gcc.dg/vmx/varargs-6.c -Os compilation failed to produce executable
FAIL: gcc.dg/vmx/varargs-7.c -O0 (test for excess errors)
WARNING: gcc.dg/vmx/varargs-7.c -O0 compilation failed to produce executable
FAIL: gcc.dg/vmx/varargs-7.c -O1 (test for excess errors)
WARNING: gcc.dg/vmx/varargs-7.c -O1 compilation failed to produce executable
FAIL: gcc.dg/vmx/varargs-7.c -O2 (test for excess errors)
WARNING: gcc.dg/vmx/varargs-7.c -O2 compilation failed to produce executable
FAIL: gcc.dg/vmx/varargs-7.c -O3 -fomit-frame-pointer (test for excess errors)
WARNING: gcc.dg/vmx/varargs-7.c -O3 -fomit-frame-pointer compilation failed to produce executable
FAIL: gcc.dg/vmx/varargs-7.c -O3 -g (test for excess errors)
WARNING: gcc.dg/vmx/varargs-7.c -O3 -g compilation failed to produce executable
FAIL: gcc.dg/vmx/varargs-7.c -Os (test for excess errors)
WARNING: gcc.dg/vmx/varargs-7.c -Os compilation failed to produce executable
FAIL: gcc.dg/vmx/x-04.c -O0 (internal compiler error)
FAIL: gcc.dg/vmx/x-04.c -O0 (test for excess errors)
WARNING: gcc.dg/vmx/x-04.c -O0 compilation failed to produce executable
FAIL: gcc.dg/vmx/x-04.c -O1 (internal compiler error)
FAIL: gcc.dg/vmx/x-04.c -O1 (test for excess errors)
WARNING: gcc.dg/vmx/x-04.c -O1 compilation failed to produce executable
FAIL: gcc.dg/vmx/x-04.c -O2 (internal compiler error)
FAIL: gcc.dg/vmx/x-04.c -O2 (test for excess errors)
WARNING: gcc.dg/vmx/x-04.c -O2 compilation failed to produce executable
FAIL: gcc.dg/vmx/x-04.c -O3 -fomit-frame-pointer (internal compiler error)
FAIL: gcc.dg/vmx/x-04.c -O3 -fomit-frame-pointer (test for excess errors)
WARNING: gcc.dg/vmx/x-04.c -O3 -fomit-frame-pointer compilation failed to produce executable
FAIL: gcc.dg/vmx/x-04.c -O3 -g (internal compiler error)
FAIL: gcc.dg/vmx/x-04.c -O3 -g (test for excess errors)
WARNING: gcc.dg/vmx/x-04.c -O3 -g compilation failed to produce executable
FAIL: gcc.dg/vmx/x-04.c -Os (internal compiler error)
FAIL: gcc.dg/vmx/x-04.c -Os (test for excess errors)
WARNING: gcc.dg/vmx/x-04.c -Os compilation failed to produce executable
FAIL: gcc.dg/vmx/x-05.c -O0 (internal compiler error)
FAIL: gcc.dg/vmx/x-05.c -O0 (test for excess errors)
WARNING: gcc.dg/vmx/x-05.c -O0 compilation failed to produce executable
FAIL: gcc.dg/vmx/x-05.c -O1 (internal compiler error)
FAIL: gcc.dg/vmx/x-05.c -O1 (test for excess errors)
WARNING: gcc.dg/vmx/x-05.c -O1 compilation failed to produce executable
FAIL: gcc.dg/vmx/x-05.c -O2 (internal compiler error)
FAIL: gcc.dg/vmx/x-05.c -O2 (test for excess errors)
WARNING: gcc.dg/vmx/x-05.c -O2 compilation failed to produce executable
FAIL: gcc.dg/vmx/x-05.c -O3 -fomit-frame-pointer (internal compiler error)
FAIL: gcc.dg/vmx/x-05.c -O3 -fomit-frame-pointer (test for excess errors)
WARNING: gcc.dg/vmx/x-05.c -O3 -fomit-frame-pointer compilation failed to produce executable
FAIL: gcc.dg/vmx/x-05.c -O3 -g (internal compiler error)
FAIL: gcc.dg/vmx/x-05.c -O3 -g (test for excess errors)
WARNING: gcc.dg/vmx/x-05.c -O3 -g compilation failed to produce executable
FAIL: gcc.dg/vmx/x-05.c -Os (internal compiler error)
FAIL: gcc.dg/vmx/x-05.c -Os (test for excess errors)
WARNING: gcc.dg/vmx/x-05.c -Os compilation failed to produce executable
FAIL: gcc.dg/vmx/yousufi-1.c -O0 (internal compiler error)
FAIL: gcc.dg/vmx/yousufi-1.c -O0 (test for excess errors)
WARNING: gcc.dg/vmx/yousufi-1.c -O0 compilation failed to produce executable
FAIL: gcc.dg/vmx/yousufi-1.c -O1 (internal compiler error)
FAIL: gcc.dg/vmx/yousufi-1.c -O1 (test for excess errors)
WARNING: gcc.dg/vmx/yousufi-1.c -O1 compilation failed to produce executable
FAIL: gcc.dg/vmx/yousufi-1.c -O2 (internal compiler error)
FAIL: gcc.dg/vmx/yousufi-1.c -O2 (test for excess errors)
WARNING: gcc.dg/vmx/yousufi-1.c -O2 compilation failed to produce executable
FAIL: gcc.dg/vmx/yousufi-1.c -O3 -fomit-frame-pointer (internal compiler error)
FAIL: gcc.dg/vmx/yousufi-1.c -O3 -fomit-frame-pointer (test for excess errors)
WARNING: gcc.dg/vmx/yousufi-1.c -O3 -fomit-frame-pointer compilation failed to produce executable
FAIL: gcc.dg/vmx/yousufi-1.c -O3 -g (internal compiler error)
FAIL: gcc.dg/vmx/yousufi-1.c -O3 -g (test for excess errors)
WARNING: gcc.dg/vmx/yousufi-1.c -O3 -g compilation failed to produce executable
FAIL: gcc.dg/vmx/yousufi-1.c -Os (internal compiler error)
FAIL: gcc.dg/vmx/yousufi-1.c -Os (test for excess errors)
WARNING: gcc.dg/vmx/yousufi-1.c -Os compilation failed to produce executable
FAIL: gcc.dg/vmx/zero-1.c -O0 (internal compiler error)
FAIL: gcc.dg/vmx/zero-1.c -O0 (test for excess errors)
WARNING: gcc.dg/vmx/zero-1.c -O0 compilation failed to produce executable
FAIL: gcc.dg/vmx/zero-1.c -O1 (internal compiler error)
FAIL: gcc.dg/vmx/zero-1.c -O1 (test for excess errors)
WARNING: gcc.dg/vmx/zero-1.c -O1 compilation failed to produce executable
FAIL: gcc.dg/vmx/zero-1.c -O2 (internal compiler error)
FAIL: gcc.dg/vmx/zero-1.c -O2 (test for excess errors)
WARNING: gcc.dg/vmx/zero-1.c -O2 compilation failed to produce executable
FAIL: gcc.dg/vmx/zero-1.c -O3 -fomit-frame-pointer (internal compiler error)
FAIL: gcc.dg/vmx/zero-1.c -O3 -fomit-frame-pointer (test for excess errors)
WARNING: gcc.dg/vmx/zero-1.c -O3 -fomit-frame-pointer compilation failed to produce executable
FAIL: gcc.dg/vmx/zero-1.c -O3 -g (internal compiler error)
FAIL: gcc.dg/vmx/zero-1.c -O3 -g (test for excess errors)
WARNING: gcc.dg/vmx/zero-1.c -O3 -g compilation failed to produce executable
FAIL: gcc.dg/vmx/zero-1.c -Os (internal compiler error)
FAIL: gcc.dg/vmx/zero-1.c -Os (test for excess errors)
WARNING: gcc.dg/vmx/zero-1.c -Os compilation failed to produce executable
FAIL: gcc.dg/vmx/zero.c -O0 (internal compiler error)
FAIL: gcc.dg/vmx/zero.c -O0 (test for excess errors)
WARNING: gcc.dg/vmx/zero.c -O0 compilation failed to produce executable
FAIL: gcc.dg/vmx/zero.c -O1 (internal compiler error)
FAIL: gcc.dg/vmx/zero.c -O1 (test for excess errors)
WARNING: gcc.dg/vmx/zero.c -O1 compilation failed to produce executable
FAIL: gcc.dg/vmx/zero.c -O2 (internal compiler error)
FAIL: gcc.dg/vmx/zero.c -O2 (test for excess errors)
WARNING: gcc.dg/vmx/zero.c -O2 compilation failed to produce executable
FAIL: gcc.dg/vmx/zero.c -O3 -fomit-frame-pointer (internal compiler error)
FAIL: gcc.dg/vmx/zero.c -O3 -fomit-frame-pointer (test for excess errors)
WARNING: gcc.dg/vmx/zero.c -O3 -fomit-frame-pointer compilation failed to produce executable
FAIL: gcc.dg/vmx/zero.c -O3 -g (internal compiler error)
FAIL: gcc.dg/vmx/zero.c -O3 -g (test for excess errors)
WARNING: gcc.dg/vmx/zero.c -O3 -g compilation failed to produce executable
FAIL: gcc.dg/vmx/zero.c -Os (internal compiler error)
FAIL: gcc.dg/vmx/zero.c -Os (test for excess errors)
WARNING: gcc.dg/vmx/zero.c -Os compilation failed to produce executable
FAIL: gcc.target/powerpc/altivec-1.c (internal compiler error)
FAIL: gcc.target/powerpc/altivec-1.c (test for excess errors)
FAIL: gcc.target/powerpc/altivec-10.c (internal compiler error)
FAIL: gcc.target/powerpc/altivec-10.c (test for excess errors)
FAIL: gcc.target/powerpc/altivec-12.c (internal compiler error)
FAIL: gcc.target/powerpc/altivec-12.c (test for excess errors)
FAIL: gcc.target/powerpc/altivec-13.c (internal compiler error)
FAIL: gcc.target/powerpc/altivec-13.c (test for excess errors)
FAIL: gcc.target/powerpc/altivec-15.c (test for excess errors)
FAIL: gcc.target/powerpc/altivec-18.c (test for excess errors)
ERROR: gcc.target/powerpc/altivec-18.c: error executing dg-final: couldn't open "altivec-18.s": no such file or directory
UNRESOLVED: gcc.target/powerpc/altivec-18.c: error executing dg-final: couldn't open "altivec-18.s": no such file or directory
FAIL: gcc.target/powerpc/altivec-20.c (internal compiler error)
FAIL: gcc.target/powerpc/altivec-20.c (test for excess errors)
FAIL: gcc.target/powerpc/altivec-24.c (test for excess errors)
FAIL: gcc.target/powerpc/altivec-3.c (test for excess errors)
FAIL: gcc.target/powerpc/altivec-6.c (internal compiler error)
FAIL: gcc.target/powerpc/altivec-6.c (test for excess errors)
FAIL: gcc.target/powerpc/altivec-7.c (internal compiler error)
FAIL: gcc.target/powerpc/altivec-7.c (test for excess errors)
FAIL: gcc.target/powerpc/altivec-cell-6.c (test for excess errors)
FAIL: gcc.target/powerpc/altivec-cell-7.c (internal compiler error)
FAIL: gcc.target/powerpc/altivec-cell-7.c (test for excess errors)
ERROR: gcc.target/powerpc/altivec-cell-7.c: error executing dg-final: couldn't open "altivec-cell-7.s": no such file or directory
UNRESOLVED: gcc.target/powerpc/altivec-cell-7.c: error executing dg-final: couldn't open "altivec-cell-7.s": no such file or directory
FAIL: gcc.target/powerpc/altivec-cell-8.c (internal compiler error)
FAIL: gcc.target/powerpc/altivec-cell-8.c (test for excess errors)
FAIL: gcc.target/powerpc/altivec-pr22085.c (test for excess errors)
FAIL: gcc.target/powerpc/altivec-vec-merge.c (test for excess errors)
FAIL: gcc.target/powerpc/ppc64-abi-2.c (internal compiler error)
FAIL: gcc.target/powerpc/ppc64-abi-2.c (test for excess errors)
WARNING: gcc.target/powerpc/ppc64-abi-2.c compilation failed to produce executable
FAIL: gcc.target/powerpc/ppc64-double-1.c scan-assembler-not stfd
FAIL: gcc.target/powerpc/pr16155.c (internal compiler error)
FAIL: gcc.target/powerpc/pr16155.c (test for excess errors)
FAIL: gcc.target/powerpc/pr16286.c (internal compiler error)
FAIL: gcc.target/powerpc/pr16286.c (test for excess errors)
FAIL: gcc.target/powerpc/pr37168.c (internal compiler error)
FAIL: gcc.target/powerpc/pr37168.c (test for excess errors)
=== gcc Summary for unix/-m64 ===
# of expected passes 54295
# of unexpected successes 3
# of unexpected failures 813
# of expected failures 146
# of unresolved testcases 4
# of unsupported tests 618
=== gcc Summary ===
# of expected passes 108755
# of unexpected failures 1622
# of unexpected successes 6
# of expected failures 289
# of unresolved testcases 7
# of unsupported tests 1168
/extra_space/gccbuild/build/nightly/build-gcc-trunk/gcc/xgcc version 4.5.0 20090420 (experimental) [trunk revision 146454] (GCC)
=== gfortran tests ===
Running target unix/-m32
FAIL: gfortran.dg/csqrt_2.f -O0 execution test
FAIL: gfortran.dg/csqrt_2.f -O1 execution test
FAIL: gfortran.dg/csqrt_2.f -O2 execution test
FAIL: gfortran.dg/csqrt_2.f -O3 -fomit-frame-pointer execution test
FAIL: gfortran.dg/csqrt_2.f -O3 -fomit-frame-pointer -funroll-loops execution test
FAIL: gfortran.dg/csqrt_2.f -O3 -fomit-frame-pointer -funroll-all-loops -finline-functions execution test
FAIL: gfortran.dg/csqrt_2.f -O3 -g execution test
FAIL: gfortran.dg/csqrt_2.f -Os execution test
=== gfortran Summary for unix/-m32 ===
# of expected passes 29816
# of unexpected failures 8
# of expected failures 12
# of unsupported tests 256
Running target unix/-m64
FAIL: gfortran.dg/csqrt_2.f -O0 execution test
FAIL: gfortran.dg/csqrt_2.f -O1 execution test
FAIL: gfortran.dg/csqrt_2.f -O2 execution test
FAIL: gfortran.dg/csqrt_2.f -O3 -fomit-frame-pointer execution test
FAIL: gfortran.dg/csqrt_2.f -O3 -fomit-frame-pointer -funroll-loops execution test
FAIL: gfortran.dg/csqrt_2.f -O3 -fomit-frame-pointer -funroll-all-loops -finline-functions execution test
FAIL: gfortran.dg/csqrt_2.f -O3 -g execution test
FAIL: gfortran.dg/csqrt_2.f -Os execution test
=== gfortran Summary for unix/-m64 ===
# of expected passes 29965
# of unexpected failures 8
# of expected failures 12
# of unsupported tests 183
=== gfortran Summary ===
# of expected passes 59781
# of unexpected failures 16
# of expected failures 24
# of unsupported tests 439
/extra_space/gccbuild/build/nightly/build-gcc-trunk/gcc/testsuite/gfortran/../../gfortran version 4.5.0 20090420 (experimental) [trunk revision 146454] (GCC)
=== libgomp tests ===
Running target unix/-m32
=== libgomp Summary for unix/-m32 ===
# of expected passes 2408
Running target unix/-m64
=== libgomp Summary for unix/-m64 ===
# of expected passes 2408
=== libgomp Summary ===
# of expected passes 4816
=== libmudflap tests ===
Running target unix/-m32
FAIL: libmudflap.c++/pass41-frag.cxx execution test
FAIL: libmudflap.c++/pass41-frag.cxx (-static) execution test
FAIL: libmudflap.c++/pass41-frag.cxx (-O2) execution test
FAIL: libmudflap.c++/pass41-frag.cxx (-O3) execution test
WARNING: program timed out.
FAIL: libmudflap.cth/pass39-frag.c (-O3) (rerun 11) execution test
FAIL: libmudflap.cth/pass39-frag.c (-O3) (rerun 11) output pattern test
=== libmudflap Summary for unix/-m32 ===
# of expected passes 1888
# of unexpected failures 6
Running target unix/-m64
FAIL: libmudflap.c++/pass41-frag.cxx execution test
FAIL: libmudflap.c++/pass41-frag.cxx (-static) execution test
FAIL: libmudflap.c++/pass41-frag.cxx (-O2) execution test
FAIL: libmudflap.c++/pass41-frag.cxx (-O3) execution test
WARNING: program timed out.
FAIL: libmudflap.cth/pass37-frag.c (rerun 4) execution test
FAIL: libmudflap.cth/pass37-frag.c (rerun 4) output pattern test
WARNING: program timed out.
FAIL: libmudflap.cth/pass37-frag.c (rerun 8) execution test
FAIL: libmudflap.cth/pass37-frag.c (rerun 8) output pattern test
WARNING: program timed out.
FAIL: libmudflap.cth/pass37-frag.c (rerun 10) execution test
FAIL: libmudflap.cth/pass37-frag.c (rerun 10) output pattern test
WARNING: program timed out.
FAIL: libmudflap.cth/pass37-frag.c (rerun 16) execution test
FAIL: libmudflap.cth/pass37-frag.c (rerun 16) output pattern test
WARNING: program timed out.
FAIL: libmudflap.cth/pass37-frag.c (rerun 19) execution test
FAIL: libmudflap.cth/pass37-frag.c (rerun 19) output pattern test
WARNING: program timed out.
FAIL: libmudflap.cth/pass39-frag.c (rerun 11) execution test
FAIL: libmudflap.cth/pass39-frag.c (rerun 11) output pattern test
WARNING: program timed out.
FAIL: libmudflap.cth/pass39-frag.c (rerun 14) execution test
FAIL: libmudflap.cth/pass39-frag.c (rerun 14) output pattern test
WARNING: program timed out.
FAIL: libmudflap.cth/pass39-frag.c (-static -DSTATIC) (rerun 4) execution test
FAIL: libmudflap.cth/pass39-frag.c (-static -DSTATIC) (rerun 4) output pattern test
WARNING: program timed out.
FAIL: libmudflap.cth/pass39-frag.c (-static -DSTATIC) (rerun 5) execution test
FAIL: libmudflap.cth/pass39-frag.c (-static -DSTATIC) (rerun 5) output pattern test
=== libmudflap Summary for unix/-m64 ===
# of expected passes 1872
# of unexpected failures 22
=== libmudflap Summary ===
# of expected passes 3760
# of unexpected failures 28
=== libstdc++ tests ===
Running target unix/-m32
FAIL: abi_check
XPASS: 26_numerics/headers/cmath/c99_classification_macros_c.cc (test for excess errors)
=== libstdc++ Summary for unix/-m32 ===
# of expected passes 6718
# of unexpected successes 1
# of unexpected failures 1
# of expected failures 82
# of unsupported tests 15
Running target unix/-m64
FAIL: abi_check
XPASS: 26_numerics/complex/13450.cc execution test
XPASS: 26_numerics/complex/complex_value.cc execution test
XPASS: 26_numerics/complex/pow.cc execution test
XPASS: 26_numerics/headers/cmath/c99_classification_macros_c.cc (test for excess errors)
=== libstdc++ Summary for unix/-m64 ===
# of expected passes 6715
# of unexpected successes 4
# of unexpected failures 1
# of expected failures 82
# of unsupported tests 15
=== libstdc++ Summary ===
# of expected passes 13433
# of unexpected failures 2
# of unexpected successes 5
# of expected failures 164
# of unsupported tests 30
Compiler version: 4.5.0 20090420 (experimental) [trunk revision 146454] (GCC)
Platform: powerpc64-unknown-linux-gnu
configure flags: --prefix=/opt/gcc-nightly/trunk-20090420 --build=powerpc64-linux --host=powerpc64-linux --target=powerpc64-linux --with-cpu=default32 --with-as=/opt/gcc-nightly/binutils-20080904/bin/as --with-ld=/opt/gcc-nightly/binutils-20080904/bin/ld --enable-threads=posix --enable-shared --enable-__cxa_atexit --enable-languages=c,c++,fortran --enable-checking --disable-alsa --with-gmp=/opt/gcc-nightly/gmp-mpfr-static --with-mpfr=/opt/gcc-nightly/gmp-mpfr-static --enable-decimal-float
=== Test Framework Summary ===
# of expected passes 2531