This is the mail archive of the
gcc-testresults@gcc.gnu.org
mailing list for the GCC project.
Results for 4.4.0 20090414 (prerelease) [gcc-4_4-branch revision 146031] (SUSE Linux) testsuite on powerpc64-suse-linux-gnu
- From: rguenther at suse dot de (Richard Guenther)
- To: gcc-testresults at gcc dot gnu dot org
- Date: Tue, 14 Apr 2009 17:44:15 +0200
- Subject: Results for 4.4.0 20090414 (prerelease) [gcc-4_4-branch revision 146031] (SUSE Linux) testsuite on powerpc64-suse-linux-gnu
LAST_UPDATED: Tue Apr 14 11:37:10 UTC 2009 (revision 146031)
Native configuration is powerpc64-suse-linux-gnu
=== g++ tests ===
Running target unix
FAIL: g++.dg/ext/altivec-15.C (test for errors, line 11)
FAIL: g++.dg/ext/altivec-15.C (test for errors, line 12)
=== g++ Summary ===
# of expected passes 19190
# of unexpected failures 2
# of expected failures 142
# of unsupported tests 132
/usr/src/packages/BUILD/gcc-4.4.0-20090414/obj-powerpc64-suse-linux/gcc/testsuite/g++/../../g++ version 4.4.0 20090414 (prerelease) [gcc-4_4-branch revision 146031] (SUSE Linux)
=== gcc tests ===
Running target unix
FAIL: gcc.target/powerpc/ppc64-double-1.c scan-assembler-not stfd
=== gcc Summary ===
# of expected passes 52588
# of unexpected failures 1
# of expected failures 206
# of unsupported tests 548
/usr/src/packages/BUILD/gcc-4.4.0-20090414/obj-powerpc64-suse-linux/gcc/xgcc version 4.4.0 20090414 (prerelease) [gcc-4_4-branch revision 146031] (SUSE Linux)
=== gfortran tests ===
Running target unix
=== gfortran Summary ===
# of expected passes 28717
# of expected failures 39
# of unsupported tests 119
/usr/src/packages/BUILD/gcc-4.4.0-20090414/obj-powerpc64-suse-linux/gcc/testsuite/gfortran/../../gfortran version 4.4.0 20090414 (prerelease) [gcc-4_4-branch revision 146031] (SUSE Linux)
=== objc tests ===
Running target unix
FAIL: objc.dg/try-catch-5.m (test for excess errors)
=== objc Summary ===
# of expected passes 1863
# of unexpected failures 1
# of expected failures 15
# of unsupported tests 24
/usr/src/packages/BUILD/gcc-4.4.0-20090414/obj-powerpc64-suse-linux/gcc/xgcc version 4.4.0 20090414 (prerelease) [gcc-4_4-branch revision 146031] (SUSE Linux)
=== libffi tests ===
Running target unix
=== libffi Summary ===
# of expected passes 1389
# of unsupported tests 10
=== libgomp tests ===
Running target unix
=== libgomp Summary ===
# of expected passes 2406
=== libjava tests ===
Running target unix
=== libjava Summary ===
# of expected passes 2574
=== libstdc++ tests ===
Running target unix
FAIL: abi_check
=== libstdc++ Summary ===
# of unexpected failures 1
=== libstdc++ tests ===
Running target unix
FAIL: abi_check
FAIL: 22_locale/codecvt/unshift/char/1.cc execution test
FAIL: 22_locale/codecvt/unshift/char/wrapped_env.cc execution test
FAIL: 22_locale/codecvt/unshift/char/wrapped_locale.cc execution test
=== libstdc++ Summary ===
# of expected passes 6474
# of unexpected failures 4
# of expected failures 81
# of unsupported tests 15
Compiler version: 4.4.0 20090414 (prerelease) [gcc-4_4-branch revision 146031] (SUSE Linux)
Platform: powerpc64-suse-linux-gnu
configure flags: --prefix=/usr --infodir=/usr/share/info --mandir=/usr/share/man --libdir=/usr/lib --libexecdir=/usr/lib --enable-languages=c,c++,objc,fortran,java --enable-checking=release --with-gxx-include-dir=/usr/include/c++/4.4 --enable-ssp --disable-libssp --with-bugurl=http://bugs.opensuse.org/ --with-pkgversion='SUSE Linux' --with-java-home=/usr/lib/jvm/java-1.5.0-gcj-4.4-1.5.0.0/jre --with-ecj-jar=/usr/lib/gcc/powerpc64-suse-linux/4.4/ecj.jar --enable-java-awt=gtk --enable-gtk-cairo --disable-libjava-multilib --disable-libmudflap --with-slibdir=/lib --with-system-zlib --enable-__cxa_atexit --enable-libstdcxx-allocator=new --disable-libstdcxx-pch --enable-version-specific-runtime-libs --program-suffix=-4.4 --enable-linux-futex --without-system-libunwind --with-cpu=default32 --enable-secureplt --with-long-double-128 --build=powerpc64-suse-linux