This is the mail archive of the
gcc-testresults@gcc.gnu.org
mailing list for the GCC project.
Results for 4.4.0 20090414 (prerelease) [gcc-4_4-branch revision 146031] (SUSE Linux) testsuite on s390-ibm-linux-gnu
- From: rguenther at suse dot de (Richard Guenther)
- To: gcc-testresults at gcc dot gnu dot org
- Date: Tue, 14 Apr 2009 17:44:15 +0200
- Subject: Results for 4.4.0 20090414 (prerelease) [gcc-4_4-branch revision 146031] (SUSE Linux) testsuite on s390-ibm-linux-gnu
LAST_UPDATED: Tue Apr 14 11:37:10 UTC 2009 (revision 146031)
Native configuration is s390-ibm-linux-gnu
=== g++ tests ===
Running target unix
=== g++ Summary ===
# of expected passes 19059
# of expected failures 142
# of unsupported tests 156
/usr/src/packages/BUILD/gcc-4.4.0-20090414/obj-s390-suse-linux/gcc/testsuite/g++/../../g++ version 4.4.0 20090414 (prerelease) [gcc-4_4-branch revision 146031] (SUSE Linux)
=== gcc tests ===
Running target unix
FAIL: gcc.dg/uninit-13.c unconditional (test for warnings, line 8)
FAIL: gcc.dg/uninit-13.c (test for excess errors)
FAIL: gcc.dg/tree-prof/bb-reorg.c compilation, -fprofile-use -D_PROFILE_USE
UNRESOLVED: gcc.dg/tree-prof/bb-reorg.c execution, -fprofile-use -D_PROFILE_USE
FAIL: gcc.dg/tree-prof/pr34999.c compilation, -fprofile-use -D_PROFILE_USE
UNRESOLVED: gcc.dg/tree-prof/pr34999.c execution, -fprofile-use -D_PROFILE_USE
XPASS: gcc.dg/tree-ssa/20040204-1.c scan-tree-dump-times optimized "link_error" 0
FAIL: gcc.dg/tree-ssa/vrp47.c scan-tree-dump-times vrp1 "[xy][^ ]* !=" 0
FAIL: gcc.dg/tree-ssa/vrp47.c scan-tree-dump-times dom1 "x[^ ]* & y" 1
FAIL: gcc.dg/tree-ssa/vrp47.c scan-tree-dump-times vrp1 "x[^ ]* [|] y" 1
=== gcc Summary ===
# of expected passes 49456
# of unexpected failures 7
# of unexpected successes 1
# of expected failures 129
# of unresolved testcases 2
# of unsupported tests 499
/usr/src/packages/BUILD/gcc-4.4.0-20090414/obj-s390-suse-linux/gcc/xgcc version 4.4.0 20090414 (prerelease) [gcc-4_4-branch revision 146031] (SUSE Linux)
=== gfortran tests ===
Running target unix
=== gfortran Summary ===
# of expected passes 28709
# of expected failures 14
# of unsupported tests 118
/usr/src/packages/BUILD/gcc-4.4.0-20090414/obj-s390-suse-linux/gcc/testsuite/gfortran/../../gfortran version 4.4.0 20090414 (prerelease) [gcc-4_4-branch revision 146031] (SUSE Linux)
=== objc tests ===
Running target unix
FAIL: objc/execute/forward-1.m execution, -O0 -fgnu-runtime
FAIL: objc/execute/forward-1.m execution, -O1 -fgnu-runtime
FAIL: objc/execute/forward-1.m execution, -O2 -fgnu-runtime
FAIL: objc/execute/forward-1.m execution, -O3 -fomit-frame-pointer -fgnu-runtime
FAIL: objc/execute/forward-1.m execution, -O3 -fomit-frame-pointer -funroll-loops -fgnu-runtime
FAIL: objc/execute/forward-1.m execution, -O3 -fomit-frame-pointer -funroll-all-loops -finline-functions -fgnu-runtime
FAIL: objc/execute/forward-1.m execution, -O3 -g -fgnu-runtime
FAIL: objc/execute/forward-1.m execution, -Os -fgnu-runtime
FAIL: objc.dg/try-catch-5.m (test for excess errors)
=== objc Summary ===
# of expected passes 1863
# of unexpected failures 9
# of expected failures 7
# of unsupported tests 24
/usr/src/packages/BUILD/gcc-4.4.0-20090414/obj-s390-suse-linux/gcc/xgcc version 4.4.0 20090414 (prerelease) [gcc-4_4-branch revision 146031] (SUSE Linux)
=== libffi tests ===
Running target unix
=== libffi Summary ===
# of expected passes 1389
# of unsupported tests 10
=== libgomp tests ===
Running target unix
=== libgomp Summary ===
# of expected passes 2406
=== libjava tests ===
Running target unix
=== libjava Summary ===
# of expected passes 2574
=== libstdc++ tests ===
Running target unix
=== libstdc++ Summary ===
# of expected passes 1
=== libstdc++ tests ===
Running target unix
FAIL: 22_locale/codecvt/unshift/char/1.cc execution test
FAIL: 22_locale/codecvt/unshift/char/wrapped_env.cc execution test
FAIL: 22_locale/codecvt/unshift/char/wrapped_locale.cc execution test
=== libstdc++ Summary ===
# of expected passes 6475
# of unexpected failures 3
# of expected failures 81
# of unsupported tests 15
Compiler version: 4.4.0 20090414 (prerelease) [gcc-4_4-branch revision 146031] (SUSE Linux)
Platform: s390-ibm-linux-gnu
configure flags: --prefix=/usr --infodir=/usr/share/info --mandir=/usr/share/man --libdir=/usr/lib --libexecdir=/usr/lib --enable-languages=c,c++,objc,fortran,java --enable-checking=release --with-gxx-include-dir=/usr/include/c++/4.4 --enable-ssp --disable-libssp --with-bugurl=http://bugs.opensuse.org/ --with-pkgversion='SUSE Linux' --with-java-home=/usr/lib/jvm/java-1.5.0-gcj-4.4-1.5.0.0/jre --with-ecj-jar=/usr/lib/gcc/s390-suse-linux/4.4/ecj.jar --enable-java-awt=gtk --enable-gtk-cairo --disable-libjava-multilib --disable-libmudflap --with-slibdir=/lib --with-system-zlib --enable-__cxa_atexit --enable-libstdcxx-allocator=new --disable-libstdcxx-pch --enable-version-specific-runtime-libs --program-suffix=-4.4 --enable-linux-futex --without-system-libunwind --with-tune=z9-109 --with-arch=z900 --with-long-double-128 --build=s390-suse-linux