This is the mail archive of the
gcc-testresults@gcc.gnu.org
mailing list for the GCC project.
Results for 4.5.0 20090409 (experimental) [trunk revision 145867] (GCC) testsuite on x86_64-unknown-linux-gnu
- From: ghazi at gcc14 dot fsffrance dot org
- To: gcc-testresults at gcc dot gnu dot org
- Date: Fri, 10 Apr 2009 16:20:33 +0200
- Subject: Results for 4.5.0 20090409 (experimental) [trunk revision 145867] (GCC) testsuite on x86_64-unknown-linux-gnu
LAST_UPDATED: Fri Apr 10 00:05:05 UTC 2009 (revision 145867)
Native configuration is x86_64-unknown-linux-gnu
=== g++ tests ===
Running target unix/-m32/-fPIC
FAIL: g++.dg/tree-ssa/pr31146-2.C scan-tree-dump forwprop1 "Replaced .* != 0B. with .1"
=== g++ Summary for unix/-m32/-fPIC ===
# of expected passes 19747
# of unexpected failures 1
# of expected failures 142
# of unsupported tests 104
Running target unix/-m32/-fpic
FAIL: g++.dg/tree-ssa/pr31146-2.C scan-tree-dump forwprop1 "Replaced .* != 0B. with .1"
=== g++ Summary for unix/-m32/-fpic ===
# of expected passes 19747
# of unexpected failures 1
# of expected failures 142
# of unsupported tests 104
Running target unix/-m32
FAIL: g++.dg/tree-ssa/pr31146-2.C scan-tree-dump forwprop1 "Replaced .* != 0B. with .1"
=== g++ Summary for unix/-m32 ===
# of expected passes 19751
# of unexpected failures 1
# of expected failures 142
# of unsupported tests 101
Running target unix/-fPIC
FAIL: g++.dg/tree-ssa/pr31146-2.C scan-tree-dump forwprop1 "Replaced .* != 0B. with .1"
=== g++ Summary for unix/-fPIC ===
# of expected passes 19432
# of unexpected failures 1
# of expected failures 142
# of unsupported tests 252
Running target unix/-fpic
FAIL: g++.dg/tree-ssa/pr31146-2.C scan-tree-dump forwprop1 "Replaced .* != 0B. with .1"
=== g++ Summary for unix/-fpic ===
# of expected passes 19432
# of unexpected failures 1
# of expected failures 142
# of unsupported tests 252
Running target unix
FAIL: g++.dg/tree-ssa/pr31146-2.C scan-tree-dump forwprop1 "Replaced .* != 0B. with .1"
=== g++ Summary for unix ===
# of expected passes 19434
# of unexpected failures 1
# of expected failures 142
# of unsupported tests 251
=== g++ Summary ===
# of expected passes 117543
# of unexpected failures 6
# of expected failures 852
# of unsupported tests 1064
/home/ghazi/gcc-testing/45/build/gcc/testsuite/g++/../../g++ version 4.5.0 20090409 (experimental) [trunk revision 145867] (GCC)
=== gcc tests ===
Running target unix/-m32/-fPIC
XPASS: gcc.dg/Warray-bounds.c (test for warnings, line 59)
XPASS: gcc.dg/Warray-bounds.c (test for warnings, line 65)
FAIL: gcc.dg/c99-stdint-1.c (test for excess errors)
FAIL: gcc.dg/pr36901-1.c (test for excess errors)
FAIL: gcc.dg/pr36901-2.c (test for excess errors)
FAIL: gcc.dg/pr36901-3.c (test for excess errors)
FAIL: gcc.dg/pr36901-4.c (test for excess errors)
XPASS: gcc.dg/struct/wo_prof_array_through_pointer.c scan-ipa-dump ipa_struct_reorg "Number of structures to transform is 1"
FAIL: gcc.dg/tree-ssa/20030807-2.c scan-tree-dump-times dom2 "if " 0
FAIL: gcc.dg/tree-ssa/forwprop-4.c scan-tree-dump-not forwprop1 "link_error"
=== gcc Summary for unix/-m32/-fPIC ===
# of expected passes 56247
# of unexpected failures 7
# of unexpected successes 3
# of expected failures 146
# of unsupported tests 1037
Running target unix/-m32/-fpic
XPASS: gcc.dg/Warray-bounds.c (test for warnings, line 59)
XPASS: gcc.dg/Warray-bounds.c (test for warnings, line 65)
FAIL: gcc.dg/c99-stdint-1.c (test for excess errors)
FAIL: gcc.dg/pr36901-1.c (test for excess errors)
FAIL: gcc.dg/pr36901-2.c (test for excess errors)
FAIL: gcc.dg/pr36901-3.c (test for excess errors)
FAIL: gcc.dg/pr36901-4.c (test for excess errors)
XPASS: gcc.dg/struct/wo_prof_array_through_pointer.c scan-ipa-dump ipa_struct_reorg "Number of structures to transform is 1"
FAIL: gcc.dg/tree-ssa/20030807-2.c scan-tree-dump-times dom2 "if " 0
FAIL: gcc.dg/tree-ssa/forwprop-4.c scan-tree-dump-not forwprop1 "link_error"
FAIL: compiler driver -v --help option(s) (assembler options)
FAIL: compiler driver -v --help option(s) (linker options)
FAIL: compiler driver -v --help option(s) (assembler options)
FAIL: compiler driver --help=optimizers option(s) (assembler options)
FAIL: compiler driver --help=params option(s) (assembler options)
FAIL: compiler driver --help=C option(s) (assembler options)
FAIL: compiler driver --help=C++ option(s) (assembler options)
FAIL: compiler driver --help=common option(s) (assembler options)
FAIL: compiler driver --help=undocumented option(s) (linker options)
FAIL: compiler driver --help=^undocumented option(s) (compiler options)
FAIL: compiler driver --help=target,undocumented option(s) (linker options)
FAIL: compiler driver --help=target,optimizers option(s) (linker options)
FAIL: compiler driver --help=warnings,^joined,^undocumented option(s) (linker options)
FAIL: compiler driver -Q -O2 --help=optimizers option(s) (compiler options)
FAIL: compiler driver -Q -O3 --help=optimizers option(s) (compiler options)
FAIL: compiler driver --help=params --help=optimizers option(s) (compiler options)
FAIL: compiler driver --help=joined option(s) (assembler options)
FAIL: compiler driver --help=separate option(s) (assembler options)
FAIL: compiler driver --help=warnings,joined option(s) (assembler options)
FAIL: compiler driver --help=warnings,^joined option(s) (assembler options)
FAIL: compiler driver --help=joined,separate option(s) (linker options)
FAIL: compiler driver --help=^joined,separate option(s) (linker options)
FAIL: compiler driver --help=joined,^separate option(s) (linker options)
FAIL: compiler driver --help=joined,undocumented option(s) (linker options)
FAIL: compiler driver --help=^joined,^separate option(s) (linker options)
=== gcc Summary for unix/-m32/-fpic ===
# of expected passes 56211
# of unexpected failures 32
# of unexpected successes 3
# of expected failures 144
# of unsupported tests 1037
Running target unix/-m32
XPASS: gcc.dg/Warray-bounds.c (test for warnings, line 59)
XPASS: gcc.dg/Warray-bounds.c (test for warnings, line 65)
FAIL: gcc.dg/c99-stdint-1.c (test for excess errors)
FAIL: gcc.dg/pr36901-1.c (test for excess errors)
FAIL: gcc.dg/pr36901-2.c (test for excess errors)
FAIL: gcc.dg/pr36901-3.c (test for excess errors)
FAIL: gcc.dg/pr36901-4.c (test for excess errors)
XPASS: gcc.dg/struct/wo_prof_array_through_pointer.c scan-ipa-dump ipa_struct_reorg "Number of structures to transform is 1"
FAIL: gcc.dg/tree-ssa/20030807-2.c scan-tree-dump-times dom2 "if " 0
FAIL: gcc.dg/tree-ssa/forwprop-4.c scan-tree-dump-not forwprop1 "link_error"
FAIL: compiler driver -v --help option(s) (assembler options)
FAIL: compiler driver -v --help option(s) (linker options)
FAIL: compiler driver -v --help option(s) (assembler options)
FAIL: compiler driver --help=optimizers option(s) (assembler options)
FAIL: compiler driver --help=params option(s) (assembler options)
FAIL: compiler driver --help=C option(s) (assembler options)
FAIL: compiler driver --help=C++ option(s) (assembler options)
FAIL: compiler driver --help=common option(s) (assembler options)
FAIL: compiler driver --help=undocumented option(s) (linker options)
FAIL: compiler driver --help=^undocumented option(s) (compiler options)
FAIL: compiler driver --help=target,undocumented option(s) (linker options)
FAIL: compiler driver --help=target,optimizers option(s) (linker options)
FAIL: compiler driver --help=warnings,^joined,^undocumented option(s) (linker options)
FAIL: compiler driver -Q -O2 --help=optimizers option(s) (compiler options)
FAIL: compiler driver -Q -O3 --help=optimizers option(s) (compiler options)
FAIL: compiler driver --help=params --help=optimizers option(s) (compiler options)
FAIL: compiler driver --help=joined option(s) (assembler options)
FAIL: compiler driver --help=separate option(s) (assembler options)
FAIL: compiler driver --help=warnings,joined option(s) (assembler options)
FAIL: compiler driver --help=warnings,^joined option(s) (assembler options)
FAIL: compiler driver --help=joined,separate option(s) (linker options)
FAIL: compiler driver --help=^joined,separate option(s) (linker options)
FAIL: compiler driver --help=joined,^separate option(s) (linker options)
FAIL: compiler driver --help=joined,undocumented option(s) (linker options)
FAIL: compiler driver --help=^joined,^separate option(s) (linker options)
=== gcc Summary for unix/-m32 ===
# of expected passes 56348
# of unexpected failures 32
# of unexpected successes 3
# of expected failures 144
# of unsupported tests 989
Running target unix/-fPIC
XPASS: gcc.dg/Warray-bounds.c (test for warnings, line 59)
XPASS: gcc.dg/Warray-bounds.c (test for warnings, line 65)
FAIL: gcc.dg/c99-stdint-1.c (test for excess errors)
FAIL: gcc.dg/pr36901-1.c (test for excess errors)
FAIL: gcc.dg/pr36901-2.c (test for excess errors)
FAIL: gcc.dg/pr36901-3.c (test for excess errors)
FAIL: gcc.dg/pr36901-4.c (test for excess errors)
XPASS: gcc.dg/struct/wo_prof_array_through_pointer.c scan-ipa-dump ipa_struct_reorg "Number of structures to transform is 1"
FAIL: gcc.dg/tree-prof/bb-reorg.c compilation, -fprofile-use -D_PROFILE_USE
UNRESOLVED: gcc.dg/tree-prof/bb-reorg.c execution, -fprofile-use -D_PROFILE_USE
FAIL: gcc.dg/tree-prof/pr34999.c compilation, -fprofile-use -D_PROFILE_USE
UNRESOLVED: gcc.dg/tree-prof/pr34999.c execution, -fprofile-use -D_PROFILE_USE
FAIL: gcc.dg/tree-ssa/20030807-2.c scan-tree-dump-times dom2 "if " 0
FAIL: gcc.dg/tree-ssa/forwprop-4.c scan-tree-dump-not forwprop1 "link_error"
FAIL: compiler driver -v --help option(s) (assembler options)
FAIL: compiler driver -v --help option(s) (linker options)
FAIL: compiler driver -v --help option(s) (assembler options)
FAIL: compiler driver --help=optimizers option(s) (assembler options)
FAIL: compiler driver --help=params option(s) (assembler options)
FAIL: compiler driver --help=C option(s) (assembler options)
FAIL: compiler driver --help=C++ option(s) (assembler options)
FAIL: compiler driver --help=common option(s) (assembler options)
FAIL: compiler driver --help=undocumented option(s) (linker options)
FAIL: compiler driver --help=^undocumented option(s) (compiler options)
FAIL: compiler driver --help=target,undocumented option(s) (linker options)
FAIL: compiler driver --help=target,optimizers option(s) (linker options)
FAIL: compiler driver --help=warnings,^joined,^undocumented option(s) (linker options)
FAIL: compiler driver -Q -O2 --help=optimizers option(s) (compiler options)
FAIL: compiler driver -Q -O3 --help=optimizers option(s) (compiler options)
FAIL: compiler driver --help=params --help=optimizers option(s) (compiler options)
FAIL: compiler driver --help=joined option(s) (assembler options)
FAIL: compiler driver --help=separate option(s) (assembler options)
FAIL: compiler driver --help=warnings,joined option(s) (assembler options)
FAIL: compiler driver --help=warnings,^joined option(s) (assembler options)
FAIL: compiler driver --help=joined,separate option(s) (linker options)
FAIL: compiler driver --help=^joined,separate option(s) (linker options)
FAIL: compiler driver --help=joined,^separate option(s) (linker options)
FAIL: compiler driver --help=joined,undocumented option(s) (linker options)
FAIL: compiler driver --help=^joined,^separate option(s) (linker options)
=== gcc Summary for unix/-fPIC ===
# of expected passes 55805
# of unexpected failures 34
# of unexpected successes 3
# of expected failures 143
# of unresolved testcases 2
# of unsupported tests 1322
Running target unix/-fpic
XPASS: gcc.dg/Warray-bounds.c (test for warnings, line 59)
XPASS: gcc.dg/Warray-bounds.c (test for warnings, line 65)
FAIL: gcc.dg/c99-stdint-1.c (test for excess errors)
FAIL: gcc.dg/pr36901-1.c (test for excess errors)
FAIL: gcc.dg/pr36901-2.c (test for excess errors)
FAIL: gcc.dg/pr36901-3.c (test for excess errors)
FAIL: gcc.dg/pr36901-4.c (test for excess errors)
XPASS: gcc.dg/struct/wo_prof_array_through_pointer.c scan-ipa-dump ipa_struct_reorg "Number of structures to transform is 1"
FAIL: gcc.dg/tree-prof/bb-reorg.c compilation, -fprofile-use -D_PROFILE_USE
UNRESOLVED: gcc.dg/tree-prof/bb-reorg.c execution, -fprofile-use -D_PROFILE_USE
FAIL: gcc.dg/tree-prof/pr34999.c compilation, -fprofile-use -D_PROFILE_USE
UNRESOLVED: gcc.dg/tree-prof/pr34999.c execution, -fprofile-use -D_PROFILE_USE
FAIL: gcc.dg/tree-ssa/20030807-2.c scan-tree-dump-times dom2 "if " 0
FAIL: gcc.dg/tree-ssa/forwprop-4.c scan-tree-dump-not forwprop1 "link_error"
FAIL: compiler driver -v --help option(s) (assembler options)
FAIL: compiler driver -v --help option(s) (linker options)
FAIL: compiler driver -v --help option(s) (assembler options)
FAIL: compiler driver --help=optimizers option(s) (assembler options)
FAIL: compiler driver --help=params option(s) (assembler options)
FAIL: compiler driver --help=C option(s) (assembler options)
FAIL: compiler driver --help=C++ option(s) (assembler options)
FAIL: compiler driver --help=common option(s) (assembler options)
FAIL: compiler driver --help=undocumented option(s) (linker options)
FAIL: compiler driver --help=^undocumented option(s) (compiler options)
FAIL: compiler driver --help=target,undocumented option(s) (linker options)
FAIL: compiler driver --help=target,optimizers option(s) (linker options)
FAIL: compiler driver --help=warnings,^joined,^undocumented option(s) (linker options)
FAIL: compiler driver -Q -O2 --help=optimizers option(s) (compiler options)
FAIL: compiler driver -Q -O3 --help=optimizers option(s) (compiler options)
FAIL: compiler driver --help=params --help=optimizers option(s) (compiler options)
FAIL: compiler driver --help=joined option(s) (assembler options)
FAIL: compiler driver --help=separate option(s) (assembler options)
FAIL: compiler driver --help=warnings,joined option(s) (assembler options)
FAIL: compiler driver --help=warnings,^joined option(s) (assembler options)
FAIL: compiler driver --help=joined,separate option(s) (linker options)
FAIL: compiler driver --help=^joined,separate option(s) (linker options)
FAIL: compiler driver --help=joined,^separate option(s) (linker options)
FAIL: compiler driver --help=joined,undocumented option(s) (linker options)
FAIL: compiler driver --help=^joined,^separate option(s) (linker options)
=== gcc Summary for unix/-fpic ===
# of expected passes 55805
# of unexpected failures 34
# of unexpected successes 3
# of expected failures 143
# of unresolved testcases 2
# of unsupported tests 1322
Running target unix
XPASS: gcc.dg/Warray-bounds.c (test for warnings, line 59)
XPASS: gcc.dg/Warray-bounds.c (test for warnings, line 65)
FAIL: gcc.dg/c99-stdint-1.c (test for excess errors)
FAIL: gcc.dg/pr36901-1.c (test for excess errors)
FAIL: gcc.dg/pr36901-2.c (test for excess errors)
FAIL: gcc.dg/pr36901-3.c (test for excess errors)
FAIL: gcc.dg/pr36901-4.c (test for excess errors)
XPASS: gcc.dg/struct/wo_prof_array_through_pointer.c scan-ipa-dump ipa_struct_reorg "Number of structures to transform is 1"
FAIL: gcc.dg/tree-prof/bb-reorg.c compilation, -fprofile-use -D_PROFILE_USE
UNRESOLVED: gcc.dg/tree-prof/bb-reorg.c execution, -fprofile-use -D_PROFILE_USE
FAIL: gcc.dg/tree-prof/pr34999.c compilation, -fprofile-use -D_PROFILE_USE
UNRESOLVED: gcc.dg/tree-prof/pr34999.c execution, -fprofile-use -D_PROFILE_USE
FAIL: gcc.dg/tree-ssa/20030807-2.c scan-tree-dump-times dom2 "if " 0
FAIL: gcc.dg/tree-ssa/forwprop-4.c scan-tree-dump-not forwprop1 "link_error"
FAIL: compiler driver -v --help option(s) (assembler options)
FAIL: compiler driver -v --help option(s) (linker options)
FAIL: compiler driver -v --help option(s) (assembler options)
FAIL: compiler driver --help=optimizers option(s) (assembler options)
FAIL: compiler driver --help=params option(s) (assembler options)
FAIL: compiler driver --help=C option(s) (assembler options)
FAIL: compiler driver --help=C++ option(s) (assembler options)
FAIL: compiler driver --help=common option(s) (assembler options)
FAIL: compiler driver --help=undocumented option(s) (linker options)
FAIL: compiler driver --help=^undocumented option(s) (compiler options)
FAIL: compiler driver --help=target,undocumented option(s) (linker options)
FAIL: compiler driver --help=target,optimizers option(s) (linker options)
FAIL: compiler driver --help=warnings,^joined,^undocumented option(s) (linker options)
FAIL: compiler driver -Q -O2 --help=optimizers option(s) (compiler options)
FAIL: compiler driver -Q -O3 --help=optimizers option(s) (compiler options)
FAIL: compiler driver --help=params --help=optimizers option(s) (compiler options)
FAIL: compiler driver --help=joined option(s) (assembler options)
FAIL: compiler driver --help=separate option(s) (assembler options)
FAIL: compiler driver --help=warnings,joined option(s) (assembler options)
FAIL: compiler driver --help=warnings,^joined option(s) (assembler options)
FAIL: compiler driver --help=joined,separate option(s) (linker options)
FAIL: compiler driver --help=^joined,separate option(s) (linker options)
FAIL: compiler driver --help=joined,^separate option(s) (linker options)
FAIL: compiler driver --help=joined,undocumented option(s) (linker options)
FAIL: compiler driver --help=^joined,^separate option(s) (linker options)
=== gcc Summary for unix ===
# of expected passes 55913
# of unexpected failures 34
# of unexpected successes 3
# of expected failures 143
# of unresolved testcases 2
# of unsupported tests 1291
=== gcc Summary ===
# of expected passes 336329
# of unexpected failures 173
# of unexpected successes 18
# of expected failures 863
# of unresolved testcases 6
# of unsupported tests 6998
/home/ghazi/gcc-testing/45/build/gcc/xgcc version 4.5.0 20090409 (experimental) [trunk revision 145867] (GCC)
=== gfortran tests ===
Running target unix/-m32/-fPIC
FAIL: gfortran.dg/alloc_comp_basics_2.f90 -O0 (internal compiler error)
FAIL: gfortran.dg/alloc_comp_basics_2.f90 -O0 (test for excess errors)
UNRESOLVED: gfortran.dg/alloc_comp_basics_2.f90 -O0 compilation failed to produce executable
FAIL: gfortran.dg/alloc_comp_basics_2.f90 -O1 (internal compiler error)
FAIL: gfortran.dg/alloc_comp_basics_2.f90 -O1 (test for excess errors)
UNRESOLVED: gfortran.dg/alloc_comp_basics_2.f90 -O1 compilation failed to produce executable
FAIL: gfortran.dg/alloc_comp_basics_5.f90 -O0 (internal compiler error)
FAIL: gfortran.dg/alloc_comp_basics_5.f90 -O0 (test for excess errors)
UNRESOLVED: gfortran.dg/alloc_comp_basics_5.f90 -O0 compilation failed to produce executable
FAIL: gfortran.dg/alloc_comp_basics_5.f90 -O1 (internal compiler error)
FAIL: gfortran.dg/alloc_comp_basics_5.f90 -O1 (test for excess errors)
UNRESOLVED: gfortran.dg/alloc_comp_basics_5.f90 -O1 compilation failed to produce executable
FAIL: gfortran.dg/alloc_comp_initializer_1.f90 -O0 (internal compiler error)
FAIL: gfortran.dg/alloc_comp_initializer_1.f90 -O0 (test for excess errors)
UNRESOLVED: gfortran.dg/alloc_comp_initializer_1.f90 -O0 compilation failed to produce executable
FAIL: gfortran.dg/alloc_comp_initializer_1.f90 -O1 (internal compiler error)
FAIL: gfortran.dg/alloc_comp_initializer_1.f90 -O1 (test for excess errors)
UNRESOLVED: gfortran.dg/alloc_comp_initializer_1.f90 -O1 compilation failed to produce executable
FAIL: gfortran.dg/allocate_alloc_opt_3.f90 -O0 (internal compiler error)
FAIL: gfortran.dg/allocate_alloc_opt_3.f90 -O0 (test for excess errors)
UNRESOLVED: gfortran.dg/allocate_alloc_opt_3.f90 -O0 compilation failed to produce executable
FAIL: gfortran.dg/allocate_alloc_opt_3.f90 -O1 (internal compiler error)
FAIL: gfortran.dg/allocate_alloc_opt_3.f90 -O1 (test for excess errors)
UNRESOLVED: gfortran.dg/allocate_alloc_opt_3.f90 -O1 compilation failed to produce executable
FAIL: gfortran.dg/allocate_stat.f90 -O (internal compiler error)
FAIL: gfortran.dg/allocate_stat.f90 -O (test for errors, line 41)
FAIL: gfortran.dg/allocate_stat.f90 -O (test for errors, line 54)
FAIL: gfortran.dg/allocate_stat.f90 -O (test for errors, line 71)
FAIL: gfortran.dg/allocate_stat.f90 -O (test for errors, line 73)
FAIL: gfortran.dg/allocate_stat.f90 -O (test for excess errors)
FAIL: gfortran.dg/char_array_structure_constructor.f90 -O0 (internal compiler error)
FAIL: gfortran.dg/char_array_structure_constructor.f90 -O0 (test for excess errors)
UNRESOLVED: gfortran.dg/char_array_structure_constructor.f90 -O0 compilation failed to produce executable
FAIL: gfortran.dg/char_array_structure_constructor.f90 -O1 (internal compiler error)
FAIL: gfortran.dg/char_array_structure_constructor.f90 -O1 (test for excess errors)
UNRESOLVED: gfortran.dg/char_array_structure_constructor.f90 -O1 compilation failed to produce executable
FAIL: gfortran.dg/host_assoc_variable_1.f90 -O (internal compiler error)
FAIL: gfortran.dg/host_assoc_variable_1.f90 -O (test for excess errors)
FAIL: gfortran.dg/implicit_11.f90 -O (internal compiler error)
FAIL: gfortran.dg/implicit_11.f90 -O (test for errors, line 34)
FAIL: gfortran.dg/implicit_11.f90 -O (test for excess errors)
FAIL: gfortran.dg/move_alloc.f90 -O0 (internal compiler error)
FAIL: gfortran.dg/move_alloc.f90 -O0 (test for excess errors)
UNRESOLVED: gfortran.dg/move_alloc.f90 -O0 compilation failed to produce executable
FAIL: gfortran.dg/move_alloc.f90 -O1 (internal compiler error)
FAIL: gfortran.dg/move_alloc.f90 -O1 (test for excess errors)
UNRESOLVED: gfortran.dg/move_alloc.f90 -O1 compilation failed to produce executable
FAIL: gfortran.dg/multiple_allocation_1.f90 -O0 (internal compiler error)
FAIL: gfortran.dg/multiple_allocation_1.f90 -O0 (test for excess errors)
UNRESOLVED: gfortran.dg/multiple_allocation_1.f90 -O0 compilation failed to produce executable
FAIL: gfortran.dg/multiple_allocation_1.f90 -O1 (internal compiler error)
FAIL: gfortran.dg/multiple_allocation_1.f90 -O1 (test for excess errors)
UNRESOLVED: gfortran.dg/multiple_allocation_1.f90 -O1 compilation failed to produce executable
FAIL: gfortran.dg/nullify_3.f90 -O0 (internal compiler error)
FAIL: gfortran.dg/nullify_3.f90 -O0 (test for excess errors)
UNRESOLVED: gfortran.dg/nullify_3.f90 -O0 compilation failed to produce executable
FAIL: gfortran.dg/nullify_3.f90 -O1 (internal compiler error)
FAIL: gfortran.dg/nullify_3.f90 -O1 (test for excess errors)
UNRESOLVED: gfortran.dg/nullify_3.f90 -O1 compilation failed to produce executable
FAIL: gfortran.dg/nullify_3.f90 -O2 (internal compiler error)
FAIL: gfortran.dg/nullify_3.f90 -O2 (test for excess errors)
UNRESOLVED: gfortran.dg/nullify_3.f90 -O2 compilation failed to produce executable
FAIL: gfortran.dg/nullify_3.f90 -O3 -fomit-frame-pointer (internal compiler error)
FAIL: gfortran.dg/nullify_3.f90 -O3 -fomit-frame-pointer (test for excess errors)
UNRESOLVED: gfortran.dg/nullify_3.f90 -O3 -fomit-frame-pointer compilation failed to produce executable
FAIL: gfortran.dg/nullify_3.f90 -O3 -fomit-frame-pointer -funroll-loops (internal compiler error)
FAIL: gfortran.dg/nullify_3.f90 -O3 -fomit-frame-pointer -funroll-loops (test for excess errors)
UNRESOLVED: gfortran.dg/nullify_3.f90 -O3 -fomit-frame-pointer -funroll-loops compilation failed to produce executable
FAIL: gfortran.dg/nullify_3.f90 -O3 -fomit-frame-pointer -funroll-all-loops -finline-functions (internal compiler error)
FAIL: gfortran.dg/nullify_3.f90 -O3 -fomit-frame-pointer -funroll-all-loops -finline-functions (test for excess errors)
UNRESOLVED: gfortran.dg/nullify_3.f90 -O3 -fomit-frame-pointer -funroll-all-loops -finline-functions compilation failed to produce executable
FAIL: gfortran.dg/nullify_3.f90 -O3 -g (internal compiler error)
FAIL: gfortran.dg/nullify_3.f90 -O3 -g (test for excess errors)
UNRESOLVED: gfortran.dg/nullify_3.f90 -O3 -g compilation failed to produce executable
FAIL: gfortran.dg/nullify_3.f90 -Os (internal compiler error)
FAIL: gfortran.dg/nullify_3.f90 -Os (test for excess errors)
UNRESOLVED: gfortran.dg/nullify_3.f90 -Os compilation failed to produce executable
FAIL: gfortran.fortran-torture/compile/ambig.f90, -O0 (internal compiler error)
FAIL: gfortran.fortran-torture/compile/ambig.f90, -O1 (internal compiler error)
=== gfortran Summary for unix/-m32/-fPIC ===
# of expected passes 29921
# of unexpected failures 57
# of expected failures 11
# of unresolved testcases 22
# of unsupported tests 97
Running target unix/-m32/-fpic
FAIL: gfortran.dg/alloc_comp_basics_2.f90 -O0 (internal compiler error)
FAIL: gfortran.dg/alloc_comp_basics_2.f90 -O0 (test for excess errors)
UNRESOLVED: gfortran.dg/alloc_comp_basics_2.f90 -O0 compilation failed to produce executable
FAIL: gfortran.dg/alloc_comp_basics_2.f90 -O1 (internal compiler error)
FAIL: gfortran.dg/alloc_comp_basics_2.f90 -O1 (test for excess errors)
UNRESOLVED: gfortran.dg/alloc_comp_basics_2.f90 -O1 compilation failed to produce executable
FAIL: gfortran.dg/alloc_comp_basics_5.f90 -O0 (internal compiler error)
FAIL: gfortran.dg/alloc_comp_basics_5.f90 -O0 (test for excess errors)
UNRESOLVED: gfortran.dg/alloc_comp_basics_5.f90 -O0 compilation failed to produce executable
FAIL: gfortran.dg/alloc_comp_basics_5.f90 -O1 (internal compiler error)
FAIL: gfortran.dg/alloc_comp_basics_5.f90 -O1 (test for excess errors)
UNRESOLVED: gfortran.dg/alloc_comp_basics_5.f90 -O1 compilation failed to produce executable
FAIL: gfortran.dg/alloc_comp_initializer_1.f90 -O0 (internal compiler error)
FAIL: gfortran.dg/alloc_comp_initializer_1.f90 -O0 (test for excess errors)
UNRESOLVED: gfortran.dg/alloc_comp_initializer_1.f90 -O0 compilation failed to produce executable
FAIL: gfortran.dg/alloc_comp_initializer_1.f90 -O1 (internal compiler error)
FAIL: gfortran.dg/alloc_comp_initializer_1.f90 -O1 (test for excess errors)
UNRESOLVED: gfortran.dg/alloc_comp_initializer_1.f90 -O1 compilation failed to produce executable
FAIL: gfortran.dg/allocate_alloc_opt_3.f90 -O0 (internal compiler error)
FAIL: gfortran.dg/allocate_alloc_opt_3.f90 -O0 (test for excess errors)
UNRESOLVED: gfortran.dg/allocate_alloc_opt_3.f90 -O0 compilation failed to produce executable
FAIL: gfortran.dg/allocate_alloc_opt_3.f90 -O1 (internal compiler error)
FAIL: gfortran.dg/allocate_alloc_opt_3.f90 -O1 (test for excess errors)
UNRESOLVED: gfortran.dg/allocate_alloc_opt_3.f90 -O1 compilation failed to produce executable
FAIL: gfortran.dg/allocate_stat.f90 -O (internal compiler error)
FAIL: gfortran.dg/allocate_stat.f90 -O (test for errors, line 41)
FAIL: gfortran.dg/allocate_stat.f90 -O (test for errors, line 54)
FAIL: gfortran.dg/allocate_stat.f90 -O (test for errors, line 71)
FAIL: gfortran.dg/allocate_stat.f90 -O (test for errors, line 73)
FAIL: gfortran.dg/allocate_stat.f90 -O (test for excess errors)
FAIL: gfortran.dg/char_array_structure_constructor.f90 -O0 (internal compiler error)
FAIL: gfortran.dg/char_array_structure_constructor.f90 -O0 (test for excess errors)
UNRESOLVED: gfortran.dg/char_array_structure_constructor.f90 -O0 compilation failed to produce executable
FAIL: gfortran.dg/char_array_structure_constructor.f90 -O1 (internal compiler error)
FAIL: gfortran.dg/char_array_structure_constructor.f90 -O1 (test for excess errors)
UNRESOLVED: gfortran.dg/char_array_structure_constructor.f90 -O1 compilation failed to produce executable
FAIL: gfortran.dg/host_assoc_variable_1.f90 -O (internal compiler error)
FAIL: gfortran.dg/host_assoc_variable_1.f90 -O (test for excess errors)
FAIL: gfortran.dg/implicit_11.f90 -O (internal compiler error)
FAIL: gfortran.dg/implicit_11.f90 -O (test for errors, line 34)
FAIL: gfortran.dg/implicit_11.f90 -O (test for excess errors)
FAIL: gfortran.dg/move_alloc.f90 -O0 (internal compiler error)
FAIL: gfortran.dg/move_alloc.f90 -O0 (test for excess errors)
UNRESOLVED: gfortran.dg/move_alloc.f90 -O0 compilation failed to produce executable
FAIL: gfortran.dg/move_alloc.f90 -O1 (internal compiler error)
FAIL: gfortran.dg/move_alloc.f90 -O1 (test for excess errors)
UNRESOLVED: gfortran.dg/move_alloc.f90 -O1 compilation failed to produce executable
FAIL: gfortran.dg/multiple_allocation_1.f90 -O0 (internal compiler error)
FAIL: gfortran.dg/multiple_allocation_1.f90 -O0 (test for excess errors)
UNRESOLVED: gfortran.dg/multiple_allocation_1.f90 -O0 compilation failed to produce executable
FAIL: gfortran.dg/multiple_allocation_1.f90 -O1 (internal compiler error)
FAIL: gfortran.dg/multiple_allocation_1.f90 -O1 (test for excess errors)
UNRESOLVED: gfortran.dg/multiple_allocation_1.f90 -O1 compilation failed to produce executable
FAIL: gfortran.dg/nullify_3.f90 -O0 (internal compiler error)
FAIL: gfortran.dg/nullify_3.f90 -O0 (test for excess errors)
UNRESOLVED: gfortran.dg/nullify_3.f90 -O0 compilation failed to produce executable
FAIL: gfortran.dg/nullify_3.f90 -O1 (internal compiler error)
FAIL: gfortran.dg/nullify_3.f90 -O1 (test for excess errors)
UNRESOLVED: gfortran.dg/nullify_3.f90 -O1 compilation failed to produce executable
FAIL: gfortran.dg/nullify_3.f90 -O2 (internal compiler error)
FAIL: gfortran.dg/nullify_3.f90 -O2 (test for excess errors)
UNRESOLVED: gfortran.dg/nullify_3.f90 -O2 compilation failed to produce executable
FAIL: gfortran.dg/nullify_3.f90 -O3 -fomit-frame-pointer (internal compiler error)
FAIL: gfortran.dg/nullify_3.f90 -O3 -fomit-frame-pointer (test for excess errors)
UNRESOLVED: gfortran.dg/nullify_3.f90 -O3 -fomit-frame-pointer compilation failed to produce executable
FAIL: gfortran.dg/nullify_3.f90 -O3 -fomit-frame-pointer -funroll-loops (internal compiler error)
FAIL: gfortran.dg/nullify_3.f90 -O3 -fomit-frame-pointer -funroll-loops (test for excess errors)
UNRESOLVED: gfortran.dg/nullify_3.f90 -O3 -fomit-frame-pointer -funroll-loops compilation failed to produce executable
FAIL: gfortran.dg/nullify_3.f90 -O3 -fomit-frame-pointer -funroll-all-loops -finline-functions (internal compiler error)
FAIL: gfortran.dg/nullify_3.f90 -O3 -fomit-frame-pointer -funroll-all-loops -finline-functions (test for excess errors)
UNRESOLVED: gfortran.dg/nullify_3.f90 -O3 -fomit-frame-pointer -funroll-all-loops -finline-functions compilation failed to produce executable
FAIL: gfortran.dg/nullify_3.f90 -O3 -g (internal compiler error)
FAIL: gfortran.dg/nullify_3.f90 -O3 -g (test for excess errors)
UNRESOLVED: gfortran.dg/nullify_3.f90 -O3 -g compilation failed to produce executable
FAIL: gfortran.dg/nullify_3.f90 -Os (internal compiler error)
FAIL: gfortran.dg/nullify_3.f90 -Os (test for excess errors)
UNRESOLVED: gfortran.dg/nullify_3.f90 -Os compilation failed to produce executable
FAIL: gfortran.fortran-torture/compile/ambig.f90, -O0 (internal compiler error)
FAIL: gfortran.fortran-torture/compile/ambig.f90, -O1 (internal compiler error)
=== gfortran Summary for unix/-m32/-fpic ===
# of expected passes 29921
# of unexpected failures 57
# of expected failures 11
# of unresolved testcases 22
# of unsupported tests 97
Running target unix/-m32
FAIL: gfortran.dg/alloc_comp_basics_2.f90 -O0 (internal compiler error)
FAIL: gfortran.dg/alloc_comp_basics_2.f90 -O0 (test for excess errors)
UNRESOLVED: gfortran.dg/alloc_comp_basics_2.f90 -O0 compilation failed to produce executable
FAIL: gfortran.dg/alloc_comp_basics_2.f90 -O1 (internal compiler error)
FAIL: gfortran.dg/alloc_comp_basics_2.f90 -O1 (test for excess errors)
UNRESOLVED: gfortran.dg/alloc_comp_basics_2.f90 -O1 compilation failed to produce executable
FAIL: gfortran.dg/alloc_comp_basics_5.f90 -O0 (internal compiler error)
FAIL: gfortran.dg/alloc_comp_basics_5.f90 -O0 (test for excess errors)
UNRESOLVED: gfortran.dg/alloc_comp_basics_5.f90 -O0 compilation failed to produce executable
FAIL: gfortran.dg/alloc_comp_basics_5.f90 -O1 (internal compiler error)
FAIL: gfortran.dg/alloc_comp_basics_5.f90 -O1 (test for excess errors)
UNRESOLVED: gfortran.dg/alloc_comp_basics_5.f90 -O1 compilation failed to produce executable
FAIL: gfortran.dg/alloc_comp_initializer_1.f90 -O0 (internal compiler error)
FAIL: gfortran.dg/alloc_comp_initializer_1.f90 -O0 (test for excess errors)
UNRESOLVED: gfortran.dg/alloc_comp_initializer_1.f90 -O0 compilation failed to produce executable
FAIL: gfortran.dg/alloc_comp_initializer_1.f90 -O1 (internal compiler error)
FAIL: gfortran.dg/alloc_comp_initializer_1.f90 -O1 (test for excess errors)
UNRESOLVED: gfortran.dg/alloc_comp_initializer_1.f90 -O1 compilation failed to produce executable
FAIL: gfortran.dg/allocate_alloc_opt_3.f90 -O0 (internal compiler error)
FAIL: gfortran.dg/allocate_alloc_opt_3.f90 -O0 (test for excess errors)
UNRESOLVED: gfortran.dg/allocate_alloc_opt_3.f90 -O0 compilation failed to produce executable
FAIL: gfortran.dg/allocate_alloc_opt_3.f90 -O1 (internal compiler error)
FAIL: gfortran.dg/allocate_alloc_opt_3.f90 -O1 (test for excess errors)
UNRESOLVED: gfortran.dg/allocate_alloc_opt_3.f90 -O1 compilation failed to produce executable
FAIL: gfortran.dg/allocate_stat.f90 -O (internal compiler error)
FAIL: gfortran.dg/allocate_stat.f90 -O (test for errors, line 41)
FAIL: gfortran.dg/allocate_stat.f90 -O (test for errors, line 54)
FAIL: gfortran.dg/allocate_stat.f90 -O (test for errors, line 71)
FAIL: gfortran.dg/allocate_stat.f90 -O (test for errors, line 73)
FAIL: gfortran.dg/allocate_stat.f90 -O (test for excess errors)
FAIL: gfortran.dg/char_array_structure_constructor.f90 -O0 (internal compiler error)
FAIL: gfortran.dg/char_array_structure_constructor.f90 -O0 (test for excess errors)
UNRESOLVED: gfortran.dg/char_array_structure_constructor.f90 -O0 compilation failed to produce executable
FAIL: gfortran.dg/char_array_structure_constructor.f90 -O1 (internal compiler error)
FAIL: gfortran.dg/char_array_structure_constructor.f90 -O1 (test for excess errors)
UNRESOLVED: gfortran.dg/char_array_structure_constructor.f90 -O1 compilation failed to produce executable
FAIL: gfortran.dg/host_assoc_variable_1.f90 -O (internal compiler error)
FAIL: gfortran.dg/host_assoc_variable_1.f90 -O (test for excess errors)
FAIL: gfortran.dg/implicit_11.f90 -O (internal compiler error)
FAIL: gfortran.dg/implicit_11.f90 -O (test for errors, line 34)
FAIL: gfortran.dg/implicit_11.f90 -O (test for excess errors)
FAIL: gfortran.dg/move_alloc.f90 -O0 (internal compiler error)
FAIL: gfortran.dg/move_alloc.f90 -O0 (test for excess errors)
UNRESOLVED: gfortran.dg/move_alloc.f90 -O0 compilation failed to produce executable
FAIL: gfortran.dg/move_alloc.f90 -O1 (internal compiler error)
FAIL: gfortran.dg/move_alloc.f90 -O1 (test for excess errors)
UNRESOLVED: gfortran.dg/move_alloc.f90 -O1 compilation failed to produce executable
FAIL: gfortran.dg/multiple_allocation_1.f90 -O0 (internal compiler error)
FAIL: gfortran.dg/multiple_allocation_1.f90 -O0 (test for excess errors)
UNRESOLVED: gfortran.dg/multiple_allocation_1.f90 -O0 compilation failed to produce executable
FAIL: gfortran.dg/multiple_allocation_1.f90 -O1 (internal compiler error)
FAIL: gfortran.dg/multiple_allocation_1.f90 -O1 (test for excess errors)
UNRESOLVED: gfortran.dg/multiple_allocation_1.f90 -O1 compilation failed to produce executable
FAIL: gfortran.dg/nullify_3.f90 -O0 (internal compiler error)
FAIL: gfortran.dg/nullify_3.f90 -O0 (test for excess errors)
UNRESOLVED: gfortran.dg/nullify_3.f90 -O0 compilation failed to produce executable
FAIL: gfortran.dg/nullify_3.f90 -O1 (internal compiler error)
FAIL: gfortran.dg/nullify_3.f90 -O1 (test for excess errors)
UNRESOLVED: gfortran.dg/nullify_3.f90 -O1 compilation failed to produce executable
FAIL: gfortran.dg/nullify_3.f90 -O2 (internal compiler error)
FAIL: gfortran.dg/nullify_3.f90 -O2 (test for excess errors)
UNRESOLVED: gfortran.dg/nullify_3.f90 -O2 compilation failed to produce executable
FAIL: gfortran.dg/nullify_3.f90 -O3 -fomit-frame-pointer (internal compiler error)
FAIL: gfortran.dg/nullify_3.f90 -O3 -fomit-frame-pointer (test for excess errors)
UNRESOLVED: gfortran.dg/nullify_3.f90 -O3 -fomit-frame-pointer compilation failed to produce executable
FAIL: gfortran.dg/nullify_3.f90 -O3 -fomit-frame-pointer -funroll-loops (internal compiler error)
FAIL: gfortran.dg/nullify_3.f90 -O3 -fomit-frame-pointer -funroll-loops (test for excess errors)
UNRESOLVED: gfortran.dg/nullify_3.f90 -O3 -fomit-frame-pointer -funroll-loops compilation failed to produce executable
FAIL: gfortran.dg/nullify_3.f90 -O3 -fomit-frame-pointer -funroll-all-loops -finline-functions (internal compiler error)
FAIL: gfortran.dg/nullify_3.f90 -O3 -fomit-frame-pointer -funroll-all-loops -finline-functions (test for excess errors)
UNRESOLVED: gfortran.dg/nullify_3.f90 -O3 -fomit-frame-pointer -funroll-all-loops -finline-functions compilation failed to produce executable
FAIL: gfortran.dg/nullify_3.f90 -O3 -g (internal compiler error)
FAIL: gfortran.dg/nullify_3.f90 -O3 -g (test for excess errors)
UNRESOLVED: gfortran.dg/nullify_3.f90 -O3 -g compilation failed to produce executable
FAIL: gfortran.dg/nullify_3.f90 -Os (internal compiler error)
FAIL: gfortran.dg/nullify_3.f90 -Os (test for excess errors)
UNRESOLVED: gfortran.dg/nullify_3.f90 -Os compilation failed to produce executable
FAIL: gfortran.fortran-torture/compile/ambig.f90, -O0 (internal compiler error)
FAIL: gfortran.fortran-torture/compile/ambig.f90, -O1 (internal compiler error)
=== gfortran Summary for unix/-m32 ===
# of expected passes 29921
# of unexpected failures 57
# of expected failures 11
# of unresolved testcases 22
# of unsupported tests 97
Running target unix/-fPIC
FAIL: gfortran.dg/alloc_comp_basics_2.f90 -O0 (internal compiler error)
FAIL: gfortran.dg/alloc_comp_basics_2.f90 -O0 (test for excess errors)
UNRESOLVED: gfortran.dg/alloc_comp_basics_2.f90 -O0 compilation failed to produce executable
FAIL: gfortran.dg/alloc_comp_basics_2.f90 -O1 (internal compiler error)
FAIL: gfortran.dg/alloc_comp_basics_2.f90 -O1 (test for excess errors)
UNRESOLVED: gfortran.dg/alloc_comp_basics_2.f90 -O1 compilation failed to produce executable
FAIL: gfortran.dg/alloc_comp_basics_5.f90 -O0 (internal compiler error)
FAIL: gfortran.dg/alloc_comp_basics_5.f90 -O0 (test for excess errors)
UNRESOLVED: gfortran.dg/alloc_comp_basics_5.f90 -O0 compilation failed to produce executable
FAIL: gfortran.dg/alloc_comp_basics_5.f90 -O1 (internal compiler error)
FAIL: gfortran.dg/alloc_comp_basics_5.f90 -O1 (test for excess errors)
UNRESOLVED: gfortran.dg/alloc_comp_basics_5.f90 -O1 compilation failed to produce executable
FAIL: gfortran.dg/alloc_comp_initializer_1.f90 -O0 (internal compiler error)
FAIL: gfortran.dg/alloc_comp_initializer_1.f90 -O0 (test for excess errors)
UNRESOLVED: gfortran.dg/alloc_comp_initializer_1.f90 -O0 compilation failed to produce executable
FAIL: gfortran.dg/alloc_comp_initializer_1.f90 -O1 (internal compiler error)
FAIL: gfortran.dg/alloc_comp_initializer_1.f90 -O1 (test for excess errors)
UNRESOLVED: gfortran.dg/alloc_comp_initializer_1.f90 -O1 compilation failed to produce executable
FAIL: gfortran.dg/allocate_alloc_opt_3.f90 -O0 (internal compiler error)
FAIL: gfortran.dg/allocate_alloc_opt_3.f90 -O0 (test for excess errors)
UNRESOLVED: gfortran.dg/allocate_alloc_opt_3.f90 -O0 compilation failed to produce executable
FAIL: gfortran.dg/allocate_alloc_opt_3.f90 -O1 (internal compiler error)
FAIL: gfortran.dg/allocate_alloc_opt_3.f90 -O1 (test for excess errors)
UNRESOLVED: gfortran.dg/allocate_alloc_opt_3.f90 -O1 compilation failed to produce executable
FAIL: gfortran.dg/allocate_stat.f90 -O (internal compiler error)
FAIL: gfortran.dg/allocate_stat.f90 -O (test for errors, line 41)
FAIL: gfortran.dg/allocate_stat.f90 -O (test for errors, line 54)
FAIL: gfortran.dg/allocate_stat.f90 -O (test for errors, line 71)
FAIL: gfortran.dg/allocate_stat.f90 -O (test for errors, line 73)
FAIL: gfortran.dg/allocate_stat.f90 -O (test for excess errors)
FAIL: gfortran.dg/char_array_structure_constructor.f90 -O0 (internal compiler error)
FAIL: gfortran.dg/char_array_structure_constructor.f90 -O0 (test for excess errors)
UNRESOLVED: gfortran.dg/char_array_structure_constructor.f90 -O0 compilation failed to produce executable
FAIL: gfortran.dg/char_array_structure_constructor.f90 -O1 (internal compiler error)
FAIL: gfortran.dg/char_array_structure_constructor.f90 -O1 (test for excess errors)
UNRESOLVED: gfortran.dg/char_array_structure_constructor.f90 -O1 compilation failed to produce executable
FAIL: gfortran.dg/f2003_io_1.f03 -O0 execution test
FAIL: gfortran.dg/f2003_io_1.f03 -O1 execution test
FAIL: gfortran.dg/f2003_io_1.f03 -O2 execution test
FAIL: gfortran.dg/f2003_io_1.f03 -O3 -fomit-frame-pointer execution test
FAIL: gfortran.dg/f2003_io_1.f03 -O3 -fomit-frame-pointer -funroll-loops execution test
FAIL: gfortran.dg/f2003_io_1.f03 -O3 -fomit-frame-pointer -funroll-all-loops -finline-functions execution test
FAIL: gfortran.dg/f2003_io_1.f03 -O3 -g execution test
FAIL: gfortran.dg/f2003_io_1.f03 -Os execution test
FAIL: gfortran.dg/f2003_io_4.f03 -O0 execution test
FAIL: gfortran.dg/f2003_io_4.f03 -O1 execution test
FAIL: gfortran.dg/f2003_io_4.f03 -O2 execution test
FAIL: gfortran.dg/f2003_io_4.f03 -O3 -fomit-frame-pointer execution test
FAIL: gfortran.dg/f2003_io_4.f03 -O3 -fomit-frame-pointer -funroll-loops execution test
FAIL: gfortran.dg/f2003_io_4.f03 -O3 -fomit-frame-pointer -funroll-all-loops -finline-functions execution test
FAIL: gfortran.dg/f2003_io_4.f03 -O3 -g execution test
FAIL: gfortran.dg/f2003_io_4.f03 -Os execution test
FAIL: gfortran.dg/f2003_io_5.f03 -O0 execution test
FAIL: gfortran.dg/f2003_io_5.f03 -O1 execution test
FAIL: gfortran.dg/f2003_io_5.f03 -O2 execution test
FAIL: gfortran.dg/f2003_io_5.f03 -O3 -fomit-frame-pointer execution test
FAIL: gfortran.dg/f2003_io_5.f03 -O3 -fomit-frame-pointer -funroll-loops execution test
FAIL: gfortran.dg/f2003_io_5.f03 -O3 -fomit-frame-pointer -funroll-all-loops -finline-functions execution test
FAIL: gfortran.dg/f2003_io_5.f03 -O3 -g execution test
FAIL: gfortran.dg/f2003_io_5.f03 -Os execution test
FAIL: gfortran.dg/f2003_io_6.f03 -O0 execution test
FAIL: gfortran.dg/f2003_io_6.f03 -O1 execution test
FAIL: gfortran.dg/f2003_io_6.f03 -O2 execution test
FAIL: gfortran.dg/f2003_io_6.f03 -O3 -fomit-frame-pointer execution test
FAIL: gfortran.dg/f2003_io_6.f03 -O3 -fomit-frame-pointer -funroll-loops execution test
FAIL: gfortran.dg/f2003_io_6.f03 -O3 -fomit-frame-pointer -funroll-all-loops -finline-functions execution test
FAIL: gfortran.dg/f2003_io_6.f03 -O3 -g execution test
FAIL: gfortran.dg/f2003_io_6.f03 -Os execution test
FAIL: gfortran.dg/f2003_io_7.f03 -O0 execution test
FAIL: gfortran.dg/f2003_io_7.f03 -O1 execution test
FAIL: gfortran.dg/f2003_io_7.f03 -O2 execution test
FAIL: gfortran.dg/f2003_io_7.f03 -O3 -fomit-frame-pointer execution test
FAIL: gfortran.dg/f2003_io_7.f03 -O3 -fomit-frame-pointer -funroll-loops execution test
FAIL: gfortran.dg/f2003_io_7.f03 -O3 -fomit-frame-pointer -funroll-all-loops -finline-functions execution test
FAIL: gfortran.dg/f2003_io_7.f03 -O3 -g execution test
FAIL: gfortran.dg/f2003_io_7.f03 -Os execution test
FAIL: gfortran.dg/fmt_t_5.f90 -O1 execution test
FAIL: gfortran.dg/fmt_t_5.f90 -O2 execution test
FAIL: gfortran.dg/fmt_t_5.f90 -O3 -fomit-frame-pointer execution test
FAIL: gfortran.dg/fmt_t_5.f90 -O3 -fomit-frame-pointer -funroll-loops execution test
FAIL: gfortran.dg/fmt_t_5.f90 -O3 -fomit-frame-pointer -funroll-all-loops -finline-functions execution test
FAIL: gfortran.dg/fmt_t_5.f90 -O3 -g execution test
FAIL: gfortran.dg/fmt_t_5.f90 -Os execution test
FAIL: gfortran.dg/fmt_t_7.f -O0 execution test
FAIL: gfortran.dg/fmt_t_7.f -O1 execution test
FAIL: gfortran.dg/fmt_t_7.f -O2 execution test
FAIL: gfortran.dg/fmt_t_7.f -O3 -fomit-frame-pointer execution test
FAIL: gfortran.dg/fmt_t_7.f -O3 -fomit-frame-pointer -funroll-loops execution test
FAIL: gfortran.dg/fmt_t_7.f -O3 -fomit-frame-pointer -funroll-all-loops -finline-functions execution test
FAIL: gfortran.dg/fmt_t_7.f -O3 -g execution test
FAIL: gfortran.dg/fmt_t_7.f -Os execution test
FAIL: gfortran.dg/host_assoc_variable_1.f90 -O (internal compiler error)
FAIL: gfortran.dg/host_assoc_variable_1.f90 -O (test for excess errors)
FAIL: gfortran.dg/implicit_11.f90 -O (internal compiler error)
FAIL: gfortran.dg/implicit_11.f90 -O (test for errors, line 34)
FAIL: gfortran.dg/implicit_11.f90 -O (test for excess errors)
FAIL: gfortran.dg/move_alloc.f90 -O0 (internal compiler error)
FAIL: gfortran.dg/move_alloc.f90 -O0 (test for excess errors)
UNRESOLVED: gfortran.dg/move_alloc.f90 -O0 compilation failed to produce executable
FAIL: gfortran.dg/move_alloc.f90 -O1 (internal compiler error)
FAIL: gfortran.dg/move_alloc.f90 -O1 (test for excess errors)
UNRESOLVED: gfortran.dg/move_alloc.f90 -O1 compilation failed to produce executable
FAIL: gfortran.dg/multiple_allocation_1.f90 -O0 (internal compiler error)
FAIL: gfortran.dg/multiple_allocation_1.f90 -O0 (test for excess errors)
UNRESOLVED: gfortran.dg/multiple_allocation_1.f90 -O0 compilation failed to produce executable
FAIL: gfortran.dg/multiple_allocation_1.f90 -O1 (internal compiler error)
FAIL: gfortran.dg/multiple_allocation_1.f90 -O1 (test for excess errors)
UNRESOLVED: gfortran.dg/multiple_allocation_1.f90 -O1 compilation failed to produce executable
FAIL: gfortran.dg/nullify_3.f90 -O0 (internal compiler error)
FAIL: gfortran.dg/nullify_3.f90 -O0 (test for excess errors)
UNRESOLVED: gfortran.dg/nullify_3.f90 -O0 compilation failed to produce executable
FAIL: gfortran.dg/nullify_3.f90 -O1 (internal compiler error)
FAIL: gfortran.dg/nullify_3.f90 -O1 (test for excess errors)
UNRESOLVED: gfortran.dg/nullify_3.f90 -O1 compilation failed to produce executable
FAIL: gfortran.dg/nullify_3.f90 -O2 (internal compiler error)
FAIL: gfortran.dg/nullify_3.f90 -O2 (test for excess errors)
UNRESOLVED: gfortran.dg/nullify_3.f90 -O2 compilation failed to produce executable
FAIL: gfortran.dg/nullify_3.f90 -O3 -fomit-frame-pointer (internal compiler error)
FAIL: gfortran.dg/nullify_3.f90 -O3 -fomit-frame-pointer (test for excess errors)
UNRESOLVED: gfortran.dg/nullify_3.f90 -O3 -fomit-frame-pointer compilation failed to produce executable
FAIL: gfortran.dg/nullify_3.f90 -O3 -fomit-frame-pointer -funroll-loops (internal compiler error)
FAIL: gfortran.dg/nullify_3.f90 -O3 -fomit-frame-pointer -funroll-loops (test for excess errors)
UNRESOLVED: gfortran.dg/nullify_3.f90 -O3 -fomit-frame-pointer -funroll-loops compilation failed to produce executable
FAIL: gfortran.dg/nullify_3.f90 -O3 -fomit-frame-pointer -funroll-all-loops -finline-functions (internal compiler error)
FAIL: gfortran.dg/nullify_3.f90 -O3 -fomit-frame-pointer -funroll-all-loops -finline-functions (test for excess errors)
UNRESOLVED: gfortran.dg/nullify_3.f90 -O3 -fomit-frame-pointer -funroll-all-loops -finline-functions compilation failed to produce executable
FAIL: gfortran.dg/nullify_3.f90 -O3 -g (internal compiler error)
FAIL: gfortran.dg/nullify_3.f90 -O3 -g (test for excess errors)
UNRESOLVED: gfortran.dg/nullify_3.f90 -O3 -g compilation failed to produce executable
FAIL: gfortran.dg/nullify_3.f90 -Os (internal compiler error)
FAIL: gfortran.dg/nullify_3.f90 -Os (test for excess errors)
UNRESOLVED: gfortran.dg/nullify_3.f90 -Os compilation failed to produce executable
FAIL: gfortran.dg/streamio_1.f90 -O0 execution test
FAIL: gfortran.dg/streamio_1.f90 -O1 execution test
FAIL: gfortran.dg/streamio_1.f90 -O2 execution test
FAIL: gfortran.dg/streamio_1.f90 -O3 -fomit-frame-pointer execution test
FAIL: gfortran.dg/streamio_1.f90 -O3 -fomit-frame-pointer -funroll-loops execution test
FAIL: gfortran.dg/streamio_1.f90 -O3 -fomit-frame-pointer -funroll-all-loops -finline-functions execution test
FAIL: gfortran.dg/streamio_1.f90 -O3 -g execution test
FAIL: gfortran.dg/streamio_1.f90 -Os execution test
FAIL: gfortran.dg/streamio_10.f90 -O0 execution test
FAIL: gfortran.dg/streamio_10.f90 -O1 execution test
FAIL: gfortran.dg/streamio_10.f90 -O2 execution test
FAIL: gfortran.dg/streamio_10.f90 -O3 -fomit-frame-pointer execution test
FAIL: gfortran.dg/streamio_10.f90 -O3 -fomit-frame-pointer -funroll-loops execution test
FAIL: gfortran.dg/streamio_10.f90 -O3 -fomit-frame-pointer -funroll-all-loops -finline-functions execution test
FAIL: gfortran.dg/streamio_10.f90 -O3 -g execution test
FAIL: gfortran.dg/streamio_10.f90 -Os execution test
FAIL: gfortran.dg/streamio_12.f90 -O0 execution test
FAIL: gfortran.dg/streamio_12.f90 -O1 execution test
FAIL: gfortran.dg/streamio_12.f90 -O2 execution test
FAIL: gfortran.dg/streamio_12.f90 -O3 -fomit-frame-pointer execution test
FAIL: gfortran.dg/streamio_12.f90 -O3 -fomit-frame-pointer -funroll-loops execution test
FAIL: gfortran.dg/streamio_12.f90 -O3 -fomit-frame-pointer -funroll-all-loops -finline-functions execution test
FAIL: gfortran.dg/streamio_12.f90 -O3 -g execution test
FAIL: gfortran.dg/streamio_12.f90 -Os execution test
FAIL: gfortran.dg/streamio_14.f90 -O0 execution test
FAIL: gfortran.dg/streamio_14.f90 -O1 execution test
FAIL: gfortran.dg/streamio_14.f90 -O2 execution test
FAIL: gfortran.dg/streamio_14.f90 -O3 -fomit-frame-pointer execution test
FAIL: gfortran.dg/streamio_14.f90 -O3 -fomit-frame-pointer -funroll-loops execution test
FAIL: gfortran.dg/streamio_14.f90 -O3 -fomit-frame-pointer -funroll-all-loops -finline-functions execution test
FAIL: gfortran.dg/streamio_14.f90 -O3 -g execution test
FAIL: gfortran.dg/streamio_14.f90 -Os execution test
FAIL: gfortran.dg/streamio_15.f90 -O0 execution test
FAIL: gfortran.dg/streamio_15.f90 -O1 execution test
FAIL: gfortran.dg/streamio_15.f90 -O2 execution test
FAIL: gfortran.dg/streamio_15.f90 -O3 -fomit-frame-pointer execution test
FAIL: gfortran.dg/streamio_15.f90 -O3 -fomit-frame-pointer -funroll-loops execution test
FAIL: gfortran.dg/streamio_15.f90 -O3 -fomit-frame-pointer -funroll-all-loops -finline-functions execution test
FAIL: gfortran.dg/streamio_15.f90 -O3 -g execution test
FAIL: gfortran.dg/streamio_15.f90 -Os execution test
FAIL: gfortran.dg/streamio_16.f90 -O0 execution test
FAIL: gfortran.dg/streamio_16.f90 -O1 execution test
FAIL: gfortran.dg/streamio_16.f90 -O2 execution test
FAIL: gfortran.dg/streamio_16.f90 -O3 -fomit-frame-pointer execution test
FAIL: gfortran.dg/streamio_16.f90 -O3 -fomit-frame-pointer -funroll-loops execution test
FAIL: gfortran.dg/streamio_16.f90 -O3 -fomit-frame-pointer -funroll-all-loops -finline-functions execution test
FAIL: gfortran.dg/streamio_16.f90 -O3 -g execution test
FAIL: gfortran.dg/streamio_16.f90 -Os execution test
FAIL: gfortran.dg/streamio_2.f90 -O0 execution test
FAIL: gfortran.dg/streamio_2.f90 -O1 execution test
FAIL: gfortran.dg/streamio_2.f90 -O2 execution test
FAIL: gfortran.dg/streamio_2.f90 -O3 -fomit-frame-pointer execution test
FAIL: gfortran.dg/streamio_2.f90 -O3 -fomit-frame-pointer -funroll-loops execution test
FAIL: gfortran.dg/streamio_2.f90 -O3 -fomit-frame-pointer -funroll-all-loops -finline-functions execution test
FAIL: gfortran.dg/streamio_2.f90 -O3 -g execution test
FAIL: gfortran.dg/streamio_2.f90 -Os execution test
FAIL: gfortran.dg/streamio_6.f90 -O0 execution test
FAIL: gfortran.dg/streamio_6.f90 -O1 execution test
FAIL: gfortran.dg/streamio_6.f90 -O2 execution test
FAIL: gfortran.dg/streamio_6.f90 -O3 -fomit-frame-pointer execution test
FAIL: gfortran.dg/streamio_6.f90 -O3 -fomit-frame-pointer -funroll-loops execution test
FAIL: gfortran.dg/streamio_6.f90 -O3 -fomit-frame-pointer -funroll-all-loops -finline-functions execution test
FAIL: gfortran.dg/streamio_6.f90 -O3 -g execution test
FAIL: gfortran.dg/streamio_6.f90 -Os execution test
FAIL: gfortran.dg/streamio_7.f90 -O0 execution test
FAIL: gfortran.dg/streamio_7.f90 -O1 execution test
FAIL: gfortran.dg/streamio_7.f90 -O2 execution test
FAIL: gfortran.dg/streamio_7.f90 -O3 -fomit-frame-pointer execution test
FAIL: gfortran.dg/streamio_7.f90 -O3 -fomit-frame-pointer -funroll-loops execution test
FAIL: gfortran.dg/streamio_7.f90 -O3 -fomit-frame-pointer -funroll-all-loops -finline-functions execution test
FAIL: gfortran.dg/streamio_7.f90 -O3 -g execution test
FAIL: gfortran.dg/streamio_7.f90 -Os execution test
FAIL: gfortran.dg/streamio_8.f90 -O0 execution test
FAIL: gfortran.dg/streamio_8.f90 -O1 execution test
FAIL: gfortran.dg/streamio_8.f90 -O2 execution test
FAIL: gfortran.dg/streamio_8.f90 -O3 -fomit-frame-pointer execution test
FAIL: gfortran.dg/streamio_8.f90 -O3 -fomit-frame-pointer -funroll-loops execution test
FAIL: gfortran.dg/streamio_8.f90 -O3 -fomit-frame-pointer -funroll-all-loops -finline-functions execution test
FAIL: gfortran.dg/streamio_8.f90 -O3 -g execution test
FAIL: gfortran.dg/streamio_8.f90 -Os execution test
FAIL: gfortran.fortran-torture/compile/ambig.f90, -O0 (internal compiler error)
FAIL: gfortran.fortran-torture/compile/ambig.f90, -O1 (internal compiler error)
=== gfortran Summary for unix/-fPIC ===
# of expected passes 29899
# of unexpected failures 192
# of expected failures 11
# of unresolved testcases 22
# of unsupported tests 44
Running target unix/-fpic
FAIL: gfortran.dg/alloc_comp_basics_2.f90 -O0 (internal compiler error)
FAIL: gfortran.dg/alloc_comp_basics_2.f90 -O0 (test for excess errors)
UNRESOLVED: gfortran.dg/alloc_comp_basics_2.f90 -O0 compilation failed to produce executable
FAIL: gfortran.dg/alloc_comp_basics_2.f90 -O1 (internal compiler error)
FAIL: gfortran.dg/alloc_comp_basics_2.f90 -O1 (test for excess errors)
UNRESOLVED: gfortran.dg/alloc_comp_basics_2.f90 -O1 compilation failed to produce executable
FAIL: gfortran.dg/alloc_comp_basics_5.f90 -O0 (internal compiler error)
FAIL: gfortran.dg/alloc_comp_basics_5.f90 -O0 (test for excess errors)
UNRESOLVED: gfortran.dg/alloc_comp_basics_5.f90 -O0 compilation failed to produce executable
FAIL: gfortran.dg/alloc_comp_basics_5.f90 -O1 (internal compiler error)
FAIL: gfortran.dg/alloc_comp_basics_5.f90 -O1 (test for excess errors)
UNRESOLVED: gfortran.dg/alloc_comp_basics_5.f90 -O1 compilation failed to produce executable
FAIL: gfortran.dg/alloc_comp_initializer_1.f90 -O0 (internal compiler error)
FAIL: gfortran.dg/alloc_comp_initializer_1.f90 -O0 (test for excess errors)
UNRESOLVED: gfortran.dg/alloc_comp_initializer_1.f90 -O0 compilation failed to produce executable
FAIL: gfortran.dg/alloc_comp_initializer_1.f90 -O1 (internal compiler error)
FAIL: gfortran.dg/alloc_comp_initializer_1.f90 -O1 (test for excess errors)
UNRESOLVED: gfortran.dg/alloc_comp_initializer_1.f90 -O1 compilation failed to produce executable
FAIL: gfortran.dg/allocate_alloc_opt_3.f90 -O0 (internal compiler error)
FAIL: gfortran.dg/allocate_alloc_opt_3.f90 -O0 (test for excess errors)
UNRESOLVED: gfortran.dg/allocate_alloc_opt_3.f90 -O0 compilation failed to produce executable
FAIL: gfortran.dg/allocate_alloc_opt_3.f90 -O1 (internal compiler error)
FAIL: gfortran.dg/allocate_alloc_opt_3.f90 -O1 (test for excess errors)
UNRESOLVED: gfortran.dg/allocate_alloc_opt_3.f90 -O1 compilation failed to produce executable
FAIL: gfortran.dg/allocate_stat.f90 -O (internal compiler error)
FAIL: gfortran.dg/allocate_stat.f90 -O (test for errors, line 41)
FAIL: gfortran.dg/allocate_stat.f90 -O (test for errors, line 54)
FAIL: gfortran.dg/allocate_stat.f90 -O (test for errors, line 71)
FAIL: gfortran.dg/allocate_stat.f90 -O (test for errors, line 73)
FAIL: gfortran.dg/allocate_stat.f90 -O (test for excess errors)
FAIL: gfortran.dg/char_array_structure_constructor.f90 -O0 (internal compiler error)
FAIL: gfortran.dg/char_array_structure_constructor.f90 -O0 (test for excess errors)
UNRESOLVED: gfortran.dg/char_array_structure_constructor.f90 -O0 compilation failed to produce executable
FAIL: gfortran.dg/char_array_structure_constructor.f90 -O1 (internal compiler error)
FAIL: gfortran.dg/char_array_structure_constructor.f90 -O1 (test for excess errors)
UNRESOLVED: gfortran.dg/char_array_structure_constructor.f90 -O1 compilation failed to produce executable
FAIL: gfortran.dg/f2003_io_1.f03 -O0 execution test
FAIL: gfortran.dg/f2003_io_1.f03 -O1 execution test
FAIL: gfortran.dg/f2003_io_1.f03 -O2 execution test
FAIL: gfortran.dg/f2003_io_1.f03 -O3 -fomit-frame-pointer execution test
FAIL: gfortran.dg/f2003_io_1.f03 -O3 -fomit-frame-pointer -funroll-loops execution test
FAIL: gfortran.dg/f2003_io_1.f03 -O3 -fomit-frame-pointer -funroll-all-loops -finline-functions execution test
FAIL: gfortran.dg/f2003_io_1.f03 -O3 -g execution test
FAIL: gfortran.dg/f2003_io_1.f03 -Os execution test
FAIL: gfortran.dg/f2003_io_4.f03 -O0 execution test
FAIL: gfortran.dg/f2003_io_4.f03 -O1 execution test
FAIL: gfortran.dg/f2003_io_4.f03 -O2 execution test
FAIL: gfortran.dg/f2003_io_4.f03 -O3 -fomit-frame-pointer execution test
FAIL: gfortran.dg/f2003_io_4.f03 -O3 -fomit-frame-pointer -funroll-loops execution test
FAIL: gfortran.dg/f2003_io_4.f03 -O3 -fomit-frame-pointer -funroll-all-loops -finline-functions execution test
FAIL: gfortran.dg/f2003_io_4.f03 -O3 -g execution test
FAIL: gfortran.dg/f2003_io_4.f03 -Os execution test
FAIL: gfortran.dg/f2003_io_5.f03 -O0 execution test
FAIL: gfortran.dg/f2003_io_5.f03 -O1 execution test
FAIL: gfortran.dg/f2003_io_5.f03 -O2 execution test
FAIL: gfortran.dg/f2003_io_5.f03 -O3 -fomit-frame-pointer execution test
FAIL: gfortran.dg/f2003_io_5.f03 -O3 -fomit-frame-pointer -funroll-loops execution test
FAIL: gfortran.dg/f2003_io_5.f03 -O3 -fomit-frame-pointer -funroll-all-loops -finline-functions execution test
FAIL: gfortran.dg/f2003_io_5.f03 -O3 -g execution test
FAIL: gfortran.dg/f2003_io_5.f03 -Os execution test
FAIL: gfortran.dg/f2003_io_6.f03 -O0 execution test
FAIL: gfortran.dg/f2003_io_6.f03 -O1 execution test
FAIL: gfortran.dg/f2003_io_6.f03 -O2 execution test
FAIL: gfortran.dg/f2003_io_6.f03 -O3 -fomit-frame-pointer execution test
FAIL: gfortran.dg/f2003_io_6.f03 -O3 -fomit-frame-pointer -funroll-loops execution test
FAIL: gfortran.dg/f2003_io_6.f03 -O3 -fomit-frame-pointer -funroll-all-loops -finline-functions execution test
FAIL: gfortran.dg/f2003_io_6.f03 -O3 -g execution test
FAIL: gfortran.dg/f2003_io_6.f03 -Os execution test
FAIL: gfortran.dg/f2003_io_7.f03 -O0 execution test
FAIL: gfortran.dg/f2003_io_7.f03 -O1 execution test
FAIL: gfortran.dg/f2003_io_7.f03 -O2 execution test
FAIL: gfortran.dg/f2003_io_7.f03 -O3 -fomit-frame-pointer execution test
FAIL: gfortran.dg/f2003_io_7.f03 -O3 -fomit-frame-pointer -funroll-loops execution test
FAIL: gfortran.dg/f2003_io_7.f03 -O3 -fomit-frame-pointer -funroll-all-loops -finline-functions execution test
FAIL: gfortran.dg/f2003_io_7.f03 -O3 -g execution test
FAIL: gfortran.dg/f2003_io_7.f03 -Os execution test
FAIL: gfortran.dg/fmt_t_5.f90 -O1 execution test
FAIL: gfortran.dg/fmt_t_5.f90 -O2 execution test
FAIL: gfortran.dg/fmt_t_5.f90 -O3 -fomit-frame-pointer execution test
FAIL: gfortran.dg/fmt_t_5.f90 -O3 -fomit-frame-pointer -funroll-loops execution test
FAIL: gfortran.dg/fmt_t_5.f90 -O3 -fomit-frame-pointer -funroll-all-loops -finline-functions execution test
FAIL: gfortran.dg/fmt_t_5.f90 -O3 -g execution test
FAIL: gfortran.dg/fmt_t_5.f90 -Os execution test
FAIL: gfortran.dg/fmt_t_7.f -O0 execution test
FAIL: gfortran.dg/fmt_t_7.f -O1 execution test
FAIL: gfortran.dg/fmt_t_7.f -O2 execution test
FAIL: gfortran.dg/fmt_t_7.f -O3 -fomit-frame-pointer execution test
FAIL: gfortran.dg/fmt_t_7.f -O3 -fomit-frame-pointer -funroll-loops execution test
FAIL: gfortran.dg/fmt_t_7.f -O3 -fomit-frame-pointer -funroll-all-loops -finline-functions execution test
FAIL: gfortran.dg/fmt_t_7.f -O3 -g execution test
FAIL: gfortran.dg/fmt_t_7.f -Os execution test
FAIL: gfortran.dg/host_assoc_variable_1.f90 -O (internal compiler error)
FAIL: gfortran.dg/host_assoc_variable_1.f90 -O (test for excess errors)
FAIL: gfortran.dg/implicit_11.f90 -O (internal compiler error)
FAIL: gfortran.dg/implicit_11.f90 -O (test for errors, line 34)
FAIL: gfortran.dg/implicit_11.f90 -O (test for excess errors)
FAIL: gfortran.dg/move_alloc.f90 -O0 (internal compiler error)
FAIL: gfortran.dg/move_alloc.f90 -O0 (test for excess errors)
UNRESOLVED: gfortran.dg/move_alloc.f90 -O0 compilation failed to produce executable
FAIL: gfortran.dg/move_alloc.f90 -O1 (internal compiler error)
FAIL: gfortran.dg/move_alloc.f90 -O1 (test for excess errors)
UNRESOLVED: gfortran.dg/move_alloc.f90 -O1 compilation failed to produce executable
FAIL: gfortran.dg/multiple_allocation_1.f90 -O0 (internal compiler error)
FAIL: gfortran.dg/multiple_allocation_1.f90 -O0 (test for excess errors)
UNRESOLVED: gfortran.dg/multiple_allocation_1.f90 -O0 compilation failed to produce executable
FAIL: gfortran.dg/multiple_allocation_1.f90 -O1 (internal compiler error)
FAIL: gfortran.dg/multiple_allocation_1.f90 -O1 (test for excess errors)
UNRESOLVED: gfortran.dg/multiple_allocation_1.f90 -O1 compilation failed to produce executable
FAIL: gfortran.dg/nullify_3.f90 -O0 (internal compiler error)
FAIL: gfortran.dg/nullify_3.f90 -O0 (test for excess errors)
UNRESOLVED: gfortran.dg/nullify_3.f90 -O0 compilation failed to produce executable
FAIL: gfortran.dg/nullify_3.f90 -O1 (internal compiler error)
FAIL: gfortran.dg/nullify_3.f90 -O1 (test for excess errors)
UNRESOLVED: gfortran.dg/nullify_3.f90 -O1 compilation failed to produce executable
FAIL: gfortran.dg/nullify_3.f90 -O2 (internal compiler error)
FAIL: gfortran.dg/nullify_3.f90 -O2 (test for excess errors)
UNRESOLVED: gfortran.dg/nullify_3.f90 -O2 compilation failed to produce executable
FAIL: gfortran.dg/nullify_3.f90 -O3 -fomit-frame-pointer (internal compiler error)
FAIL: gfortran.dg/nullify_3.f90 -O3 -fomit-frame-pointer (test for excess errors)
UNRESOLVED: gfortran.dg/nullify_3.f90 -O3 -fomit-frame-pointer compilation failed to produce executable
FAIL: gfortran.dg/nullify_3.f90 -O3 -fomit-frame-pointer -funroll-loops (internal compiler error)
FAIL: gfortran.dg/nullify_3.f90 -O3 -fomit-frame-pointer -funroll-loops (test for excess errors)
UNRESOLVED: gfortran.dg/nullify_3.f90 -O3 -fomit-frame-pointer -funroll-loops compilation failed to produce executable
FAIL: gfortran.dg/nullify_3.f90 -O3 -fomit-frame-pointer -funroll-all-loops -finline-functions (internal compiler error)
FAIL: gfortran.dg/nullify_3.f90 -O3 -fomit-frame-pointer -funroll-all-loops -finline-functions (test for excess errors)
UNRESOLVED: gfortran.dg/nullify_3.f90 -O3 -fomit-frame-pointer -funroll-all-loops -finline-functions compilation failed to produce executable
FAIL: gfortran.dg/nullify_3.f90 -O3 -g (internal compiler error)
FAIL: gfortran.dg/nullify_3.f90 -O3 -g (test for excess errors)
UNRESOLVED: gfortran.dg/nullify_3.f90 -O3 -g compilation failed to produce executable
FAIL: gfortran.dg/nullify_3.f90 -Os (internal compiler error)
FAIL: gfortran.dg/nullify_3.f90 -Os (test for excess errors)
UNRESOLVED: gfortran.dg/nullify_3.f90 -Os compilation failed to produce executable
FAIL: gfortran.dg/streamio_1.f90 -O0 execution test
FAIL: gfortran.dg/streamio_1.f90 -O1 execution test
FAIL: gfortran.dg/streamio_1.f90 -O2 execution test
FAIL: gfortran.dg/streamio_1.f90 -O3 -fomit-frame-pointer execution test
FAIL: gfortran.dg/streamio_1.f90 -O3 -fomit-frame-pointer -funroll-loops execution test
FAIL: gfortran.dg/streamio_1.f90 -O3 -fomit-frame-pointer -funroll-all-loops -finline-functions execution test
FAIL: gfortran.dg/streamio_1.f90 -O3 -g execution test
FAIL: gfortran.dg/streamio_1.f90 -Os execution test
FAIL: gfortran.dg/streamio_10.f90 -O0 execution test
FAIL: gfortran.dg/streamio_10.f90 -O1 execution test
FAIL: gfortran.dg/streamio_10.f90 -O2 execution test
FAIL: gfortran.dg/streamio_10.f90 -O3 -fomit-frame-pointer execution test
FAIL: gfortran.dg/streamio_10.f90 -O3 -fomit-frame-pointer -funroll-loops execution test
FAIL: gfortran.dg/streamio_10.f90 -O3 -fomit-frame-pointer -funroll-all-loops -finline-functions execution test
FAIL: gfortran.dg/streamio_10.f90 -O3 -g execution test
FAIL: gfortran.dg/streamio_10.f90 -Os execution test
FAIL: gfortran.dg/streamio_12.f90 -O0 execution test
FAIL: gfortran.dg/streamio_12.f90 -O1 execution test
FAIL: gfortran.dg/streamio_12.f90 -O2 execution test
FAIL: gfortran.dg/streamio_12.f90 -O3 -fomit-frame-pointer execution test
FAIL: gfortran.dg/streamio_12.f90 -O3 -fomit-frame-pointer -funroll-loops execution test
FAIL: gfortran.dg/streamio_12.f90 -O3 -fomit-frame-pointer -funroll-all-loops -finline-functions execution test
FAIL: gfortran.dg/streamio_12.f90 -O3 -g execution test
FAIL: gfortran.dg/streamio_12.f90 -Os execution test
FAIL: gfortran.dg/streamio_14.f90 -O0 execution test
FAIL: gfortran.dg/streamio_14.f90 -O1 execution test
FAIL: gfortran.dg/streamio_14.f90 -O2 execution test
FAIL: gfortran.dg/streamio_14.f90 -O3 -fomit-frame-pointer execution test
FAIL: gfortran.dg/streamio_14.f90 -O3 -fomit-frame-pointer -funroll-loops execution test
FAIL: gfortran.dg/streamio_14.f90 -O3 -fomit-frame-pointer -funroll-all-loops -finline-functions execution test
FAIL: gfortran.dg/streamio_14.f90 -O3 -g execution test
FAIL: gfortran.dg/streamio_14.f90 -Os execution test
FAIL: gfortran.dg/streamio_15.f90 -O0 execution test
FAIL: gfortran.dg/streamio_15.f90 -O1 execution test
FAIL: gfortran.dg/streamio_15.f90 -O2 execution test
FAIL: gfortran.dg/streamio_15.f90 -O3 -fomit-frame-pointer execution test
FAIL: gfortran.dg/streamio_15.f90 -O3 -fomit-frame-pointer -funroll-loops execution test
FAIL: gfortran.dg/streamio_15.f90 -O3 -fomit-frame-pointer -funroll-all-loops -finline-functions execution test
FAIL: gfortran.dg/streamio_15.f90 -O3 -g execution test
FAIL: gfortran.dg/streamio_15.f90 -Os execution test
FAIL: gfortran.dg/streamio_16.f90 -O0 execution test
FAIL: gfortran.dg/streamio_16.f90 -O1 execution test
FAIL: gfortran.dg/streamio_16.f90 -O2 execution test
FAIL: gfortran.dg/streamio_16.f90 -O3 -fomit-frame-pointer execution test
FAIL: gfortran.dg/streamio_16.f90 -O3 -fomit-frame-pointer -funroll-loops execution test
FAIL: gfortran.dg/streamio_16.f90 -O3 -fomit-frame-pointer -funroll-all-loops -finline-functions execution test
FAIL: gfortran.dg/streamio_16.f90 -O3 -g execution test
FAIL: gfortran.dg/streamio_16.f90 -Os execution test
FAIL: gfortran.dg/streamio_2.f90 -O0 execution test
FAIL: gfortran.dg/streamio_2.f90 -O1 execution test
FAIL: gfortran.dg/streamio_2.f90 -O2 execution test
FAIL: gfortran.dg/streamio_2.f90 -O3 -fomit-frame-pointer execution test
FAIL: gfortran.dg/streamio_2.f90 -O3 -fomit-frame-pointer -funroll-loops execution test
FAIL: gfortran.dg/streamio_2.f90 -O3 -fomit-frame-pointer -funroll-all-loops -finline-functions execution test
FAIL: gfortran.dg/streamio_2.f90 -O3 -g execution test
FAIL: gfortran.dg/streamio_2.f90 -Os execution test
FAIL: gfortran.dg/streamio_6.f90 -O0 execution test
FAIL: gfortran.dg/streamio_6.f90 -O1 execution test
FAIL: gfortran.dg/streamio_6.f90 -O2 execution test
FAIL: gfortran.dg/streamio_6.f90 -O3 -fomit-frame-pointer execution test
FAIL: gfortran.dg/streamio_6.f90 -O3 -fomit-frame-pointer -funroll-loops execution test
FAIL: gfortran.dg/streamio_6.f90 -O3 -fomit-frame-pointer -funroll-all-loops -finline-functions execution test
FAIL: gfortran.dg/streamio_6.f90 -O3 -g execution test
FAIL: gfortran.dg/streamio_6.f90 -Os execution test
FAIL: gfortran.dg/streamio_7.f90 -O0 execution test
FAIL: gfortran.dg/streamio_7.f90 -O1 execution test
FAIL: gfortran.dg/streamio_7.f90 -O2 execution test
FAIL: gfortran.dg/streamio_7.f90 -O3 -fomit-frame-pointer execution test
FAIL: gfortran.dg/streamio_7.f90 -O3 -fomit-frame-pointer -funroll-loops execution test
FAIL: gfortran.dg/streamio_7.f90 -O3 -fomit-frame-pointer -funroll-all-loops -finline-functions execution test
FAIL: gfortran.dg/streamio_7.f90 -O3 -g execution test
FAIL: gfortran.dg/streamio_7.f90 -Os execution test
FAIL: gfortran.dg/streamio_8.f90 -O0 execution test
FAIL: gfortran.dg/streamio_8.f90 -O1 execution test
FAIL: gfortran.dg/streamio_8.f90 -O2 execution test
FAIL: gfortran.dg/streamio_8.f90 -O3 -fomit-frame-pointer execution test
FAIL: gfortran.dg/streamio_8.f90 -O3 -fomit-frame-pointer -funroll-loops execution test
FAIL: gfortran.dg/streamio_8.f90 -O3 -fomit-frame-pointer -funroll-all-loops -finline-functions execution test
FAIL: gfortran.dg/streamio_8.f90 -O3 -g execution test
FAIL: gfortran.dg/streamio_8.f90 -Os execution test
FAIL: gfortran.fortran-torture/compile/ambig.f90, -O0 (internal compiler error)
FAIL: gfortran.fortran-torture/compile/ambig.f90, -O1 (internal compiler error)
=== gfortran Summary for unix/-fpic ===
# of expected passes 29899
# of unexpected failures 192
# of expected failures 11
# of unresolved testcases 22
# of unsupported tests 44
Running target unix
FAIL: gfortran.dg/alloc_comp_basics_2.f90 -O0 (internal compiler error)
FAIL: gfortran.dg/alloc_comp_basics_2.f90 -O0 (test for excess errors)
UNRESOLVED: gfortran.dg/alloc_comp_basics_2.f90 -O0 compilation failed to produce executable
FAIL: gfortran.dg/alloc_comp_basics_2.f90 -O1 (internal compiler error)
FAIL: gfortran.dg/alloc_comp_basics_2.f90 -O1 (test for excess errors)
UNRESOLVED: gfortran.dg/alloc_comp_basics_2.f90 -O1 compilation failed to produce executable
FAIL: gfortran.dg/alloc_comp_basics_5.f90 -O0 (internal compiler error)
FAIL: gfortran.dg/alloc_comp_basics_5.f90 -O0 (test for excess errors)
UNRESOLVED: gfortran.dg/alloc_comp_basics_5.f90 -O0 compilation failed to produce executable
FAIL: gfortran.dg/alloc_comp_basics_5.f90 -O1 (internal compiler error)
FAIL: gfortran.dg/alloc_comp_basics_5.f90 -O1 (test for excess errors)
UNRESOLVED: gfortran.dg/alloc_comp_basics_5.f90 -O1 compilation failed to produce executable
FAIL: gfortran.dg/alloc_comp_initializer_1.f90 -O0 (internal compiler error)
FAIL: gfortran.dg/alloc_comp_initializer_1.f90 -O0 (test for excess errors)
UNRESOLVED: gfortran.dg/alloc_comp_initializer_1.f90 -O0 compilation failed to produce executable
FAIL: gfortran.dg/alloc_comp_initializer_1.f90 -O1 (internal compiler error)
FAIL: gfortran.dg/alloc_comp_initializer_1.f90 -O1 (test for excess errors)
UNRESOLVED: gfortran.dg/alloc_comp_initializer_1.f90 -O1 compilation failed to produce executable
FAIL: gfortran.dg/allocate_alloc_opt_3.f90 -O0 (internal compiler error)
FAIL: gfortran.dg/allocate_alloc_opt_3.f90 -O0 (test for excess errors)
UNRESOLVED: gfortran.dg/allocate_alloc_opt_3.f90 -O0 compilation failed to produce executable
FAIL: gfortran.dg/allocate_alloc_opt_3.f90 -O1 (internal compiler error)
FAIL: gfortran.dg/allocate_alloc_opt_3.f90 -O1 (test for excess errors)
UNRESOLVED: gfortran.dg/allocate_alloc_opt_3.f90 -O1 compilation failed to produce executable
FAIL: gfortran.dg/allocate_stat.f90 -O (internal compiler error)
FAIL: gfortran.dg/allocate_stat.f90 -O (test for errors, line 41)
FAIL: gfortran.dg/allocate_stat.f90 -O (test for errors, line 54)
FAIL: gfortran.dg/allocate_stat.f90 -O (test for errors, line 71)
FAIL: gfortran.dg/allocate_stat.f90 -O (test for errors, line 73)
FAIL: gfortran.dg/allocate_stat.f90 -O (test for excess errors)
FAIL: gfortran.dg/char_array_structure_constructor.f90 -O0 (internal compiler error)
FAIL: gfortran.dg/char_array_structure_constructor.f90 -O0 (test for excess errors)
UNRESOLVED: gfortran.dg/char_array_structure_constructor.f90 -O0 compilation failed to produce executable
FAIL: gfortran.dg/char_array_structure_constructor.f90 -O1 (internal compiler error)
FAIL: gfortran.dg/char_array_structure_constructor.f90 -O1 (test for excess errors)
UNRESOLVED: gfortran.dg/char_array_structure_constructor.f90 -O1 compilation failed to produce executable
FAIL: gfortran.dg/f2003_io_1.f03 -O0 execution test
FAIL: gfortran.dg/f2003_io_1.f03 -O1 execution test
FAIL: gfortran.dg/f2003_io_1.f03 -O2 execution test
FAIL: gfortran.dg/f2003_io_1.f03 -O3 -fomit-frame-pointer execution test
FAIL: gfortran.dg/f2003_io_1.f03 -O3 -fomit-frame-pointer -funroll-loops execution test
FAIL: gfortran.dg/f2003_io_1.f03 -O3 -fomit-frame-pointer -funroll-all-loops -finline-functions execution test
FAIL: gfortran.dg/f2003_io_1.f03 -O3 -g execution test
FAIL: gfortran.dg/f2003_io_1.f03 -Os execution test
FAIL: gfortran.dg/f2003_io_4.f03 -O0 execution test
FAIL: gfortran.dg/f2003_io_4.f03 -O1 execution test
FAIL: gfortran.dg/f2003_io_4.f03 -O2 execution test
FAIL: gfortran.dg/f2003_io_4.f03 -O3 -fomit-frame-pointer execution test
FAIL: gfortran.dg/f2003_io_4.f03 -O3 -fomit-frame-pointer -funroll-loops execution test
FAIL: gfortran.dg/f2003_io_4.f03 -O3 -fomit-frame-pointer -funroll-all-loops -finline-functions execution test
FAIL: gfortran.dg/f2003_io_4.f03 -O3 -g execution test
FAIL: gfortran.dg/f2003_io_4.f03 -Os execution test
FAIL: gfortran.dg/f2003_io_5.f03 -O0 execution test
FAIL: gfortran.dg/f2003_io_5.f03 -O1 execution test
FAIL: gfortran.dg/f2003_io_5.f03 -O2 execution test
FAIL: gfortran.dg/f2003_io_5.f03 -O3 -fomit-frame-pointer execution test
FAIL: gfortran.dg/f2003_io_5.f03 -O3 -fomit-frame-pointer -funroll-loops execution test
FAIL: gfortran.dg/f2003_io_5.f03 -O3 -fomit-frame-pointer -funroll-all-loops -finline-functions execution test
FAIL: gfortran.dg/f2003_io_5.f03 -O3 -g execution test
FAIL: gfortran.dg/f2003_io_5.f03 -Os execution test
FAIL: gfortran.dg/f2003_io_6.f03 -O0 execution test
FAIL: gfortran.dg/f2003_io_6.f03 -O1 execution test
FAIL: gfortran.dg/f2003_io_6.f03 -O2 execution test
FAIL: gfortran.dg/f2003_io_6.f03 -O3 -fomit-frame-pointer execution test
FAIL: gfortran.dg/f2003_io_6.f03 -O3 -fomit-frame-pointer -funroll-loops execution test
FAIL: gfortran.dg/f2003_io_6.f03 -O3 -fomit-frame-pointer -funroll-all-loops -finline-functions execution test
FAIL: gfortran.dg/f2003_io_6.f03 -O3 -g execution test
FAIL: gfortran.dg/f2003_io_6.f03 -Os execution test
FAIL: gfortran.dg/f2003_io_7.f03 -O0 execution test
FAIL: gfortran.dg/f2003_io_7.f03 -O1 execution test
FAIL: gfortran.dg/f2003_io_7.f03 -O2 execution test
FAIL: gfortran.dg/f2003_io_7.f03 -O3 -fomit-frame-pointer execution test
FAIL: gfortran.dg/f2003_io_7.f03 -O3 -fomit-frame-pointer -funroll-loops execution test
FAIL: gfortran.dg/f2003_io_7.f03 -O3 -fomit-frame-pointer -funroll-all-loops -finline-functions execution test
FAIL: gfortran.dg/f2003_io_7.f03 -O3 -g execution test
FAIL: gfortran.dg/f2003_io_7.f03 -Os execution test
FAIL: gfortran.dg/fmt_t_5.f90 -O1 execution test
FAIL: gfortran.dg/fmt_t_5.f90 -O2 execution test
FAIL: gfortran.dg/fmt_t_5.f90 -O3 -fomit-frame-pointer execution test
FAIL: gfortran.dg/fmt_t_5.f90 -O3 -fomit-frame-pointer -funroll-loops execution test
FAIL: gfortran.dg/fmt_t_5.f90 -O3 -fomit-frame-pointer -funroll-all-loops -finline-functions execution test
FAIL: gfortran.dg/fmt_t_5.f90 -O3 -g execution test
FAIL: gfortran.dg/fmt_t_5.f90 -Os execution test
FAIL: gfortran.dg/fmt_t_7.f -O0 execution test
FAIL: gfortran.dg/fmt_t_7.f -O1 execution test
FAIL: gfortran.dg/fmt_t_7.f -O2 execution test
FAIL: gfortran.dg/fmt_t_7.f -O3 -fomit-frame-pointer execution test
FAIL: gfortran.dg/fmt_t_7.f -O3 -fomit-frame-pointer -funroll-loops execution test
FAIL: gfortran.dg/fmt_t_7.f -O3 -fomit-frame-pointer -funroll-all-loops -finline-functions execution test
FAIL: gfortran.dg/fmt_t_7.f -O3 -g execution test
FAIL: gfortran.dg/fmt_t_7.f -Os execution test
FAIL: gfortran.dg/host_assoc_variable_1.f90 -O (internal compiler error)
FAIL: gfortran.dg/host_assoc_variable_1.f90 -O (test for excess errors)
FAIL: gfortran.dg/implicit_11.f90 -O (internal compiler error)
FAIL: gfortran.dg/implicit_11.f90 -O (test for errors, line 34)
FAIL: gfortran.dg/implicit_11.f90 -O (test for excess errors)
FAIL: gfortran.dg/move_alloc.f90 -O0 (internal compiler error)
FAIL: gfortran.dg/move_alloc.f90 -O0 (test for excess errors)
UNRESOLVED: gfortran.dg/move_alloc.f90 -O0 compilation failed to produce executable
FAIL: gfortran.dg/move_alloc.f90 -O1 (internal compiler error)
FAIL: gfortran.dg/move_alloc.f90 -O1 (test for excess errors)
UNRESOLVED: gfortran.dg/move_alloc.f90 -O1 compilation failed to produce executable
FAIL: gfortran.dg/multiple_allocation_1.f90 -O0 (internal compiler error)
FAIL: gfortran.dg/multiple_allocation_1.f90 -O0 (test for excess errors)
UNRESOLVED: gfortran.dg/multiple_allocation_1.f90 -O0 compilation failed to produce executable
FAIL: gfortran.dg/multiple_allocation_1.f90 -O1 (internal compiler error)
FAIL: gfortran.dg/multiple_allocation_1.f90 -O1 (test for excess errors)
UNRESOLVED: gfortran.dg/multiple_allocation_1.f90 -O1 compilation failed to produce executable
FAIL: gfortran.dg/nullify_3.f90 -O0 (internal compiler error)
FAIL: gfortran.dg/nullify_3.f90 -O0 (test for excess errors)
UNRESOLVED: gfortran.dg/nullify_3.f90 -O0 compilation failed to produce executable
FAIL: gfortran.dg/nullify_3.f90 -O1 (internal compiler error)
FAIL: gfortran.dg/nullify_3.f90 -O1 (test for excess errors)
UNRESOLVED: gfortran.dg/nullify_3.f90 -O1 compilation failed to produce executable
FAIL: gfortran.dg/nullify_3.f90 -O2 (internal compiler error)
FAIL: gfortran.dg/nullify_3.f90 -O2 (test for excess errors)
UNRESOLVED: gfortran.dg/nullify_3.f90 -O2 compilation failed to produce executable
FAIL: gfortran.dg/nullify_3.f90 -O3 -fomit-frame-pointer (internal compiler error)
FAIL: gfortran.dg/nullify_3.f90 -O3 -fomit-frame-pointer (test for excess errors)
UNRESOLVED: gfortran.dg/nullify_3.f90 -O3 -fomit-frame-pointer compilation failed to produce executable
FAIL: gfortran.dg/nullify_3.f90 -O3 -fomit-frame-pointer -funroll-loops (internal compiler error)
FAIL: gfortran.dg/nullify_3.f90 -O3 -fomit-frame-pointer -funroll-loops (test for excess errors)
UNRESOLVED: gfortran.dg/nullify_3.f90 -O3 -fomit-frame-pointer -funroll-loops compilation failed to produce executable
FAIL: gfortran.dg/nullify_3.f90 -O3 -fomit-frame-pointer -funroll-all-loops -finline-functions (internal compiler error)
FAIL: gfortran.dg/nullify_3.f90 -O3 -fomit-frame-pointer -funroll-all-loops -finline-functions (test for excess errors)
UNRESOLVED: gfortran.dg/nullify_3.f90 -O3 -fomit-frame-pointer -funroll-all-loops -finline-functions compilation failed to produce executable
FAIL: gfortran.dg/nullify_3.f90 -O3 -g (internal compiler error)
FAIL: gfortran.dg/nullify_3.f90 -O3 -g (test for excess errors)
UNRESOLVED: gfortran.dg/nullify_3.f90 -O3 -g compilation failed to produce executable
FAIL: gfortran.dg/nullify_3.f90 -Os (internal compiler error)
FAIL: gfortran.dg/nullify_3.f90 -Os (test for excess errors)
UNRESOLVED: gfortran.dg/nullify_3.f90 -Os compilation failed to produce executable
FAIL: gfortran.dg/streamio_1.f90 -O0 execution test
FAIL: gfortran.dg/streamio_1.f90 -O1 execution test
FAIL: gfortran.dg/streamio_1.f90 -O2 execution test
FAIL: gfortran.dg/streamio_1.f90 -O3 -fomit-frame-pointer execution test
FAIL: gfortran.dg/streamio_1.f90 -O3 -fomit-frame-pointer -funroll-loops execution test
FAIL: gfortran.dg/streamio_1.f90 -O3 -fomit-frame-pointer -funroll-all-loops -finline-functions execution test
FAIL: gfortran.dg/streamio_1.f90 -O3 -g execution test
FAIL: gfortran.dg/streamio_1.f90 -Os execution test
FAIL: gfortran.dg/streamio_10.f90 -O0 execution test
FAIL: gfortran.dg/streamio_10.f90 -O1 execution test
FAIL: gfortran.dg/streamio_10.f90 -O2 execution test
FAIL: gfortran.dg/streamio_10.f90 -O3 -fomit-frame-pointer execution test
FAIL: gfortran.dg/streamio_10.f90 -O3 -fomit-frame-pointer -funroll-loops execution test
FAIL: gfortran.dg/streamio_10.f90 -O3 -fomit-frame-pointer -funroll-all-loops -finline-functions execution test
FAIL: gfortran.dg/streamio_10.f90 -O3 -g execution test
FAIL: gfortran.dg/streamio_10.f90 -Os execution test
FAIL: gfortran.dg/streamio_12.f90 -O0 execution test
FAIL: gfortran.dg/streamio_12.f90 -O1 execution test
FAIL: gfortran.dg/streamio_12.f90 -O2 execution test
FAIL: gfortran.dg/streamio_12.f90 -O3 -fomit-frame-pointer execution test
FAIL: gfortran.dg/streamio_12.f90 -O3 -fomit-frame-pointer -funroll-loops execution test
FAIL: gfortran.dg/streamio_12.f90 -O3 -fomit-frame-pointer -funroll-all-loops -finline-functions execution test
FAIL: gfortran.dg/streamio_12.f90 -O3 -g execution test
FAIL: gfortran.dg/streamio_12.f90 -Os execution test
FAIL: gfortran.dg/streamio_14.f90 -O0 execution test
FAIL: gfortran.dg/streamio_14.f90 -O1 execution test
FAIL: gfortran.dg/streamio_14.f90 -O2 execution test
FAIL: gfortran.dg/streamio_14.f90 -O3 -fomit-frame-pointer execution test
FAIL: gfortran.dg/streamio_14.f90 -O3 -fomit-frame-pointer -funroll-loops execution test
FAIL: gfortran.dg/streamio_14.f90 -O3 -fomit-frame-pointer -funroll-all-loops -finline-functions execution test
FAIL: gfortran.dg/streamio_14.f90 -O3 -g execution test
FAIL: gfortran.dg/streamio_14.f90 -Os execution test
FAIL: gfortran.dg/streamio_15.f90 -O0 execution test
FAIL: gfortran.dg/streamio_15.f90 -O1 execution test
FAIL: gfortran.dg/streamio_15.f90 -O2 execution test
FAIL: gfortran.dg/streamio_15.f90 -O3 -fomit-frame-pointer execution test
FAIL: gfortran.dg/streamio_15.f90 -O3 -fomit-frame-pointer -funroll-loops execution test
FAIL: gfortran.dg/streamio_15.f90 -O3 -fomit-frame-pointer -funroll-all-loops -finline-functions execution test
FAIL: gfortran.dg/streamio_15.f90 -O3 -g execution test
FAIL: gfortran.dg/streamio_15.f90 -Os execution test
FAIL: gfortran.dg/streamio_16.f90 -O0 execution test
FAIL: gfortran.dg/streamio_16.f90 -O1 execution test
FAIL: gfortran.dg/streamio_16.f90 -O2 execution test
FAIL: gfortran.dg/streamio_16.f90 -O3 -fomit-frame-pointer execution test
FAIL: gfortran.dg/streamio_16.f90 -O3 -fomit-frame-pointer -funroll-loops execution test
FAIL: gfortran.dg/streamio_16.f90 -O3 -fomit-frame-pointer -funroll-all-loops -finline-functions execution test
FAIL: gfortran.dg/streamio_16.f90 -O3 -g execution test
FAIL: gfortran.dg/streamio_16.f90 -Os execution test
FAIL: gfortran.dg/streamio_2.f90 -O0 execution test
FAIL: gfortran.dg/streamio_2.f90 -O1 execution test
FAIL: gfortran.dg/streamio_2.f90 -O2 execution test
FAIL: gfortran.dg/streamio_2.f90 -O3 -fomit-frame-pointer execution test
FAIL: gfortran.dg/streamio_2.f90 -O3 -fomit-frame-pointer -funroll-loops execution test
FAIL: gfortran.dg/streamio_2.f90 -O3 -fomit-frame-pointer -funroll-all-loops -finline-functions execution test
FAIL: gfortran.dg/streamio_2.f90 -O3 -g execution test
FAIL: gfortran.dg/streamio_2.f90 -Os execution test
FAIL: gfortran.dg/streamio_6.f90 -O0 execution test
FAIL: gfortran.dg/streamio_6.f90 -O1 execution test
FAIL: gfortran.dg/streamio_6.f90 -O2 execution test
FAIL: gfortran.dg/streamio_6.f90 -O3 -fomit-frame-pointer execution test
FAIL: gfortran.dg/streamio_6.f90 -O3 -fomit-frame-pointer -funroll-loops execution test
FAIL: gfortran.dg/streamio_6.f90 -O3 -fomit-frame-pointer -funroll-all-loops -finline-functions execution test
FAIL: gfortran.dg/streamio_6.f90 -O3 -g execution test
FAIL: gfortran.dg/streamio_6.f90 -Os execution test
FAIL: gfortran.dg/streamio_7.f90 -O0 execution test
FAIL: gfortran.dg/streamio_7.f90 -O1 execution test
FAIL: gfortran.dg/streamio_7.f90 -O2 execution test
FAIL: gfortran.dg/streamio_7.f90 -O3 -fomit-frame-pointer execution test
FAIL: gfortran.dg/streamio_7.f90 -O3 -fomit-frame-pointer -funroll-loops execution test
FAIL: gfortran.dg/streamio_7.f90 -O3 -fomit-frame-pointer -funroll-all-loops -finline-functions execution test
FAIL: gfortran.dg/streamio_7.f90 -O3 -g execution test
FAIL: gfortran.dg/streamio_7.f90 -Os execution test
FAIL: gfortran.dg/streamio_8.f90 -O0 execution test
FAIL: gfortran.dg/streamio_8.f90 -O1 execution test
FAIL: gfortran.dg/streamio_8.f90 -O2 execution test
FAIL: gfortran.dg/streamio_8.f90 -O3 -fomit-frame-pointer execution test
FAIL: gfortran.dg/streamio_8.f90 -O3 -fomit-frame-pointer -funroll-loops execution test
FAIL: gfortran.dg/streamio_8.f90 -O3 -fomit-frame-pointer -funroll-all-loops -finline-functions execution test
FAIL: gfortran.dg/streamio_8.f90 -O3 -g execution test
FAIL: gfortran.dg/streamio_8.f90 -Os execution test
FAIL: gfortran.fortran-torture/compile/ambig.f90, -O0 (internal compiler error)
FAIL: gfortran.fortran-torture/compile/ambig.f90, -O1 (internal compiler error)
=== gfortran Summary for unix ===
# of expected passes 29899
# of unexpected failures 192
# of expected failures 11
# of unresolved testcases 22
# of unsupported tests 44
=== gfortran Summary ===
# of expected passes 179460
# of unexpected failures 747
# of expected failures 66
# of unresolved testcases 132
# of unsupported tests 423
/home/ghazi/gcc-testing/45/build/gcc/testsuite/gfortran/../../gfortran version 4.5.0 20090409 (experimental) [trunk revision 145867] (GCC)
=== obj-c++ tests ===
Running target unix/-m32/-fPIC
UNRESOLVED: obj-c++.dg/lookup-2.mm compilation failed to produce executable
UNRESOLVED: obj-c++.dg/try-catch-2.mm compilation failed to produce executable
UNRESOLVED: obj-c++.dg/try-catch-9.mm compilation failed to produce executable
=== obj-c++ Summary for unix/-m32/-fPIC ===
# of expected passes 438
# of expected failures 10
# of unresolved testcases 3
# of unsupported tests 13
Running target unix/-m32/-fpic
UNRESOLVED: obj-c++.dg/lookup-2.mm compilation failed to produce executable
UNRESOLVED: obj-c++.dg/try-catch-2.mm compilation failed to produce executable
UNRESOLVED: obj-c++.dg/try-catch-9.mm compilation failed to produce executable
=== obj-c++ Summary for unix/-m32/-fpic ===
# of expected passes 438
# of expected failures 10
# of unresolved testcases 3
# of unsupported tests 13
Running target unix/-m32
UNRESOLVED: obj-c++.dg/lookup-2.mm compilation failed to produce executable
UNRESOLVED: obj-c++.dg/try-catch-2.mm compilation failed to produce executable
UNRESOLVED: obj-c++.dg/try-catch-9.mm compilation failed to produce executable
=== obj-c++ Summary for unix/-m32 ===
# of expected passes 438
# of expected failures 10
# of unresolved testcases 3
# of unsupported tests 13
Running target unix/-fPIC
UNRESOLVED: obj-c++.dg/lookup-2.mm compilation failed to produce executable
UNRESOLVED: obj-c++.dg/try-catch-2.mm compilation failed to produce executable
UNRESOLVED: obj-c++.dg/try-catch-9.mm compilation failed to produce executable
=== obj-c++ Summary for unix/-fPIC ===
# of expected passes 427
# of expected failures 21
# of unresolved testcases 3
# of unsupported tests 13
Running target unix/-fpic
UNRESOLVED: obj-c++.dg/lookup-2.mm compilation failed to produce executable
UNRESOLVED: obj-c++.dg/try-catch-2.mm compilation failed to produce executable
UNRESOLVED: obj-c++.dg/try-catch-9.mm compilation failed to produce executable
=== obj-c++ Summary for unix/-fpic ===
# of expected passes 427
# of expected failures 21
# of unresolved testcases 3
# of unsupported tests 13
Running target unix
UNRESOLVED: obj-c++.dg/lookup-2.mm compilation failed to produce executable
UNRESOLVED: obj-c++.dg/try-catch-2.mm compilation failed to produce executable
UNRESOLVED: obj-c++.dg/try-catch-9.mm compilation failed to produce executable
=== obj-c++ Summary for unix ===
# of expected passes 427
# of expected failures 21
# of unresolved testcases 3
# of unsupported tests 13
=== obj-c++ Summary ===
# of expected passes 2595
# of expected failures 93
# of unresolved testcases 18
# of unsupported tests 78
/home/ghazi/gcc-testing/45/build/gcc/testsuite/obj-c++/../../g++ version 4.5.0 20090409 (experimental) [trunk revision 145867] (GCC)
=== objc tests ===
Running target unix/-m32/-fPIC
=== objc Summary for unix/-m32/-fPIC ===
# of expected passes 1872
# of expected failures 7
# of unsupported tests 24
Running target unix/-m32/-fpic
=== objc Summary for unix/-m32/-fpic ===
# of expected passes 1872
# of expected failures 7
# of unsupported tests 24
Running target unix/-m32
=== objc Summary for unix/-m32 ===
# of expected passes 1872
# of expected failures 7
# of unsupported tests 24
Running target unix/-fPIC
FAIL: objc/execute/forward-1.m execution, -O0 -fgnu-runtime
FAIL: objc/execute/forward-1.m execution, -O1 -fgnu-runtime
FAIL: objc/execute/forward-1.m execution, -O2 -fgnu-runtime
FAIL: objc/execute/forward-1.m execution, -O3 -fomit-frame-pointer -fgnu-runtime
FAIL: objc/execute/forward-1.m execution, -O3 -fomit-frame-pointer -funroll-loops -fgnu-runtime
FAIL: objc/execute/forward-1.m execution, -O3 -fomit-frame-pointer -funroll-all-loops -finline-functions -fgnu-runtime
FAIL: objc/execute/forward-1.m execution, -O3 -g -fgnu-runtime
FAIL: objc/execute/forward-1.m execution, -Os -fgnu-runtime
=== objc Summary for unix/-fPIC ===
# of expected passes 1864
# of unexpected failures 8
# of expected failures 7
# of unsupported tests 24
Running target unix/-fpic
FAIL: objc/execute/forward-1.m execution, -O0 -fgnu-runtime
FAIL: objc/execute/forward-1.m execution, -O1 -fgnu-runtime
FAIL: objc/execute/forward-1.m execution, -O2 -fgnu-runtime
FAIL: objc/execute/forward-1.m execution, -O3 -fomit-frame-pointer -fgnu-runtime
FAIL: objc/execute/forward-1.m execution, -O3 -fomit-frame-pointer -funroll-loops -fgnu-runtime
FAIL: objc/execute/forward-1.m execution, -O3 -fomit-frame-pointer -funroll-all-loops -finline-functions -fgnu-runtime
FAIL: objc/execute/forward-1.m execution, -O3 -g -fgnu-runtime
FAIL: objc/execute/forward-1.m execution, -Os -fgnu-runtime
=== objc Summary for unix/-fpic ===
# of expected passes 1864
# of unexpected failures 8
# of expected failures 7
# of unsupported tests 24
Running target unix
FAIL: objc/execute/forward-1.m execution, -O0 -fgnu-runtime
FAIL: objc/execute/forward-1.m execution, -O1 -fgnu-runtime
FAIL: objc/execute/forward-1.m execution, -O2 -fgnu-runtime
FAIL: objc/execute/forward-1.m execution, -O3 -fomit-frame-pointer -fgnu-runtime
FAIL: objc/execute/forward-1.m execution, -O3 -fomit-frame-pointer -funroll-loops -fgnu-runtime
FAIL: objc/execute/forward-1.m execution, -O3 -fomit-frame-pointer -funroll-all-loops -finline-functions -fgnu-runtime
FAIL: objc/execute/forward-1.m execution, -O3 -g -fgnu-runtime
FAIL: objc/execute/forward-1.m execution, -Os -fgnu-runtime
=== objc Summary for unix ===
# of expected passes 1864
# of unexpected failures 8
# of expected failures 7
# of unsupported tests 24
=== objc Summary ===
# of expected passes 11208
# of unexpected failures 24
# of expected failures 42
# of unsupported tests 144
/home/ghazi/gcc-testing/45/build/gcc/xgcc version 4.5.0 20090409 (experimental) [trunk revision 145867] (GCC)
=== libffi tests ===
Running target unix/-m32/-fPIC
=== libffi Summary for unix/-m32/-fPIC ===
# of expected passes 1389
# of unsupported tests 10
Running target unix/-m32/-fpic
=== libffi Summary for unix/-m32/-fpic ===
# of expected passes 1389
# of unsupported tests 10
Running target unix/-m32
=== libffi Summary for unix/-m32 ===
# of expected passes 1389
# of unsupported tests 10
Running target unix/-fPIC
=== libffi Summary for unix/-fPIC ===
# of expected passes 1389
# of unsupported tests 10
Running target unix/-fpic
=== libffi Summary for unix/-fpic ===
# of expected passes 1389
# of unsupported tests 10
Running target unix
=== libffi Summary for unix ===
# of expected passes 1389
# of unsupported tests 10
=== libffi Summary ===
# of expected passes 8334
# of unsupported tests 60
=== libgomp tests ===
Running target unix/-m32/-fPIC
=== libgomp Summary for unix/-m32/-fPIC ===
# of expected passes 2406
Running target unix/-m32/-fpic
=== libgomp Summary for unix/-m32/-fpic ===
# of expected passes 2406
Running target unix/-m32
=== libgomp Summary for unix/-m32 ===
# of expected passes 2406
Running target unix/-fPIC
=== libgomp Summary for unix/-fPIC ===
# of expected passes 2406
Running target unix/-fpic
=== libgomp Summary for unix/-fpic ===
# of expected passes 2406
Running target unix
=== libgomp Summary for unix ===
# of expected passes 2406
=== libgomp Summary ===
# of expected passes 14436
=== libjava tests ===
Running target unix/-m32/-fPIC
=== libjava Summary for unix/-m32/-fPIC ===
# of expected passes 2574
Running target unix/-m32/-fpic
=== libjava Summary for unix/-m32/-fpic ===
# of expected passes 2574
Running target unix/-m32
=== libjava Summary for unix/-m32 ===
# of expected passes 2574
Running target unix/-fPIC
=== libjava Summary for unix/-fPIC ===
# of expected passes 2574
Running target unix/-fpic
=== libjava Summary for unix/-fpic ===
# of expected passes 2574
Running target unix
=== libjava Summary for unix ===
# of expected passes 2574
=== libjava Summary ===
# of expected passes 15444
=== libmudflap tests ===
Running target unix/-m32/-fPIC
FAIL: libmudflap.c++/pass41-frag.cxx execution test
FAIL: libmudflap.c++/pass41-frag.cxx (-static) execution test
FAIL: libmudflap.c++/pass41-frag.cxx (-O2) execution test
FAIL: libmudflap.c++/pass41-frag.cxx (-O3) execution test
FAIL: libmudflap.cth/pass37-frag.c (-static -DSTATIC) execution test
FAIL: libmudflap.cth/pass37-frag.c (-static -DSTATIC) output pattern test
FAIL: libmudflap.cth/pass37-frag.c (-static -DSTATIC) (rerun 1) execution test
FAIL: libmudflap.cth/pass37-frag.c (-static -DSTATIC) (rerun 1) output pattern test
FAIL: libmudflap.cth/pass37-frag.c (-static -DSTATIC) (rerun 2) execution test
FAIL: libmudflap.cth/pass37-frag.c (-static -DSTATIC) (rerun 2) output pattern test
FAIL: libmudflap.cth/pass37-frag.c (-static -DSTATIC) (rerun 3) execution test
FAIL: libmudflap.cth/pass37-frag.c (-static -DSTATIC) (rerun 3) output pattern test
FAIL: libmudflap.cth/pass37-frag.c (-static -DSTATIC) (rerun 4) execution test
FAIL: libmudflap.cth/pass37-frag.c (-static -DSTATIC) (rerun 4) output pattern test
FAIL: libmudflap.cth/pass37-frag.c (-static -DSTATIC) (rerun 5) execution test
FAIL: libmudflap.cth/pass37-frag.c (-static -DSTATIC) (rerun 5) output pattern test
FAIL: libmudflap.cth/pass37-frag.c (-static -DSTATIC) (rerun 6) execution test
FAIL: libmudflap.cth/pass37-frag.c (-static -DSTATIC) (rerun 6) output pattern test
FAIL: libmudflap.cth/pass37-frag.c (-static -DSTATIC) (rerun 7) execution test
FAIL: libmudflap.cth/pass37-frag.c (-static -DSTATIC) (rerun 7) output pattern test
FAIL: libmudflap.cth/pass37-frag.c (-static -DSTATIC) (rerun 8) execution test
FAIL: libmudflap.cth/pass37-frag.c (-static -DSTATIC) (rerun 8) output pattern test
FAIL: libmudflap.cth/pass37-frag.c (-static -DSTATIC) (rerun 9) execution test
FAIL: libmudflap.cth/pass37-frag.c (-static -DSTATIC) (rerun 9) output pattern test
FAIL: libmudflap.cth/pass37-frag.c (-static -DSTATIC) (rerun 10) execution test
FAIL: libmudflap.cth/pass37-frag.c (-static -DSTATIC) (rerun 10) output pattern test
FAIL: libmudflap.cth/pass37-frag.c (-static -DSTATIC) (rerun 11) execution test
FAIL: libmudflap.cth/pass37-frag.c (-static -DSTATIC) (rerun 11) output pattern test
FAIL: libmudflap.cth/pass37-frag.c (-static -DSTATIC) (rerun 12) execution test
FAIL: libmudflap.cth/pass37-frag.c (-static -DSTATIC) (rerun 12) output pattern test
FAIL: libmudflap.cth/pass37-frag.c (-static -DSTATIC) (rerun 13) execution test
FAIL: libmudflap.cth/pass37-frag.c (-static -DSTATIC) (rerun 13) output pattern test
FAIL: libmudflap.cth/pass37-frag.c (-static -DSTATIC) (rerun 14) execution test
FAIL: libmudflap.cth/pass37-frag.c (-static -DSTATIC) (rerun 14) output pattern test
FAIL: libmudflap.cth/pass37-frag.c (-static -DSTATIC) (rerun 15) execution test
FAIL: libmudflap.cth/pass37-frag.c (-static -DSTATIC) (rerun 15) output pattern test
FAIL: libmudflap.cth/pass37-frag.c (-static -DSTATIC) (rerun 16) execution test
FAIL: libmudflap.cth/pass37-frag.c (-static -DSTATIC) (rerun 16) output pattern test
FAIL: libmudflap.cth/pass37-frag.c (-static -DSTATIC) (rerun 17) execution test
FAIL: libmudflap.cth/pass37-frag.c (-static -DSTATIC) (rerun 17) output pattern test
FAIL: libmudflap.cth/pass37-frag.c (-static -DSTATIC) (rerun 18) execution test
FAIL: libmudflap.cth/pass37-frag.c (-static -DSTATIC) (rerun 18) output pattern test
FAIL: libmudflap.cth/pass37-frag.c (-static -DSTATIC) (rerun 19) execution test
FAIL: libmudflap.cth/pass37-frag.c (-static -DSTATIC) (rerun 19) output pattern test
FAIL: libmudflap.cth/pass39-frag.c (-static -DSTATIC) execution test
FAIL: libmudflap.cth/pass39-frag.c (-static -DSTATIC) output pattern test
FAIL: libmudflap.cth/pass39-frag.c (-static -DSTATIC) (rerun 1) execution test
FAIL: libmudflap.cth/pass39-frag.c (-static -DSTATIC) (rerun 1) output pattern test
FAIL: libmudflap.cth/pass39-frag.c (-static -DSTATIC) (rerun 2) execution test
FAIL: libmudflap.cth/pass39-frag.c (-static -DSTATIC) (rerun 2) output pattern test
FAIL: libmudflap.cth/pass39-frag.c (-static -DSTATIC) (rerun 3) execution test
FAIL: libmudflap.cth/pass39-frag.c (-static -DSTATIC) (rerun 3) output pattern test
FAIL: libmudflap.cth/pass39-frag.c (-static -DSTATIC) (rerun 4) execution test
FAIL: libmudflap.cth/pass39-frag.c (-static -DSTATIC) (rerun 4) output pattern test
FAIL: libmudflap.cth/pass39-frag.c (-static -DSTATIC) (rerun 5) execution test
FAIL: libmudflap.cth/pass39-frag.c (-static -DSTATIC) (rerun 5) output pattern test
FAIL: libmudflap.cth/pass39-frag.c (-static -DSTATIC) (rerun 6) execution test
FAIL: libmudflap.cth/pass39-frag.c (-static -DSTATIC) (rerun 6) output pattern test
FAIL: libmudflap.cth/pass39-frag.c (-static -DSTATIC) (rerun 7) execution test
FAIL: libmudflap.cth/pass39-frag.c (-static -DSTATIC) (rerun 7) output pattern test
FAIL: libmudflap.cth/pass39-frag.c (-static -DSTATIC) (rerun 8) execution test
FAIL: libmudflap.cth/pass39-frag.c (-static -DSTATIC) (rerun 8) output pattern test
FAIL: libmudflap.cth/pass39-frag.c (-static -DSTATIC) (rerun 9) execution test
FAIL: libmudflap.cth/pass39-frag.c (-static -DSTATIC) (rerun 9) output pattern test
FAIL: libmudflap.cth/pass39-frag.c (-static -DSTATIC) (rerun 10) execution test
FAIL: libmudflap.cth/pass39-frag.c (-static -DSTATIC) (rerun 10) output pattern test
FAIL: libmudflap.cth/pass39-frag.c (-static -DSTATIC) (rerun 11) execution test
FAIL: libmudflap.cth/pass39-frag.c (-static -DSTATIC) (rerun 11) output pattern test
FAIL: libmudflap.cth/pass39-frag.c (-static -DSTATIC) (rerun 12) execution test
FAIL: libmudflap.cth/pass39-frag.c (-static -DSTATIC) (rerun 12) output pattern test
FAIL: libmudflap.cth/pass39-frag.c (-static -DSTATIC) (rerun 13) execution test
FAIL: libmudflap.cth/pass39-frag.c (-static -DSTATIC) (rerun 13) output pattern test
FAIL: libmudflap.cth/pass39-frag.c (-static -DSTATIC) (rerun 14) execution test
FAIL: libmudflap.cth/pass39-frag.c (-static -DSTATIC) (rerun 14) output pattern test
FAIL: libmudflap.cth/pass39-frag.c (-static -DSTATIC) (rerun 15) execution test
FAIL: libmudflap.cth/pass39-frag.c (-static -DSTATIC) (rerun 15) output pattern test
FAIL: libmudflap.cth/pass39-frag.c (-static -DSTATIC) (rerun 16) execution test
FAIL: libmudflap.cth/pass39-frag.c (-static -DSTATIC) (rerun 16) output pattern test
FAIL: libmudflap.cth/pass39-frag.c (-static -DSTATIC) (rerun 17) execution test
FAIL: libmudflap.cth/pass39-frag.c (-static -DSTATIC) (rerun 17) output pattern test
FAIL: libmudflap.cth/pass39-frag.c (-static -DSTATIC) (rerun 18) execution test
FAIL: libmudflap.cth/pass39-frag.c (-static -DSTATIC) (rerun 18) output pattern test
FAIL: libmudflap.cth/pass39-frag.c (-static -DSTATIC) (rerun 19) execution test
FAIL: libmudflap.cth/pass39-frag.c (-static -DSTATIC) (rerun 19) output pattern test
FAIL: libmudflap.cth/pass40-frag.c (-static -DSTATIC) execution test
FAIL: libmudflap.cth/pass40-frag.c (-static -DSTATIC) output pattern test
FAIL: libmudflap.cth/pass59-frag.c (-static -DSTATIC) execution test
FAIL: libmudflap.cth/pass59-frag.c (-static -DSTATIC) output pattern test
=== libmudflap Summary for unix/-m32/-fPIC ===
# of expected passes 1806
# of unexpected failures 88
Running target unix/-m32/-fpic
FAIL: libmudflap.c++/pass41-frag.cxx execution test
FAIL: libmudflap.c++/pass41-frag.cxx (-static) execution test
FAIL: libmudflap.c++/pass41-frag.cxx (-O2) execution test
FAIL: libmudflap.c++/pass41-frag.cxx (-O3) execution test
FAIL: libmudflap.cth/pass37-frag.c (-static -DSTATIC) execution test
FAIL: libmudflap.cth/pass37-frag.c (-static -DSTATIC) output pattern test
FAIL: libmudflap.cth/pass37-frag.c (-static -DSTATIC) (rerun 1) execution test
FAIL: libmudflap.cth/pass37-frag.c (-static -DSTATIC) (rerun 1) output pattern test
FAIL: libmudflap.cth/pass37-frag.c (-static -DSTATIC) (rerun 2) execution test
FAIL: libmudflap.cth/pass37-frag.c (-static -DSTATIC) (rerun 2) output pattern test
FAIL: libmudflap.cth/pass37-frag.c (-static -DSTATIC) (rerun 3) execution test
FAIL: libmudflap.cth/pass37-frag.c (-static -DSTATIC) (rerun 3) output pattern test
FAIL: libmudflap.cth/pass37-frag.c (-static -DSTATIC) (rerun 4) execution test
FAIL: libmudflap.cth/pass37-frag.c (-static -DSTATIC) (rerun 4) output pattern test
FAIL: libmudflap.cth/pass37-frag.c (-static -DSTATIC) (rerun 5) execution test
FAIL: libmudflap.cth/pass37-frag.c (-static -DSTATIC) (rerun 5) output pattern test
FAIL: libmudflap.cth/pass37-frag.c (-static -DSTATIC) (rerun 6) execution test
FAIL: libmudflap.cth/pass37-frag.c (-static -DSTATIC) (rerun 6) output pattern test
FAIL: libmudflap.cth/pass37-frag.c (-static -DSTATIC) (rerun 7) execution test
FAIL: libmudflap.cth/pass37-frag.c (-static -DSTATIC) (rerun 7) output pattern test
FAIL: libmudflap.cth/pass37-frag.c (-static -DSTATIC) (rerun 8) execution test
FAIL: libmudflap.cth/pass37-frag.c (-static -DSTATIC) (rerun 8) output pattern test
FAIL: libmudflap.cth/pass37-frag.c (-static -DSTATIC) (rerun 9) execution test
FAIL: libmudflap.cth/pass37-frag.c (-static -DSTATIC) (rerun 9) output pattern test
FAIL: libmudflap.cth/pass37-frag.c (-static -DSTATIC) (rerun 10) execution test
FAIL: libmudflap.cth/pass37-frag.c (-static -DSTATIC) (rerun 10) output pattern test
FAIL: libmudflap.cth/pass37-frag.c (-static -DSTATIC) (rerun 11) execution test
FAIL: libmudflap.cth/pass37-frag.c (-static -DSTATIC) (rerun 11) output pattern test
FAIL: libmudflap.cth/pass37-frag.c (-static -DSTATIC) (rerun 12) execution test
FAIL: libmudflap.cth/pass37-frag.c (-static -DSTATIC) (rerun 12) output pattern test
FAIL: libmudflap.cth/pass37-frag.c (-static -DSTATIC) (rerun 13) execution test
FAIL: libmudflap.cth/pass37-frag.c (-static -DSTATIC) (rerun 13) output pattern test
FAIL: libmudflap.cth/pass37-frag.c (-static -DSTATIC) (rerun 14) execution test
FAIL: libmudflap.cth/pass37-frag.c (-static -DSTATIC) (rerun 14) output pattern test
FAIL: libmudflap.cth/pass37-frag.c (-static -DSTATIC) (rerun 15) execution test
FAIL: libmudflap.cth/pass37-frag.c (-static -DSTATIC) (rerun 15) output pattern test
FAIL: libmudflap.cth/pass37-frag.c (-static -DSTATIC) (rerun 16) execution test
FAIL: libmudflap.cth/pass37-frag.c (-static -DSTATIC) (rerun 16) output pattern test
FAIL: libmudflap.cth/pass37-frag.c (-static -DSTATIC) (rerun 17) execution test
FAIL: libmudflap.cth/pass37-frag.c (-static -DSTATIC) (rerun 17) output pattern test
FAIL: libmudflap.cth/pass37-frag.c (-static -DSTATIC) (rerun 18) execution test
FAIL: libmudflap.cth/pass37-frag.c (-static -DSTATIC) (rerun 18) output pattern test
FAIL: libmudflap.cth/pass37-frag.c (-static -DSTATIC) (rerun 19) execution test
FAIL: libmudflap.cth/pass37-frag.c (-static -DSTATIC) (rerun 19) output pattern test
FAIL: libmudflap.cth/pass39-frag.c (-static -DSTATIC) execution test
FAIL: libmudflap.cth/pass39-frag.c (-static -DSTATIC) output pattern test
FAIL: libmudflap.cth/pass39-frag.c (-static -DSTATIC) (rerun 1) execution test
FAIL: libmudflap.cth/pass39-frag.c (-static -DSTATIC) (rerun 1) output pattern test
FAIL: libmudflap.cth/pass39-frag.c (-static -DSTATIC) (rerun 2) execution test
FAIL: libmudflap.cth/pass39-frag.c (-static -DSTATIC) (rerun 2) output pattern test
FAIL: libmudflap.cth/pass39-frag.c (-static -DSTATIC) (rerun 3) execution test
FAIL: libmudflap.cth/pass39-frag.c (-static -DSTATIC) (rerun 3) output pattern test
FAIL: libmudflap.cth/pass39-frag.c (-static -DSTATIC) (rerun 4) execution test
FAIL: libmudflap.cth/pass39-frag.c (-static -DSTATIC) (rerun 4) output pattern test
FAIL: libmudflap.cth/pass39-frag.c (-static -DSTATIC) (rerun 5) execution test
FAIL: libmudflap.cth/pass39-frag.c (-static -DSTATIC) (rerun 5) output pattern test
FAIL: libmudflap.cth/pass39-frag.c (-static -DSTATIC) (rerun 6) execution test
FAIL: libmudflap.cth/pass39-frag.c (-static -DSTATIC) (rerun 6) output pattern test
FAIL: libmudflap.cth/pass39-frag.c (-static -DSTATIC) (rerun 7) execution test
FAIL: libmudflap.cth/pass39-frag.c (-static -DSTATIC) (rerun 7) output pattern test
FAIL: libmudflap.cth/pass39-frag.c (-static -DSTATIC) (rerun 8) execution test
FAIL: libmudflap.cth/pass39-frag.c (-static -DSTATIC) (rerun 8) output pattern test
FAIL: libmudflap.cth/pass39-frag.c (-static -DSTATIC) (rerun 9) execution test
FAIL: libmudflap.cth/pass39-frag.c (-static -DSTATIC) (rerun 9) output pattern test
FAIL: libmudflap.cth/pass39-frag.c (-static -DSTATIC) (rerun 10) execution test
FAIL: libmudflap.cth/pass39-frag.c (-static -DSTATIC) (rerun 10) output pattern test
FAIL: libmudflap.cth/pass39-frag.c (-static -DSTATIC) (rerun 11) execution test
FAIL: libmudflap.cth/pass39-frag.c (-static -DSTATIC) (rerun 11) output pattern test
FAIL: libmudflap.cth/pass39-frag.c (-static -DSTATIC) (rerun 12) execution test
FAIL: libmudflap.cth/pass39-frag.c (-static -DSTATIC) (rerun 12) output pattern test
FAIL: libmudflap.cth/pass39-frag.c (-static -DSTATIC) (rerun 13) execution test
FAIL: libmudflap.cth/pass39-frag.c (-static -DSTATIC) (rerun 13) output pattern test
FAIL: libmudflap.cth/pass39-frag.c (-static -DSTATIC) (rerun 14) execution test
FAIL: libmudflap.cth/pass39-frag.c (-static -DSTATIC) (rerun 14) output pattern test
FAIL: libmudflap.cth/pass39-frag.c (-static -DSTATIC) (rerun 15) execution test
FAIL: libmudflap.cth/pass39-frag.c (-static -DSTATIC) (rerun 15) output pattern test
FAIL: libmudflap.cth/pass39-frag.c (-static -DSTATIC) (rerun 16) execution test
FAIL: libmudflap.cth/pass39-frag.c (-static -DSTATIC) (rerun 16) output pattern test
FAIL: libmudflap.cth/pass39-frag.c (-static -DSTATIC) (rerun 17) execution test
FAIL: libmudflap.cth/pass39-frag.c (-static -DSTATIC) (rerun 17) output pattern test
FAIL: libmudflap.cth/pass39-frag.c (-static -DSTATIC) (rerun 18) execution test
FAIL: libmudflap.cth/pass39-frag.c (-static -DSTATIC) (rerun 18) output pattern test
FAIL: libmudflap.cth/pass39-frag.c (-static -DSTATIC) (rerun 19) execution test
FAIL: libmudflap.cth/pass39-frag.c (-static -DSTATIC) (rerun 19) output pattern test
FAIL: libmudflap.cth/pass40-frag.c (-static -DSTATIC) execution test
FAIL: libmudflap.cth/pass40-frag.c (-static -DSTATIC) output pattern test
FAIL: libmudflap.cth/pass59-frag.c (-static -DSTATIC) execution test
FAIL: libmudflap.cth/pass59-frag.c (-static -DSTATIC) output pattern test
=== libmudflap Summary for unix/-m32/-fpic ===
# of expected passes 1806
# of unexpected failures 88
Running target unix/-m32
FAIL: libmudflap.c++/pass41-frag.cxx execution test
FAIL: libmudflap.c++/pass41-frag.cxx (-static) execution test
FAIL: libmudflap.c++/pass41-frag.cxx (-O2) execution test
FAIL: libmudflap.c++/pass41-frag.cxx (-O3) execution test
FAIL: libmudflap.cth/pass37-frag.c (-static -DSTATIC) execution test
FAIL: libmudflap.cth/pass37-frag.c (-static -DSTATIC) output pattern test
FAIL: libmudflap.cth/pass37-frag.c (-static -DSTATIC) (rerun 1) execution test
FAIL: libmudflap.cth/pass37-frag.c (-static -DSTATIC) (rerun 1) output pattern test
FAIL: libmudflap.cth/pass37-frag.c (-static -DSTATIC) (rerun 2) execution test
FAIL: libmudflap.cth/pass37-frag.c (-static -DSTATIC) (rerun 2) output pattern test
FAIL: libmudflap.cth/pass37-frag.c (-static -DSTATIC) (rerun 3) execution test
FAIL: libmudflap.cth/pass37-frag.c (-static -DSTATIC) (rerun 3) output pattern test
FAIL: libmudflap.cth/pass37-frag.c (-static -DSTATIC) (rerun 4) execution test
FAIL: libmudflap.cth/pass37-frag.c (-static -DSTATIC) (rerun 4) output pattern test
FAIL: libmudflap.cth/pass37-frag.c (-static -DSTATIC) (rerun 5) execution test
FAIL: libmudflap.cth/pass37-frag.c (-static -DSTATIC) (rerun 5) output pattern test
FAIL: libmudflap.cth/pass37-frag.c (-static -DSTATIC) (rerun 6) execution test
FAIL: libmudflap.cth/pass37-frag.c (-static -DSTATIC) (rerun 6) output pattern test
FAIL: libmudflap.cth/pass37-frag.c (-static -DSTATIC) (rerun 7) execution test
FAIL: libmudflap.cth/pass37-frag.c (-static -DSTATIC) (rerun 7) output pattern test
FAIL: libmudflap.cth/pass37-frag.c (-static -DSTATIC) (rerun 8) execution test
FAIL: libmudflap.cth/pass37-frag.c (-static -DSTATIC) (rerun 8) output pattern test
FAIL: libmudflap.cth/pass37-frag.c (-static -DSTATIC) (rerun 9) execution test
FAIL: libmudflap.cth/pass37-frag.c (-static -DSTATIC) (rerun 9) output pattern test
FAIL: libmudflap.cth/pass37-frag.c (-static -DSTATIC) (rerun 10) execution test
FAIL: libmudflap.cth/pass37-frag.c (-static -DSTATIC) (rerun 10) output pattern test
FAIL: libmudflap.cth/pass37-frag.c (-static -DSTATIC) (rerun 11) execution test
FAIL: libmudflap.cth/pass37-frag.c (-static -DSTATIC) (rerun 11) output pattern test
FAIL: libmudflap.cth/pass37-frag.c (-static -DSTATIC) (rerun 12) execution test
FAIL: libmudflap.cth/pass37-frag.c (-static -DSTATIC) (rerun 12) output pattern test
FAIL: libmudflap.cth/pass37-frag.c (-static -DSTATIC) (rerun 13) execution test
FAIL: libmudflap.cth/pass37-frag.c (-static -DSTATIC) (rerun 13) output pattern test
FAIL: libmudflap.cth/pass37-frag.c (-static -DSTATIC) (rerun 14) execution test
FAIL: libmudflap.cth/pass37-frag.c (-static -DSTATIC) (rerun 14) output pattern test
FAIL: libmudflap.cth/pass37-frag.c (-static -DSTATIC) (rerun 15) execution test
FAIL: libmudflap.cth/pass37-frag.c (-static -DSTATIC) (rerun 15) output pattern test
FAIL: libmudflap.cth/pass37-frag.c (-static -DSTATIC) (rerun 16) execution test
FAIL: libmudflap.cth/pass37-frag.c (-static -DSTATIC) (rerun 16) output pattern test
FAIL: libmudflap.cth/pass37-frag.c (-static -DSTATIC) (rerun 17) execution test
FAIL: libmudflap.cth/pass37-frag.c (-static -DSTATIC) (rerun 17) output pattern test
FAIL: libmudflap.cth/pass37-frag.c (-static -DSTATIC) (rerun 18) execution test
FAIL: libmudflap.cth/pass37-frag.c (-static -DSTATIC) (rerun 18) output pattern test
FAIL: libmudflap.cth/pass37-frag.c (-static -DSTATIC) (rerun 19) execution test
FAIL: libmudflap.cth/pass37-frag.c (-static -DSTATIC) (rerun 19) output pattern test
FAIL: libmudflap.cth/pass39-frag.c (-static -DSTATIC) execution test
FAIL: libmudflap.cth/pass39-frag.c (-static -DSTATIC) output pattern test
FAIL: libmudflap.cth/pass39-frag.c (-static -DSTATIC) (rerun 1) execution test
FAIL: libmudflap.cth/pass39-frag.c (-static -DSTATIC) (rerun 1) output pattern test
FAIL: libmudflap.cth/pass39-frag.c (-static -DSTATIC) (rerun 2) execution test
FAIL: libmudflap.cth/pass39-frag.c (-static -DSTATIC) (rerun 2) output pattern test
FAIL: libmudflap.cth/pass39-frag.c (-static -DSTATIC) (rerun 3) execution test
FAIL: libmudflap.cth/pass39-frag.c (-static -DSTATIC) (rerun 3) output pattern test
FAIL: libmudflap.cth/pass39-frag.c (-static -DSTATIC) (rerun 4) execution test
FAIL: libmudflap.cth/pass39-frag.c (-static -DSTATIC) (rerun 4) output pattern test
FAIL: libmudflap.cth/pass39-frag.c (-static -DSTATIC) (rerun 5) execution test
FAIL: libmudflap.cth/pass39-frag.c (-static -DSTATIC) (rerun 5) output pattern test
FAIL: libmudflap.cth/pass39-frag.c (-static -DSTATIC) (rerun 6) execution test
FAIL: libmudflap.cth/pass39-frag.c (-static -DSTATIC) (rerun 6) output pattern test
FAIL: libmudflap.cth/pass39-frag.c (-static -DSTATIC) (rerun 7) execution test
FAIL: libmudflap.cth/pass39-frag.c (-static -DSTATIC) (rerun 7) output pattern test
FAIL: libmudflap.cth/pass39-frag.c (-static -DSTATIC) (rerun 8) execution test
FAIL: libmudflap.cth/pass39-frag.c (-static -DSTATIC) (rerun 8) output pattern test
FAIL: libmudflap.cth/pass39-frag.c (-static -DSTATIC) (rerun 9) execution test
FAIL: libmudflap.cth/pass39-frag.c (-static -DSTATIC) (rerun 9) output pattern test
FAIL: libmudflap.cth/pass39-frag.c (-static -DSTATIC) (rerun 10) execution test
FAIL: libmudflap.cth/pass39-frag.c (-static -DSTATIC) (rerun 10) output pattern test
FAIL: libmudflap.cth/pass39-frag.c (-static -DSTATIC) (rerun 11) execution test
FAIL: libmudflap.cth/pass39-frag.c (-static -DSTATIC) (rerun 11) output pattern test
FAIL: libmudflap.cth/pass39-frag.c (-static -DSTATIC) (rerun 12) execution test
FAIL: libmudflap.cth/pass39-frag.c (-static -DSTATIC) (rerun 12) output pattern test
FAIL: libmudflap.cth/pass39-frag.c (-static -DSTATIC) (rerun 13) execution test
FAIL: libmudflap.cth/pass39-frag.c (-static -DSTATIC) (rerun 13) output pattern test
FAIL: libmudflap.cth/pass39-frag.c (-static -DSTATIC) (rerun 14) execution test
FAIL: libmudflap.cth/pass39-frag.c (-static -DSTATIC) (rerun 14) output pattern test
FAIL: libmudflap.cth/pass39-frag.c (-static -DSTATIC) (rerun 15) execution test
FAIL: libmudflap.cth/pass39-frag.c (-static -DSTATIC) (rerun 15) output pattern test
FAIL: libmudflap.cth/pass39-frag.c (-static -DSTATIC) (rerun 16) execution test
FAIL: libmudflap.cth/pass39-frag.c (-static -DSTATIC) (rerun 16) output pattern test
FAIL: libmudflap.cth/pass39-frag.c (-static -DSTATIC) (rerun 17) execution test
FAIL: libmudflap.cth/pass39-frag.c (-static -DSTATIC) (rerun 17) output pattern test
FAIL: libmudflap.cth/pass39-frag.c (-static -DSTATIC) (rerun 18) execution test
FAIL: libmudflap.cth/pass39-frag.c (-static -DSTATIC) (rerun 18) output pattern test
FAIL: libmudflap.cth/pass39-frag.c (-static -DSTATIC) (rerun 19) execution test
FAIL: libmudflap.cth/pass39-frag.c (-static -DSTATIC) (rerun 19) output pattern test
FAIL: libmudflap.cth/pass40-frag.c (-static -DSTATIC) execution test
FAIL: libmudflap.cth/pass40-frag.c (-static -DSTATIC) output pattern test
FAIL: libmudflap.cth/pass59-frag.c (-static -DSTATIC) execution test
FAIL: libmudflap.cth/pass59-frag.c (-static -DSTATIC) output pattern test
=== libmudflap Summary for unix/-m32 ===
# of expected passes 1806
# of unexpected failures 88
Running target unix/-fPIC
FAIL: libmudflap.c++/pass41-frag.cxx execution test
FAIL: libmudflap.c++/pass41-frag.cxx (-static) execution test
FAIL: libmudflap.c++/pass41-frag.cxx (-O2) execution test
FAIL: libmudflap.c++/pass41-frag.cxx (-O3) execution test
=== libmudflap Summary for unix/-fPIC ===
# of expected passes 1890
# of unexpected failures 4
Running target unix/-fpic
FAIL: libmudflap.c++/pass41-frag.cxx execution test
FAIL: libmudflap.c++/pass41-frag.cxx (-static) execution test
FAIL: libmudflap.c++/pass41-frag.cxx (-O2) execution test
FAIL: libmudflap.c++/pass41-frag.cxx (-O3) execution test
=== libmudflap Summary for unix/-fpic ===
# of expected passes 1890
# of unexpected failures 4
Running target unix
FAIL: libmudflap.c++/pass41-frag.cxx execution test
FAIL: libmudflap.c++/pass41-frag.cxx (-static) execution test
FAIL: libmudflap.c++/pass41-frag.cxx (-O2) execution test
FAIL: libmudflap.c++/pass41-frag.cxx (-O3) execution test
=== libmudflap Summary for unix ===
# of expected passes 1890
# of unexpected failures 4
=== libmudflap Summary ===
# of expected passes 11088
# of unexpected failures 276
=== libstdc++ tests ===
Running target unix/-m32/-fPIC
FAIL: 22_locale/time_get/get_date/wchar_t/4.cc execution test
XPASS: 26_numerics/headers/cmath/c99_classification_macros_c.cc (test for excess errors)
=== libstdc++ Summary for unix/-m32/-fPIC ===
# of expected passes 6708
# of unexpected failures 1
# of unexpected successes 1
# of expected failures 82
# of unsupported tests 18
Running target unix/-m32/-fpic
FAIL: 22_locale/time_get/get_date/wchar_t/4.cc execution test
XPASS: 26_numerics/headers/cmath/c99_classification_macros_c.cc (test for excess errors)
=== libstdc++ Summary for unix/-m32/-fpic ===
# of expected passes 6708
# of unexpected failures 1
# of unexpected successes 1
# of expected failures 82
# of unsupported tests 18
Running target unix/-m32
FAIL: 22_locale/time_get/get_date/wchar_t/4.cc execution test
XPASS: 26_numerics/headers/cmath/c99_classification_macros_c.cc (test for excess errors)
=== libstdc++ Summary for unix/-m32 ===
# of expected passes 6708
# of unexpected failures 1
# of unexpected successes 1
# of expected failures 82
# of unsupported tests 18
Running target unix/-fPIC
FAIL: 22_locale/time_get/get_date/wchar_t/4.cc execution test
XPASS: 26_numerics/headers/cmath/c99_classification_macros_c.cc (test for excess errors)
=== libstdc++ Summary for unix/-fPIC ===
# of expected passes 6714
# of unexpected failures 1
# of unexpected successes 1
# of expected failures 82
# of unsupported tests 15
Running target unix/-fpic
FAIL: 22_locale/time_get/get_date/wchar_t/4.cc execution test
XPASS: 26_numerics/headers/cmath/c99_classification_macros_c.cc (test for excess errors)
=== libstdc++ Summary for unix/-fpic ===
# of expected passes 6714
# of unexpected failures 1
# of unexpected successes 1
# of expected failures 82
# of unsupported tests 15
Running target unix
FAIL: 22_locale/time_get/get_date/wchar_t/4.cc execution test
XPASS: 26_numerics/headers/cmath/c99_classification_macros_c.cc (test for excess errors)
=== libstdc++ Summary for unix ===
# of expected passes 6714
# of unexpected failures 1
# of unexpected successes 1
# of expected failures 82
# of unsupported tests 15
=== libstdc++ Summary ===
# of expected passes 40266
# of unexpected failures 6
# of unexpected successes 6
# of expected failures 492
# of unsupported tests 99
Compiler version: 4.5.0 20090409 (experimental) [trunk revision 145867] (GCC)
Platform: x86_64-unknown-linux-gnu
configure flags: --enable-languages=c,c++,objc,f95,obj-c++,java --with-mpfr=/opt/cfarm/mpfr-2.4.1